Results for 4.9.3 20150127 (prerelease) [gcc-4_9-branch revision 220151] (GCC) testsuite on powerpc64-unknown-linux-gnu
Pat Haugen (POWER7)
pthaugen@us.ibm.com
Tue Jan 27 12:47:00 GMT 2015
Linux 2.6.32-431.17.1.el6.ppc64 ppc64
GNU C Library stable release version 2.12
GNU ld version 2.20.51.0.2-5.36.el6 20100205
GNU assembler version 2.20.51.0.2-5.36.el6 20100205
GNU Make 3.81
DejaGnu:
Expect version is 5.44.1.15
Tcl version is 8.5
Framework version is 1.4.4
64-bit
LAST_UPDATED: Tue Jan 27 05:55:26 UTC 2015 (revision 220151)
Native configuration is powerpc64-unknown-linux-gnu
=== gcc tests ===
Running target unix/-m32
FAIL: gcc.c-torture/compile/pr60655-2.c -O3 -g (test for excess errors)
FAIL: c-c++-common/asan/misalign-1.c -O0 output pattern test, is =================================================================
FAIL: c-c++-common/asan/misalign-1.c -O1 output pattern test, is =================================================================
FAIL: c-c++-common/asan/misalign-1.c -O2 output pattern test, is =================================================================
FAIL: c-c++-common/asan/misalign-1.c -O3 -fomit-frame-pointer output pattern test, is =================================================================
FAIL: c-c++-common/asan/misalign-1.c -O3 -g output pattern test, is =================================================================
FAIL: c-c++-common/asan/misalign-1.c -Os output pattern test, is =================================================================
FAIL: c-c++-common/asan/misalign-1.c -O2 -flto -flto-partition=none output pattern test, is =================================================================
FAIL: c-c++-common/asan/misalign-1.c -O2 -flto output pattern test, is =================================================================
FAIL: c-c++-common/asan/misalign-2.c -O0 output pattern test, is =================================================================
FAIL: c-c++-common/asan/misalign-2.c -O1 output pattern test, is =================================================================
FAIL: c-c++-common/asan/misalign-2.c -O2 output pattern test, is =================================================================
FAIL: c-c++-common/asan/misalign-2.c -O3 -fomit-frame-pointer output pattern test, is =================================================================
FAIL: c-c++-common/asan/misalign-2.c -O3 -g output pattern test, is =================================================================
FAIL: c-c++-common/asan/misalign-2.c -Os output pattern test, is =================================================================
FAIL: c-c++-common/asan/misalign-2.c -O2 -flto -flto-partition=none output pattern test, is =================================================================
FAIL: c-c++-common/asan/misalign-2.c -O2 -flto output pattern test, is =================================================================
FAIL: c-c++-common/asan/null-deref-1.c -O0 output pattern test, is ASAN:SIGSEGV
FAIL: c-c++-common/asan/null-deref-1.c -O1 output pattern test, is ASAN:SIGSEGV
FAIL: c-c++-common/asan/null-deref-1.c -O2 output pattern test, is ASAN:SIGSEGV
FAIL: c-c++-common/asan/null-deref-1.c -O3 -fomit-frame-pointer output pattern test, is ASAN:SIGSEGV
FAIL: c-c++-common/asan/null-deref-1.c -O3 -g output pattern test, is ASAN:SIGSEGV
FAIL: c-c++-common/asan/null-deref-1.c -Os output pattern test, is ASAN:SIGSEGV
FAIL: c-c++-common/asan/null-deref-1.c -O2 -flto -flto-partition=none output pattern test, is ASAN:SIGSEGV
FAIL: c-c++-common/asan/null-deref-1.c -O2 -flto output pattern test, is ASAN:SIGSEGV
FAIL: gcc.dg/atomic/c11-atomic-exec-5.c -O0 execution test
FAIL: gcc.dg/atomic/c11-atomic-exec-5.c -O1 execution test
FAIL: gcc.dg/atomic/c11-atomic-exec-5.c -O2 execution test
FAIL: gcc.dg/atomic/c11-atomic-exec-5.c -O3 -fomit-frame-pointer execution test
FAIL: gcc.dg/atomic/c11-atomic-exec-5.c -O3 -fomit-frame-pointer -funroll-loops execution test
FAIL: gcc.dg/atomic/c11-atomic-exec-5.c -O3 -fomit-frame-pointer -funroll-all-loops -finline-functions execution test
FAIL: gcc.dg/atomic/c11-atomic-exec-5.c -O3 -g execution test
FAIL: gcc.dg/atomic/c11-atomic-exec-5.c -Os execution test
FAIL: gcc.dg/atomic/c11-atomic-exec-5.c -O2 -flto -flto-partition=none execution test
FAIL: gcc.dg/atomic/c11-atomic-exec-5.c -O2 -flto execution test
FAIL: gcc.dg/and-1.c scan-assembler-not nand
FAIL: gcc.dg/binop-xor1.c scan-tree-dump-times optimized "\\\\^" 1
FAIL: gcc.dg/lto/20120723 c_lto_20120723_0.o-c_lto_20120723_1.o execute -O3 -fno-early-inlining -flto
FAIL: gcc.dg/tree-ssa/sra-12.c scan-tree-dump-times release_ssa "l;" 0
FAIL: gcc.dg/tree-ssa/ssa-dom-thread-4.c scan-tree-dump-times dom1 "Threaded" 3
FAIL: gcc.dg/tree-ssa/vrp47.c scan-tree-dump-times vrp1 "[xy][^ ]* !=" 0
FAIL: gcc.dg/vect/costmodel/ppc/costmodel-bb-slp-9a.c scan-tree-dump-times slp "basic block vectorized using SLP" 1
FAIL: gcc.dg/vect/no-vfa-vect-depend-2.c scan-tree-dump-times vect "vectorized 1 loops" 1
FAIL: gcc.dg/vect/no-vfa-vect-depend-3.c scan-tree-dump-times vect "vectorized 1 loops" 4
FAIL: gcc.target/powerpc/405-dlmzb-strlen-1.c scan-assembler dlmzb\\\\.
FAIL: gcc.target/powerpc/440-dlmzb-strlen-1.c scan-assembler dlmzb\\\\.
FAIL: gcc.target/powerpc/pr53199.c scan-assembler-times lwbrx 6
FAIL: gcc.target/powerpc/pr53199.c scan-assembler-times stwbrx 6
=== gcc Summary for unix/-m32 ===
# of expected passes 47970
# of unexpected failures 4
# of expected failures 171
# of unsupported tests 871
Running target unix/-m64
FAIL: c-c++-common/asan/misalign-1.c -O0 output pattern test, is =================================================================
FAIL: c-c++-common/asan/misalign-1.c -O1 output pattern test, is =================================================================
FAIL: c-c++-common/asan/misalign-1.c -O2 output pattern test, is =================================================================
FAIL: c-c++-common/asan/misalign-1.c -O3 -fomit-frame-pointer output pattern test, is =================================================================
FAIL: c-c++-common/asan/misalign-1.c -O3 -g output pattern test, is =================================================================
FAIL: c-c++-common/asan/misalign-1.c -Os output pattern test, is =================================================================
FAIL: c-c++-common/asan/misalign-1.c -O2 -flto -flto-partition=none output pattern test, is =================================================================
FAIL: c-c++-common/asan/misalign-1.c -O2 -flto output pattern test, is =================================================================
FAIL: c-c++-common/asan/misalign-2.c -O0 output pattern test, is =================================================================
FAIL: c-c++-common/asan/misalign-2.c -O1 output pattern test, is =================================================================
FAIL: c-c++-common/asan/misalign-2.c -O2 output pattern test, is =================================================================
FAIL: c-c++-common/asan/misalign-2.c -O3 -fomit-frame-pointer output pattern test, is =================================================================
FAIL: c-c++-common/asan/misalign-2.c -O3 -g output pattern test, is =================================================================
FAIL: c-c++-common/asan/misalign-2.c -Os output pattern test, is =================================================================
FAIL: c-c++-common/asan/misalign-2.c -O2 -flto -flto-partition=none output pattern test, is =================================================================
FAIL: c-c++-common/asan/misalign-2.c -O2 -flto output pattern test, is =================================================================
FAIL: c-c++-common/asan/null-deref-1.c -O0 output pattern test, is ASAN:SIGSEGV
FAIL: c-c++-common/asan/null-deref-1.c -O1 output pattern test, is ASAN:SIGSEGV
FAIL: c-c++-common/asan/null-deref-1.c -O2 output pattern test, is ASAN:SIGSEGV
FAIL: c-c++-common/asan/null-deref-1.c -O3 -fomit-frame-pointer output pattern test, is ASAN:SIGSEGV
FAIL: c-c++-common/asan/null-deref-1.c -O3 -g output pattern test, is ASAN:SIGSEGV
FAIL: c-c++-common/asan/null-deref-1.c -Os output pattern test, is ASAN:SIGSEGV
FAIL: c-c++-common/asan/null-deref-1.c -O2 -flto -flto-partition=none output pattern test, is ASAN:SIGSEGV
FAIL: c-c++-common/asan/null-deref-1.c -O2 -flto output pattern test, is ASAN:SIGSEGV
FAIL: c-c++-common/asan/swapcontext-test-1.c -O0 execution test
FAIL: c-c++-common/asan/swapcontext-test-1.c -O1 execution test
FAIL: c-c++-common/asan/swapcontext-test-1.c -O2 execution test
FAIL: c-c++-common/asan/swapcontext-test-1.c -O3 -fomit-frame-pointer execution test
FAIL: c-c++-common/asan/swapcontext-test-1.c -O3 -fomit-frame-pointer -funroll-loops execution test
FAIL: c-c++-common/asan/swapcontext-test-1.c -O3 -fomit-frame-pointer -funroll-all-loops -finline-functions execution test
FAIL: c-c++-common/asan/swapcontext-test-1.c -O3 -g execution test
FAIL: c-c++-common/asan/swapcontext-test-1.c -Os execution test
FAIL: c-c++-common/asan/swapcontext-test-1.c -O2 -flto -flto-partition=none execution test
FAIL: c-c++-common/asan/swapcontext-test-1.c -O2 -flto execution test
FAIL: gcc.dg/atomic/c11-atomic-exec-5.c -O0 execution test
FAIL: gcc.dg/atomic/c11-atomic-exec-5.c -O1 execution test
FAIL: gcc.dg/atomic/c11-atomic-exec-5.c -O2 execution test
FAIL: gcc.dg/atomic/c11-atomic-exec-5.c -O3 -fomit-frame-pointer execution test
FAIL: gcc.dg/atomic/c11-atomic-exec-5.c -O3 -fomit-frame-pointer -funroll-loops execution test
FAIL: gcc.dg/atomic/c11-atomic-exec-5.c -O3 -fomit-frame-pointer -funroll-all-loops -finline-functions execution test
FAIL: gcc.dg/atomic/c11-atomic-exec-5.c -O3 -g execution test
FAIL: gcc.dg/atomic/c11-atomic-exec-5.c -Os execution test
FAIL: gcc.dg/atomic/c11-atomic-exec-5.c -O2 -flto -flto-partition=none execution test
FAIL: gcc.dg/atomic/c11-atomic-exec-5.c -O2 -flto execution test
FAIL: gcc.dg/and-1.c scan-assembler-not nand
FAIL: gcc.dg/binop-xor1.c scan-tree-dump-times optimized "\\\\^" 1
FAIL: gcc.dg/pr44194-1.c scan-rtl-dump dse1 "global deletions = (2|3)"
FAIL: gcc.dg/sms-4.c scan-rtl-dump-times sms "SMS succeeded" 1
FAIL: gcc.dg/tree-ssa/ssa-dom-thread-4.c scan-tree-dump-times dom1 "Threaded" 3
FAIL: gcc.dg/tree-ssa/vrp47.c scan-tree-dump-times vrp1 "[xy][^ ]* !=" 0
FAIL: c-c++-common/ubsan/overflow-sub-3.c -O1 (internal compiler error)
FAIL: c-c++-common/ubsan/overflow-sub-3.c -O1 (test for excess errors)
WARNING: c-c++-common/ubsan/overflow-sub-3.c -O1 compilation failed to produce executable
FAIL: gcc.dg/vect/costmodel/ppc/costmodel-bb-slp-9a.c scan-tree-dump-times slp "basic block vectorized using SLP" 1
FAIL: gcc.dg/vect/no-vfa-vect-depend-2.c scan-tree-dump-times vect "vectorized 1 loops" 1
FAIL: gcc.dg/vect/no-vfa-vect-depend-3.c scan-tree-dump-times vect "vectorized 1 loops" 4
=== gcc Summary for unix/-m64 ===
# of expected passes 100781
# of unexpected failures 98
# of expected failures 280
# of unsupported tests 2355
=== gcc Summary ===
# of expected passes 148751
# of unexpected failures 102
# of expected failures 451
# of unsupported tests 3226
/home/gccbuild/build/nightly/build-gcc-4.9/gcc/xgcc version 4.9.3 20150127 (prerelease) [gcc-4_9-branch revision 220151] (GCC)
=== gfortran tests ===
Running target unix/-m32
FAIL: gfortran.dg/class_allocate_18.f90 -O0 execution test
FAIL: gfortran.dg/class_allocate_18.f90 -O1 execution test
FAIL: gfortran.dg/class_allocate_18.f90 -O2 execution test
FAIL: gfortran.dg/class_allocate_18.f90 -O3 -fomit-frame-pointer execution test
FAIL: gfortran.dg/class_allocate_18.f90 -O3 -fomit-frame-pointer -funroll-loops execution test
FAIL: gfortran.dg/class_allocate_18.f90 -O3 -fomit-frame-pointer -funroll-all-loops -finline-functions execution test
FAIL: gfortran.dg/class_allocate_18.f90 -O3 -g execution test
FAIL: gfortran.dg/class_allocate_18.f90 -Os execution test
FAIL: gfortran.dg/default_format_denormal_2.f90 -O0 execution test
FAIL: gfortran.dg/default_format_denormal_2.f90 -O1 execution test
FAIL: gfortran.dg/default_format_denormal_2.f90 -O2 execution test
FAIL: gfortran.dg/default_format_denormal_2.f90 -O3 -fomit-frame-pointer execution test
FAIL: gfortran.dg/default_format_denormal_2.f90 -O3 -fomit-frame-pointer -funroll-loops execution test
FAIL: gfortran.dg/default_format_denormal_2.f90 -O3 -fomit-frame-pointer -funroll-all-loops -finline-functions execution test
FAIL: gfortran.dg/default_format_denormal_2.f90 -O3 -g execution test
FAIL: gfortran.dg/default_format_denormal_2.f90 -Os execution test
XPASS: gfortran.dg/nint_2.f90 -O0 execution test
=== gfortran Summary for unix/-m32 ===
# of expected passes 43904
# of unexpected failures 16
# of unexpected successes 1
# of expected failures 51
# of unsupported tests 213
Running target unix/-m64
FAIL: gfortran.dg/class_allocate_18.f90 -O0 execution test
FAIL: gfortran.dg/class_allocate_18.f90 -O1 execution test
FAIL: gfortran.dg/class_allocate_18.f90 -O2 execution test
FAIL: gfortran.dg/class_allocate_18.f90 -O3 -fomit-frame-pointer execution test
FAIL: gfortran.dg/class_allocate_18.f90 -O3 -fomit-frame-pointer -funroll-loops execution test
FAIL: gfortran.dg/class_allocate_18.f90 -O3 -fomit-frame-pointer -funroll-all-loops -finline-functions execution test
FAIL: gfortran.dg/class_allocate_18.f90 -O3 -g execution test
FAIL: gfortran.dg/class_allocate_18.f90 -Os execution test
FAIL: gfortran.dg/default_format_denormal_2.f90 -O0 execution test
FAIL: gfortran.dg/default_format_denormal_2.f90 -O1 execution test
FAIL: gfortran.dg/default_format_denormal_2.f90 -O2 execution test
FAIL: gfortran.dg/default_format_denormal_2.f90 -O3 -fomit-frame-pointer execution test
FAIL: gfortran.dg/default_format_denormal_2.f90 -O3 -fomit-frame-pointer -funroll-loops execution test
FAIL: gfortran.dg/default_format_denormal_2.f90 -O3 -fomit-frame-pointer -funroll-all-loops -finline-functions execution test
FAIL: gfortran.dg/default_format_denormal_2.f90 -O3 -g execution test
FAIL: gfortran.dg/default_format_denormal_2.f90 -Os execution test
XPASS: gfortran.dg/nint_2.f90 -O0 execution test
=== gfortran Summary for unix/-m64 ===
# of expected passes 44231
# of unexpected failures 16
# of unexpected successes 1
# of expected failures 51
# of unsupported tests 52
=== gfortran Summary ===
# of expected passes 88135
# of unexpected failures 32
# of unexpected successes 2
# of expected failures 102
# of unsupported tests 265
/home/gccbuild/build/nightly/build-gcc-4.9/gcc/testsuite/gfortran/../../gfortran version 4.9.3 20150127 (prerelease) [gcc-4_9-branch revision 220151] (GCC)
=== g++ tests ===
Running target unix/-m32
FAIL: c-c++-common/asan/null-deref-1.c -O2 output pattern test, is ASAN:SIGSEGV
FAIL: c-c++-common/asan/null-deref-1.c -O3 -fomit-frame-pointer output pattern test, is ASAN:SIGSEGV
FAIL: c-c++-common/asan/null-deref-1.c -O3 -g output pattern test, is ASAN:SIGSEGV
FAIL: c-c++-common/asan/null-deref-1.c -O2 -flto -flto-partition=none output pattern test, is ASAN:SIGSEGV
FAIL: c-c++-common/asan/null-deref-1.c -O2 -flto output pattern test, is ASAN:SIGSEGV
=== g++ Summary for unix/-m32 ===
# of expected passes 67603
# of expected failures 426
# of unsupported tests 2732
Running target unix/-m64
FAIL: c-c++-common/asan/null-deref-1.c -O2 output pattern test, is ASAN:SIGSEGV
FAIL: c-c++-common/asan/null-deref-1.c -O3 -fomit-frame-pointer output pattern test, is ASAN:SIGSEGV
FAIL: c-c++-common/asan/null-deref-1.c -O3 -g output pattern test, is ASAN:SIGSEGV
FAIL: c-c++-common/asan/null-deref-1.c -O2 -flto -flto-partition=none output pattern test, is ASAN:SIGSEGV
FAIL: c-c++-common/asan/null-deref-1.c -O2 -flto output pattern test, is ASAN:SIGSEGV
FAIL: c-c++-common/asan/swapcontext-test-1.c -O0 execution test
FAIL: c-c++-common/asan/swapcontext-test-1.c -O1 execution test
FAIL: c-c++-common/asan/swapcontext-test-1.c -O2 execution test
FAIL: c-c++-common/asan/swapcontext-test-1.c -O3 -fomit-frame-pointer execution test
FAIL: c-c++-common/asan/swapcontext-test-1.c -O3 -fomit-frame-pointer -funroll-loops execution test
FAIL: c-c++-common/asan/swapcontext-test-1.c -O3 -fomit-frame-pointer -funroll-all-loops -finline-functions execution test
FAIL: c-c++-common/asan/swapcontext-test-1.c -O3 -g execution test
FAIL: c-c++-common/asan/swapcontext-test-1.c -Os execution test
FAIL: c-c++-common/asan/swapcontext-test-1.c -O2 -flto -flto-partition=none execution test
FAIL: c-c++-common/asan/swapcontext-test-1.c -O2 -flto execution test
FAIL: c-c++-common/ubsan/overflow-sub-3.c -O1 (internal compiler error)
FAIL: c-c++-common/ubsan/overflow-sub-3.c -O1 (test for excess errors)
WARNING: c-c++-common/ubsan/overflow-sub-3.c -O1 compilation failed to produce executable
=== g++ Summary for unix/-m64 ===
# of expected passes 67533
# of expected failures 426
# of unsupported tests 2726
=== g++ Summary ===
# of expected passes 135136
# of expected failures 852
# of unsupported tests 5458
/home/gccbuild/build/nightly/build-gcc-4.9/gcc/testsuite/g++/../../xg++ version 4.9.3 20150127 (prerelease) [gcc-4_9-branch revision 220151] (GCC)
=== go tests ===
Running target unix/-m32
FAIL: go.test/test/ken/cplx2.go execution, -O2 -g
FAIL: go.test/test/recover.go execution, -O2 -g
=== go Summary for unix/-m32 ===
# of expected passes 7360
# of unexpected failures 2
# of expected failures 1
# of untested testcases 10
# of unsupported tests 3
Running target unix/-m64
FAIL: go.test/test/ken/cplx2.go execution, -O2 -g
FAIL: go.test/test/recover.go execution, -O2 -g
=== go Summary for unix/-m64 ===
# of expected passes 7240
# of unexpected failures 2
# of expected failures 1
# of untested testcases 10
# of unsupported tests 3
=== go Summary ===
# of expected passes 14600
# of unexpected failures 4
# of expected failures 2
# of untested testcases 20
# of unsupported tests 6
/home/gccbuild/build/nightly/build-gcc-4.9/gcc/testsuite/go/../../gccgo version 4.9.3 20150127 (prerelease) [gcc-4_9-branch revision 220151] (GCC)
=== obj-c++ tests ===
Running target unix/-m32
=== obj-c++ Summary for unix/-m32 ===
# of expected passes 64
Running target unix/-m64
=== obj-c++ Summary for unix/-m64 ===
# of expected passes 64
=== obj-c++ Summary ===
# of expected passes 2890
# of expected failures 12
# of unsupported tests 172
/home/gccbuild/build/nightly/build-gcc-4.9/gcc/testsuite/obj-c++/../../xg++ version 4.9.3 20150127 (prerelease) [gcc-4_9-branch revision 220151] (GCC)
=== objc tests ===
Running target unix/-m32
=== objc Summary for unix/-m32 ===
# of expected passes 1310
Running target unix/-m64
=== objc Summary for unix/-m64 ===
# of expected passes 1310
=== objc Summary ===
# of expected passes 2620
/home/gccbuild/build/nightly/build-gcc-4.9/gcc/xgcc version 4.9.3 20150127 (prerelease) [gcc-4_9-branch revision 220151] (GCC)
=== boehm-gc tests ===
Running target unix/-m32
=== boehm-gc Summary for unix/-m32 ===
# of expected passes 4
Running target unix/-m64
=== boehm-gc Summary for unix/-m64 ===
# of expected passes 4
=== boehm-gc Summary ===
# of expected passes 24
# of unsupported tests 2
=== libatomic tests ===
Running target unix/-m32
=== libatomic Summary for unix/-m32 ===
# of expected passes 44
# of unsupported tests 5
Running target unix/-m64
=== libatomic Summary for unix/-m64 ===
# of expected passes 54
=== libatomic Summary ===
# of expected passes 98
# of unsupported tests 5
=== libffi tests ===
Running target unix/-m32
=== libffi Summary for unix/-m32 ===
# of expected passes 24
Running target unix/-m64
=== libffi Summary for unix/-m64 ===
# of expected passes 24
=== libffi Summary ===
# of expected passes 3638
# of unsupported tests 110
=== libgo tests ===
Running target unix
FAIL: math
FAIL: net
FAIL: runtime
FAIL: crypto/tls
FAIL: crypto/x509
=== libgo Summary for unix ===
# of expected passes 117
# of unexpected failures 5
Running target unix/-m32
FAIL: math
FAIL: net
FAIL: runtime
FAIL: crypto/tls
FAIL: crypto/x509
FAIL: sync/atomic
=== libgo Summary for unix/-m32 ===
# of expected passes 116
# of unexpected failures 6
=== libgo Summary ===
# of expected passes 233
# of unexpected failures 11
/home/gccbuild/build/nightly/build-gcc-4.9/./gcc/gccgo version 4.9.3 20150127 (prerelease) [gcc-4_9-branch revision 220151] (GCC)
=== libgomp tests ===
Running target unix/-m32
FAIL: libgomp.c/appendix-a/a.15.1.c execution test
FAIL: libgomp.c/appendix-a/a.16.1.c execution test
FAIL: libgomp.c/appendix-a/a.21.1.c execution test
FAIL: libgomp.c/appendix-a/a.26.1.c execution test
FAIL: libgomp.c/appendix-a/a.29.1.c execution test
FAIL: libgomp.c/appendix-a/a.39.1.c execution test
FAIL: libgomp.c/appendix-a/a.4.1.c execution test
FAIL: libgomp.c/atomic-4.c execution test
FAIL: libgomp.c/atomic-5.c execution test
FAIL: libgomp.c/cancel-taskgroup-1.c execution test
FAIL: libgomp.c/cancel-taskgroup-2.c execution test
FAIL: libgomp.c/collapse-1.c execution test
FAIL: libgomp.c/collapse-3.c execution test
FAIL: libgomp.c/critical-2.c execution test
FAIL: libgomp.c/debug-1.c execution test
FAIL: libgomp.c/depend-1.c execution test
FAIL: libgomp.c/depend-2.c execution test
FAIL: libgomp.c/depend-3.c execution test
FAIL: libgomp.c/depend-4.c execution test
FAIL: libgomp.c/depend-5.c execution test
FAIL: libgomp.c/for-1.c execution test
FAIL: libgomp.c/for-2.c execution test
FAIL: libgomp.c/for-3.c execution test
FAIL: libgomp.c/loop-10.c execution test
FAIL: libgomp.c/loop-11.c execution test
FAIL: libgomp.c/loop-12.c execution test
FAIL: libgomp.c/loop-13.c execution test
FAIL: libgomp.c/loop-14.c execution test
FAIL: libgomp.c/loop-15.c execution test
FAIL: libgomp.c/loop-5.c execution test
FAIL: libgomp.c/loop-6.c execution test
FAIL: libgomp.c/loop-8.c execution test
FAIL: libgomp.c/loop-9.c execution test
FAIL: libgomp.c/nestedfn-6.c execution test
FAIL: libgomp.c/nqueens-1.c execution test
FAIL: libgomp.c/omp-loop01.c execution test
FAIL: libgomp.c/omp-loop02.c execution test
FAIL: libgomp.c/omp-single-1.c execution test
FAIL: libgomp.c/omp-single-2.c execution test
FAIL: libgomp.c/omp-single-3.c execution test
FAIL: libgomp.c/omp_hello.c execution test
FAIL: libgomp.c/omp_matvec.c execution test
FAIL: libgomp.c/omp_orphan.c execution test
FAIL: libgomp.c/omp_reduction.c execution test
FAIL: libgomp.c/omp_workshare1.c execution test
FAIL: libgomp.c/omp_workshare2.c execution test
FAIL: libgomp.c/omp_workshare4.c execution test
FAIL: libgomp.c/pr29947-1.c execution test
FAIL: libgomp.c/pr29947-2.c execution test
FAIL: libgomp.c/pr35130.c execution test
FAIL: libgomp.c/pr35625.c execution test
FAIL: libgomp.c/pr36802-1.c execution test
FAIL: libgomp.c/pr38650.c execution test
FAIL: libgomp.c/pr39591-1.c execution test
FAIL: libgomp.c/pr39591-2.c execution test
FAIL: libgomp.c/pr39591-3.c execution test
FAIL: libgomp.c/pr42029.c execution test
FAIL: libgomp.c/pr43893.c execution test
FAIL: libgomp.c/pr49897-1.c execution test
FAIL: libgomp.c/pr49897-2.c execution test
FAIL: libgomp.c/pr49898-1.c execution test
FAIL: libgomp.c/pr49898-2.c execution test
FAIL: libgomp.c/pr52547.c execution test
FAIL: libgomp.c/pr58392.c execution test
FAIL: libgomp.c/pr58756.c execution test
FAIL: libgomp.c/reduction-5.c execution test
FAIL: libgomp.c/reduction-6.c execution test
FAIL: libgomp.c/sections-2.c execution test
FAIL: libgomp.c/shared-3.c execution test
FAIL: libgomp.c/simd-12.c execution test
FAIL: libgomp.c/simd-13.c execution test
FAIL: libgomp.c/simd-14.c execution test
FAIL: libgomp.c/simd-15.c execution test
FAIL: libgomp.c/simd-16.c execution test
FAIL: libgomp.c/simd-17.c execution test
FAIL: libgomp.c/simd-6.c execution test
FAIL: libgomp.c/sort-1.c execution test
FAIL: libgomp.c/target-1.c execution test
FAIL: libgomp.c/target-2.c execution test
FAIL: libgomp.c/target-8.c execution test
FAIL: libgomp.c/task-5.c execution test
FAIL: libgomp.c/udr-2.c execution test
FAIL: libgomp.c/udr-3.c execution test
FAIL: libgomp.c++/cancel-taskgroup-1.C execution test
FAIL: libgomp.c++/cancel-taskgroup-2.C execution test
FAIL: libgomp.c++/cancel-taskgroup-3.C execution test
FAIL: libgomp.c++/collapse-1.C execution test
FAIL: libgomp.c++/ctor-12.C execution test
FAIL: libgomp.c++/for-1.C execution test
FAIL: libgomp.c++/for-10.C execution test
FAIL: libgomp.c++/for-11.C execution test
FAIL: libgomp.c++/for-2.C execution test
FAIL: libgomp.c++/for-3.C execution test
FAIL: libgomp.c++/for-4.C execution test
FAIL: libgomp.c++/for-5.C execution test
FAIL: libgomp.c++/for-6.C execution test
FAIL: libgomp.c++/for-7.C execution test
FAIL: libgomp.c++/for-8.C execution test
FAIL: libgomp.c++/for-9.C execution test
FAIL: libgomp.c++/loop-1.C execution test
FAIL: libgomp.c++/loop-11.C execution test
FAIL: libgomp.c++/loop-12.C execution test
FAIL: libgomp.c++/loop-13.C execution test
FAIL: libgomp.c++/loop-14.C execution test
FAIL: libgomp.c++/loop-15.C execution test
FAIL: libgomp.c++/loop-2.C execution test
FAIL: libgomp.c++/loop-8.C execution test
FAIL: libgomp.c++/loop-9.C execution test
FAIL: libgomp.c++/master-1.C execution test
FAIL: libgomp.c++/pr26691.C execution test
FAIL: libgomp.c++/pr35185.C execution test
FAIL: libgomp.c++/pr38650.C execution test
FAIL: libgomp.c++/pr39573.C execution test
FAIL: libgomp.c++/pr43893.C execution test
FAIL: libgomp.c++/pr48869.C execution test
FAIL: libgomp.c++/pr49043.C execution test
FAIL: libgomp.c++/pr56217.C execution test
FAIL: libgomp.c++/reduction-4.C execution test
FAIL: libgomp.c++/sections-1.C execution test
FAIL: libgomp.c++/simd-8.C execution test
FAIL: libgomp.c++/simd10.C execution test
FAIL: libgomp.c++/simd11.C execution test
FAIL: libgomp.c++/simd12.C execution test
FAIL: libgomp.c++/simd13.C execution test
FAIL: libgomp.c++/single-1.C execution test
FAIL: libgomp.c++/single-2.C execution test
FAIL: libgomp.c++/single-3.C execution test
FAIL: libgomp.c++/target-1.C execution test
FAIL: libgomp.c++/target-2.C execution test
FAIL: libgomp.c++/target-3.C execution test
FAIL: libgomp.c++/task-8.C execution test
FAIL: libgomp.c++/udr-14.C execution test
FAIL: libgomp.c++/udr-15.C execution test
FAIL: libgomp.c++/udr-16.C execution test
FAIL: libgomp.c++/udr-17.C execution test
FAIL: libgomp.c++/udr-18.C execution test
FAIL: libgomp.c++/udr-4.C execution test
FAIL: libgomp.c++/udr-5.C execution test
FAIL: libgomp.c++/udr-6.C execution test
FAIL: libgomp.c++/udr-7.C execution test
FAIL: libgomp.c++/udr-8.C execution test
FAIL: libgomp.fortran/alloc-comp-1.f90 -O0 execution test
FAIL: libgomp.fortran/alloc-comp-1.f90 -O2 execution test
FAIL: libgomp.fortran/alloc-comp-2.f90 -O0 execution test
FAIL: libgomp.fortran/alloc-comp-2.f90 -O2 execution test
FAIL: libgomp.fortran/alloc-comp-3.f90 -O0 execution test
FAIL: libgomp.fortran/alloc-comp-3.f90 -O2 execution test
FAIL: libgomp.fortran/allocatable1.f90 -O0 execution test
FAIL: libgomp.fortran/allocatable1.f90 -O1 execution test
FAIL: libgomp.fortran/allocatable1.f90 -O2 execution test
FAIL: libgomp.fortran/allocatable1.f90 -O3 -fomit-frame-pointer execution test
FAIL: libgomp.fortran/allocatable1.f90 -O3 -fomit-frame-pointer -funroll-loops execution test
FAIL: libgomp.fortran/allocatable1.f90 -O3 -fomit-frame-pointer -funroll-all-loops -finline-functions execution test
FAIL: libgomp.fortran/allocatable1.f90 -O3 -g execution test
FAIL: libgomp.fortran/allocatable1.f90 -Os execution test
FAIL: libgomp.fortran/allocatable10.f90 -O0 execution test
FAIL: libgomp.fortran/allocatable10.f90 -O1 execution test
FAIL: libgomp.fortran/allocatable10.f90 -O2 execution test
FAIL: libgomp.fortran/allocatable10.f90 -O3 -fomit-frame-pointer execution test
FAIL: libgomp.fortran/allocatable10.f90 -O3 -fomit-frame-pointer -funroll-loops execution test
FAIL: libgomp.fortran/allocatable10.f90 -O3 -fomit-frame-pointer -funroll-all-loops -finline-functions execution test
FAIL: libgomp.fortran/allocatable10.f90 -O3 -g execution test
FAIL: libgomp.fortran/allocatable10.f90 -Os execution test
FAIL: libgomp.fortran/allocatable12.f90 -O0 execution test
FAIL: libgomp.fortran/allocatable12.f90 -O1 execution test
FAIL: libgomp.fortran/allocatable12.f90 -O2 execution test
FAIL: libgomp.fortran/allocatable12.f90 -O3 -fomit-frame-pointer execution test
FAIL: libgomp.fortran/allocatable12.f90 -O3 -fomit-frame-pointer -funroll-loops execution test
FAIL: libgomp.fortran/allocatable12.f90 -O3 -fomit-frame-pointer -funroll-all-loops -finline-functions execution test
FAIL: libgomp.fortran/allocatable12.f90 -O3 -g execution test
FAIL: libgomp.fortran/allocatable12.f90 -Os execution test
FAIL: libgomp.fortran/allocatable3.f90 -O0 execution test
FAIL: libgomp.fortran/allocatable3.f90 -O1 execution test
FAIL: libgomp.fortran/allocatable3.f90 -O2 execution test
FAIL: libgomp.fortran/allocatable3.f90 -O3 -fomit-frame-pointer execution test
FAIL: libgomp.fortran/allocatable3.f90 -O3 -fomit-frame-pointer -funroll-loops execution test
FAIL: libgomp.fortran/allocatable3.f90 -O3 -fomit-frame-pointer -funroll-all-loops -finline-functions execution test
FAIL: libgomp.fortran/allocatable3.f90 -O3 -g execution test
FAIL: libgomp.fortran/allocatable3.f90 -Os execution test
FAIL: libgomp.fortran/allocatable5.f90 -O0 execution test
FAIL: libgomp.fortran/allocatable5.f90 -O1 execution test
FAIL: libgomp.fortran/allocatable5.f90 -O2 execution test
FAIL: libgomp.fortran/allocatable5.f90 -O3 -fomit-frame-pointer execution test
FAIL: libgomp.fortran/allocatable5.f90 -O3 -fomit-frame-pointer -funroll-loops execution test
FAIL: libgomp.fortran/allocatable5.f90 -O3 -fomit-frame-pointer -funroll-all-loops -finline-functions execution test
FAIL: libgomp.fortran/allocatable5.f90 -O3 -g execution test
FAIL: libgomp.fortran/allocatable5.f90 -Os execution test
FAIL: libgomp.fortran/allocatable6.f90 -O0 execution test
FAIL: libgomp.fortran/allocatable6.f90 -O1 execution test
FAIL: libgomp.fortran/allocatable6.f90 -O2 execution test
FAIL: libgomp.fortran/allocatable6.f90 -O3 -fomit-frame-pointer execution test
FAIL: libgomp.fortran/allocatable6.f90 -O3 -fomit-frame-pointer -funroll-loops execution test
FAIL: libgomp.fortran/allocatable6.f90 -O3 -fomit-frame-pointer -funroll-all-loops -finline-functions execution test
FAIL: libgomp.fortran/allocatable6.f90 -O3 -g execution test
FAIL: libgomp.fortran/allocatable6.f90 -Os execution test
FAIL: libgomp.fortran/allocatable7.f90 -O0 execution test
FAIL: libgomp.fortran/allocatable7.f90 -O1 execution test
FAIL: libgomp.fortran/allocatable7.f90 -O2 execution test
FAIL: libgomp.fortran/allocatable7.f90 -O3 -fomit-frame-pointer execution test
FAIL: libgomp.fortran/allocatable7.f90 -O3 -fomit-frame-pointer -funroll-loops execution test
FAIL: libgomp.fortran/allocatable7.f90 -O3 -fomit-frame-pointer -funroll-all-loops -finline-functions execution test
FAIL: libgomp.fortran/allocatable7.f90 -O3 -g execution test
FAIL: libgomp.fortran/allocatable7.f90 -Os execution test
FAIL: libgomp.fortran/allocatable9.f90 -O0 execution test
FAIL: libgomp.fortran/allocatable9.f90 -O1 execution test
FAIL: libgomp.fortran/allocatable9.f90 -O2 execution test
FAIL: libgomp.fortran/allocatable9.f90 -O3 -fomit-frame-pointer execution test
FAIL: libgomp.fortran/allocatable9.f90 -O3 -fomit-frame-pointer -funroll-loops execution test
FAIL: libgomp.fortran/allocatable9.f90 -O3 -fomit-frame-pointer -funroll-all-loops -finline-functions execution test
FAIL: libgomp.fortran/allocatable9.f90 -O3 -g execution test
FAIL: libgomp.fortran/allocatable9.f90 -Os execution test
FAIL: libgomp.fortran/appendix-a/a.16.1.f90 -O0 execution test
FAIL: libgomp.fortran/appendix-a/a.16.1.f90 -O1 execution test
FAIL: libgomp.fortran/appendix-a/a.16.1.f90 -O2 execution test
FAIL: libgomp.fortran/appendix-a/a.16.1.f90 -O3 -fomit-frame-pointer execution test
FAIL: libgomp.fortran/appendix-a/a.16.1.f90 -O3 -fomit-frame-pointer -funroll-loops execution test
FAIL: libgomp.fortran/appendix-a/a.16.1.f90 -O3 -fomit-frame-pointer -funroll-all-loops -finline-functions execution test
FAIL: libgomp.fortran/appendix-a/a.16.1.f90 -O3 -g execution test
FAIL: libgomp.fortran/appendix-a/a.16.1.f90 -Os execution test
FAIL: libgomp.fortran/appendix-a/a.22.7.f90 -O0 execution test
FAIL: libgomp.fortran/appendix-a/a.22.7.f90 -O1 execution test
FAIL: libgomp.fortran/appendix-a/a.22.7.f90 -O2 execution test
FAIL: libgomp.fortran/appendix-a/a.22.7.f90 -O3 -fomit-frame-pointer execution test
FAIL: libgomp.fortran/appendix-a/a.22.7.f90 -O3 -fomit-frame-pointer -funroll-loops execution test
FAIL: libgomp.fortran/appendix-a/a.22.7.f90 -O3 -fomit-frame-pointer -funroll-all-loops -finline-functions execution test
FAIL: libgomp.fortran/appendix-a/a.22.7.f90 -O3 -g execution test
FAIL: libgomp.fortran/appendix-a/a.22.7.f90 -Os execution test
FAIL: libgomp.fortran/appendix-a/a.22.8.f90 -O0 execution test
FAIL: libgomp.fortran/appendix-a/a.22.8.f90 -O1 execution test
FAIL: libgomp.fortran/appendix-a/a.22.8.f90 -O2 execution test
FAIL: libgomp.fortran/appendix-a/a.22.8.f90 -O3 -fomit-frame-pointer execution test
FAIL: libgomp.fortran/appendix-a/a.22.8.f90 -O3 -fomit-frame-pointer -funroll-loops execution test
FAIL: libgomp.fortran/appendix-a/a.22.8.f90 -O3 -fomit-frame-pointer -funroll-all-loops -finline-functions execution test
FAIL: libgomp.fortran/appendix-a/a.22.8.f90 -O3 -g execution test
FAIL: libgomp.fortran/appendix-a/a.22.8.f90 -Os execution test
FAIL: libgomp.fortran/appendix-a/a.26.1.f90 -O0 execution test
FAIL: libgomp.fortran/appendix-a/a.26.1.f90 -O1 execution test
FAIL: libgomp.fortran/appendix-a/a.26.1.f90 -O2 execution test
FAIL: libgomp.fortran/appendix-a/a.26.1.f90 -O3 -fomit-frame-pointer execution test
FAIL: libgomp.fortran/appendix-a/a.26.1.f90 -O3 -fomit-frame-pointer -funroll-loops execution test
FAIL: libgomp.fortran/appendix-a/a.26.1.f90 -O3 -fomit-frame-pointer -funroll-all-loops -finline-functions execution test
FAIL: libgomp.fortran/appendix-a/a.26.1.f90 -O3 -g execution test
FAIL: libgomp.fortran/appendix-a/a.26.1.f90 -Os execution test
FAIL: libgomp.fortran/appendix-a/a.28.1.f90 -O0 execution test
FAIL: libgomp.fortran/appendix-a/a.28.1.f90 -O1 execution test
FAIL: libgomp.fortran/appendix-a/a.28.1.f90 -O2 execution test
FAIL: libgomp.fortran/appendix-a/a.28.1.f90 -O3 -fomit-frame-pointer execution test
FAIL: libgomp.fortran/appendix-a/a.28.1.f90 -O3 -fomit-frame-pointer -funroll-loops execution test
FAIL: libgomp.fortran/appendix-a/a.28.1.f90 -O3 -fomit-frame-pointer -funroll-all-loops -finline-functions execution test
FAIL: libgomp.fortran/appendix-a/a.28.1.f90 -O3 -g execution test
FAIL: libgomp.fortran/appendix-a/a.28.1.f90 -Os execution test
FAIL: libgomp.fortran/appendix-a/a.28.2.f90 -O0 execution test
FAIL: libgomp.fortran/appendix-a/a.28.2.f90 -O1 execution test
FAIL: libgomp.fortran/appendix-a/a.28.2.f90 -O2 execution test
FAIL: libgomp.fortran/appendix-a/a.28.2.f90 -O3 -fomit-frame-pointer execution test
FAIL: libgomp.fortran/appendix-a/a.28.2.f90 -O3 -fomit-frame-pointer -funroll-loops execution test
FAIL: libgomp.fortran/appendix-a/a.28.2.f90 -O3 -fomit-frame-pointer -funroll-all-loops -finline-functions execution test
FAIL: libgomp.fortran/appendix-a/a.28.2.f90 -O3 -g execution test
FAIL: libgomp.fortran/appendix-a/a.28.2.f90 -Os execution test
FAIL: libgomp.fortran/appendix-a/a.28.3.f90 -O0 execution test
FAIL: libgomp.fortran/appendix-a/a.28.3.f90 -O1 execution test
FAIL: libgomp.fortran/appendix-a/a.28.3.f90 -O2 execution test
FAIL: libgomp.fortran/appendix-a/a.28.3.f90 -O3 -fomit-frame-pointer execution test
FAIL: libgomp.fortran/appendix-a/a.28.3.f90 -O3 -fomit-frame-pointer -funroll-loops execution test
FAIL: libgomp.fortran/appendix-a/a.28.3.f90 -O3 -fomit-frame-pointer -funroll-all-loops -finline-functions execution test
FAIL: libgomp.fortran/appendix-a/a.28.3.f90 -O3 -g execution test
FAIL: libgomp.fortran/appendix-a/a.28.3.f90 -Os execution test
FAIL: libgomp.fortran/appendix-a/a.28.4.f90 -O0 execution test
FAIL: libgomp.fortran/appendix-a/a.28.4.f90 -O1 execution test
FAIL: libgomp.fortran/appendix-a/a.28.4.f90 -O2 execution test
FAIL: libgomp.fortran/appendix-a/a.28.4.f90 -O3 -fomit-frame-pointer execution test
FAIL: libgomp.fortran/appendix-a/a.28.4.f90 -O3 -fomit-frame-pointer -funroll-loops execution test
FAIL: libgomp.fortran/appendix-a/a.28.4.f90 -O3 -fomit-frame-pointer -funroll-all-loops -finline-functions execution test
FAIL: libgomp.fortran/appendix-a/a.28.4.f90 -O3 -g execution test
FAIL: libgomp.fortran/appendix-a/a.28.4.f90 -Os execution test
FAIL: libgomp.fortran/appendix-a/a.31.4.f90 -O0 execution test
FAIL: libgomp.fortran/appendix-a/a.31.4.f90 -O1 execution test
FAIL: libgomp.fortran/appendix-a/a.31.4.f90 -O2 execution test
FAIL: libgomp.fortran/appendix-a/a.31.4.f90 -O3 -fomit-frame-pointer execution test
FAIL: libgomp.fortran/appendix-a/a.31.4.f90 -O3 -fomit-frame-pointer -funroll-loops execution test
FAIL: libgomp.fortran/appendix-a/a.31.4.f90 -O3 -fomit-frame-pointer -funroll-all-loops -finline-functions execution test
FAIL: libgomp.fortran/appendix-a/a.31.4.f90 -O3 -g execution test
FAIL: libgomp.fortran/appendix-a/a.31.4.f90 -Os execution test
FAIL: libgomp.fortran/appendix-a/a.31.5.f90 -O0 execution test
FAIL: libgomp.fortran/appendix-a/a.31.5.f90 -O1 execution test
FAIL: libgomp.fortran/appendix-a/a.31.5.f90 -O2 execution test
FAIL: libgomp.fortran/appendix-a/a.31.5.f90 -O3 -fomit-frame-pointer execution test
FAIL: libgomp.fortran/appendix-a/a.31.5.f90 -O3 -fomit-frame-pointer -funroll-loops execution test
FAIL: libgomp.fortran/appendix-a/a.31.5.f90 -O3 -fomit-frame-pointer -funroll-all-loops -finline-functions execution test
FAIL: libgomp.fortran/appendix-a/a.31.5.f90 -O3 -g execution test
FAIL: libgomp.fortran/appendix-a/a.31.5.f90 -Os execution test
FAIL: libgomp.fortran/appendix-a/a.39.1.f90 -O0 execution test
FAIL: libgomp.fortran/appendix-a/a.39.1.f90 -O1 execution test
FAIL: libgomp.fortran/appendix-a/a.39.1.f90 -O2 execution test
FAIL: libgomp.fortran/appendix-a/a.39.1.f90 -O3 -fomit-frame-pointer execution test
FAIL: libgomp.fortran/appendix-a/a.39.1.f90 -O3 -fomit-frame-pointer -funroll-loops execution test
FAIL: libgomp.fortran/appendix-a/a.39.1.f90 -O3 -fomit-frame-pointer -funroll-all-loops -finline-functions execution test
FAIL: libgomp.fortran/appendix-a/a.39.1.f90 -O3 -g execution test
FAIL: libgomp.fortran/appendix-a/a.39.1.f90 -Os execution test
FAIL: libgomp.fortran/appendix-a/a.4.1.f90 -O0 execution test
FAIL: libgomp.fortran/appendix-a/a.4.1.f90 -O1 execution test
FAIL: libgomp.fortran/appendix-a/a.4.1.f90 -O2 execution test
FAIL: libgomp.fortran/appendix-a/a.4.1.f90 -O3 -fomit-frame-pointer execution test
FAIL: libgomp.fortran/appendix-a/a.4.1.f90 -O3 -fomit-frame-pointer -funroll-loops execution test
FAIL: libgomp.fortran/appendix-a/a.4.1.f90 -O3 -fomit-frame-pointer -funroll-all-loops -finline-functions execution test
FAIL: libgomp.fortran/appendix-a/a.4.1.f90 -O3 -g execution test
FAIL: libgomp.fortran/appendix-a/a.4.1.f90 -Os execution test
FAIL: libgomp.fortran/appendix-a/a10.1.f90 -O0 execution test
FAIL: libgomp.fortran/appendix-a/a10.1.f90 -O1 execution test
FAIL: libgomp.fortran/appendix-a/a10.1.f90 -O2 execution test
FAIL: libgomp.fortran/appendix-a/a10.1.f90 -O3 -fomit-frame-pointer execution test
FAIL: libgomp.fortran/appendix-a/a10.1.f90 -O3 -fomit-frame-pointer -funroll-loops execution test
FAIL: libgomp.fortran/appendix-a/a10.1.f90 -O3 -fomit-frame-pointer -funroll-all-loops -finline-functions execution test
FAIL: libgomp.fortran/appendix-a/a10.1.f90 -O3 -g execution test
FAIL: libgomp.fortran/appendix-a/a10.1.f90 -Os execution test
FAIL: libgomp.fortran/associate1.f90 -O0 execution test
FAIL: libgomp.fortran/associate1.f90 -O1 execution test
FAIL: libgomp.fortran/associate1.f90 -O2 execution test
FAIL: libgomp.fortran/associate1.f90 -O3 -fomit-frame-pointer execution test
FAIL: libgomp.fortran/associate1.f90 -O3 -fomit-frame-pointer -funroll-loops execution test
FAIL: libgomp.fortran/associate1.f90 -O3 -fomit-frame-pointer -funroll-all-loops -finline-functions execution test
FAIL: libgomp.fortran/associate1.f90 -O3 -g execution test
FAIL: libgomp.fortran/associate1.f90 -Os execution test
FAIL: libgomp.fortran/associate2.f90 -O0 execution test
FAIL: libgomp.fortran/associate2.f90 -O1 execution test
FAIL: libgomp.fortran/associate2.f90 -O2 execution test
FAIL: libgomp.fortran/associate2.f90 -O3 -fomit-frame-pointer execution test
FAIL: libgomp.fortran/associate2.f90 -O3 -fomit-frame-pointer -funroll-loops execution test
FAIL: libgomp.fortran/associate2.f90 -O3 -fomit-frame-pointer -funroll-all-loops -finline-functions execution test
FAIL: libgomp.fortran/associate2.f90 -O3 -g execution test
FAIL: libgomp.fortran/associate2.f90 -Os execution test
FAIL: libgomp.fortran/cancel-taskgroup-2.f90 -O0 execution test
FAIL: libgomp.fortran/cancel-taskgroup-2.f90 -O1 execution test
FAIL: libgomp.fortran/cancel-taskgroup-2.f90 -O2 execution test
FAIL: libgomp.fortran/cancel-taskgroup-2.f90 -O3 -fomit-frame-pointer execution test
FAIL: libgomp.fortran/cancel-taskgroup-2.f90 -O3 -fomit-frame-pointer -funroll-loops execution test
FAIL: libgomp.fortran/cancel-taskgroup-2.f90 -O3 -fomit-frame-pointer -funroll-all-loops -finline-functions execution test
FAIL: libgomp.fortran/cancel-taskgroup-2.f90 -O3 -g execution test
FAIL: libgomp.fortran/cancel-taskgroup-2.f90 -Os execution test
FAIL: libgomp.fortran/collapse1.f90 -O0 execution test
FAIL: libgomp.fortran/collapse1.f90 -O1 execution test
FAIL: libgomp.fortran/collapse1.f90 -O2 execution test
FAIL: libgomp.fortran/collapse1.f90 -O3 -fomit-frame-pointer execution test
FAIL: libgomp.fortran/collapse1.f90 -O3 -fomit-frame-pointer -funroll-loops execution test
FAIL: libgomp.fortran/collapse1.f90 -O3 -fomit-frame-pointer -funroll-all-loops -finline-functions execution test
FAIL: libgomp.fortran/collapse1.f90 -O3 -g execution test
FAIL: libgomp.fortran/collapse1.f90 -Os execution test
FAIL: libgomp.fortran/collapse2.f90 -O0 execution test
FAIL: libgomp.fortran/collapse2.f90 -O1 execution test
FAIL: libgomp.fortran/collapse2.f90 -O2 execution test
FAIL: libgomp.fortran/collapse2.f90 -O3 -fomit-frame-pointer execution test
FAIL: libgomp.fortran/collapse2.f90 -O3 -fomit-frame-pointer -funroll-loops execution test
FAIL: libgomp.fortran/collapse2.f90 -O3 -fomit-frame-pointer -funroll-all-loops -finline-functions execution test
FAIL: libgomp.fortran/collapse2.f90 -O3 -g execution test
FAIL: libgomp.fortran/collapse2.f90 -Os execution test
FAIL: libgomp.fortran/collapse3.f90 -O0 execution test
FAIL: libgomp.fortran/collapse3.f90 -O1 execution test
FAIL: libgomp.fortran/collapse3.f90 -O2 execution test
FAIL: libgomp.fortran/collapse3.f90 -O3 -fomit-frame-pointer execution test
FAIL: libgomp.fortran/collapse3.f90 -O3 -fomit-frame-pointer -funroll-loops execution test
FAIL: libgomp.fortran/collapse3.f90 -O3 -fomit-frame-pointer -funroll-all-loops -finline-functions execution test
FAIL: libgomp.fortran/collapse3.f90 -O3 -g execution test
FAIL: libgomp.fortran/collapse3.f90 -Os execution test
FAIL: libgomp.fortran/collapse4.f90 -O0 execution test
FAIL: libgomp.fortran/collapse4.f90 -O1 execution test
FAIL: libgomp.fortran/collapse4.f90 -O2 execution test
FAIL: libgomp.fortran/collapse4.f90 -O3 -fomit-frame-pointer execution test
FAIL: libgomp.fortran/collapse4.f90 -O3 -fomit-frame-pointer -funroll-loops execution test
FAIL: libgomp.fortran/collapse4.f90 -O3 -fomit-frame-pointer -funroll-all-loops -finline-functions execution test
FAIL: libgomp.fortran/collapse4.f90 -O3 -g execution test
FAIL: libgomp.fortran/collapse4.f90 -Os execution test
FAIL: libgomp.fortran/depend-1.f90 -O0 execution test
FAIL: libgomp.fortran/depend-1.f90 -O1 execution test
FAIL: libgomp.fortran/depend-1.f90 -O2 execution test
FAIL: libgomp.fortran/depend-1.f90 -O3 -fomit-frame-pointer execution test
FAIL: libgomp.fortran/depend-1.f90 -O3 -fomit-frame-pointer -funroll-loops execution test
FAIL: libgomp.fortran/depend-1.f90 -O3 -fomit-frame-pointer -funroll-all-loops -finline-functions execution test
FAIL: libgomp.fortran/depend-1.f90 -O3 -g execution test
FAIL: libgomp.fortran/depend-1.f90 -Os execution test
FAIL: libgomp.fortran/depend-2.f90 -O0 execution test
FAIL: libgomp.fortran/depend-2.f90 -O1 execution test
FAIL: libgomp.fortran/depend-2.f90 -O2 execution test
FAIL: libgomp.fortran/depend-2.f90 -O3 -fomit-frame-pointer execution test
FAIL: libgomp.fortran/depend-2.f90 -O3 -fomit-frame-pointer -funroll-loops execution test
FAIL: libgomp.fortran/depend-2.f90 -O3 -fomit-frame-pointer -funroll-all-loops -finline-functions execution test
FAIL: libgomp.fortran/depend-2.f90 -O3 -g execution test
FAIL: libgomp.fortran/depend-2.f90 -Os execution test
FAIL: libgomp.fortran/depend-3.f90 -O0 execution test
FAIL: libgomp.fortran/depend-3.f90 -O1 execution test
FAIL: libgomp.fortran/depend-3.f90 -O2 execution test
FAIL: libgomp.fortran/depend-3.f90 -O3 -fomit-frame-pointer execution test
FAIL: libgomp.fortran/depend-3.f90 -O3 -fomit-frame-pointer -funroll-loops execution test
FAIL: libgomp.fortran/depend-3.f90 -O3 -fomit-frame-pointer -funroll-all-loops -finline-functions execution test
FAIL: libgomp.fortran/depend-3.f90 -O3 -g execution test
FAIL: libgomp.fortran/depend-3.f90 -Os execution test
FAIL: libgomp.fortran/nestedfn4.f90 -O execution test
FAIL: libgomp.fortran/nestedfn5.f90 -O0 execution test
FAIL: libgomp.fortran/nestedfn5.f90 -O1 execution test
FAIL: libgomp.fortran/nestedfn5.f90 -O2 execution test
FAIL: libgomp.fortran/nestedfn5.f90 -O3 -fomit-frame-pointer execution test
FAIL: libgomp.fortran/nestedfn5.f90 -O3 -fomit-frame-pointer -funroll-loops execution test
FAIL: libgomp.fortran/nestedfn5.f90 -O3 -fomit-frame-pointer -funroll-all-loops -finline-functions execution test
FAIL: libgomp.fortran/nestedfn5.f90 -O3 -g execution test
FAIL: libgomp.fortran/nestedfn5.f90 -Os execution test
FAIL: libgomp.fortran/omp_hello.f -O execution test
FAIL: libgomp.fortran/omp_orphan.f -O execution test
FAIL: libgomp.fortran/omp_reduction.f -O execution test
FAIL: libgomp.fortran/omp_workshare1.f -O execution test
FAIL: libgomp.fortran/omp_workshare2.f -O execution test
FAIL: libgomp.fortran/pointer1.f90 -O0 execution test
FAIL: libgomp.fortran/pointer1.f90 -O1 execution test
FAIL: libgomp.fortran/pointer1.f90 -O2 execution test
FAIL: libgomp.fortran/pointer1.f90 -O3 -fomit-frame-pointer execution test
FAIL: libgomp.fortran/pointer1.f90 -O3 -fomit-frame-pointer -funroll-loops execution test
FAIL: libgomp.fortran/pointer1.f90 -O3 -fomit-frame-pointer -funroll-all-loops -finline-functions execution test
FAIL: libgomp.fortran/pointer1.f90 -O3 -g execution test
FAIL: libgomp.fortran/pointer1.f90 -Os execution test
FAIL: libgomp.fortran/pointer2.f90 -O0 execution test
FAIL: libgomp.fortran/pointer2.f90 -O1 execution test
FAIL: libgomp.fortran/pointer2.f90 -O2 execution test
FAIL: libgomp.fortran/pointer2.f90 -O3 -fomit-frame-pointer execution test
FAIL: libgomp.fortran/pointer2.f90 -O3 -fomit-frame-pointer -funroll-loops execution test
FAIL: libgomp.fortran/pointer2.f90 -O3 -fomit-frame-pointer -funroll-all-loops -finline-functions execution test
FAIL: libgomp.fortran/pointer2.f90 -O3 -g execution test
FAIL: libgomp.fortran/pointer2.f90 -Os execution test
FAIL: libgomp.fortran/pr25219.f90 -O execution test
FAIL: libgomp.fortran/pr28390.f -O execution test
FAIL: libgomp.fortran/pr32550.f90 -O0 execution test
FAIL: libgomp.fortran/pr32550.f90 -O1 execution test
FAIL: libgomp.fortran/pr32550.f90 -O2 execution test
FAIL: libgomp.fortran/pr32550.f90 -O3 -fomit-frame-pointer execution test
FAIL: libgomp.fortran/pr32550.f90 -O3 -fomit-frame-pointer -funroll-loops execution test
FAIL: libgomp.fortran/pr32550.f90 -O3 -fomit-frame-pointer -funroll-all-loops -finline-functions execution test
FAIL: libgomp.fortran/pr32550.f90 -O3 -g execution test
FAIL: libgomp.fortran/pr32550.f90 -Os execution test
FAIL: libgomp.fortran/pr33880.f90 -O0 execution test
FAIL: libgomp.fortran/pr33880.f90 -O1 execution test
FAIL: libgomp.fortran/pr33880.f90 -O2 execution test
FAIL: libgomp.fortran/pr33880.f90 -O3 -fomit-frame-pointer execution test
FAIL: libgomp.fortran/pr33880.f90 -O3 -fomit-frame-pointer -funroll-loops execution test
FAIL: libgomp.fortran/pr33880.f90 -O3 -fomit-frame-pointer -funroll-all-loops -finline-functions execution test
FAIL: libgomp.fortran/pr33880.f90 -O3 -g execution test
FAIL: libgomp.fortran/pr33880.f90 -Os execution test
FAIL: libgomp.fortran/pr35130.f90 -O execution test
FAIL: libgomp.fortran/pr46753.f90 -O0 execution test
FAIL: libgomp.fortran/pr46753.f90 -O1 execution test
FAIL: libgomp.fortran/pr46753.f90 -O2 execution test
FAIL: libgomp.fortran/pr46753.f90 -O3 -fomit-frame-pointer execution test
FAIL: libgomp.fortran/pr46753.f90 -O3 -fomit-frame-pointer -funroll-loops execution test
FAIL: libgomp.fortran/pr46753.f90 -O3 -fomit-frame-pointer -funroll-all-loops -finline-functions execution test
FAIL: libgomp.fortran/pr46753.f90 -O3 -g execution test
FAIL: libgomp.fortran/pr46753.f90 -Os execution test
FAIL: libgomp.fortran/pr48894.f90 -O0 execution test
FAIL: libgomp.fortran/pr48894.f90 -O1 execution test
FAIL: libgomp.fortran/pr48894.f90 -O2 execution test
FAIL: libgomp.fortran/pr48894.f90 -O3 -fomit-frame-pointer execution test
FAIL: libgomp.fortran/pr48894.f90 -O3 -fomit-frame-pointer -funroll-loops execution test
FAIL: libgomp.fortran/pr48894.f90 -O3 -fomit-frame-pointer -funroll-all-loops -finline-functions execution test
FAIL: libgomp.fortran/pr48894.f90 -O3 -g execution test
FAIL: libgomp.fortran/pr48894.f90 -Os execution test
FAIL: libgomp.fortran/pr49792-1.f90 -O0 execution test
FAIL: libgomp.fortran/pr49792-1.f90 -O1 execution test
FAIL: libgomp.fortran/pr49792-1.f90 -O2 execution test
FAIL: libgomp.fortran/pr49792-1.f90 -O3 -fomit-frame-pointer execution test
FAIL: libgomp.fortran/pr49792-1.f90 -O3 -fomit-frame-pointer -funroll-loops execution test
FAIL: libgomp.fortran/pr49792-1.f90 -O3 -fomit-frame-pointer -funroll-all-loops -finline-functions execution test
FAIL: libgomp.fortran/pr49792-1.f90 -O3 -g execution test
FAIL: libgomp.fortran/pr49792-1.f90 -Os execution test
FAIL: libgomp.fortran/pr49792-2.f90 -O0 execution test
FAIL: libgomp.fortran/pr49792-2.f90 -O1 execution test
FAIL: libgomp.fortran/pr49792-2.f90 -O2 execution test
FAIL: libgomp.fortran/pr49792-2.f90 -O3 -fomit-frame-pointer execution test
FAIL: libgomp.fortran/pr49792-2.f90 -O3 -fomit-frame-pointer -funroll-loops execution test
FAIL: libgomp.fortran/pr49792-2.f90 -O3 -fomit-frame-pointer -funroll-all-loops -finline-functions execution test
FAIL: libgomp.fortran/pr49792-2.f90 -O3 -g execution test
FAIL: libgomp.fortran/pr49792-2.f90 -Os execution test
FAIL: libgomp.fortran/pr63938-1.f90 -O0 execution test
FAIL: libgomp.fortran/pr63938-1.f90 -O1 execution test
FAIL: libgomp.fortran/pr63938-1.f90 -O2 execution test
FAIL: libgomp.fortran/pr63938-1.f90 -O3 -fomit-frame-pointer execution test
FAIL: libgomp.fortran/pr63938-1.f90 -O3 -fomit-frame-pointer -funroll-loops execution test
FAIL: libgomp.fortran/pr63938-1.f90 -O3 -fomit-frame-pointer -funroll-all-loops -finline-functions execution test
FAIL: libgomp.fortran/pr63938-1.f90 -O3 -g execution test
FAIL: libgomp.fortran/pr63938-1.f90 -Os execution test
FAIL: libgomp.fortran/pr63938-2.f90 -O0 execution test
FAIL: libgomp.fortran/pr63938-2.f90 -O1 execution test
FAIL: libgomp.fortran/pr63938-2.f90 -O2 execution test
FAIL: libgomp.fortran/pr63938-2.f90 -O3 -fomit-frame-pointer execution test
FAIL: libgomp.fortran/pr63938-2.f90 -O3 -fomit-frame-pointer -funroll-loops execution test
FAIL: libgomp.fortran/pr63938-2.f90 -O3 -fomit-frame-pointer -funroll-all-loops -finline-functions execution test
FAIL: libgomp.fortran/pr63938-2.f90 -O3 -g execution test
FAIL: libgomp.fortran/pr63938-2.f90 -Os execution test
FAIL: libgomp.fortran/procptr1.f90 -O0 execution test
FAIL: libgomp.fortran/procptr1.f90 -O1 execution test
FAIL: libgomp.fortran/procptr1.f90 -O2 execution test
FAIL: libgomp.fortran/procptr1.f90 -O3 -fomit-frame-pointer execution test
FAIL: libgomp.fortran/procptr1.f90 -O3 -fomit-frame-pointer -funroll-loops execution test
FAIL: libgomp.fortran/procptr1.f90 -O3 -fomit-frame-pointer -funroll-all-loops -finline-functions execution test
FAIL: libgomp.fortran/procptr1.f90 -O3 -g execution test
FAIL: libgomp.fortran/procptr1.f90 -Os execution test
FAIL: libgomp.fortran/recursion1.f90 -O0 execution test
FAIL: libgomp.fortran/recursion1.f90 -O1 execution test
FAIL: libgomp.fortran/recursion1.f90 -O2 execution test
FAIL: libgomp.fortran/recursion1.f90 -O3 -fomit-frame-pointer execution test
FAIL: libgomp.fortran/recursion1.f90 -O3 -fomit-frame-pointer -funroll-loops execution test
FAIL: libgomp.fortran/recursion1.f90 -O3 -fomit-frame-pointer -funroll-all-loops -finline-functions execution test
FAIL: libgomp.fortran/recursion1.f90 -O3 -g execution test
FAIL: libgomp.fortran/recursion1.f90 -Os execution test
FAIL: libgomp.fortran/reference2.f90 -O0 execution test
FAIL: libgomp.fortran/reference2.f90 -O1 execution test
FAIL: libgomp.fortran/reference2.f90 -O2 execution test
FAIL: libgomp.fortran/reference2.f90 -O3 -fomit-frame-pointer execution test
FAIL: libgomp.fortran/reference2.f90 -O3 -fomit-frame-pointer -funroll-loops execution test
FAIL: libgomp.fortran/reference2.f90 -O3 -fomit-frame-pointer -funroll-all-loops -finline-functions execution test
FAIL: libgomp.fortran/reference2.f90 -O3 -g execution test
FAIL: libgomp.fortran/reference2.f90 -Os execution test
FAIL: libgomp.fortran/simd3.f90 -O0 execution test
FAIL: libgomp.fortran/simd3.f90 -O1 execution test
FAIL: libgomp.fortran/simd3.f90 -O2 execution test
FAIL: libgomp.fortran/simd3.f90 -O3 -fomit-frame-pointer execution test
FAIL: libgomp.fortran/simd3.f90 -O3 -fomit-frame-pointer -funroll-loops execution test
FAIL: libgomp.fortran/simd3.f90 -O3 -fomit-frame-pointer -funroll-all-loops -finline-functions execution test
FAIL: libgomp.fortran/simd3.f90 -O3 -g execution test
FAIL: libgomp.fortran/simd3.f90 -Os execution test
FAIL: libgomp.fortran/simd4.f90 -O0 execution test
FAIL: libgomp.fortran/simd4.f90 -O1 execution test
FAIL: libgomp.fortran/simd4.f90 -O2 execution test
FAIL: libgomp.fortran/simd4.f90 -O3 -fomit-frame-pointer execution test
FAIL: libgomp.fortran/simd4.f90 -O3 -fomit-frame-pointer -funroll-loops execution test
FAIL: libgomp.fortran/simd4.f90 -O3 -fomit-frame-pointer -funroll-all-loops -finline-functions execution test
FAIL: libgomp.fortran/simd4.f90 -O3 -g execution test
FAIL: libgomp.fortran/simd4.f90 -Os execution test
FAIL: libgomp.fortran/simd5.f90 -O0 execution test
FAIL: libgomp.fortran/simd5.f90 -O1 execution test
FAIL: libgomp.fortran/simd5.f90 -O2 execution test
FAIL: libgomp.fortran/simd5.f90 -O3 -fomit-frame-pointer execution test
FAIL: libgomp.fortran/simd5.f90 -O3 -fomit-frame-pointer -funroll-loops execution test
FAIL: libgomp.fortran/simd5.f90 -O3 -fomit-frame-pointer -funroll-all-loops -finline-functions execution test
FAIL: libgomp.fortran/simd5.f90 -O3 -g execution test
FAIL: libgomp.fortran/simd5.f90 -Os execution test
FAIL: libgomp.fortran/simd6.f90 -O0 execution test
FAIL: libgomp.fortran/simd6.f90 -O1 execution test
FAIL: libgomp.fortran/simd6.f90 -O2 execution test
FAIL: libgomp.fortran/simd6.f90 -O3 -fomit-frame-pointer execution test
FAIL: libgomp.fortran/simd6.f90 -O3 -fomit-frame-pointer -funroll-loops execution test
FAIL: libgomp.fortran/simd6.f90 -O3 -fomit-frame-pointer -funroll-all-loops -finline-functions execution test
FAIL: libgomp.fortran/simd6.f90 -O3 -g execution test
FAIL: libgomp.fortran/simd6.f90 -Os execution test
FAIL: libgomp.fortran/simd7.f90 -O0 execution test
FAIL: libgomp.fortran/simd7.f90 -O1 execution test
FAIL: libgomp.fortran/simd7.f90 -O2 execution test
FAIL: libgomp.fortran/simd7.f90 -O3 -fomit-frame-pointer execution test
FAIL: libgomp.fortran/simd7.f90 -O3 -fomit-frame-pointer -funroll-loops execution test
FAIL: libgomp.fortran/simd7.f90 -O3 -fomit-frame-pointer -funroll-all-loops -finline-functions execution test
FAIL: libgomp.fortran/simd7.f90 -O3 -g execution test
FAIL: libgomp.fortran/simd7.f90 -Os execution test
FAIL: libgomp.fortran/strassen.f90 -O execution test
FAIL: libgomp.fortran/target1.f90 -O0 execution test
FAIL: libgomp.fortran/target1.f90 -O1 execution test
FAIL: libgomp.fortran/target1.f90 -O2 execution test
FAIL: libgomp.fortran/target1.f90 -O3 -fomit-frame-pointer execution test
FAIL: libgomp.fortran/target1.f90 -O3 -fomit-frame-pointer -funroll-loops execution test
FAIL: libgomp.fortran/target1.f90 -O3 -fomit-frame-pointer -funroll-all-loops -finline-functions execution test
FAIL: libgomp.fortran/target1.f90 -O3 -g execution test
FAIL: libgomp.fortran/target1.f90 -Os execution test
FAIL: libgomp.fortran/target4.f90 -O0 execution test
FAIL: libgomp.fortran/target4.f90 -O1 execution test
FAIL: libgomp.fortran/target4.f90 -O2 execution test
FAIL: libgomp.fortran/target4.f90 -O3 -fomit-frame-pointer execution test
FAIL: libgomp.fortran/target4.f90 -O3 -fomit-frame-pointer -funroll-loops execution test
FAIL: libgomp.fortran/target4.f90 -O3 -fomit-frame-pointer -funroll-all-loops -finline-functions execution test
FAIL: libgomp.fortran/target4.f90 -O3 -g execution test
FAIL: libgomp.fortran/target4.f90 -Os execution test
FAIL: libgomp.fortran/target6.f90 -O0 execution test
FAIL: libgomp.fortran/target6.f90 -O1 execution test
FAIL: libgomp.fortran/target6.f90 -O2 execution test
FAIL: libgomp.fortran/target6.f90 -O3 -fomit-frame-pointer execution test
FAIL: libgomp.fortran/target6.f90 -O3 -fomit-frame-pointer -funroll-loops execution test
FAIL: libgomp.fortran/target6.f90 -O3 -fomit-frame-pointer -funroll-all-loops -finline-functions execution test
FAIL: libgomp.fortran/target6.f90 -O3 -g execution test
FAIL: libgomp.fortran/target6.f90 -Os execution test
FAIL: libgomp.fortran/target7.f90 -O0 execution test
FAIL: libgomp.fortran/target7.f90 -O1 execution test
FAIL: libgomp.fortran/target7.f90 -O2 execution test
FAIL: libgomp.fortran/target7.f90 -O3 -fomit-frame-pointer execution test
FAIL: libgomp.fortran/target7.f90 -O3 -fomit-frame-pointer -funroll-loops execution test
FAIL: libgomp.fortran/target7.f90 -O3 -fomit-frame-pointer -funroll-all-loops -finline-functions execution test
FAIL: libgomp.fortran/target7.f90 -O3 -g execution test
FAIL: libgomp.fortran/target7.f90 -Os execution test
FAIL: libgomp.fortran/target8.f90 -O0 execution test
FAIL: libgomp.fortran/target8.f90 -O1 execution test
FAIL: libgomp.fortran/target8.f90 -O2 execution test
FAIL: libgomp.fortran/target8.f90 -O3 -fomit-frame-pointer execution test
FAIL: libgomp.fortran/target8.f90 -O3 -fomit-frame-pointer -funroll-loops execution test
FAIL: libgomp.fortran/target8.f90 -O3 -fomit-frame-pointer -funroll-all-loops -finline-functions execution test
FAIL: libgomp.fortran/target8.f90 -O3 -g execution test
FAIL: libgomp.fortran/target8.f90 -Os execution test
FAIL: libgomp.fortran/task1.f90 -O0 execution test
FAIL: libgomp.fortran/task1.f90 -O1 execution test
FAIL: libgomp.fortran/task1.f90 -O2 execution test
FAIL: libgomp.fortran/task1.f90 -O3 -fomit-frame-pointer execution test
FAIL: libgomp.fortran/task1.f90 -O3 -fomit-frame-pointer -funroll-loops execution test
FAIL: libgomp.fortran/task1.f90 -O3 -fomit-frame-pointer -funroll-all-loops -finline-functions execution test
FAIL: libgomp.fortran/task1.f90 -O3 -g execution test
FAIL: libgomp.fortran/task1.f90 -Os execution test
FAIL: libgomp.fortran/task4.f90 -O0 execution test
FAIL: libgomp.fortran/task4.f90 -O1 execution test
FAIL: libgomp.fortran/task4.f90 -O2 execution test
FAIL: libgomp.fortran/task4.f90 -O3 -fomit-frame-pointer execution test
FAIL: libgomp.fortran/task4.f90 -O3 -fomit-frame-pointer -funroll-loops execution test
FAIL: libgomp.fortran/task4.f90 -O3 -fomit-frame-pointer -funroll-all-loops -finline-functions execution test
FAIL: libgomp.fortran/task4.f90 -O3 -g execution test
FAIL: libgomp.fortran/task4.f90 -Os execution test
FAIL: libgomp.fortran/udr1.f90 -O0 execution test
FAIL: libgomp.fortran/udr1.f90 -O1 execution test
FAIL: libgomp.fortran/udr1.f90 -O2 execution test
FAIL: libgomp.fortran/udr1.f90 -O3 -fomit-frame-pointer execution test
FAIL: libgomp.fortran/udr1.f90 -O3 -fomit-frame-pointer -funroll-loops execution test
FAIL: libgomp.fortran/udr1.f90 -O3 -fomit-frame-pointer -funroll-all-loops -finline-functions execution test
FAIL: libgomp.fortran/udr1.f90 -O3 -g execution test
FAIL: libgomp.fortran/udr1.f90 -Os execution test
FAIL: libgomp.fortran/udr10.f90 -O0 execution test
FAIL: libgomp.fortran/udr10.f90 -O1 execution test
FAIL: libgomp.fortran/udr10.f90 -O2 execution test
FAIL: libgomp.fortran/udr10.f90 -O3 -fomit-frame-pointer execution test
FAIL: libgomp.fortran/udr10.f90 -O3 -fomit-frame-pointer -funroll-loops execution test
FAIL: libgomp.fortran/udr10.f90 -O3 -fomit-frame-pointer -funroll-all-loops -finline-functions execution test
FAIL: libgomp.fortran/udr10.f90 -O3 -g execution test
FAIL: libgomp.fortran/udr10.f90 -Os execution test
FAIL: libgomp.fortran/udr11.f90 -O0 execution test
FAIL: libgomp.fortran/udr11.f90 -O1 execution test
FAIL: libgomp.fortran/udr11.f90 -O2 execution test
FAIL: libgomp.fortran/udr11.f90 -O3 -fomit-frame-pointer execution test
FAIL: libgomp.fortran/udr11.f90 -O3 -fomit-frame-pointer -funroll-loops execution test
FAIL: libgomp.fortran/udr11.f90 -O3 -fomit-frame-pointer -funroll-all-loops -finline-functions execution test
FAIL: libgomp.fortran/udr11.f90 -O3 -g execution test
FAIL: libgomp.fortran/udr11.f90 -Os execution test
FAIL: libgomp.fortran/udr12.f90 -O0 execution test
FAIL: libgomp.fortran/udr12.f90 -O1 execution test
FAIL: libgomp.fortran/udr12.f90 -O2 execution test
FAIL: libgomp.fortran/udr12.f90 -O3 -fomit-frame-pointer execution test
FAIL: libgomp.fortran/udr12.f90 -O3 -fomit-frame-pointer -funroll-loops execution test
FAIL: libgomp.fortran/udr12.f90 -O3 -fomit-frame-pointer -funroll-all-loops -finline-functions execution test
FAIL: libgomp.fortran/udr12.f90 -O3 -g execution test
FAIL: libgomp.fortran/udr12.f90 -Os execution test
FAIL: libgomp.fortran/udr13.f90 -O0 execution test
FAIL: libgomp.fortran/udr13.f90 -O1 execution test
FAIL: libgomp.fortran/udr13.f90 -O2 execution test
FAIL: libgomp.fortran/udr13.f90 -O3 -fomit-frame-pointer execution test
FAIL: libgomp.fortran/udr13.f90 -O3 -fomit-frame-pointer -funroll-loops execution test
FAIL: libgomp.fortran/udr13.f90 -O3 -fomit-frame-pointer -funroll-all-loops -finline-functions execution test
FAIL: libgomp.fortran/udr13.f90 -O3 -g execution test
FAIL: libgomp.fortran/udr13.f90 -Os execution test
FAIL: libgomp.fortran/udr14.f90 -O0 execution test
FAIL: libgomp.fortran/udr14.f90 -O1 execution test
FAIL: libgomp.fortran/udr14.f90 -O2 execution test
FAIL: libgomp.fortran/udr14.f90 -O3 -fomit-frame-pointer execution test
FAIL: libgomp.fortran/udr14.f90 -O3 -fomit-frame-pointer -funroll-loops execution test
FAIL: libgomp.fortran/udr14.f90 -O3 -fomit-frame-pointer -funroll-all-loops -finline-functions execution test
FAIL: libgomp.fortran/udr14.f90 -O3 -g execution test
FAIL: libgomp.fortran/udr14.f90 -Os execution test
FAIL: libgomp.fortran/udr15.f90 -O0 execution test
FAIL: libgomp.fortran/udr15.f90 -O1 execution test
FAIL: libgomp.fortran/udr15.f90 -O2 execution test
FAIL: libgomp.fortran/udr15.f90 -O3 -fomit-frame-pointer execution test
FAIL: libgomp.fortran/udr15.f90 -O3 -fomit-frame-pointer -funroll-loops execution test
FAIL: libgomp.fortran/udr15.f90 -O3 -fomit-frame-pointer -funroll-all-loops -finline-functions execution test
FAIL: libgomp.fortran/udr15.f90 -O3 -g execution test
FAIL: libgomp.fortran/udr15.f90 -Os execution test
FAIL: libgomp.fortran/udr2.f90 -O0 execution test
FAIL: libgomp.fortran/udr2.f90 -O1 execution test
FAIL: libgomp.fortran/udr2.f90 -O2 execution test
FAIL: libgomp.fortran/udr2.f90 -O3 -fomit-frame-pointer execution test
FAIL: libgomp.fortran/udr2.f90 -O3 -fomit-frame-pointer -funroll-loops execution test
FAIL: libgomp.fortran/udr2.f90 -O3 -fomit-frame-pointer -funroll-all-loops -finline-functions execution test
FAIL: libgomp.fortran/udr2.f90 -O3 -g execution test
FAIL: libgomp.fortran/udr2.f90 -Os execution test
FAIL: libgomp.fortran/udr3.f90 -O0 execution test
FAIL: libgomp.fortran/udr3.f90 -O1 execution test
FAIL: libgomp.fortran/udr3.f90 -O2 execution test
FAIL: libgomp.fortran/udr3.f90 -O3 -fomit-frame-pointer execution test
FAIL: libgomp.fortran/udr3.f90 -O3 -fomit-frame-pointer -funroll-loops execution test
FAIL: libgomp.fortran/udr3.f90 -O3 -fomit-frame-pointer -funroll-all-loops -finline-functions execution test
FAIL: libgomp.fortran/udr3.f90 -O3 -g execution test
FAIL: libgomp.fortran/udr3.f90 -Os execution test
FAIL: libgomp.fortran/udr4.f90 -O0 execution test
FAIL: libgomp.fortran/udr4.f90 -O1 execution test
FAIL: libgomp.fortran/udr4.f90 -O2 execution test
FAIL: libgomp.fortran/udr4.f90 -O3 -fomit-frame-pointer execution test
FAIL: libgomp.fortran/udr4.f90 -O3 -fomit-frame-pointer -funroll-loops execution test
FAIL: libgomp.fortran/udr4.f90 -O3 -fomit-frame-pointer -funroll-all-loops -finline-functions execution test
FAIL: libgomp.fortran/udr4.f90 -O3 -g execution test
FAIL: libgomp.fortran/udr4.f90 -Os execution test
FAIL: libgomp.fortran/udr5.f90 -O0 execution test
FAIL: libgomp.fortran/udr5.f90 -O1 execution test
FAIL: libgomp.fortran/udr5.f90 -O2 execution test
FAIL: libgomp.fortran/udr5.f90 -O3 -fomit-frame-pointer execution test
FAIL: libgomp.fortran/udr5.f90 -O3 -fomit-frame-pointer -funroll-loops execution test
FAIL: libgomp.fortran/udr5.f90 -O3 -fomit-frame-pointer -funroll-all-loops -finline-functions execution test
FAIL: libgomp.fortran/udr5.f90 -O3 -g execution test
FAIL: libgomp.fortran/udr5.f90 -Os execution test
FAIL: libgomp.fortran/udr6.f90 -O0 execution test
FAIL: libgomp.fortran/udr6.f90 -O1 execution test
FAIL: libgomp.fortran/udr6.f90 -O2 execution test
FAIL: libgomp.fortran/udr6.f90 -O3 -fomit-frame-pointer execution test
FAIL: libgomp.fortran/udr6.f90 -O3 -fomit-frame-pointer -funroll-loops execution test
FAIL: libgomp.fortran/udr6.f90 -O3 -fomit-frame-pointer -funroll-all-loops -finline-functions execution test
FAIL: libgomp.fortran/udr6.f90 -O3 -g execution test
FAIL: libgomp.fortran/udr6.f90 -Os execution test
FAIL: libgomp.fortran/udr7.f90 -O0 execution test
FAIL: libgomp.fortran/udr7.f90 -O1 execution test
FAIL: libgomp.fortran/udr7.f90 -O2 execution test
FAIL: libgomp.fortran/udr7.f90 -O3 -fomit-frame-pointer execution test
FAIL: libgomp.fortran/udr7.f90 -O3 -fomit-frame-pointer -funroll-loops execution test
FAIL: libgomp.fortran/udr7.f90 -O3 -fomit-frame-pointer -funroll-all-loops -finline-functions execution test
FAIL: libgomp.fortran/udr7.f90 -O3 -g execution test
FAIL: libgomp.fortran/udr7.f90 -Os execution test
FAIL: libgomp.fortran/udr8.f90 -O0 execution test
FAIL: libgomp.fortran/udr8.f90 -O1 execution test
FAIL: libgomp.fortran/udr8.f90 -O2 execution test
FAIL: libgomp.fortran/udr8.f90 -O3 -fomit-frame-pointer execution test
FAIL: libgomp.fortran/udr8.f90 -O3 -fomit-frame-pointer -funroll-loops execution test
FAIL: libgomp.fortran/udr8.f90 -O3 -fomit-frame-pointer -funroll-all-loops -finline-functions execution test
FAIL: libgomp.fortran/udr8.f90 -O3 -g execution test
FAIL: libgomp.fortran/udr8.f90 -Os execution test
FAIL: libgomp.fortran/udr9.f90 -O0 execution test
FAIL: libgomp.fortran/udr9.f90 -O1 execution test
FAIL: libgomp.fortran/udr9.f90 -O2 execution test
FAIL: libgomp.fortran/udr9.f90 -O3 -fomit-frame-pointer execution test
FAIL: libgomp.fortran/udr9.f90 -O3 -fomit-frame-pointer -funroll-loops execution test
FAIL: libgomp.fortran/udr9.f90 -O3 -fomit-frame-pointer -funroll-all-loops -finline-functions execution test
FAIL: libgomp.fortran/udr9.f90 -O3 -g execution test
FAIL: libgomp.fortran/udr9.f90 -Os execution test
FAIL: libgomp.fortran/workshare2.f90 -O execution test
=== libgomp Summary for unix/-m32 ===
Running target unix/-m64
FAIL: libgomp.c/pr26943-1.c execution test
FAIL: libgomp.c/pr49898-2.c execution test
FAIL: libgomp.fortran/target7.f90 -O0 execution test
FAIL: libgomp.fortran/target7.f90 -O1 execution test
FAIL: libgomp.fortran/target7.f90 -O2 execution test
FAIL: libgomp.fortran/target7.f90 -O3 -fomit-frame-pointer execution test
FAIL: libgomp.fortran/target7.f90 -O3 -fomit-frame-pointer -funroll-loops execution test
FAIL: libgomp.fortran/target7.f90 -O3 -fomit-frame-pointer -funroll-all-loops -finline-functions execution test
FAIL: libgomp.fortran/target7.f90 -O3 -g execution test
FAIL: libgomp.fortran/target7.f90 -Os execution test
FAIL: libgomp.fortran/target8.f90 -O0 execution test
FAIL: libgomp.fortran/target8.f90 -O1 execution test
FAIL: libgomp.fortran/target8.f90 -O2 execution test
FAIL: libgomp.fortran/target8.f90 -O3 -fomit-frame-pointer execution test
FAIL: libgomp.fortran/target8.f90 -O3 -fomit-frame-pointer -funroll-loops execution test
FAIL: libgomp.fortran/target8.f90 -O3 -fomit-frame-pointer -funroll-all-loops -finline-functions execution test
FAIL: libgomp.fortran/target8.f90 -O3 -g execution test
FAIL: libgomp.fortran/target8.f90 -Os execution test
=== libgomp Summary for unix/-m64 ===
=== libgomp Summary ===
# of expected passes 5708
# of unexpected failures 752
# of unsupported tests 72
=== libitm tests ===
Running target unix/-m32
=== libitm Summary for unix/-m32 ===
# of expected passes 4
# of expected failures 1
# of unsupported tests 1
Running target unix/-m64
=== libitm Summary for unix/-m64 ===
# of expected passes 4
# of expected failures 1
# of unsupported tests 1
=== libitm Summary ===
# of expected passes 52
# of expected failures 6
# of unsupported tests 2
=== libjava tests ===
Running target unix/-m32
XPASS: sourcelocation -O3 -findirect-dispatch output - source compiled test
=== libjava Summary for unix/-m32 ===
Running target unix/-m64
FAIL: getlocalvartable output
FAIL: StackTrace2 output - source compiled test
FAIL: StackTrace2 -findirect-dispatch output - source compiled test
FAIL: StackTrace2 -O3 output - source compiled test
XPASS: sourcelocation -O3 -findirect-dispatch output - source compiled test
=== libjava Summary for unix/-m64 ===
=== libjava Summary ===
# of expected passes 5160
# of unexpected failures 4
# of unexpected successes 2
# of expected failures 6
=== libstdc++ tests ===
Running target unix/-m32
=== libstdc++ Summary for unix/-m32 ===
# of expected passes 9956
# of expected failures 41
# of unsupported tests 235
Running target unix/-m64
=== libstdc++ Summary for unix/-m64 ===
# of expected passes 9956
# of expected failures 41
# of unsupported tests 235
=== libstdc++ Summary ===
# of expected passes 19912
# of expected failures 82
# of unsupported tests 470
Compiler version: 4.9.3 20150127 (prerelease) [gcc-4_9-branch revision 220151] (GCC)
Platform: powerpc64-unknown-linux-gnu
configure flags: --prefix=/opt/gcc-nightly/4.9 --with-as=/usr/bin/as --with-ld=/usr/bin/ld --enable-languages=c,c++,fortran,objc,obj-c++,java,go --with-cpu=power7 --enable-lto --enable-decimal-float --with-long-double-128
More information about the Gcc-testresults
mailing list