Results for 4.8.5 20150102 (prerelease) [gcc-4_8-branch revision 219137] (GCC) testsuite on i386-pc-solaris2.9
Rainer Orth
ro@CeBiTec.Uni-Bielefeld.DE
Sun Jan 4 00:40:00 GMT 2015
LAST_UPDATED: Fri Jan 2 15:53:28 UTC 2015 (revision 219137)
=== acats tests ===
=== acats Summary ===
# of expected passes 2320
# of unexpected failures 0
Native configuration is i386-pc-solaris2.9
=== g++ tests ===
Running target unix
FAIL: g++.dg/gomp/tls-wrap4.C scan-assembler-not _ZTW1i@PLT
FAIL: g++.dg/lto/20091219 cp_lto_20091219_0.o-cp_lto_20091219_0.o link, -O3 -flto
UNRESOLVED: g++.dg/lto/20091219 cp_lto_20091219_0.o-cp_lto_20091219_0.o execute -O3 -flto
FAIL: g++.dg/tls/thread_local-wrap4.C scan-assembler-not _ZTW1i@PLT
FAIL: g++.dg/torture/pr31863.C -O2 -flto (test for excess errors)
FAIL: g++.dg/tree-prof/pr59255.C compilation, -fprofile-generate
UNRESOLVED: g++.dg/tree-prof/pr59255.C execution, -fprofile-generate
UNRESOLVED: g++.dg/tree-prof/pr59255.C compilation, -fprofile-use
UNRESOLVED: g++.dg/tree-prof/pr59255.C execution, -fprofile-use
=== g++ Summary ===
# of expected passes 50846
# of unexpected failures 5
# of expected failures 294
# of unresolved testcases 4
# of unsupported tests 825
/var/gcc/regression/gcc-4.8-branch/9-gcc/build/gcc/testsuite/g++/../../xg++ version 4.8.5 20150102 (prerelease) [gcc-4_8-branch revision 219137] (GCC)
=== gcc tests ===
Running target unix
FAIL: gcc.target/i386/pr61801.c (internal compiler error)
FAIL: gcc.target/i386/pr61801.c (test for excess errors)
FAIL: gcc.target/i386/pr61923.c (internal compiler error)
FAIL: gcc.target/i386/pr61923.c (test for excess errors)
=== gcc Summary ===
# of expected passes 91034
# of unexpected failures 4
# of expected failures 264
# of unsupported tests 2204
/var/gcc/regression/gcc-4.8-branch/9-gcc/build/gcc/xgcc version 4.8.5 20150102 (prerelease) [gcc-4_8-branch revision 219137] (GCC)
=== gfortran tests ===
Running target unix
=== gfortran Summary ===
# of expected passes 43401
# of expected failures 64
# of unsupported tests 359
/var/gcc/regression/gcc-4.8-branch/9-gcc/build/gcc/testsuite/gfortran/../../gfortran version 4.8.5 20150102 (prerelease) [gcc-4_8-branch revision 219137] (GCC)
=== gnat tests ===
Running target unix
=== gnat Summary ===
# of expected passes 1176
# of expected failures 17
# of unsupported tests 6
/var/gcc/regression/gcc-4.8-branch/9-gcc/build/gcc/gnatmake version 4.8.5 20150102 (prerelease) [gcc-4_8-branch revision 219137]
=== go tests ===
Running target unix
=== go Summary ===
# of expected passes 5181
# of expected failures 1
# of untested testcases 5
/var/gcc/regression/gcc-4.8-branch/9-gcc/build/gcc/testsuite/go/../../gccgo version 4.8.5 20150102 (prerelease) [gcc-4_8-branch revision 219137] (GCC)
=== obj-c++ tests ===
Running target unix
=== obj-c++ Summary ===
# of expected passes 1450
# of expected failures 2
# of unsupported tests 86
/var/gcc/regression/gcc-4.8-branch/9-gcc/build/gcc/testsuite/obj-c++/../../xg++ version 4.8.5 20150102 (prerelease) [gcc-4_8-branch revision 219137] (GCC)
=== objc tests ===
Running target unix
=== objc Summary ===
# of expected passes 2988
# of expected failures 6
# of unsupported tests 74
/var/gcc/regression/gcc-4.8-branch/9-gcc/build/gcc/xgcc version 4.8.5 20150102 (prerelease) [gcc-4_8-branch revision 219137] (GCC)
=== boehm-gc tests ===
Running target unix
=== boehm-gc Summary ===
# of expected passes 12
# of unsupported tests 1
=== libatomic tests ===
Running target unix
=== libatomic Summary ===
# of expected passes 44
# of unsupported tests 5
=== libffi tests ===
Running target unix
=== libffi Summary ===
# of expected passes 1819
# of unsupported tests 55
=== libgo tests ===
Running target unix
FAIL: math
FAIL: runtime
FAIL: log/syslog
=== libgo Summary ===
# of expected passes 119
# of unexpected failures 3
=== libgomp tests ===
Running target unix
=== libgomp Summary ===
# of expected passes 3084
# of unsupported tests 3
=== libitm tests ===
Running target unix
=== libitm Summary ===
# of expected passes 26
# of expected failures 3
# of unsupported tests 1
=== libjava tests ===
Running target unix
FAIL: Divide_1 output - source compiled test
FAIL: Divide_1 -findirect-dispatch output - source compiled test
FAIL: Divide_1 -O3 output - source compiled test
FAIL: Divide_1 -O3 -findirect-dispatch output - source compiled test
FAIL: InvokeInterface execution - source compiled test
FAIL: InvokeInterface -O3 execution - source compiled test
=== libjava Summary ===
# of expected passes 2574
# of unexpected failures 6
# of expected failures 4
# of untested testcases 2
=== libstdc++ tests ===
Running target unix
XPASS: 22_locale/num_put/put/char/14220.cc execution test
XPASS: 22_locale/num_put/put/wchar_t/14220.cc execution test
=== libstdc++ Summary ===
# of expected passes 7719
# of unexpected successes 2
# of expected failures 47
# of unsupported tests 893
Compiler version: 4.8.5 20150102 (prerelease) [gcc-4_8-branch revision 219137] (GCC)
Platform: i386-pc-solaris2.9
configure flags: --prefix=/vol/gcc --target=i386-pc-solaris2.9 --enable-objc-gc --with-gmp-include=/vol/gcc/include --with-gmp-lib=/vol/gcc/lib --with-mpfr-include=/vol/gcc/include --with-mpfr-lib=/vol/gcc/lib --with-mpc-include=/vol/gcc/include --with-mpc-lib=/vol/gcc/lib --enable-languages=all,ada,obj-c++,go --with-isl-include=/vol/gcc/include --with-isl-lib=/vol/gcc/lib --with-cloog-include=/vol/gcc/include --with-cloog-lib=/vol/gcc/lib --enable-cloog-backend=isl
BOOT_CFLAGS=-g -O2
More information about the Gcc-testresults
mailing list