Results for 5.0.0 20150224 (experimental) [trunk revision 220928] (GCC) testsuite on sh4-unknown-linux-gnu

Kaz Kojima kkojima@rr.iij4u.or.jp
Tue Feb 24 15:51:00 GMT 2015


Remote host: linux 3.18.0 sh4
GNU C Library version 2.20.90

LAST_UPDATED: Tue Feb 24 00:57:21 UTC 2015 (revision 220928)

Target is sh4-unknown-linux-gnu
Host   is i686-pc-linux-gnu

		=== g++ tests ===


Running target unix
WARNING: Assuming target board is the local machine (which is probably wrong).

		=== g++ Summary ===

# of expected passes		80772
# of expected failures		264
# of unsupported tests		3624
/home/ldroot/dodes/xsh-gcc-orig/gcc/testsuite/g++/../../xg++  version 5.0.0 20150224 (experimental) [trunk revision 220928] (GCC) 

Host   is i686-pc-linux-gnu

		=== gcc tests ===


Running target unix
WARNING: Assuming target board is the local machine (which is probably wrong).
FAIL: gcc.dg/atomic/c11-atomic-exec-4.c   -Os  (internal compiler error)
FAIL: gcc.dg/atomic/c11-atomic-exec-4.c   -Os  (test for excess errors)
UNRESOLVED: gcc.dg/atomic/c11-atomic-exec-4.c   -Os  compilation failed to produce executable
FAIL: gcc.dg/tree-prof/time-profiler-2.c scan-ipa-dump-times profile "Read tp_first_run: 0" 2
FAIL: gcc.dg/tree-prof/time-profiler-2.c scan-ipa-dump-times profile "Read tp_first_run: 2" 1
FAIL: gcc.dg/tree-prof/time-profiler-2.c scan-ipa-dump-times profile "Read tp_first_run: 3" 1

		=== gcc Summary ===

# of expected passes		86389
# of unexpected failures	5
# of expected failures		125
# of unresolved testcases	1
# of unsupported tests		1674
/home/ldroot/dodes/xsh-gcc-orig/gcc/xgcc  version 5.0.0 20150224 (experimental) [trunk revision 220928] (GCC) 

Host   is i686-pc-linux-gnu

		=== gfortran tests ===


Running target unix
WARNING: Assuming target board is the local machine (which is probably wrong).
FAIL: gfortran.dg/allocatable_function_8.f90   -O3 -g  (internal compiler error)
FAIL: gfortran.dg/allocatable_function_8.f90   -O3 -g  (test for excess errors)
UNRESOLVED: gfortran.dg/allocatable_function_8.f90   -O3 -g  compilation failed to produce executable
FAIL: gfortran.dg/assumed_rank_1.f90   -O2  execution test
FAIL: gfortran.dg/assumed_rank_2.f90   -O2  execution test
FAIL: gfortran.dg/assumed_rank_bounds_1.f90   -O2  execution test
FAIL: gfortran.dg/common_14.f90   -O   (test for warnings, line 16)
FAIL: gfortran.dg/common_14.f90   -O   (test for warnings, line 22)
FAIL: gfortran.dg/common_14.f90   -O  (test for excess errors)
FAIL: gfortran.dg/proc_ptr_comp_13.f90   -O0  execution test
FAIL: gfortran.dg/ieee/ieee_6.f90   -O0  execution test
FAIL: gfortran.dg/ieee/ieee_6.f90   -O1  execution test
FAIL: gfortran.dg/ieee/ieee_6.f90   -O2  execution test
FAIL: gfortran.dg/ieee/ieee_6.f90   -O3 -fomit-frame-pointer  execution test
FAIL: gfortran.dg/ieee/ieee_6.f90   -O3 -fomit-frame-pointer -funroll-loops  execution test
FAIL: gfortran.dg/ieee/ieee_6.f90   -O3 -fomit-frame-pointer -funroll-all-loops -finline-functions  execution test
FAIL: gfortran.dg/ieee/ieee_6.f90   -O3 -g  execution test
FAIL: gfortran.dg/ieee/ieee_6.f90   -Os  execution test

		=== gfortran Summary ===

# of expected passes		46736
# of unexpected failures	17
# of expected failures		64
# of unresolved testcases	1
# of unsupported tests		408
/home/ldroot/dodes/xsh-gcc-orig/gcc/testsuite/gfortran/../../gfortran  version 5.0.0 20150224 (experimental) [trunk revision 220928] (GCC) 

Host   is i686-pc-linux-gnu

		=== objc tests ===


Running target unix
WARNING: Assuming target board is the local machine (which is probably wrong).

		=== objc Summary ===

# of expected passes		3016
# of unsupported tests		74
/home/ldroot/dodes/xsh-gcc-orig/gcc/xgcc  version 5.0.0 20150224 (experimental) [trunk revision 220928] (GCC) 

Host   is sh4-unknown-linux-gnu

		=== boehm-gc tests ===


Running target unix
WARNING: Assuming target board is the local machine (which is probably wrong).

		=== boehm-gc Summary ===

# of expected passes		12
# of unsupported tests		1
Host   is sh4-unknown-linux-gnu

		=== libatomic tests ===


Running target unix
WARNING: Assuming target board is the local machine (which is probably wrong).

		=== libatomic Summary ===

# of expected passes		44
# of unsupported tests		5
Host   is sh4-unknown-linux-gnu

		=== libffi tests ===


Running target unix
WARNING: Assuming target board is the local machine (which is probably wrong).

		=== libffi Summary ===

# of expected passes		1914
# of unsupported tests		30
Host   is sh4-unknown-linux-gnu

		=== libgomp tests ===


Running target unix
WARNING: Assuming target board is the local machine (which is probably wrong).
FAIL: libgomp.fortran/udr14.f90   -O3 -g  (internal compiler error)
FAIL: libgomp.fortran/udr14.f90   -O3 -g  (test for excess errors)
UNRESOLVED: libgomp.fortran/udr14.f90   -O3 -g  compilation failed to produce executable

		=== libgomp Summary ===

# of expected passes		5676
# of unexpected failures	2
# of unresolved testcases	1
# of unsupported tests		286
Host   is sh4-unknown-linux-gnu

		=== libitm tests ===


Running target unix
WARNING: Assuming target board is the local machine (which is probably wrong).

		=== libitm Summary ===

# of expected passes		26
# of expected failures		3
# of unsupported tests		1
Host   is sh4-unknown-linux-gnu

		=== libjava tests ===


Running target unix
WARNING: Assuming target board is the local machine (which is probably wrong).

		=== libjava Summary ===

# of expected passes		2413
# of expected failures		4
# of untested testcases		4
Host   is sh4-unknown-linux-gnu

		=== libstdc++ tests ===


Running target unix
WARNING: Assuming target board is the local machine (which is probably wrong).

		=== libstdc++ Summary ===

# of expected passes		9402
# of expected failures		65
# of unsupported tests		599

Compiler version: 5.0.0 20150224 (experimental) [trunk revision 220928] (GCC) 
Platform: sh4-unknown-linux-gnu
configure flags: --target=sh4-unknown-linux-gnu --enable-build-with-cxx --enable-lto --enable-shared --enable-threads=posix --enable-clocale=gnu --enable-libitm --enable-libgcj --with-ld=/usr/local/bin/sh4-unknown-linux-gnu-ld --with-as=/usr/local/bin/sh4-unknown-linux-gnu-as --with-sysroot=/exp/ldroot --with-mpfr=/opt3/i686-pc-linux-gnu --with-mpc=/opt3/i686-pc-linux-gnu --with-libelf=/opt3/i686-pc-linux-gnu --with-ppl=no target_alias=sh4-unknown-linux-gnu --enable-languages=c,c++,fortran,java,lto,objc



More information about the Gcc-testresults mailing list