Results for 5.0.0 20150220 (experimental) [trunk revision 220871] (GCC) testsuite on x86_64-pc-solaris2.10

Rainer Orth ro@CeBiTec.Uni-Bielefeld.DE
Mon Feb 23 12:58:00 GMT 2015


LAST_UPDATED: Fri Feb 20 15:29:40 UTC 2015 (revision 220871)

Native configuration is x86_64-pc-solaris2.10

		=== boehm-gc tests ===


Running target unix/-m32

		=== boehm-gc Summary for unix/-m32 ===

# of expected passes		12
# of unsupported tests		1

Running target unix

		=== boehm-gc Summary for unix ===

# of expected passes		12
# of unsupported tests		1

		=== boehm-gc Summary ===

# of expected passes		24
# of unsupported tests		2
		=== libatomic tests ===


Running target unix/-m32

		=== libatomic Summary for unix/-m32 ===

# of expected passes		44
# of unsupported tests		5

Running target unix

		=== libatomic Summary for unix ===

# of expected passes		54

		=== libatomic Summary ===

# of expected passes		98
# of unsupported tests		5
		=== libffi tests ===


Running target unix/-m32

		=== libffi Summary for unix/-m32 ===

# of expected passes		2799

Running target unix

		=== libffi Summary for unix ===

# of expected passes		2214

		=== libffi Summary ===

# of expected passes		5013
		=== libgo tests ===


Running target unix

		=== libgo Summary for unix ===

# of expected passes		124

Running target unix/-m32
FAIL: net
FAIL: runtime
FAIL: log/syslog
FAIL: net/http

		=== libgo Summary for unix/-m32 ===

# of expected passes		120
# of unexpected failures	4

		=== libgo Summary ===

# of expected passes		244
# of unexpected failures	4
/var/gcc/regression/trunk/10-gcc-gas-64/build/./gcc/gccgo version 5.0.0 20150220 (experimental) [trunk revision 220871] (GCC)

		=== libgomp tests ===


Running target unix/-m32

		=== libgomp Summary for unix/-m32 ===

# of expected passes		5787
# of unsupported tests		256

Running target unix
WARNING: program timed out.
FAIL: libgomp.fortran/target7.f90   -O1  (test for excess errors)

		=== libgomp Summary for unix ===

# of expected passes		5786
# of unexpected failures	1
# of unsupported tests		256

		=== libgomp Summary ===

# of expected passes		11573
# of unexpected failures	1
# of unsupported tests		512
		=== libitm tests ===


Running target unix/-m32

		=== libitm Summary for unix/-m32 ===

# of expected passes		26
# of expected failures		3
# of unsupported tests		1

Running target unix

		=== libitm Summary for unix ===

# of expected passes		26
# of expected failures		3
# of unsupported tests		1

		=== libitm Summary ===

# of expected passes		52
# of expected failures		6
# of unsupported tests		2
		=== libjava tests ===


Running target unix/-m32

		=== libjava Summary for unix/-m32 ===

# of expected passes		2582
# of expected failures		4

Running target unix

		=== libjava Summary for unix ===

# of expected passes		2582
# of expected failures		4

		=== libjava Summary ===

# of expected passes		5164
# of expected failures		8
		=== libstdc++ tests ===


Running target unix
FAIL: 22_locale/conversions/string/2.cc execution test

		=== libstdc++ Summary for unix ===

# of expected passes		9369
# of unexpected failures	1
# of expected failures		67
# of unsupported tests		608

Running target unix/-m32
FAIL: 22_locale/conversions/string/2.cc execution test

		=== libstdc++ Summary for unix/-m32 ===

# of expected passes		9369
# of unexpected failures	1
# of expected failures		67
# of unsupported tests		608

		=== libstdc++ Summary ===

# of expected passes		18738
# of unexpected failures	2
# of expected failures		134
# of unsupported tests		1216
		=== acats tests ===

		=== acats Summary ===
# of expected passes		2320
# of unexpected failures	0

		=== g++ tests ===


Running target unix
FAIL: g++.dg/guality/pr55665.C   -O2  line 23 p == 40
FAIL: g++.dg/guality/pr55665.C   -O2 -flto  line 23 p == 40
FAIL: g++.dg/guality/pr55665.C   -O2 -flto -flto-partition=none  line 23 p == 40
FAIL: g++.dg/guality/pr55665.C   -O3 -fomit-frame-pointer  line 23 p == 40
FAIL: g++.dg/guality/pr55665.C   -O3 -g  line 23 p == 40

		=== g++ Summary for unix ===

# of expected passes		85714
# of unexpected failures	5
# of expected failures		270
# of unsupported tests		3527

Running target unix/-m32
FAIL: g++.dg/cilk-plus/CK/catch_exc.cc  -O1 -fcilkplus execution test
FAIL: g++.dg/cilk-plus/CK/catch_exc.cc  -O3 -fcilkplus execution test
FAIL: g++.dg/cilk-plus/CK/catch_exc.cc  -g -O2 -fcilkplus execution test
FAIL: g++.dg/cilk-plus/CK/catch_exc.cc  -g -fcilkplus execution test
FAIL: g++.dg/cpp/weak.C  -std=gnu++14 (test for excess errors)
WARNING: program timed out.
FAIL: g++.dg/guality/pr55665.C   -O2  line 23 p == 40
FAIL: g++.dg/guality/pr55665.C   -O2 -flto  line 23 p == 40
FAIL: g++.dg/guality/pr55665.C   -O2 -flto -flto-partition=none  line 23 p == 40
FAIL: g++.dg/guality/pr55665.C   -O3 -fomit-frame-pointer  line 23 p == 40
FAIL: g++.dg/guality/pr55665.C   -O3 -g  line 23 p == 40

		=== g++ Summary for unix/-m32 ===

# of expected passes		84382
# of unexpected failures	10
# of expected failures		270
# of unsupported tests		3259

		=== g++ Summary ===

# of expected passes		170096
# of unexpected failures	15
# of expected failures		540
# of unsupported tests		6786
/var/gcc/regression/trunk/10-gcc-gas-64/build/gcc/testsuite/g++/../../xg++  version 5.0.0 20150220 (experimental) [trunk revision 220871] (GCC) 

		=== gcc tests ===


Running target unix
FAIL: gcc.dg/visibility-22.c execution test
FAIL: gcc.dg/graphite/vect-pr43423.c scan-tree-dump-times vect "vectorized 2 loops" 1
XPASS: gcc.dg/guality/example.c   -O0  execution test
XPASS: gcc.dg/guality/example.c   -O1  execution test
XPASS: gcc.dg/guality/example.c   -O2  execution test
XPASS: gcc.dg/guality/example.c   -O2 -flto  execution test
XPASS: gcc.dg/guality/example.c   -O2 -flto -flto-partition=none  execution test
XPASS: gcc.dg/guality/guality.c   -O0  execution test
XPASS: gcc.dg/guality/guality.c   -O1  execution test
XPASS: gcc.dg/guality/guality.c   -O2  execution test
XPASS: gcc.dg/guality/guality.c   -O2 -flto  execution test
XPASS: gcc.dg/guality/guality.c   -O2 -flto -flto-partition=none  execution test
XPASS: gcc.dg/guality/guality.c   -O3 -fomit-frame-pointer  execution test
XPASS: gcc.dg/guality/guality.c   -O3 -g  execution test
XPASS: gcc.dg/guality/guality.c   -Os  execution test
XPASS: gcc.dg/guality/inline-params.c   -O2  execution test
XPASS: gcc.dg/guality/inline-params.c   -O2 -flto  execution test
XPASS: gcc.dg/guality/inline-params.c   -O2 -flto -flto-partition=none  execution test
XPASS: gcc.dg/guality/inline-params.c   -O3 -fomit-frame-pointer  execution test
XPASS: gcc.dg/guality/inline-params.c   -O3 -g  execution test
XPASS: gcc.dg/guality/inline-params.c   -Os  execution test
XPASS: gcc.dg/guality/pr41353-1.c   -O0  line 28 j == 28 + 37
FAIL: gcc.dg/guality/pr41447-1.c   -O2  execution test
FAIL: gcc.dg/guality/pr41447-1.c   -O2 -flto  execution test
FAIL: gcc.dg/guality/pr41447-1.c   -O2 -flto -flto-partition=none  execution test
FAIL: gcc.dg/guality/pr41447-1.c   -O3 -g  execution test
FAIL: gcc.dg/guality/pr41447-1.c   -Os  execution test
FAIL: gcc.dg/guality/pr43051-1.c   -O2  line 35 v == 1
FAIL: gcc.dg/guality/pr43051-1.c   -O2  line 36 e == &a[1]
FAIL: gcc.dg/guality/pr43051-1.c   -O2  line 39 c == &a[0]
FAIL: gcc.dg/guality/pr43051-1.c   -O2  line 40 v == 1
FAIL: gcc.dg/guality/pr43051-1.c   -O2  line 41 e == &a[1]
FAIL: gcc.dg/guality/pr43051-1.c   -O2 -flto  line 35 v == 1
FAIL: gcc.dg/guality/pr43051-1.c   -O2 -flto  line 36 e == &a[1]
FAIL: gcc.dg/guality/pr43051-1.c   -O2 -flto  line 39 c == &a[0]
FAIL: gcc.dg/guality/pr43051-1.c   -O2 -flto  line 40 v == 1
FAIL: gcc.dg/guality/pr43051-1.c   -O2 -flto  line 41 e == &a[1]
FAIL: gcc.dg/guality/pr43051-1.c   -O2 -flto -flto-partition=none  line 35 v == 1
FAIL: gcc.dg/guality/pr43051-1.c   -O2 -flto -flto-partition=none  line 36 e == &a[1]
FAIL: gcc.dg/guality/pr43051-1.c   -O2 -flto -flto-partition=none  line 39 c == &a[0]
FAIL: gcc.dg/guality/pr43051-1.c   -O2 -flto -flto-partition=none  line 40 v == 1
FAIL: gcc.dg/guality/pr43051-1.c   -O2 -flto -flto-partition=none  line 41 e == &a[1]
FAIL: gcc.dg/guality/pr43051-1.c   -O3 -fomit-frame-pointer  line 35 v == 1
FAIL: gcc.dg/guality/pr43051-1.c   -O3 -fomit-frame-pointer  line 36 e == &a[1]
FAIL: gcc.dg/guality/pr43051-1.c   -O3 -fomit-frame-pointer  line 39 c == &a[0]
FAIL: gcc.dg/guality/pr43051-1.c   -O3 -fomit-frame-pointer  line 40 v == 1
FAIL: gcc.dg/guality/pr43051-1.c   -O3 -fomit-frame-pointer  line 41 e == &a[1]
FAIL: gcc.dg/guality/pr43051-1.c   -O3 -fomit-frame-pointer -funroll-all-loops -finline-functions  line 35 v == 1
FAIL: gcc.dg/guality/pr43051-1.c   -O3 -fomit-frame-pointer -funroll-all-loops -finline-functions  line 36 e == &a[1]
FAIL: gcc.dg/guality/pr43051-1.c   -O3 -fomit-frame-pointer -funroll-all-loops -finline-functions  line 39 c == &a[0]
FAIL: gcc.dg/guality/pr43051-1.c   -O3 -fomit-frame-pointer -funroll-all-loops -finline-functions  line 40 v == 1
FAIL: gcc.dg/guality/pr43051-1.c   -O3 -fomit-frame-pointer -funroll-all-loops -finline-functions  line 41 e == &a[1]
FAIL: gcc.dg/guality/pr43051-1.c   -O3 -fomit-frame-pointer -funroll-loops  line 35 v == 1
FAIL: gcc.dg/guality/pr43051-1.c   -O3 -fomit-frame-pointer -funroll-loops  line 36 e == &a[1]
FAIL: gcc.dg/guality/pr43051-1.c   -O3 -fomit-frame-pointer -funroll-loops  line 39 c == &a[0]
FAIL: gcc.dg/guality/pr43051-1.c   -O3 -fomit-frame-pointer -funroll-loops  line 40 v == 1
FAIL: gcc.dg/guality/pr43051-1.c   -O3 -fomit-frame-pointer -funroll-loops  line 41 e == &a[1]
FAIL: gcc.dg/guality/pr43051-1.c   -O3 -g  line 35 v == 1
FAIL: gcc.dg/guality/pr43051-1.c   -O3 -g  line 36 e == &a[1]
FAIL: gcc.dg/guality/pr43051-1.c   -O3 -g  line 39 c == &a[0]
FAIL: gcc.dg/guality/pr43051-1.c   -O3 -g  line 40 v == 1
FAIL: gcc.dg/guality/pr43051-1.c   -O3 -g  line 41 e == &a[1]
FAIL: gcc.dg/guality/pr43051-1.c   -Os  line 35 v == 1
FAIL: gcc.dg/guality/pr43051-1.c   -Os  line 36 e == &a[1]
FAIL: gcc.dg/guality/pr43051-1.c   -Os  line 39 c == &a[0]
FAIL: gcc.dg/guality/pr43051-1.c   -Os  line 40 v == 1
FAIL: gcc.dg/guality/pr43051-1.c   -Os  line 41 e == &a[1]
FAIL: gcc.dg/guality/pr43177.c   -O2  line 15 l == 10
FAIL: gcc.dg/guality/pr43177.c   -O2  line 15 x == 7
FAIL: gcc.dg/guality/pr43177.c   -O2  line 24 l == 10
FAIL: gcc.dg/guality/pr43177.c   -O2  line 24 x == 7
FAIL: gcc.dg/guality/pr43177.c   -O2 -flto  line 15 l == 10
FAIL: gcc.dg/guality/pr43177.c   -O2 -flto  line 15 x == 7
FAIL: gcc.dg/guality/pr43177.c   -O2 -flto  line 24 l == 10
FAIL: gcc.dg/guality/pr43177.c   -O2 -flto  line 24 x == 7
FAIL: gcc.dg/guality/pr43177.c   -O2 -flto -flto-partition=none  line 15 l == 10
FAIL: gcc.dg/guality/pr43177.c   -O2 -flto -flto-partition=none  line 15 x == 7
FAIL: gcc.dg/guality/pr43177.c   -O2 -flto -flto-partition=none  line 24 l == 10
FAIL: gcc.dg/guality/pr43177.c   -O2 -flto -flto-partition=none  line 24 x == 7
FAIL: gcc.dg/guality/pr43177.c   -O3 -fomit-frame-pointer  line 15 l == 10
FAIL: gcc.dg/guality/pr43177.c   -O3 -fomit-frame-pointer  line 15 x == 7
FAIL: gcc.dg/guality/pr43177.c   -O3 -fomit-frame-pointer  line 24 l == 10
FAIL: gcc.dg/guality/pr43177.c   -O3 -fomit-frame-pointer  line 24 x == 7
FAIL: gcc.dg/guality/pr43177.c   -O3 -g  line 15 l == 10
FAIL: gcc.dg/guality/pr43177.c   -O3 -g  line 15 x == 7
FAIL: gcc.dg/guality/pr43177.c   -O3 -g  line 24 l == 10
FAIL: gcc.dg/guality/pr43177.c   -O3 -g  line 24 x == 7
FAIL: gcc.dg/guality/pr43177.c   -Os  line 15 l == 10
FAIL: gcc.dg/guality/pr43177.c   -Os  line 15 x == 7
FAIL: gcc.dg/guality/pr43177.c   -Os  line 24 l == 10
FAIL: gcc.dg/guality/pr43177.c   -Os  line 24 x == 7
FAIL: gcc.dg/guality/pr54200.c   -Os  line 20 z == 3
FAIL: gcc.dg/guality/pr54519-1.c   -O2 -flto  line 20 y == 25
FAIL: gcc.dg/guality/pr54519-1.c   -O2 -flto  line 20 z == 6
FAIL: gcc.dg/guality/pr54519-1.c   -O2 -flto  line 23 y == 117
FAIL: gcc.dg/guality/pr54519-1.c   -O2 -flto  line 23 z == 8
FAIL: gcc.dg/guality/pr54519-1.c   -O2 -flto -flto-partition=none  line 20 y == 25
FAIL: gcc.dg/guality/pr54519-1.c   -O2 -flto -flto-partition=none  line 20 z == 6
FAIL: gcc.dg/guality/pr54519-1.c   -O2 -flto -flto-partition=none  line 23 y == 117
FAIL: gcc.dg/guality/pr54519-1.c   -O2 -flto -flto-partition=none  line 23 z == 8
FAIL: gcc.dg/guality/pr54519-2.c   -O2  line 17 x == 6
FAIL: gcc.dg/guality/pr54519-2.c   -O2 -flto  line 17 x == 6
FAIL: gcc.dg/guality/pr54519-2.c   -O2 -flto  line 17 y == 25
FAIL: gcc.dg/guality/pr54519-2.c   -O2 -flto -flto-partition=none  line 17 x == 6
FAIL: gcc.dg/guality/pr54519-2.c   -O2 -flto -flto-partition=none  line 17 y == 25
FAIL: gcc.dg/guality/pr54519-3.c   -O2 -flto  line 20 y == 25
FAIL: gcc.dg/guality/pr54519-3.c   -O2 -flto  line 20 z == 6
FAIL: gcc.dg/guality/pr54519-3.c   -O2 -flto  line 23 y == 117
FAIL: gcc.dg/guality/pr54519-3.c   -O2 -flto  line 23 z == 8
FAIL: gcc.dg/guality/pr54519-3.c   -O2 -flto -flto-partition=none  line 20 y == 25
FAIL: gcc.dg/guality/pr54519-3.c   -O2 -flto -flto-partition=none  line 20 z == 6
FAIL: gcc.dg/guality/pr54519-3.c   -O2 -flto -flto-partition=none  line 23 y == 117
FAIL: gcc.dg/guality/pr54519-3.c   -O2 -flto -flto-partition=none  line 23 z == 8
FAIL: gcc.dg/guality/pr54519-4.c   -O2 -flto  line 17 y == 25
FAIL: gcc.dg/guality/pr54519-4.c   -O2 -flto -flto-partition=none  line 17 y == 25
FAIL: gcc.dg/guality/pr54519-5.c   -O2  line 17 x == 6
FAIL: gcc.dg/guality/pr54519-5.c   -O2 -flto  line 17 x == 6
FAIL: gcc.dg/guality/pr54519-5.c   -O2 -flto  line 17 y == 25
FAIL: gcc.dg/guality/pr54519-5.c   -O2 -flto -flto-partition=none  line 17 x == 6
FAIL: gcc.dg/guality/pr54519-5.c   -O2 -flto -flto-partition=none  line 17 y == 25
FAIL: gcc.dg/guality/restrict.c   -O0  (test for excess errors)
WARNING: gcc.dg/guality/restrict.c   -O0  compilation failed to produce executable
FAIL: gcc.dg/guality/restrict.c   -O1  (test for excess errors)
WARNING: gcc.dg/guality/restrict.c   -O1  compilation failed to produce executable
FAIL: gcc.dg/guality/restrict.c   -O2  (test for excess errors)
WARNING: gcc.dg/guality/restrict.c   -O2  compilation failed to produce executable
FAIL: gcc.dg/guality/restrict.c   -O2 -flto  (test for excess errors)
WARNING: gcc.dg/guality/restrict.c   -O2 -flto  compilation failed to produce executable
FAIL: gcc.dg/guality/restrict.c   -O2 -flto -flto-partition=none  (test for excess errors)
WARNING: gcc.dg/guality/restrict.c   -O2 -flto -flto-partition=none  compilation failed to produce executable
FAIL: gcc.dg/guality/restrict.c   -O3 -fomit-frame-pointer  (test for excess errors)
WARNING: gcc.dg/guality/restrict.c   -O3 -fomit-frame-pointer  compilation failed to produce executable
FAIL: gcc.dg/guality/restrict.c   -O3 -fomit-frame-pointer -funroll-all-loops -finline-functions  (test for excess errors)
WARNING: gcc.dg/guality/restrict.c   -O3 -fomit-frame-pointer -funroll-all-loops -finline-functions  compilation failed to produce executable
FAIL: gcc.dg/guality/restrict.c   -O3 -fomit-frame-pointer -funroll-loops  (test for excess errors)
WARNING: gcc.dg/guality/restrict.c   -O3 -fomit-frame-pointer -funroll-loops  compilation failed to produce executable
FAIL: gcc.dg/guality/restrict.c   -O3 -g  (test for excess errors)
WARNING: gcc.dg/guality/restrict.c   -O3 -g  compilation failed to produce executable
FAIL: gcc.dg/guality/restrict.c   -Os  (test for excess errors)
WARNING: gcc.dg/guality/restrict.c   -Os  compilation failed to produce executable
FAIL: gcc.dg/guality/sra-1.c   -O2  line 43 a.i == 4
FAIL: gcc.dg/guality/sra-1.c   -O2  line 43 a.j == 14
FAIL: gcc.dg/guality/sra-1.c   -O2 -flto  line 21 a.i == 4
FAIL: gcc.dg/guality/sra-1.c   -O2 -flto  line 21 a.j == 14
FAIL: gcc.dg/guality/sra-1.c   -O2 -flto  line 43 a.i == 4
FAIL: gcc.dg/guality/sra-1.c   -O2 -flto  line 43 a.j == 14
FAIL: gcc.dg/guality/sra-1.c   -O2 -flto -flto-partition=none  line 21 a.i == 4
FAIL: gcc.dg/guality/sra-1.c   -O2 -flto -flto-partition=none  line 21 a.j == 14
FAIL: gcc.dg/guality/sra-1.c   -O2 -flto -flto-partition=none  line 43 a.i == 4
FAIL: gcc.dg/guality/sra-1.c   -O2 -flto -flto-partition=none  line 43 a.j == 14
FAIL: gcc.dg/guality/sra-1.c   -O3 -fomit-frame-pointer  line 43 a.i == 4
FAIL: gcc.dg/guality/sra-1.c   -O3 -fomit-frame-pointer  line 43 a.j == 14
FAIL: gcc.dg/guality/sra-1.c   -O3 -g  line 43 a.i == 4
FAIL: gcc.dg/guality/sra-1.c   -O3 -g  line 43 a.j == 14
FAIL: gcc.dg/guality/sra-1.c   -Os  line 43 a.i == 4
FAIL: gcc.dg/guality/sra-1.c   -Os  line 43 a.j == 14
FAIL: gcc.dg/guality/vla-1.c   -O1  line 17 sizeof (a) == 6
FAIL: gcc.dg/guality/vla-1.c   -O2  line 17 sizeof (a) == 6
FAIL: gcc.dg/guality/vla-1.c   -O2 -flto  line 17 sizeof (a) == 6
FAIL: gcc.dg/guality/vla-1.c   -O2 -flto -flto-partition=none  line 17 sizeof (a) == 6
FAIL: gcc.dg/guality/vla-1.c   -O3 -fomit-frame-pointer  line 17 sizeof (a) == 6
FAIL: gcc.dg/guality/vla-1.c   -O3 -g  line 17 sizeof (a) == 6
FAIL: gcc.dg/guality/vla-1.c   -Os  line 17 sizeof (a) == 6
FAIL: gcc.dg/guality/vla-2.c   -O2  line 25 sizeof (a) == 6 * sizeof (int)
FAIL: gcc.dg/guality/vla-2.c   -O2 -flto  line 25 sizeof (a) == 6 * sizeof (int)
FAIL: gcc.dg/guality/vla-2.c   -O2 -flto -flto-partition=none  line 25 sizeof (a) == 6 * sizeof (int)
FAIL: gcc.dg/guality/vla-2.c   -O3 -fomit-frame-pointer  line 25 sizeof (a) == 6 * sizeof (int)
FAIL: gcc.dg/guality/vla-2.c   -O3 -g  line 25 sizeof (a) == 6 * sizeof (int)
FAIL: gcc.dg/guality/vla-2.c   -Os  line 25 sizeof (a) == 6 * sizeof (int)
FAIL: gcc.target/i386/avx512dq-vfpclasspd-2.c (test for excess errors)
FAIL: gcc.target/i386/avx512dq-vfpclassps-2.c (test for excess errors)
FAIL: gcc.target/i386/avx512vl-vfpclasspd-2.c (test for excess errors)
FAIL: gcc.target/i386/avx512vl-vfpclassps-2.c (test for excess errors)
FAIL: gcc.target/i386/chkp-hidden-def.c scan-assembler-not test.chkp

		=== gcc Summary for unix ===

# of expected passes		111803
# of unexpected failures	144
# of unexpected successes	20
# of expected failures		274
# of unsupported tests		1874

Running target unix/-m32
FAIL: gcc.dg/visibility-22.c execution test
FAIL: gcc.dg/graphite/vect-pr43423.c scan-tree-dump-times vect "vectorized 2 loops" 1
XPASS: gcc.dg/guality/example.c   -O0  execution test
XPASS: gcc.dg/guality/example.c   -O1  execution test
XPASS: gcc.dg/guality/example.c   -O2  execution test
XPASS: gcc.dg/guality/example.c   -O2 -flto  execution test
XPASS: gcc.dg/guality/example.c   -O2 -flto -flto-partition=none  execution test
XPASS: gcc.dg/guality/guality.c   -O0  execution test
XPASS: gcc.dg/guality/guality.c   -O1  execution test
XPASS: gcc.dg/guality/guality.c   -O2  execution test
XPASS: gcc.dg/guality/guality.c   -O2 -flto  execution test
XPASS: gcc.dg/guality/guality.c   -O2 -flto -flto-partition=none  execution test
XPASS: gcc.dg/guality/guality.c   -O3 -fomit-frame-pointer  execution test
XPASS: gcc.dg/guality/guality.c   -O3 -g  execution test
XPASS: gcc.dg/guality/guality.c   -Os  execution test
XPASS: gcc.dg/guality/inline-params.c   -O2  execution test
XPASS: gcc.dg/guality/inline-params.c   -O2 -flto  execution test
XPASS: gcc.dg/guality/inline-params.c   -O2 -flto -flto-partition=none  execution test
XPASS: gcc.dg/guality/inline-params.c   -O3 -fomit-frame-pointer  execution test
XPASS: gcc.dg/guality/inline-params.c   -O3 -g  execution test
XPASS: gcc.dg/guality/inline-params.c   -Os  execution test
XPASS: gcc.dg/guality/pr41353-1.c   -O0  line 28 j == 28 + 37
FAIL: gcc.dg/guality/pr41447-1.c   -O3 -fomit-frame-pointer  execution test
FAIL: gcc.dg/guality/pr54519-1.c   -O2 -flto  line 20 y == 25
FAIL: gcc.dg/guality/pr54519-1.c   -O2 -flto  line 20 z == 6
FAIL: gcc.dg/guality/pr54519-1.c   -O2 -flto  line 23 y == 117
FAIL: gcc.dg/guality/pr54519-1.c   -O2 -flto  line 23 z == 8
FAIL: gcc.dg/guality/pr54519-1.c   -O2 -flto -flto-partition=none  line 20 y == 25
FAIL: gcc.dg/guality/pr54519-1.c   -O2 -flto -flto-partition=none  line 20 z == 6
FAIL: gcc.dg/guality/pr54519-1.c   -O2 -flto -flto-partition=none  line 23 y == 117
FAIL: gcc.dg/guality/pr54519-1.c   -O2 -flto -flto-partition=none  line 23 z == 8
FAIL: gcc.dg/guality/pr54519-2.c   -O2 -flto  line 17 y == 25
FAIL: gcc.dg/guality/pr54519-2.c   -O2 -flto -flto-partition=none  line 17 y == 25
FAIL: gcc.dg/guality/pr54519-3.c   -O2 -flto  line 20 y == 25
FAIL: gcc.dg/guality/pr54519-3.c   -O2 -flto  line 20 z == 6
FAIL: gcc.dg/guality/pr54519-3.c   -O2 -flto  line 23 y == 117
FAIL: gcc.dg/guality/pr54519-3.c   -O2 -flto  line 23 z == 8
FAIL: gcc.dg/guality/pr54519-3.c   -O2 -flto -flto-partition=none  line 20 y == 25
FAIL: gcc.dg/guality/pr54519-3.c   -O2 -flto -flto-partition=none  line 20 z == 6
FAIL: gcc.dg/guality/pr54519-3.c   -O2 -flto -flto-partition=none  line 23 y == 117
FAIL: gcc.dg/guality/pr54519-3.c   -O2 -flto -flto-partition=none  line 23 z == 8
FAIL: gcc.dg/guality/pr54519-4.c   -O2 -flto  line 17 y == 25
FAIL: gcc.dg/guality/pr54519-4.c   -O2 -flto -flto-partition=none  line 17 y == 25
FAIL: gcc.dg/guality/pr54519-5.c   -O2 -flto  line 17 y == 25
FAIL: gcc.dg/guality/pr54519-5.c   -O2 -flto -flto-partition=none  line 17 y == 25
FAIL: gcc.dg/guality/pr54970.c   -Os  line 15 a[0] == 1
FAIL: gcc.dg/guality/pr54970.c   -Os  line 20 a[0] == 1
FAIL: gcc.dg/guality/pr54970.c   -Os  line 25 a[0] == 1
FAIL: gcc.dg/guality/pr54970.c   -Os  line 31 a[0] == 4
FAIL: gcc.dg/guality/pr54970.c   -Os  line 36 a[0] == 4
FAIL: gcc.dg/guality/pr54970.c   -Os  line 45 a[0] == 4
FAIL: gcc.dg/guality/pr54970.c   -Os  line 45 p[-2] == 4
FAIL: gcc.dg/guality/pr54970.c   -Os  line 45 q[-1] == 4
FAIL: gcc.dg/guality/sra-1.c   -O2  line 32 a[0] == 4
FAIL: gcc.dg/guality/sra-1.c   -O2  line 43 a.i == 4
FAIL: gcc.dg/guality/sra-1.c   -O2 -flto  line 21 a.i == 4
FAIL: gcc.dg/guality/sra-1.c   -O2 -flto  line 43 a.i == 4
FAIL: gcc.dg/guality/sra-1.c   -O2 -flto -flto-partition=none  line 21 a.i == 4
FAIL: gcc.dg/guality/sra-1.c   -O2 -flto -flto-partition=none  line 43 a.i == 4
FAIL: gcc.dg/guality/sra-1.c   -O3 -fomit-frame-pointer  line 32 a[0] == 4
FAIL: gcc.dg/guality/sra-1.c   -O3 -fomit-frame-pointer  line 43 a.i == 4
FAIL: gcc.dg/guality/sra-1.c   -O3 -g  line 32 a[0] == 4
FAIL: gcc.dg/guality/sra-1.c   -O3 -g  line 43 a.i == 4
FAIL: gcc.dg/guality/sra-1.c   -Os  line 32 a[0] == 4
FAIL: gcc.dg/guality/sra-1.c   -Os  line 43 a.i == 4
FAIL: gcc.dg/guality/vla-1.c   -O1  line 17 sizeof (a) == 6
FAIL: gcc.dg/guality/vla-1.c   -O2  line 17 sizeof (a) == 6
FAIL: gcc.dg/guality/vla-1.c   -O2 -flto  line 17 sizeof (a) == 6
FAIL: gcc.dg/guality/vla-1.c   -O2 -flto -flto-partition=none  line 17 sizeof (a) == 6
FAIL: gcc.dg/guality/vla-1.c   -O3 -fomit-frame-pointer  line 17 sizeof (a) == 6
FAIL: gcc.dg/guality/vla-1.c   -O3 -g  line 17 sizeof (a) == 6
FAIL: gcc.dg/guality/vla-1.c   -Os  line 17 sizeof (a) == 6
FAIL: gcc.target/i386/avx512dq-vfpclasspd-2.c (test for excess errors)
FAIL: gcc.target/i386/avx512dq-vfpclassps-2.c (test for excess errors)
FAIL: gcc.target/i386/avx512f-vpmovusqd-1.c (test for excess errors)
FAIL: gcc.target/i386/avx512f-vprolvq-1.c (test for excess errors)
FAIL: gcc.target/i386/avx512f-vpsllvd-1.c (test for excess errors)
FAIL: gcc.target/i386/avx512f-vpsradi-2.c (test for excess errors)
FAIL: gcc.target/i386/avx512f-vpsravq512-2.c (test for excess errors)
WARNING: gcc.target/i386/avx512f-vpsravq512-2.c compilation failed to produce executable
FAIL: gcc.target/i386/avx512f-vpsrlqi-2.c (test for excess errors)
WARNING: gcc.target/i386/avx512f-vpsrlqi-2.c compilation failed to produce executable
FAIL: gcc.target/i386/avx512f-vpsubq-1.c (test for excess errors)
UNRESOLVED: gcc.target/i386/avx512f-vpsubq-1.c scan-assembler-times vpsubq[ \\\\t]+[^{\\n]*%zmm[0-9]+(?:\\n|[ \\\\t]+#) 1
UNRESOLVED: gcc.target/i386/avx512f-vpsubq-1.c scan-assembler-times vpsubq[ \\\\t]+[^{\\n]*%zmm[0-9]+{%k[1-7]}(?:\\n|[ \\\\t]+#) 1
UNRESOLVED: gcc.target/i386/avx512f-vpsubq-1.c scan-assembler-times vpsubq[ \\\\t]+[^{\\n]*%zmm[0-9]+{%k[1-7]}{z}(?:\\n|[ \\\\t]+#) 1
FAIL: gcc.target/i386/avx512f-vptestnmd-2.c (test for excess errors)
WARNING: gcc.target/i386/avx512f-vptestnmd-2.c compilation failed to produce executable
FAIL: gcc.target/i386/avx512f-vpunpcklqdq-1.c (test for excess errors)
FAIL: gcc.target/i386/avx512f-vrcp14ps-1.c (test for excess errors)
FAIL: gcc.target/i386/avx512f-vrndscalesd-1.c (test for excess errors)
FAIL: gcc.target/i386/avx512f-vrsqrt14sd-2.c (test for excess errors)
WARNING: gcc.target/i386/avx512f-vrsqrt14sd-2.c compilation failed to produce executable
FAIL: gcc.target/i386/avx512f-vscalefss-2.c (test for excess errors)
WARNING: gcc.target/i386/avx512f-vscalefss-2.c compilation failed to produce executable
FAIL: gcc.target/i386/avx512f-vshufpd-1.c (test for excess errors)
UNRESOLVED: gcc.target/i386/avx512f-vshufpd-1.c scan-assembler-times vshufpd[ \\\\t]+[^{\\n]*%zmm[0-9]+(?:\\n|[ \\\\t]+#) 1
UNRESOLVED: gcc.target/i386/avx512f-vshufpd-1.c scan-assembler-times vshufpd[ \\\\t]+[^{\\n]*%zmm[0-9]+{%k[1-7]}(?:\\n|[ \\\\t]+#) 1
UNRESOLVED: gcc.target/i386/avx512f-vshufpd-1.c scan-assembler-times vshufpd[ \\\\t]+[^{\\n]*%zmm[0-9]+{%k[1-7]}{z}(?:\\n|[ \\\\t]+#) 1
FAIL: gcc.target/i386/avx512f-vsqrtss-1.c (test for excess errors)
FAIL: gcc.target/i386/avx512f-vunpckhpd-2.c (test for excess errors)
WARNING: gcc.target/i386/avx512f-vunpckhpd-2.c compilation failed to produce executable
FAIL: gcc.target/i386/avx512ifma-vpmaddhuq-1.c (test for excess errors)
FAIL: gcc.target/i386/avx512vl-vfpclasspd-2.c (test for excess errors)
FAIL: gcc.target/i386/avx512vl-vfpclassps-2.c (test for excess errors)
FAIL: gcc.target/i386/chkp-hidden-def.c scan-assembler-not test.chkp
WARNING: program timed out.
WARNING: program timed out.
WARNING: program timed out.
WARNING: program timed out.
WARNING: program timed out.
WARNING: program timed out.
WARNING: program timed out.
WARNING: program timed out.
WARNING: program timed out.
WARNING: program timed out.
WARNING: program timed out.
WARNING: program timed out.
WARNING: program timed out.
WARNING: program timed out.
WARNING: program timed out.
WARNING: program timed out.
WARNING: program timed out.

		=== gcc Summary for unix/-m32 ===

# of expected passes		110437
# of unexpected failures	74
# of unexpected successes	20
# of expected failures		275
# of unresolved testcases	6
# of unsupported tests		1631

		=== gcc Summary ===

# of expected passes		222240
# of unexpected failures	218
# of unexpected successes	40
# of expected failures		549
# of unresolved testcases	6
# of unsupported tests		3505
/var/gcc/regression/trunk/10-gcc-gas-64/build/gcc/xgcc  version 5.0.0 20150220 (experimental) [trunk revision 220871] (GCC) 

		=== gfortran tests ===


Running target unix
FAIL: gfortran.dg/dynamic_dispatch_3.f03   -O3 -fomit-frame-pointer -funroll-all-loops -finline-functions  (test for excess errors)
WARNING: gfortran.dg/dynamic_dispatch_3.f03   -O3 -fomit-frame-pointer -funroll-all-loops -finline-functions  compilation failed to produce executable
WARNING: gfortran.dg/elemental_optional_args_6.f90   -Os  compilation failed to produce executable
FAIL: gfortran.dg/eof_1.f90   -O3 -g  (test for excess errors)
FAIL: gfortran.dg/eof_4.f90   -O3 -fomit-frame-pointer -funroll-loops  (test for excess errors)
WARNING: gfortran.dg/eof_4.f90   -O3 -fomit-frame-pointer -funroll-loops  compilation failed to produce executable
FAIL: gfortran.dg/eoshift_bounds_1.f90   -Os  (test for excess errors)
FAIL: gfortran.dg/erf_2.F90   -O3 -fomit-frame-pointer -funroll-all-loops -finline-functions  (test for excess errors)
FAIL: gfortran.dg/error_recovery_5.f90   -O2  (test for excess errors)
WARNING: gfortran.dg/error_recovery_5.f90   -O2  compilation failed to produce executable
WARNING: program timed out.
WARNING: program timed out.
WARNING: program timed out.
WARNING: program timed out.
WARNING: program timed out.
WARNING: program timed out.
WARNING: program timed out.

		=== gfortran Summary for unix ===

# of expected passes		48142
# of unexpected failures	6
# of expected failures		78
# of unsupported tests		79

Running target unix/-m32

		=== gfortran Summary for unix/-m32 ===

# of expected passes		47865
# of expected failures		78
# of unsupported tests		217

		=== gfortran Summary ===

# of expected passes		96007
# of unexpected failures	6
# of expected failures		156
# of unsupported tests		296
/var/gcc/regression/trunk/10-gcc-gas-64/build/gcc/testsuite/gfortran/../../gfortran  version 5.0.0 20150220 (experimental) [trunk revision 220871] (GCC) 

		=== gnat tests ===


Running target unix/-m32

		=== gnat Summary for unix/-m32 ===

# of expected passes		1319
# of expected failures		20
# of unsupported tests		7

Running target unix

		=== gnat Summary for unix ===

# of expected passes		1319
# of expected failures		20
# of unsupported tests		7

		=== gnat Summary ===

# of expected passes		2638
# of expected failures		40
# of unsupported tests		14
/var/gcc/regression/trunk/10-gcc-gas-64/build/gcc/gnatmake version 5.0.0 20150220 (experimental) [trunk revision 220871]

		=== go tests ===


Running target unix
FAIL: go.test/test/recover.go execution,  -O2 -g 

		=== go Summary for unix ===

# of expected passes		7243
# of unexpected failures	1
# of expected failures		1
# of untested testcases		10
# of unsupported tests		1

Running target unix/-m32
FAIL: go.test/test/recover.go execution,  -O2 -g 

		=== go Summary for unix/-m32 ===

# of expected passes		7362
# of unexpected failures	1
# of expected failures		1
# of untested testcases		10
# of unsupported tests		2

		=== go Summary ===

# of expected passes		14605
# of unexpected failures	2
# of expected failures		2
# of untested testcases		20
# of unsupported tests		3
		=== obj-c++ tests ===


Running target unix/-m32

		=== obj-c++ Summary for unix/-m32 ===

# of expected passes		1453
# of expected failures		2
# of unsupported tests		86

Running target unix

		=== obj-c++ Summary for unix ===

# of expected passes		1445
# of expected failures		10
# of unsupported tests		86

		=== obj-c++ Summary ===

# of expected passes		2898
# of expected failures		12
# of unsupported tests		172
/var/gcc/regression/trunk/10-gcc-gas-64/build/gcc/testsuite/obj-c++/../../xg++  version 5.0.0 20150220 (experimental) [trunk revision 220871] (GCC) 

		=== objc tests ===


Running target unix

		=== objc Summary for unix ===

# of expected passes		3010
# of expected failures		6
# of unsupported tests		74

Running target unix/-m32

		=== objc Summary for unix/-m32 ===

# of expected passes		3010
# of expected failures		6
# of unsupported tests		74

		=== objc Summary ===

# of expected passes		6020
# of expected failures		12
# of unsupported tests		148
/var/gcc/regression/trunk/10-gcc-gas-64/build/gcc/xgcc  version 5.0.0 20150220 (experimental) [trunk revision 220871] (GCC) 


Compiler version: 5.0.0 20150220 (experimental) [trunk revision 220871] (GCC) 
Platform: x86_64-pc-solaris2.10
configure flags: --prefix=/vol/gcc --target=amd64-pc-solaris2.10 --enable-objc-gc --with-as=/vol/gcc/bin/amd64/gas-2.25 --with-gnu-as --with-gmp-include=/vol/gcc/include --with-gmp-lib=/vol/gcc/lib/amd64 --with-mpfr-include=/vol/gcc/include --with-mpfr-lib=/vol/gcc/lib/amd64 --with-mpc-include=/vol/gcc/include --with-mpc-lib=/vol/gcc/lib/amd64 --enable-languages=all,ada,obj-c++,go --with-isl-include=/vol/gcc/include --with-isl-lib=/vol/gcc/lib/amd64 --with-cloog-include=/vol/gcc/include --with-cloog-lib=/vol/gcc/lib/amd64 --enable-cloog-backend=isl --build=amd64-pc-solaris2.10 --host=amd64-pc-solaris2.10
BOOT_CFLAGS=-g -O2



More information about the Gcc-testresults mailing list