Results for 5.0.0 20150212 (experimental) [trunk revision 220653] (GCC) testsuite on hppa64-hp-hpux11.00

John David Anglin dave@hiauly2.hia.nrc.ca
Sun Feb 22 19:25:00 GMT 2015


Native configuration is hppa64-hp-hpux11.00

		=== g++ tests ===


Running target unix
FAIL: g++.dg/cpp0x/udlit-string-literal.C  -std=c++11 (test for excess errors)
FAIL: g++.dg/cpp0x/udlit-string-literal.C  -std=c++14 (test for excess errors)
FAIL: c-c++-common/goacc/acc_on_device-2-off.c  -std=c++98  scan-rtl-dump-times expand "\\\\(call [^\\\\n]*\\\\"acc_on_device" 1
FAIL: c-c++-common/goacc/acc_on_device-2-off.c  -std=c++11  scan-rtl-dump-times expand "\\\\(call [^\\\\n]*\\\\"acc_on_device" 1
FAIL: c-c++-common/goacc/acc_on_device-2-off.c  -std=c++14  scan-rtl-dump-times expand "\\\\(call [^\\\\n]*\\\\"acc_on_device" 1
XPASS: c-c++-common/goacc/acc_on_device-2.c  -std=c++98  scan-rtl-dump-times expand "\\\\(call [^\\\\n]*\\\\"acc_on_device" 0
XPASS: c-c++-common/goacc/acc_on_device-2.c  -std=c++11  scan-rtl-dump-times expand "\\\\(call [^\\\\n]*\\\\"acc_on_device" 0
XPASS: c-c++-common/goacc/acc_on_device-2.c  -std=c++14  scan-rtl-dump-times expand "\\\\(call [^\\\\n]*\\\\"acc_on_device" 0
WARNING: program timed out.

		=== g++ Summary ===

# of expected passes		78818
# of unexpected failures	5
# of unexpected successes	3
# of expected failures		261
# of unsupported tests		3881
/home/gnu/gcc/objdir/gcc/testsuite/g++/../../xg++  version 5.0.0 20150212 (experimental) [trunk revision 220653] (GCC) 

		=== gcc tests ===


Running target unix
FAIL: gcc.c-torture/compile/20120727-2.c   -O1  (internal compiler error)
FAIL: gcc.c-torture/compile/20120727-2.c   -O1  (test for excess errors)
FAIL: gcc.c-torture/compile/20120727-2.c   -O2  (internal compiler error)
FAIL: gcc.c-torture/compile/20120727-2.c   -O2  (test for excess errors)
FAIL: gcc.c-torture/compile/20120727-2.c   -O3 -fomit-frame-pointer  (internal compiler error)
FAIL: gcc.c-torture/compile/20120727-2.c   -O3 -fomit-frame-pointer  (test for excess errors)
FAIL: gcc.c-torture/compile/20120727-2.c   -O3 -g  (internal compiler error)
FAIL: gcc.c-torture/compile/20120727-2.c   -O3 -g  (test for excess errors)
FAIL: gcc.c-torture/compile/20120727-2.c   -Os  (internal compiler error)
FAIL: gcc.c-torture/compile/20120727-2.c   -Os  (test for excess errors)
FAIL: gcc.c-torture/compile/20120727-2.c   -O2 -flto -flto-partition=none  (internal compiler error)
FAIL: gcc.c-torture/compile/20120727-2.c   -O2 -flto -flto-partition=none  (test for excess errors)
FAIL: gcc.c-torture/compile/20120727-2.c   -O2 -flto  (internal compiler error)
FAIL: gcc.c-torture/compile/20120727-2.c   -O2 -flto  (test for excess errors)
WARNING: program timed out.
FAIL: gcc.c-torture/compile/limits-externdecl.c   -O0  (test for excess errors)
WARNING: program timed out.
FAIL: gcc.c-torture/compile/limits-externdecl.c   -O1  (test for excess errors)
WARNING: program timed out.
FAIL: gcc.c-torture/compile/limits-externdecl.c   -O2  (test for excess errors)
WARNING: program timed out.
FAIL: gcc.c-torture/compile/limits-externdecl.c   -O3 -fomit-frame-pointer  (test for excess errors)
WARNING: program timed out.
FAIL: gcc.c-torture/compile/limits-externdecl.c   -O3 -g  (test for excess errors)
WARNING: program timed out.
FAIL: gcc.c-torture/compile/limits-externdecl.c   -Os  (test for excess errors)
WARNING: program timed out.
FAIL: gcc.c-torture/compile/limits-externdecl.c   -O2 -flto -flto-partition=none  (test for excess errors)
WARNING: program timed out.
FAIL: gcc.c-torture/compile/limits-externdecl.c   -O2 -flto  (test for excess errors)
WARNING: program timed out.
FAIL: gcc.c-torture/compile/limits-fndefn.c   -O1  (test for excess errors)
WARNING: program timed out.
FAIL: gcc.c-torture/compile/limits-fndefn.c   -O2  (test for excess errors)
WARNING: program timed out.
FAIL: gcc.c-torture/compile/limits-fndefn.c   -O3 -fomit-frame-pointer  (test for excess errors)
WARNING: program timed out.
FAIL: gcc.c-torture/compile/limits-fndefn.c   -O3 -g  (test for excess errors)
WARNING: program timed out.
FAIL: gcc.c-torture/compile/limits-fndefn.c   -Os  (test for excess errors)
WARNING: program timed out.
FAIL: gcc.c-torture/compile/limits-fndefn.c   -O2 -flto -flto-partition=none  (test for excess errors)
WARNING: program timed out.
FAIL: gcc.c-torture/compile/limits-fndefn.c   -O2 -flto  (test for excess errors)
WARNING: program timed out.
FAIL: gcc.c-torture/compile/limits-structnest.c   -O2  (test for excess errors)
WARNING: program timed out.
FAIL: gcc.c-torture/compile/limits-structnest.c   -O3 -fomit-frame-pointer  (test for excess errors)
WARNING: program timed out.
FAIL: gcc.c-torture/compile/limits-structnest.c   -O3 -g  (test for excess errors)
WARNING: program timed out.
FAIL: gcc.c-torture/compile/limits-structnest.c   -Os  (test for excess errors)
WARNING: program timed out.
FAIL: gcc.c-torture/compile/limits-structnest.c   -O2 -flto -flto-partition=none  (test for excess errors)
WARNING: program timed out.
FAIL: gcc.c-torture/compile/limits-structnest.c   -O2 -flto  (test for excess errors)
FAIL: gcc.c-torture/compile/pr45728.c   -O1  (internal compiler error)
FAIL: gcc.c-torture/compile/pr45728.c   -O1  (test for excess errors)
FAIL: gcc.c-torture/compile/pr45728.c   -O2  (internal compiler error)
FAIL: gcc.c-torture/compile/pr45728.c   -O2  (test for excess errors)
FAIL: gcc.c-torture/compile/pr45728.c   -O3 -fomit-frame-pointer  (internal compiler error)
FAIL: gcc.c-torture/compile/pr45728.c   -O3 -fomit-frame-pointer  (test for excess errors)
FAIL: gcc.c-torture/compile/pr45728.c   -O3 -g  (internal compiler error)
FAIL: gcc.c-torture/compile/pr45728.c   -O3 -g  (test for excess errors)
FAIL: gcc.c-torture/compile/pr45728.c   -Os  (internal compiler error)
FAIL: gcc.c-torture/compile/pr45728.c   -Os  (test for excess errors)
FAIL: gcc.c-torture/compile/pr45728.c   -O2 -flto -flto-partition=none  (internal compiler error)
FAIL: gcc.c-torture/compile/pr45728.c   -O2 -flto -flto-partition=none  (test for excess errors)
FAIL: gcc.c-torture/compile/pr45728.c   -O2 -flto  (internal compiler error)
FAIL: gcc.c-torture/compile/pr45728.c   -O2 -flto  (test for excess errors)
WARNING: program timed out.
FAIL: gcc.dg/atomic/c11-atomic-exec-2.c   -O3 -fomit-frame-pointer -funroll-all-loops -finline-functions  (test for excess errors)
UNRESOLVED: gcc.dg/atomic/c11-atomic-exec-2.c   -O3 -fomit-frame-pointer -funroll-all-loops -finline-functions  compilation failed to produce executable
WARNING: program timed out.
FAIL: gcc.dg/atomic/c11-atomic-exec-2.c   -O2 -flto -flto-partition=none  (test for excess errors)
WARNING: program timed out.
FAIL: gcc.dg/atomic/c11-atomic-exec-2.c   -O2 -flto  (test for excess errors)
WARNING: program timed out.
FAIL: gcc.dg/atomic/c11-atomic-exec-3.c   -O3 -fomit-frame-pointer -funroll-all-loops -finline-functions  (test for excess errors)
UNRESOLVED: gcc.dg/atomic/c11-atomic-exec-3.c   -O3 -fomit-frame-pointer -funroll-all-loops -finline-functions  compilation failed to produce executable
WARNING: program timed out.
FAIL: gcc.dg/atomic/c11-atomic-exec-3.c   -O2 -flto -flto-partition=none  (test for excess errors)
WARNING: program timed out.
FAIL: gcc.dg/atomic/c11-atomic-exec-3.c   -O2 -flto  (test for excess errors)
FAIL: gcc.dg/atomic/c11-atomic-exec-5.c   -O0  execution test
FAIL: gcc.dg/atomic/c11-atomic-exec-5.c   -O1  execution test
FAIL: gcc.dg/atomic/c11-atomic-exec-5.c   -O2  execution test
FAIL: gcc.dg/atomic/c11-atomic-exec-5.c   -O3 -fomit-frame-pointer  execution test
FAIL: gcc.dg/atomic/c11-atomic-exec-5.c   -O3 -fomit-frame-pointer -funroll-loops  execution test
FAIL: gcc.dg/atomic/c11-atomic-exec-5.c   -O3 -fomit-frame-pointer -funroll-all-loops -finline-functions  execution test
FAIL: gcc.dg/atomic/c11-atomic-exec-5.c   -O3 -g  execution test
FAIL: gcc.dg/atomic/c11-atomic-exec-5.c   -Os  execution test
FAIL: gcc.dg/atomic/c11-atomic-exec-5.c   -O2 -flto  execution test
FAIL: gcc.dg/20030711-1.c execution test
WARNING: program timed out.
FAIL: gcc.dg/c11-atomic-2.c (test for excess errors)
WARNING: program timed out.
WARNING: program timed out.
FAIL: gcc.dg/c99-intconst-1.c (test for excess errors)
WARNING: program timed out.
FAIL: gcc.dg/pr48141.c (test for excess errors)
FAIL: gcc.dg/pr64434.c scan-rtl-dump-times expand "Swap operands" 1
XPASS: gcc.dg/sibcall-3.c execution test
XPASS: gcc.dg/sibcall-4.c execution test
FAIL: gcc.dg/signbit-sa.c (test for excess errors)
FAIL: gcc.dg/uninit-19.c  (test for warnings, line 22)
FAIL: gcc.dg/uninit-19.c (test for excess errors)
FAIL: c-c++-common/goacc/acc_on_device-2-off.c scan-rtl-dump-times expand "\\\\(call [^\\\\n]*\\\\"acc_on_device" 1
FAIL: gcc.dg/goacc/acc_on_device-1.c scan-rtl-dump-times expand "\\\\(call [^\\\\n]*\\\\"acc_on_device" 4
WARNING: program timed out.
FAIL: gcc.dg/ipa/pr64307.c (test for excess errors)
UNRESOLVED: gcc.dg/ipa/pr64307.c scan-ipa-dump icf "Semantic equality hit:real_part_2->real_part"
UNRESOLVED: gcc.dg/ipa/pr64307.c scan-ipa-dump icf "Equal symbols: 1"

		=== gcc Summary ===

# of expected passes		83198
# of unexpected failures	75
# of unexpected successes	2
# of expected failures		128
# of unresolved testcases	4
# of unsupported tests		1896
/home/gnu/gcc/objdir/gcc/xgcc  version 5.0.0 20150212 (experimental) [trunk revision 220653] (GCC) 

		=== gfortran tests ===


Running target unix
FAIL: gfortran.dg/fmt_g0_7.f08   -O0  (test for excess errors)
UNRESOLVED: gfortran.dg/fmt_g0_7.f08   -O0  compilation failed to produce executable
FAIL: gfortran.dg/fmt_g0_7.f08   -O1  (test for excess errors)
UNRESOLVED: gfortran.dg/fmt_g0_7.f08   -O1  compilation failed to produce executable
FAIL: gfortran.dg/fmt_g0_7.f08   -O2  (test for excess errors)
UNRESOLVED: gfortran.dg/fmt_g0_7.f08   -O2  compilation failed to produce executable
FAIL: gfortran.dg/fmt_g0_7.f08   -O3 -fomit-frame-pointer  (test for excess errors)
UNRESOLVED: gfortran.dg/fmt_g0_7.f08   -O3 -fomit-frame-pointer  compilation failed to produce executable
FAIL: gfortran.dg/fmt_g0_7.f08   -O3 -fomit-frame-pointer -funroll-loops  (test for excess errors)
UNRESOLVED: gfortran.dg/fmt_g0_7.f08   -O3 -fomit-frame-pointer -funroll-loops  compilation failed to produce executable
FAIL: gfortran.dg/fmt_g0_7.f08   -O3 -fomit-frame-pointer -funroll-all-loops -finline-functions  (test for excess errors)
UNRESOLVED: gfortran.dg/fmt_g0_7.f08   -O3 -fomit-frame-pointer -funroll-all-loops -finline-functions  compilation failed to produce executable
FAIL: gfortran.dg/fmt_g0_7.f08   -O3 -g  (test for excess errors)
UNRESOLVED: gfortran.dg/fmt_g0_7.f08   -O3 -g  compilation failed to produce executable
FAIL: gfortran.dg/fmt_g0_7.f08   -Os  (test for excess errors)
UNRESOLVED: gfortran.dg/fmt_g0_7.f08   -Os  compilation failed to produce executable
WARNING: program timed out.
FAIL: gfortran.dg/minlocval_3.f90   -O3 -fomit-frame-pointer  (test for excess errors)
UNRESOLVED: gfortran.dg/minlocval_3.f90   -O3 -fomit-frame-pointer  compilation failed to produce executable
WARNING: program timed out.
FAIL: gfortran.dg/minlocval_3.f90   -O3 -fomit-frame-pointer -funroll-loops  (test for excess errors)
UNRESOLVED: gfortran.dg/minlocval_3.f90   -O3 -fomit-frame-pointer -funroll-loops  compilation failed to produce executable
WARNING: program timed out.
FAIL: gfortran.dg/minlocval_3.f90   -O3 -fomit-frame-pointer -funroll-all-loops -finline-functions  (test for excess errors)
UNRESOLVED: gfortran.dg/minlocval_3.f90   -O3 -fomit-frame-pointer -funroll-all-loops -finline-functions  compilation failed to produce executable
WARNING: program timed out.
FAIL: gfortran.dg/minlocval_3.f90   -O3 -g  (test for excess errors)
UNRESOLVED: gfortran.dg/minlocval_3.f90   -O3 -g  compilation failed to produce executable
FAIL: gfortran.dg/quad_2.f90   -O0  execution test
FAIL: gfortran.dg/quad_2.f90   -O1  execution test
FAIL: gfortran.dg/quad_2.f90   -O2  execution test
FAIL: gfortran.dg/quad_2.f90   -O3 -fomit-frame-pointer  execution test
FAIL: gfortran.dg/quad_2.f90   -O3 -fomit-frame-pointer -funroll-loops  execution test
FAIL: gfortran.dg/quad_2.f90   -O3 -fomit-frame-pointer -funroll-all-loops -finline-functions  execution test
FAIL: gfortran.dg/quad_2.f90   -O3 -g  execution test
FAIL: gfortran.dg/quad_2.f90   -Os  execution test
FAIL: gfortran.dg/goacc/acc_on_device-1.f95   -O   scan-rtl-dump-times expand "\\\\(call [^\\\\n]*\\\\"acc_on_device" 4
FAIL: gfortran.dg/goacc/acc_on_device-2-off.f95   -O   scan-rtl-dump-times expand "\\\\(call [^\\\\n]*\\\\"acc_on_device" 1
XPASS: gfortran.dg/goacc/acc_on_device-2.f95   -O   scan-rtl-dump-times expand "\\\\(call [^\\\\n]*\\\\"acc_on_device" 0

		=== gfortran Summary ===

# of expected passes		46389
# of unexpected failures	22
# of unexpected successes	1
# of expected failures		71
# of unresolved testcases	12
# of unsupported tests		416
/home/gnu/gcc/objdir/gcc/testsuite/gfortran/../../gfortran  version 5.0.0 20150212 (experimental) [trunk revision 220653] (GCC) 

		=== obj-c++ tests ===


Running target unix

		=== obj-c++ Summary ===

# of expected passes		1445
# of expected failures		10
# of unsupported tests		86
/home/gnu/gcc/objdir/gcc/testsuite/obj-c++/../../xg++  version 5.0.0 20150212 (experimental) [trunk revision 220653] (GCC) 

		=== objc tests ===


Running target unix

		=== objc Summary ===

# of expected passes		3014
# of unsupported tests		75
/home/gnu/gcc/objdir/gcc/xgcc  version 5.0.0 20150212 (experimental) [trunk revision 220653] (GCC) 

		=== libatomic tests ===


Running target unix

		=== libatomic Summary ===

# of expected passes		44
# of unsupported tests		5
		=== libgomp tests ===


Running target unix
FAIL: libgomp.oacc-c/../libgomp.oacc-c-c++-common/reduction-4.c -DACC_DEVICE_TYPE_host_nonshm=1 -DACC_MEM_SHARED=0 (test for excess errors)
UNRESOLVED: libgomp.oacc-c/../libgomp.oacc-c-c++-common/reduction-4.c -DACC_DEVICE_TYPE_host_nonshm=1 -DACC_MEM_SHARED=0 compilation failed to produce executable
FAIL: libgomp.oacc-c/../libgomp.oacc-c-c++-common/reduction-4.c -DACC_DEVICE_TYPE_host=1 -DACC_MEM_SHARED=1 (test for excess errors)
UNRESOLVED: libgomp.oacc-c/../libgomp.oacc-c-c++-common/reduction-4.c -DACC_DEVICE_TYPE_host=1 -DACC_MEM_SHARED=1 compilation failed to produce executable
FAIL: libgomp.oacc-c++/../libgomp.oacc-c-c++-common/reduction-4.c -DACC_DEVICE_TYPE_host_nonshm=1 -DACC_MEM_SHARED=0 (test for excess errors)
UNRESOLVED: libgomp.oacc-c++/../libgomp.oacc-c-c++-common/reduction-4.c -DACC_DEVICE_TYPE_host_nonshm=1 -DACC_MEM_SHARED=0 compilation failed to produce executable
FAIL: libgomp.oacc-c++/../libgomp.oacc-c-c++-common/reduction-4.c -DACC_DEVICE_TYPE_host=1 -DACC_MEM_SHARED=1 (test for excess errors)
UNRESOLVED: libgomp.oacc-c++/../libgomp.oacc-c-c++-common/reduction-4.c -DACC_DEVICE_TYPE_host=1 -DACC_MEM_SHARED=1 compilation failed to produce executable

		=== libgomp Summary ===

# of expected passes		5666
# of unexpected failures	4
# of unresolved testcases	4
# of unsupported tests		288
		=== libstdc++ tests ===


Running target unix
WARNING: program timed out.
FAIL: 20_util/scoped_allocator/2.cc (test for excess errors)
UNRESOLVED: 20_util/scoped_allocator/2.cc compilation failed to produce executable
FAIL: 21_strings/basic_string/literals/types.cc (test for excess errors)
FAIL: 21_strings/basic_string/literals/values.cc (test for excess errors)
UNRESOLVED: 21_strings/basic_string/literals/values.cc compilation failed to produce executable
FAIL: 22_locale/conversions/buffer/requirements/typedefs.cc (test for excess errors)
FAIL: 22_locale/conversions/string/1.cc (test for excess errors)
FAIL: 22_locale/conversions/string/2.cc (test for excess errors)
UNRESOLVED: 22_locale/conversions/string/2.cc compilation failed to produce executable
FAIL: 22_locale/conversions/string/requirements/typedefs-2.cc (test for excess errors)
FAIL: 22_locale/conversions/string/requirements/typedefs.cc (test for excess errors)
WARNING: program timed out.
FAIL: 23_containers/vector/requirements/exception/basic.cc (test for excess errors)
UNRESOLVED: 23_containers/vector/requirements/exception/basic.cc compilation failed to produce executable
WARNING: program timed out.
FAIL: 28_regex/algorithms/regex_match/awk/cstring_01.cc (test for excess errors)
UNRESOLVED: 28_regex/algorithms/regex_match/awk/cstring_01.cc compilation failed to produce executable
WARNING: program timed out.
FAIL: 28_regex/algorithms/regex_match/basic/empty_range.cc (test for excess errors)
UNRESOLVED: 28_regex/algorithms/regex_match/basic/empty_range.cc compilation failed to produce executable
WARNING: program timed out.
FAIL: 28_regex/algorithms/regex_match/basic/string_01.cc (test for excess errors)
UNRESOLVED: 28_regex/algorithms/regex_match/basic/string_01.cc compilation failed to produce executable
WARNING: program timed out.
FAIL: 28_regex/algorithms/regex_match/basic/string_range_00_03.cc (test for excess errors)
UNRESOLVED: 28_regex/algorithms/regex_match/basic/string_range_00_03.cc compilation failed to produce executable
WARNING: program timed out.
FAIL: 28_regex/algorithms/regex_match/basic/string_range_01_03.cc (test for excess errors)
UNRESOLVED: 28_regex/algorithms/regex_match/basic/string_range_01_03.cc compilation failed to produce executable
WARNING: program timed out.
FAIL: 28_regex/algorithms/regex_match/basic/string_range_02_03.cc (test for excess errors)
UNRESOLVED: 28_regex/algorithms/regex_match/basic/string_range_02_03.cc compilation failed to produce executable
WARNING: program timed out.
FAIL: 28_regex/algorithms/regex_match/cstring_bracket_01.cc (test for excess errors)
UNRESOLVED: 28_regex/algorithms/regex_match/cstring_bracket_01.cc compilation failed to produce executable
WARNING: program timed out.
FAIL: 28_regex/algorithms/regex_match/ecma/char/53622.cc (test for excess errors)
UNRESOLVED: 28_regex/algorithms/regex_match/ecma/char/53622.cc compilation failed to produce executable
WARNING: program timed out.
FAIL: 28_regex/algorithms/regex_match/ecma/char/57173.cc (test for excess errors)
UNRESOLVED: 28_regex/algorithms/regex_match/ecma/char/57173.cc compilation failed to produce executable
WARNING: program timed out.
FAIL: 28_regex/algorithms/regex_match/ecma/char/58576.cc (test for excess errors)
UNRESOLVED: 28_regex/algorithms/regex_match/ecma/char/58576.cc compilation failed to produce executable
WARNING: program timed out.
FAIL: 28_regex/algorithms/regex_match/ecma/char/anymatcher.cc (test for excess errors)
UNRESOLVED: 28_regex/algorithms/regex_match/ecma/char/anymatcher.cc compilation failed to produce executable
WARNING: program timed out.
FAIL: 28_regex/algorithms/regex_match/ecma/char/backref.cc (test for excess errors)
UNRESOLVED: 28_regex/algorithms/regex_match/ecma/char/backref.cc compilation failed to produce executable
WARNING: program timed out.
FAIL: 28_regex/algorithms/regex_match/ecma/char/empty_range.cc (test for excess errors)
UNRESOLVED: 28_regex/algorithms/regex_match/ecma/char/empty_range.cc compilation failed to produce executable
WARNING: program timed out.
FAIL: 28_regex/algorithms/regex_match/ecma/char/emptygroup.cc (test for excess errors)
UNRESOLVED: 28_regex/algorithms/regex_match/ecma/char/emptygroup.cc compilation failed to produce executable
WARNING: program timed out.
FAIL: 28_regex/algorithms/regex_match/ecma/char/hex.cc (test for excess errors)
UNRESOLVED: 28_regex/algorithms/regex_match/ecma/char/hex.cc compilation failed to produce executable
WARNING: program timed out.
FAIL: 28_regex/algorithms/regex_match/ecma/char/quoted_char.cc (test for excess errors)
UNRESOLVED: 28_regex/algorithms/regex_match/ecma/char/quoted_char.cc compilation failed to produce executable
WARNING: program timed out.
FAIL: 28_regex/algorithms/regex_match/ecma/char/ungreedy.cc (test for excess errors)
UNRESOLVED: 28_regex/algorithms/regex_match/ecma/char/ungreedy.cc compilation failed to produce executable
WARNING: program timed out.
FAIL: 28_regex/algorithms/regex_match/extended/cstring_plus.cc (test for excess errors)
UNRESOLVED: 28_regex/algorithms/regex_match/extended/cstring_plus.cc compilation failed to produce executable
WARNING: program timed out.
FAIL: 28_regex/algorithms/regex_match/extended/cstring_questionmark.cc (test for excess errors)
UNRESOLVED: 28_regex/algorithms/regex_match/extended/cstring_questionmark.cc compilation failed to produce executable
WARNING: program timed out.
FAIL: 28_regex/algorithms/regex_match/extended/cstring_range.cc (test for excess errors)
UNRESOLVED: 28_regex/algorithms/regex_match/extended/cstring_range.cc compilation failed to produce executable
WARNING: program timed out.
FAIL: 28_regex/algorithms/regex_match/extended/string_any.cc (test for excess errors)
UNRESOLVED: 28_regex/algorithms/regex_match/extended/string_any.cc compilation failed to produce executable
WARNING: program timed out.
FAIL: 28_regex/algorithms/regex_match/extended/string_range_00_03.cc (test for excess errors)
UNRESOLVED: 28_regex/algorithms/regex_match/extended/string_range_00_03.cc compilation failed to produce executable
WARNING: program timed out.
FAIL: 28_regex/algorithms/regex_match/extended/string_range_01_03.cc (test for excess errors)
UNRESOLVED: 28_regex/algorithms/regex_match/extended/string_range_01_03.cc compilation failed to produce executable
WARNING: program timed out.
FAIL: 28_regex/algorithms/regex_match/extended/string_range_02_03.cc (test for excess errors)
UNRESOLVED: 28_regex/algorithms/regex_match/extended/string_range_02_03.cc compilation failed to produce executable
WARNING: program timed out.
FAIL: 28_regex/algorithms/regex_replace/char/51711.cc (test for excess errors)
WARNING: program timed out.
FAIL: 28_regex/algorithms/regex_replace/char/basic_replace.cc (test for excess errors)
UNRESOLVED: 28_regex/algorithms/regex_replace/char/basic_replace.cc compilation failed to produce executable
WARNING: program timed out.
FAIL: 28_regex/algorithms/regex_replace/char/dr2213.cc (test for excess errors)
UNRESOLVED: 28_regex/algorithms/regex_replace/char/dr2213.cc compilation failed to produce executable
WARNING: program timed out.
FAIL: 28_regex/algorithms/regex_search/61424.cc (test for excess errors)
UNRESOLVED: 28_regex/algorithms/regex_search/61424.cc compilation failed to produce executable
WARNING: program timed out.
FAIL: 28_regex/algorithms/regex_search/61720.cc (test for excess errors)
UNRESOLVED: 28_regex/algorithms/regex_search/61720.cc compilation failed to produce executable
WARNING: program timed out.
FAIL: 28_regex/algorithms/regex_search/basic/string_01.cc (test for excess errors)
UNRESOLVED: 28_regex/algorithms/regex_search/basic/string_01.cc compilation failed to produce executable
WARNING: program timed out.
FAIL: 28_regex/algorithms/regex_search/ecma/assertion.cc (test for excess errors)
UNRESOLVED: 28_regex/algorithms/regex_search/ecma/assertion.cc compilation failed to produce executable
WARNING: program timed out.
FAIL: 28_regex/algorithms/regex_search/ecma/flags.cc (test for excess errors)
UNRESOLVED: 28_regex/algorithms/regex_search/ecma/flags.cc compilation failed to produce executable
WARNING: program timed out.
FAIL: 28_regex/algorithms/regex_search/ecma/greedy.cc (test for excess errors)
UNRESOLVED: 28_regex/algorithms/regex_search/ecma/greedy.cc compilation failed to produce executable
WARNING: program timed out.
FAIL: 28_regex/algorithms/regex_search/ecma/string_01.cc (test for excess errors)
UNRESOLVED: 28_regex/algorithms/regex_search/ecma/string_01.cc compilation failed to produce executable
WARNING: program timed out.
FAIL: 28_regex/basic_regex/imbue/string.cc (test for excess errors)
UNRESOLVED: 28_regex/basic_regex/imbue/string.cc compilation failed to produce executable
WARNING: program timed out.
FAIL: 28_regex/basic_regex/multiple_quantifiers.cc (test for excess errors)
UNRESOLVED: 28_regex/basic_regex/multiple_quantifiers.cc compilation failed to produce executable
WARNING: program timed out.
FAIL: 28_regex/init-list.cc (test for excess errors)
UNRESOLVED: 28_regex/init-list.cc compilation failed to produce executable
WARNING: program timed out.
FAIL: 28_regex/iterators/regex_iterator/char/64140.cc (test for excess errors)
UNRESOLVED: 28_regex/iterators/regex_iterator/char/64140.cc compilation failed to produce executable
WARNING: program timed out.
FAIL: 28_regex/iterators/regex_iterator/char/string_01.cc (test for excess errors)
UNRESOLVED: 28_regex/iterators/regex_iterator/char/string_01.cc compilation failed to produce executable
WARNING: program timed out.
FAIL: 28_regex/iterators/regex_iterator/char/string_position_01.cc (test for excess errors)
UNRESOLVED: 28_regex/iterators/regex_iterator/char/string_position_01.cc compilation failed to produce executable
WARNING: program timed out.
FAIL: 28_regex/iterators/regex_token_iterator/64303.cc (test for excess errors)
UNRESOLVED: 28_regex/iterators/regex_token_iterator/64303.cc compilation failed to produce executable
WARNING: program timed out.
FAIL: 28_regex/iterators/regex_token_iterator/char/string_01.cc (test for excess errors)
UNRESOLVED: 28_regex/iterators/regex_token_iterator/char/string_01.cc compilation failed to produce executable
WARNING: program timed out.
FAIL: 28_regex/match_results/format.cc (test for excess errors)
UNRESOLVED: 28_regex/match_results/format.cc compilation failed to produce executable
WARNING: program timed out.
FAIL: 28_regex/match_results/swap.cc (test for excess errors)
UNRESOLVED: 28_regex/match_results/swap.cc compilation failed to produce executable
FAIL: experimental/string_view/literals/types.cc (test for excess errors)
FAIL: experimental/string_view/literals/values.cc (test for excess errors)
UNRESOLVED: experimental/string_view/literals/values.cc compilation failed to produce executable
WARNING: program timed out.
FAIL: ext/vstring/requirements/exception/basic.cc (test for excess errors)
UNRESOLVED: ext/vstring/requirements/exception/basic.cc compilation failed to produce executable

		=== libstdc++ Summary ===

# of expected passes		7454
# of unexpected failures	56
# of expected failures		64
# of unresolved testcases	49
# of unsupported tests		793

Compiler version: 5.0.0 20150212 (experimental) [trunk revision 220653] (GCC) 
Platform: hppa64-hp-hpux11.00
configure flags:Test Run By dave on Wed Feb 18 09:47:34 2015



More information about the Gcc-testresults mailing list