Results for 5.0.0 20150220 (experimental) [trunk revision 220871] (GCC) testsuite on sparc-sun-solaris2.12

Rainer Orth ro@CeBiTec.Uni-Bielefeld.DE
Sun Feb 22 09:16:00 GMT 2015


LAST_UPDATED: Fri Feb 20 15:29:40 UTC 2015 (revision 220871)

		=== acats tests ===

		=== acats Summary ===
# of expected passes		2320
# of unexpected failures	0
Native configuration is sparc-sun-solaris2.12

		=== g++ tests ===


Running target unix
WARNING: program timed out.
WARNING: program timed out.
WARNING: program timed out.
UNRESOLVED: tmpdir-g++.dg-struct-layout-1/t002 cp_compat_x_tst.o-cp_compat_y_tst.o execute 
UNRESOLVED: tmpdir-g++.dg-struct-layout-1/t002 cp_compat_x_tst.o-cp_compat_y_tst.o link 
FAIL: tmpdir-g++.dg-struct-layout-1/t002 cp_compat_y_tst.o compile
UNRESOLVED: tmpdir-g++.dg-struct-layout-1/t024 cp_compat_x_tst.o-cp_compat_y_tst.o execute 
UNRESOLVED: tmpdir-g++.dg-struct-layout-1/t024 cp_compat_x_tst.o-cp_compat_y_tst.o link 
FAIL: tmpdir-g++.dg-struct-layout-1/t024 cp_compat_y_tst.o compile
UNRESOLVED: tmpdir-g++.dg-struct-layout-1/t025 cp_compat_x_tst.o-cp_compat_y_tst.o execute 
UNRESOLVED: tmpdir-g++.dg-struct-layout-1/t025 cp_compat_x_tst.o-cp_compat_y_tst.o link 
FAIL: tmpdir-g++.dg-struct-layout-1/t025 cp_compat_y_tst.o compile

		=== g++ Summary for unix ===

# of expected passes		81137
# of unexpected failures	3
# of expected failures		267
# of unresolved testcases	6
# of unsupported tests		3647

Running target unix/-m64
WARNING: program timed out.
WARNING: program timed out.
WARNING: program timed out.
UNRESOLVED: tmpdir-g++.dg-struct-layout-1/t024 cp_compat_x_tst.o-cp_compat_y_tst.o execute 
UNRESOLVED: tmpdir-g++.dg-struct-layout-1/t024 cp_compat_x_tst.o-cp_compat_y_tst.o link 
FAIL: tmpdir-g++.dg-struct-layout-1/t024 cp_compat_y_tst.o compile
UNRESOLVED: tmpdir-g++.dg-struct-layout-1/t025 cp_compat_x_tst.o-cp_compat_y_tst.o execute 
UNRESOLVED: tmpdir-g++.dg-struct-layout-1/t025 cp_compat_x_tst.o-cp_compat_y_tst.o link 
FAIL: tmpdir-g++.dg-struct-layout-1/t025 cp_compat_y_tst.o compile
UNRESOLVED: tmpdir-g++.dg-struct-layout-1/t027 cp_compat_x_tst.o-cp_compat_y_tst.o execute 
UNRESOLVED: tmpdir-g++.dg-struct-layout-1/t027 cp_compat_x_tst.o-cp_compat_y_tst.o link 
FAIL: tmpdir-g++.dg-struct-layout-1/t027 cp_compat_y_tst.o compile

		=== g++ Summary for unix/-m64 ===

# of expected passes		83010
# of unexpected failures	3
# of expected failures		267
# of unresolved testcases	6
# of unsupported tests		3623

		=== g++ Summary ===

# of expected passes		164147
# of unexpected failures	6
# of expected failures		534
# of unresolved testcases	12
# of unsupported tests		7270
/var/gcc/regression/trunk/12-gcc-gas-gld/build/gcc/testsuite/g++/../../xg++  version 5.0.0 20150220 (experimental) [trunk revision 220871] (GCC) 

		=== gcc tests ===


Running target unix
FAIL: gcc.c-torture/compile/limits-externdecl.c   -O2 -flto -fno-use-linker-plugin -flto-partition=none  (test for excess errors)
WARNING: program timed out.
FAIL: gcc.dg/atomic/c11-atomic-exec-2.c   -O3 -fomit-frame-pointer  (test for excess errors)
FAIL: gcc.dg/atomic/c11-atomic-exec-2.c   -O3 -fomit-frame-pointer  execution test
FAIL: gcc.dg/atomic/c11-atomic-exec-2.c   -O3 -fomit-frame-pointer -funroll-all-loops -finline-functions  (test for excess errors)
WARNING: gcc.dg/atomic/c11-atomic-exec-2.c   -O3 -fomit-frame-pointer -funroll-all-loops -finline-functions  compilation failed to produce executable
FAIL: gcc.dg/atomic/c11-atomic-exec-2.c   -O3 -fomit-frame-pointer -funroll-loops  (test for excess errors)
WARNING: gcc.dg/atomic/c11-atomic-exec-2.c   -O3 -fomit-frame-pointer -funroll-loops  compilation failed to produce executable
FAIL: gcc.dg/atomic/c11-atomic-exec-2.c   -O3 -g  (test for excess errors)
WARNING: gcc.dg/atomic/c11-atomic-exec-2.c   -O3 -g  compilation failed to produce executable
FAIL: gcc.dg/atomic/c11-atomic-exec-3.c   -O3 -fomit-frame-pointer -funroll-all-loops -finline-functions  (test for excess errors)
WARNING: gcc.dg/atomic/c11-atomic-exec-3.c   -O3 -fomit-frame-pointer -funroll-all-loops -finline-functions  compilation failed to produce executable
FAIL: gcc.dg/atomic/c11-atomic-exec-3.c   -O3 -g  (test for excess errors)
WARNING: gcc.dg/atomic/c11-atomic-exec-3.c   -O3 -g  compilation failed to produce executable
WARNING: program timed out.
WARNING: program timed out.
WARNING: program timed out.
WARNING: program timed out.
WARNING: program timed out.
WARNING: program timed out.
WARNING: program timed out.
UNRESOLVED: tmpdir-gcc.dg-struct-layout-1/t024 c_compat_x_tst.o-c_compat_y_tst.o execute 
UNRESOLVED: tmpdir-gcc.dg-struct-layout-1/t024 c_compat_x_tst.o-c_compat_y_tst.o link 
FAIL: tmpdir-gcc.dg-struct-layout-1/t024 c_compat_y_tst.o compile
FAIL: gcc.dg/20020425-1.c (test for excess errors)
FAIL: gcc.dg/c11-atomic-2.c (test for excess errors)
FAIL: gcc.dg/pr48141.c (test for excess errors)
WARNING: program timed out.
WARNING: program timed out.
WARNING: program timed out.
FAIL: gcc.dg/graphite/vect-pr43423.c scan-tree-dump-times vect "vectorized 2 loops" 1
UNRESOLVED: gcc.dg/lto/20110201-1 c_lto_20110201-1_0.o-c_lto_20110201-1_0.o execute  -O0 -flto 
FAIL: gcc.dg/lto/20110201-1 c_lto_20110201-1_0.o-c_lto_20110201-1_0.o link,  -O0 -flto 
FAIL: gcc.dg/simulate-thread/atomic-other-int.c   -O2 -g  thread simulation test
FAIL: gcc.dg/simulate-thread/atomic-other-int.c   -O3 -g  thread simulation test
FAIL: gcc.dg/simulate-thread/atomic-other-short.c   -O0 -g  thread simulation test
FAIL: gcc.dg/simulate-thread/atomic-other-short.c   -O2 -g  thread simulation test
FAIL: gcc.dg/simulate-thread/atomic-other-short.c   -O3 -g  thread simulation test
FAIL: gcc.dg/simulate-thread/speculative-store-4.c   -O0 -g  thread simulation test
FAIL: gcc.dg/simulate-thread/speculative-store-4.c   -O2 -g  thread simulation test
FAIL: gcc.dg/simulate-thread/speculative-store-4.c   -O3 -g  thread simulation test
FAIL: gcc.dg/simulate-thread/speculative-store.c   -O0 -g  thread simulation test

		=== gcc Summary for unix ===

# of expected passes		88820
# of unexpected failures	23
# of expected failures		327
# of unresolved testcases	3
# of unsupported tests		2086

Running target unix/-m64
FAIL: gcc.c-torture/execute/pr24716.c   -O2  (test for excess errors)
FAIL: gcc.c-torture/execute/pr24716.c   -O2  execution test
WARNING: program timed out.
FAIL: gcc.dg/c11-atomic-2.c (test for excess errors)
FAIL: gcc.dg/pr48141.c (test for excess errors)
FAIL: gcc.dg/visibility-22.c execution test
WARNING: program timed out.
WARNING: program timed out.
FAIL: gcc.dg/graphite/vect-pr43423.c scan-tree-dump-times vect "vectorized 2 loops" 1
UNRESOLVED: gcc.dg/lto/20110201-1 c_lto_20110201-1_0.o-c_lto_20110201-1_0.o execute  -O0 -flto 
FAIL: gcc.dg/lto/20110201-1 c_lto_20110201-1_0.o-c_lto_20110201-1_0.o link,  -O0 -flto 

		=== gcc Summary for unix/-m64 ===

# of expected passes		89638
# of unexpected failures	7
# of expected failures		316
# of unresolved testcases	1
# of unsupported tests		2013

		=== gcc Summary ===

# of expected passes		178458
# of unexpected failures	30
# of expected failures		643
# of unresolved testcases	4
# of unsupported tests		4099
/var/gcc/regression/trunk/12-gcc-gas-gld/build/gcc/xgcc  version 5.0.0 20150220 (experimental) [trunk revision 220871] (GCC) 

		=== gfortran tests ===


Running target unix
FAIL: gfortran.dg/minlocval_3.f90   -O2  (test for excess errors)
WARNING: gfortran.dg/minlocval_3.f90   -O2  compilation failed to produce executable
FAIL: gfortran.dg/minlocval_3.f90   -O3 -fomit-frame-pointer  (test for excess errors)
WARNING: gfortran.dg/minlocval_3.f90   -O3 -fomit-frame-pointer  compilation failed to produce executable
FAIL: gfortran.dg/minlocval_3.f90   -O3 -fomit-frame-pointer -funroll-all-loops -finline-functions  (test for excess errors)
WARNING: gfortran.dg/minlocval_3.f90   -O3 -fomit-frame-pointer -funroll-all-loops -finline-functions  compilation failed to produce executable
FAIL: gfortran.dg/minlocval_3.f90   -O3 -fomit-frame-pointer -funroll-loops  (test for excess errors)
WARNING: gfortran.dg/minlocval_3.f90   -O3 -fomit-frame-pointer -funroll-loops  compilation failed to produce executable
FAIL: gfortran.dg/minlocval_3.f90   -O3 -g  (test for excess errors)
WARNING: gfortran.dg/minlocval_3.f90   -O3 -g  compilation failed to produce executable
FAIL: gfortran.dg/minlocval_3.f90   -Os  (test for excess errors)
WARNING: gfortran.dg/minlocval_3.f90   -Os  compilation failed to produce executable
WARNING: program timed out.
WARNING: program timed out.
WARNING: program timed out.
WARNING: program timed out.
WARNING: program timed out.
WARNING: program timed out.

		=== gfortran Summary for unix ===

# of expected passes		47734
# of unexpected failures	6
# of expected failures		80
# of unsupported tests		277

Running target unix/-m64
FAIL: gfortran.dg/minlocval_3.f90   -O3 -fomit-frame-pointer -funroll-all-loops -finline-functions  (test for excess errors)
WARNING: gfortran.dg/minlocval_3.f90   -O3 -fomit-frame-pointer -funroll-all-loops -finline-functions  compilation failed to produce executable
FAIL: gfortran.dg/minlocval_3.f90   -O3 -g  (test for excess errors)
WARNING: gfortran.dg/minlocval_3.f90   -O3 -g  compilation failed to produce executable
WARNING: program timed out.
WARNING: program timed out.

		=== gfortran Summary for unix/-m64 ===

# of expected passes		48069
# of unexpected failures	2
# of expected failures		80
# of unsupported tests		116

		=== gfortran Summary ===

# of expected passes		95803
# of unexpected failures	8
# of expected failures		160
# of unsupported tests		393
/var/gcc/regression/trunk/12-gcc-gas-gld/build/gcc/testsuite/gfortran/../../gfortran  version 5.0.0 20150220 (experimental) [trunk revision 220871] (GCC) 

		=== gnat tests ===


Running target unix

		=== gnat Summary for unix ===

# of expected passes		1293
# of expected failures		20
# of unsupported tests		19

Running target unix/-m64

		=== gnat Summary for unix/-m64 ===

# of expected passes		1293
# of expected failures		20
# of unsupported tests		19

		=== gnat Summary ===

# of expected passes		2586
# of expected failures		40
# of unsupported tests		38
/var/gcc/regression/trunk/12-gcc-gas-gld/build/gcc/gnatmake version 5.0.0 20150220 (experimental) [trunk revision 220871]

		=== go tests ===


Running target unix
FAIL: ./64bit-out.go compilation,  -O0 -g -fno-var-tracking-assignments 
FAIL: ./index0-out.go compilation,  -O0 -g -fno-var-tracking-assignments 
FAIL: ./issue5162-out.go compilation,  -O0 -g -fno-var-tracking-assignments 
FAIL: ./select5-out.go compilation,  -O0 -g -fno-var-tracking-assignments 
FAIL: ./slice3-out.go compilation,  -O0 -g -fno-var-tracking-assignments 
FAIL: go.test/test/append.go compilation,  -O2 -g 
FAIL: go.test/test/cmplxdivide.go
WARNING: program timed out.
WARNING: program timed out.
WARNING: program timed out.
WARNING: program timed out.
WARNING: program timed out.
WARNING: program timed out.
WARNING: program timed out.

		=== go Summary for unix ===

# of expected passes		7347
# of unexpected failures	7
# of expected failures		1
# of untested testcases		17
# of unsupported tests		3

Running target unix/-m64
FAIL: ./64bit-out.go compilation,  -O0 -g -fno-var-tracking-assignments 
FAIL: ./index0-out.go compilation,  -O0 -g -fno-var-tracking-assignments 
FAIL: ./issue5162-out.go compilation,  -O0 -g -fno-var-tracking-assignments 
FAIL: ./select5-out.go compilation,  -O0 -g -fno-var-tracking-assignments 
FAIL: ./slice3-out.go compilation,  -O0 -g -fno-var-tracking-assignments 
FAIL: go.test/test/append.go compilation,  -O2 -g 
FAIL: go.test/test/cmplxdivide.go
WARNING: program timed out.
WARNING: program timed out.
WARNING: program timed out.
WARNING: program timed out.
WARNING: program timed out.
WARNING: program timed out.
WARNING: program timed out.
WARNING: program timed out.

		=== go Summary for unix/-m64 ===

# of expected passes		7227
# of unexpected failures	7
# of expected failures		1
# of untested testcases		17
# of unsupported tests		3

		=== go Summary ===

# of expected passes		14574
# of unexpected failures	14
# of expected failures		2
# of untested testcases		34
# of unsupported tests		6
/var/gcc/regression/trunk/12-gcc-gas-gld/build/gcc/testsuite/go/../../gccgo  version 5.0.0 20150220 (experimental) [trunk revision 220871] (GCC) 

		=== obj-c++ tests ===


Running target unix

		=== obj-c++ Summary for unix ===

# of expected passes		1453
# of expected failures		2
# of unsupported tests		86

Running target unix/-m64

		=== obj-c++ Summary for unix/-m64 ===

# of expected passes		1445
# of expected failures		10
# of unsupported tests		86

		=== obj-c++ Summary ===

# of expected passes		2898
# of expected failures		12
# of unsupported tests		172
/var/gcc/regression/trunk/12-gcc-gas-gld/build/gcc/testsuite/obj-c++/../../xg++  version 5.0.0 20150220 (experimental) [trunk revision 220871] (GCC) 

		=== objc tests ===


Running target unix

		=== objc Summary for unix ===

# of expected passes		3016
# of unsupported tests		74

Running target unix/-m64

		=== objc Summary for unix/-m64 ===

# of expected passes		3016
# of unsupported tests		74

		=== objc Summary ===

# of expected passes		6032
# of unsupported tests		148
/var/gcc/regression/trunk/12-gcc-gas-gld/build/gcc/xgcc  version 5.0.0 20150220 (experimental) [trunk revision 220871] (GCC) 

		=== boehm-gc tests ===


Running target unix

		=== boehm-gc Summary for unix ===

# of expected passes		12
# of unsupported tests		1

Running target unix/-m64

		=== boehm-gc Summary for unix/-m64 ===

# of expected passes		12
# of unsupported tests		1

		=== boehm-gc Summary ===

# of expected passes		24
# of unsupported tests		2
		=== libatomic tests ===


Running target unix

		=== libatomic Summary for unix ===

# of expected passes		44
# of unsupported tests		5

Running target unix/-m64

		=== libatomic Summary for unix/-m64 ===

# of expected passes		54

		=== libatomic Summary ===

# of expected passes		98
# of unsupported tests		5
		=== libffi tests ===


Running target unix

		=== libffi Summary for unix ===

# of expected passes		2214

Running target unix/-m64

		=== libffi Summary for unix/-m64 ===

# of expected passes		2214

		=== libffi Summary ===

# of expected passes		4428
		=== libgo tests ===


Running target unix
FAIL: reflect
FAIL: runtime

		=== libgo Summary for unix ===

# of expected passes		122
# of unexpected failures	2

Running target unix/-m64
FAIL: runtime

		=== libgo Summary for unix/-m64 ===

# of expected passes		123
# of unexpected failures	1

		=== libgo Summary ===

# of expected passes		245
# of unexpected failures	3
/var/gcc/regression/trunk/12-gcc-gas-gld/build/./gcc/gccgo version 5.0.0 20150220 (experimental) [trunk revision 220871] (GCC)

		=== libgomp tests ===


Running target unix

		=== libgomp Summary for unix ===

# of expected passes		5737
# of unsupported tests		281

Running target unix/-m64

		=== libgomp Summary for unix/-m64 ===

# of expected passes		5737
# of unsupported tests		281

		=== libgomp Summary ===

# of expected passes		11474
# of unsupported tests		562
		=== libitm tests ===


Running target unix

		=== libitm Summary for unix ===

# of expected passes		26
# of expected failures		3
# of unsupported tests		1

Running target unix/-m64

		=== libitm Summary for unix/-m64 ===

# of expected passes		26
# of expected failures		3
# of unsupported tests		1

		=== libitm Summary ===

# of expected passes		52
# of expected failures		6
# of unsupported tests		2
		=== libjava tests ===


Running target unix

		=== libjava Summary for unix ===

# of expected passes		2582
# of expected failures		4

Running target unix/-m64

		=== libjava Summary for unix/-m64 ===

# of expected passes		2582
# of expected failures		4

		=== libjava Summary ===

# of expected passes		5164
# of expected failures		8
		=== libstdc++ tests ===


Running target unix
FAIL: libstdc++-abi/abi_check
FAIL: 20_util/scoped_allocator/2.cc (test for excess errors)
WARNING: 20_util/scoped_allocator/2.cc compilation failed to produce executable
FAIL: 22_locale/conversions/string/2.cc execution test
FAIL: 28_regex/algorithms/regex_match/ecma/wchar_t/anymatcher.cc (test for excess errors)
FAIL: 28_regex/algorithms/regex_match/ecma/wchar_t/anymatcher.cc execution test
FAIL: 28_regex/algorithms/regex_match/ecma/wchar_t/cjk_match.cc (test for excess errors)
WARNING: 28_regex/algorithms/regex_match/ecma/wchar_t/cjk_match.cc compilation failed to produce executable
FAIL: 28_regex/algorithms/regex_match/ecma/wchar_t/hex.cc (test for excess errors)
WARNING: 28_regex/algorithms/regex_match/ecma/wchar_t/hex.cc compilation failed to produce executable
FAIL: 28_regex/algorithms/regex_match/extended/string_any.cc (test for excess errors)
WARNING: 28_regex/algorithms/regex_match/extended/string_any.cc compilation failed to produce executable
FAIL: ext/pb_ds/regression/tree_map_rand.cc (test for excess errors)
WARNING: ext/pb_ds/regression/tree_map_rand.cc compilation failed to produce executable
FAIL: ext/pb_ds/regression/tree_set_rand.cc (test for excess errors)
WARNING: ext/pb_ds/regression/tree_set_rand.cc compilation failed to produce executable
FAIL: ext/pb_ds/regression/trie_map_rand.cc (test for excess errors)
WARNING: ext/pb_ds/regression/trie_map_rand.cc compilation failed to produce executable
WARNING: program timed out.
WARNING: program timed out.
WARNING: program timed out.
WARNING: program timed out.
WARNING: program timed out.
WARNING: program timed out.
WARNING: program timed out.
WARNING: program timed out.

		=== libstdc++ Summary for unix ===

# of expected passes		9346
# of unexpected failures	11
# of expected failures		66
# of unsupported tests		611

Running target unix/-m64
FAIL: libstdc++-abi/abi_check
FAIL: 20_util/scoped_allocator/2.cc (test for excess errors)
WARNING: 20_util/scoped_allocator/2.cc compilation failed to produce executable
FAIL: 22_locale/conversions/string/2.cc execution test
FAIL: 28_regex/algorithms/regex_match/basic/string_range_02_03.cc (test for excess errors)
WARNING: 28_regex/algorithms/regex_match/basic/string_range_02_03.cc compilation failed to produce executable
FAIL: 28_regex/algorithms/regex_match/cstring_bracket_01.cc (test for excess errors)
WARNING: 28_regex/algorithms/regex_match/cstring_bracket_01.cc compilation failed to produce executable
FAIL: 28_regex/algorithms/regex_match/ecma/char/emptygroup.cc (test for excess errors)
WARNING: 28_regex/algorithms/regex_match/ecma/char/emptygroup.cc compilation failed to produce executable
FAIL: 28_regex/algorithms/regex_match/ecma/char/hex.cc (test for excess errors)
WARNING: 28_regex/algorithms/regex_match/ecma/char/hex.cc compilation failed to produce executable
FAIL: 28_regex/algorithms/regex_match/ecma/char/quoted_char.cc (test for excess errors)
WARNING: 28_regex/algorithms/regex_match/ecma/char/quoted_char.cc compilation failed to produce executable
FAIL: 28_regex/algorithms/regex_match/ecma/wchar_t/63199.cc (test for excess errors)
WARNING: 28_regex/algorithms/regex_match/ecma/wchar_t/63199.cc compilation failed to produce executable
FAIL: 28_regex/algorithms/regex_match/ecma/wchar_t/anymatcher.cc (test for excess errors)
WARNING: 28_regex/algorithms/regex_match/ecma/wchar_t/anymatcher.cc compilation failed to produce executable
FAIL: 28_regex/algorithms/regex_match/ecma/wchar_t/cjk_match.cc (test for excess errors)
WARNING: 28_regex/algorithms/regex_match/ecma/wchar_t/cjk_match.cc compilation failed to produce executable
FAIL: 28_regex/algorithms/regex_match/ecma/wchar_t/hex.cc (test for excess errors)
WARNING: 28_regex/algorithms/regex_match/ecma/wchar_t/hex.cc compilation failed to produce executable
FAIL: 28_regex/algorithms/regex_match/extended/cstring_questionmark.cc (test for excess errors)
FAIL: 28_regex/algorithms/regex_match/extended/cstring_questionmark.cc execution test
FAIL: 28_regex/algorithms/regex_match/extended/cstring_range.cc (test for excess errors)
WARNING: 28_regex/algorithms/regex_match/extended/cstring_range.cc compilation failed to produce executable
FAIL: 28_regex/algorithms/regex_match/extended/string_any.cc (test for excess errors)
WARNING: 28_regex/algorithms/regex_match/extended/string_any.cc compilation failed to produce executable
FAIL: 28_regex/algorithms/regex_search/61424.cc (test for excess errors)
WARNING: 28_regex/algorithms/regex_search/61424.cc compilation failed to produce executable
FAIL: 28_regex/algorithms/regex_search/61720.cc (test for excess errors)
WARNING: 28_regex/algorithms/regex_search/61720.cc compilation failed to produce executable
FAIL: 28_regex/algorithms/regex_search/basic/string_01.cc (test for excess errors)
WARNING: 28_regex/algorithms/regex_search/basic/string_01.cc compilation failed to produce executable
FAIL: 28_regex/iterators/regex_iterator/char/string_position_01.cc (test for excess errors)
WARNING: 28_regex/iterators/regex_iterator/char/string_position_01.cc compilation failed to produce executable
FAIL: ext/pb_ds/regression/hash_map_rand.cc (test for excess errors)
WARNING: ext/pb_ds/regression/hash_map_rand.cc compilation failed to produce executable
FAIL: ext/pb_ds/regression/hash_set_rand.cc (test for excess errors)
WARNING: ext/pb_ds/regression/hash_set_rand.cc compilation failed to produce executable
FAIL: ext/pb_ds/regression/list_update_map_rand.cc (test for excess errors)
FAIL: ext/pb_ds/regression/list_update_map_rand.cc execution test
FAIL: ext/pb_ds/regression/tree_map_rand.cc (test for excess errors)
WARNING: ext/pb_ds/regression/tree_map_rand.cc compilation failed to produce executable
FAIL: ext/pb_ds/regression/tree_set_rand.cc (test for excess errors)
WARNING: ext/pb_ds/regression/tree_set_rand.cc compilation failed to produce executable
FAIL: ext/pb_ds/regression/trie_set_rand.cc (test for excess errors)
WARNING: ext/pb_ds/regression/trie_set_rand.cc compilation failed to produce executable
WARNING: program timed out.
WARNING: program timed out.
WARNING: program timed out.
WARNING: program timed out.
WARNING: program timed out.
WARNING: program timed out.
WARNING: program timed out.
WARNING: program timed out.
WARNING: program timed out.
WARNING: program timed out.
WARNING: program timed out.
WARNING: program timed out.
WARNING: program timed out.
WARNING: program timed out.
WARNING: program timed out.
WARNING: program timed out.
WARNING: program timed out.
WARNING: program timed out.
WARNING: program timed out.
WARNING: program timed out.
WARNING: program timed out.
WARNING: program timed out.
WARNING: program timed out.

		=== libstdc++ Summary for unix/-m64 ===

# of expected passes		9316
# of unexpected failures	27
# of expected failures		66
# of unsupported tests		611

		=== libstdc++ Summary ===

# of expected passes		18662
# of unexpected failures	38
# of expected failures		132
# of unsupported tests		1222

Compiler version: 5.0.0 20150220 (experimental) [trunk revision 220871] (GCC) 
Platform: sparc-sun-solaris2.12
configure flags: --prefix=/vol/gcc --target=sparc-sun-solaris2.12 --enable-objc-gc --with-as=/vol/gcc/bin/gas-2.25 --with-gnu-as --with-ld=/vol/gcc/bin/gld-2.25 --with-gnu-ld --with-gmp-include=/vol/gcc/include --with-gmp-lib=/vol/gcc/lib --with-mpfr-include=/vol/gcc/include --with-mpfr-lib=/vol/gcc/lib --with-mpc-include=/vol/gcc/include --with-mpc-lib=/vol/gcc/lib --enable-languages=all,ada,obj-c++,go --with-isl-include=/vol/gcc/include --with-isl-lib=/vol/gcc/lib --with-cloog-include=/vol/gcc/include --with-cloog-lib=/vol/gcc/lib --enable-cloog-backend=isl
BOOT_CFLAGS=-g -O2



More information about the Gcc-testresults mailing list