Results for 5.0.0 20150217 (experimental) [trunk revision 220775] (GCC) testsuite on hppa-unknown-linux-gnu

John David Anglin dave.anglin@bell.net
Fri Feb 20 13:31:00 GMT 2015


LAST_UPDATED: Tue Feb 17 23:27:22 UTC 2015 (revision 220775)

		=== acats tests ===

		=== acats Summary ===
# of expected passes		2320
# of unexpected failures	0
Native configuration is hppa-unknown-linux-gnu

		=== gcc tests ===


Running target unix
FAIL: gcc.c-torture/compile/limits-fndefn.c   -O2 -flto -fno-use-linker-plugin -flto-partition=none  (internal compiler error)
FAIL: gcc.c-torture/compile/limits-fndefn.c   -O2 -flto -fno-use-linker-plugin -flto-partition=none  (test for excess errors)
FAIL: gcc.c-torture/compile/limits-fndefn.c   -O2 -flto -fuse-linker-plugin -fno-fat-lto-objects  (internal compiler error)
FAIL: gcc.c-torture/compile/limits-fndefn.c   -O2 -flto -fuse-linker-plugin -fno-fat-lto-objects  (test for excess errors)
FAIL: gcc.dg/atomic/c11-atomic-exec-5.c   -O0  execution test
FAIL: gcc.dg/atomic/c11-atomic-exec-5.c   -O1  execution test
FAIL: gcc.dg/atomic/c11-atomic-exec-5.c   -O2  execution test
FAIL: gcc.dg/atomic/c11-atomic-exec-5.c   -O3 -fomit-frame-pointer  execution test
FAIL: gcc.dg/atomic/c11-atomic-exec-5.c   -O3 -fomit-frame-pointer -funroll-loops  execution test
FAIL: gcc.dg/atomic/c11-atomic-exec-5.c   -O3 -fomit-frame-pointer -funroll-all-loops -finline-functions  execution test
FAIL: gcc.dg/atomic/c11-atomic-exec-5.c   -O3 -g  execution test
FAIL: gcc.dg/atomic/c11-atomic-exec-5.c   -Os  execution test
FAIL: gcc.dg/atomic/c11-atomic-exec-5.c   -O2 -flto -fno-use-linker-plugin -flto-partition=none  execution test
FAIL: gcc.dg/atomic/c11-atomic-exec-5.c   -O2 -flto -fuse-linker-plugin -fno-fat-lto-objects  execution test
FAIL: gcc.dg/tree-ssa/ivopts-lt-2.c scan-tree-dump-times ivopts "PHI <p_" 1
FAIL: gcc.dg/tree-ssa/ivopts-lt-2.c scan-tree-dump-times ivopts "p_[0-9]* <" 1
XPASS: gcc.dg/tree-ssa/loop-1.c scan-assembler-times foo 5

		=== gcc Summary ===

# of expected passes		86234
# of unexpected failures	16
# of unexpected successes	1
# of expected failures		116
# of unsupported tests		1596
/home/dave/gnu/gcc/objdir/gcc/xgcc  version 5.0.0 20150217 (experimental) [trunk revision 220775] (GCC) 

		=== gfortran tests ===


Running target unix
FAIL: gfortran.dg/graphite/pr42393.f90   -O  (internal compiler error)
FAIL: gfortran.dg/graphite/pr42393.f90   -O  (test for excess errors)

		=== gfortran Summary ===

# of expected passes		46849
# of unexpected failures	2
# of expected failures		79
# of unsupported tests		417
/home/dave/gnu/gcc/objdir/gcc/testsuite/gfortran/../../gfortran  version 5.0.0 20150217 (experimental) [trunk revision 220775] (GCC) 

		=== g++ tests ===


Running target unix
FAIL: g++.dg/cpp1y/udlit-char-template-vs-std-literal-operator.C  -std=c++14 (test for excess errors)
UNRESOLVED: g++.dg/cpp1y/udlit-char-template-vs-std-literal-operator.C  -std=c++14 compilation failed to produce executable
XPASS: g++.dg/tls/thread_local-order2.C  -std=c++11 execution test
XPASS: g++.dg/tls/thread_local-order2.C  -std=c++14 execution test

		=== g++ Summary ===

# of expected passes		81149
# of unexpected failures	1
# of unexpected successes	2
# of expected failures		265
# of unresolved testcases	1
# of unsupported tests		3583
/home/dave/gnu/gcc/objdir/gcc/testsuite/g++/../../xg++  version 5.0.0 20150217 (experimental) [trunk revision 220775] (GCC) 

		=== gnat tests ===


Running target unix

		=== gnat Summary ===

# of expected passes		1303
# of expected failures		20
# of unsupported tests		15
/home/dave/gnu/gcc/objdir/gcc/gnatmake version 5.0.0 20150217 (experimental) [trunk revision 220775]

		=== obj-c++ tests ===


Running target unix

		=== obj-c++ Summary ===

# of expected passes		1453
# of expected failures		2
# of unsupported tests		86
/home/dave/gnu/gcc/objdir/gcc/testsuite/obj-c++/../../xg++  version 5.0.0 20150217 (experimental) [trunk revision 220775] (GCC) 

		=== objc tests ===


Running target unix

		=== objc Summary ===

# of expected passes		3016
# of unsupported tests		74
/home/dave/gnu/gcc/objdir/gcc/xgcc  version 5.0.0 20150217 (experimental) [trunk revision 220775] (GCC) 

		=== boehm-gc tests ===


Running target unix

		=== boehm-gc Summary ===

# of expected passes		12
# of unsupported tests		1
		=== libatomic tests ===


Running target unix

		=== libatomic Summary ===

# of expected passes		44
# of unsupported tests		5
		=== libffi tests ===


Running target unix

		=== libffi Summary ===

# of expected passes		1914
# of unsupported tests		30
		=== libgomp tests ===


Running target unix

		=== libgomp Summary ===

# of expected passes		5741
# of unsupported tests		279
		=== libjava tests ===


Running target unix

		=== libjava Summary ===

# of expected passes		2582
# of expected failures		4
		=== libstdc++ tests ===


Running target unix
FAIL: 22_locale/numpunct/members/char/3.cc execution test
FAIL: 22_locale/time_get/get_date/wchar_t/4.cc execution test
WARNING: program timed out.
FAIL: ext/rope/pthread7-rope.cc execution test

		=== libstdc++ Summary ===

# of expected passes		10110
# of unexpected failures	3
# of expected failures		65
# of unsupported tests		268

Compiler version: 5.0.0 20150217 (experimental) [trunk revision 220775] (GCC) 
Platform: hppa-unknown-linux-gnu
configure flags: --with-gnu-as --with-gnu-ld --enable-shared --enable-multiarch --enable-linker-build-id --build=hppa-linux-gnu --host=hppa-linux-gnu --target=hppa-linux-gnu --prefix=/home/dave/opt/gnu/gcc/gcc-5.0 --with-local-prefix=/home/dave/opt/gnu --enable-threads=posix --enable-__cxa_atexit --build=hppa-linux-gnu --enable-clocale=gnu --enable-java-gc=boehm --enable-checking=release --enable-languages=c,c++,objc,fortran,obj-c++,java,ada,lto



More information about the Gcc-testresults mailing list