Results for 4.9.3 20150219 (prerelease) [gcc-4_9-branch revision 220820] (GCC) testsuite on powerpc64-unknown-linux-gnu

Pat Haugen (POWER5) pthaugen@us.ibm.com
Fri Feb 20 11:04:00 GMT 2015


Linux 2.6.16.60-0.83.2-ppc64 ppc64
GNU C Library stable release version 2.4 (20110922)
GNU ld (GNU Binutils) 2.21.1
GNU assembler (GNU Binutils) 2.21.1
GNU Make 3.80

DejaGnu:
	Expect version is	5.43.0
	Tcl version is		8.4
	Framework version is	1.4.4

32-bit biarch default32

LAST_UPDATED: Thu Feb 19 19:19:44 UTC 2015 (revision 220820)

Native configuration is powerpc64-unknown-linux-gnu

		=== gcc tests ===


Running target unix/-m32
FAIL: gcc.c-torture/compile/pr60655-2.c  -O3 -g  (test for excess errors)
FAIL: gcc.dg/atomic/c11-atomic-exec-5.c  -O0  execution test
FAIL: gcc.dg/atomic/c11-atomic-exec-5.c  -O1  execution test
FAIL: gcc.dg/atomic/c11-atomic-exec-5.c  -O2  execution test
FAIL: gcc.dg/atomic/c11-atomic-exec-5.c  -O3 -fomit-frame-pointer  execution test
FAIL: gcc.dg/atomic/c11-atomic-exec-5.c  -O3 -fomit-frame-pointer -funroll-loops  execution test
FAIL: gcc.dg/atomic/c11-atomic-exec-5.c  -O3 -fomit-frame-pointer -funroll-all-loops -finline-functions  execution test
FAIL: gcc.dg/atomic/c11-atomic-exec-5.c  -O3 -g  execution test
FAIL: gcc.dg/atomic/c11-atomic-exec-5.c  -Os  execution test
FAIL: gcc.dg/atomic/c11-atomic-exec-5.c  -O2 -flto -fno-use-linker-plugin -flto-partition=none  execution test
FAIL: gcc.dg/atomic/c11-atomic-exec-5.c  -O2 -flto -fuse-linker-plugin -fno-fat-lto-objects  execution test
FAIL: gcc.dg/and-1.c scan-assembler-not nand
FAIL: gcc.dg/binop-xor1.c scan-tree-dump-times optimized "\\\\^" 1
FAIL: gcc.dg/cproj-fails-with-broken-glibc.c execution test
FAIL: gcc.dg/tree-ssa/sra-12.c scan-tree-dump-times release_ssa "l;" 0
FAIL: gcc.dg/tree-ssa/ssa-dom-thread-4.c scan-tree-dump-times dom1 "Threaded" 3
FAIL: gcc.dg/tree-ssa/vrp47.c scan-tree-dump-times vrp1 "[xy][^ ]* !=" 0
FAIL: gcc.dg/vect/costmodel/ppc/costmodel-bb-slp-9a.c scan-tree-dump-times slp "basic block vectorized using SLP" 1
FAIL: gcc.dg/vect/no-vfa-vect-depend-2.c scan-tree-dump-times vect "vectorized 1 loops" 1
FAIL: gcc.dg/vect/no-vfa-vect-depend-3.c scan-tree-dump-times vect "vectorized 1 loops" 4
FAIL: gcc.target/powerpc/405-dlmzb-strlen-1.c scan-assembler dlmzb\\\\. 
FAIL: gcc.target/powerpc/440-dlmzb-strlen-1.c scan-assembler dlmzb\\\\. 
FAIL: gcc.target/powerpc/pr53199.c scan-assembler-times lwbrx 6
FAIL: gcc.target/powerpc/pr53199.c scan-assembler-times stwbrx 6
FAIL: gcc.target/powerpc/pr63335.c execution test

		=== gcc Summary for unix/-m32 ===

# of expected passes		92052
# of unexpected failures	25
# of expected failures		219
# of unsupported tests		1578

Running target unix/-m64
FAIL: gcc.dg/atomic/c11-atomic-exec-5.c  -O0  execution test
FAIL: gcc.dg/atomic/c11-atomic-exec-5.c  -O1  execution test
FAIL: gcc.dg/atomic/c11-atomic-exec-5.c  -O2  execution test
FAIL: gcc.dg/atomic/c11-atomic-exec-5.c  -O3 -fomit-frame-pointer  execution test
FAIL: gcc.dg/atomic/c11-atomic-exec-5.c  -O3 -fomit-frame-pointer -funroll-loops  execution test
FAIL: gcc.dg/atomic/c11-atomic-exec-5.c  -O3 -fomit-frame-pointer -funroll-all-loops -finline-functions  execution test
FAIL: gcc.dg/atomic/c11-atomic-exec-5.c  -O3 -g  execution test
FAIL: gcc.dg/atomic/c11-atomic-exec-5.c  -Os  execution test
FAIL: gcc.dg/atomic/c11-atomic-exec-5.c  -O2 -flto -fno-use-linker-plugin -flto-partition=none  execution test
FAIL: gcc.dg/atomic/c11-atomic-exec-5.c  -O2 -flto -fuse-linker-plugin -fno-fat-lto-objects  execution test
FAIL: gcc.dg/and-1.c scan-assembler-not nand
FAIL: gcc.dg/binop-xor1.c scan-tree-dump-times optimized "\\\\^" 1
FAIL: gcc.dg/cproj-fails-with-broken-glibc.c execution test
FAIL: gcc.dg/pr44194-1.c scan-rtl-dump dse1 "global deletions = (2|3)"
FAIL: gcc.dg/sms-4.c scan-rtl-dump-times sms "SMS succeeded" 1
FAIL: gcc.dg/tree-ssa/ssa-dom-thread-4.c scan-tree-dump-times dom1 "Threaded" 3
FAIL: gcc.dg/tree-ssa/vrp47.c scan-tree-dump-times vrp1 "[xy][^ ]* !=" 0
FAIL: gcc.dg/vect/costmodel/ppc/costmodel-bb-slp-9a.c scan-tree-dump-times slp "basic block vectorized using SLP" 1
FAIL: gcc.dg/vect/no-vfa-vect-depend-2.c scan-tree-dump-times vect "vectorized 1 loops" 1
FAIL: gcc.dg/vect/no-vfa-vect-depend-3.c scan-tree-dump-times vect "vectorized 1 loops" 4
FAIL: gcc.target/powerpc/pr63335.c execution test

		=== gcc Summary for unix/-m64 ===

# of expected passes		92831
# of unexpected failures	21
# of expected failures		232
# of unsupported tests		1596

		=== gcc Summary ===

# of expected passes		184883
# of unexpected failures	46
# of expected failures		451
# of unsupported tests		3174
/home/gccbuild/build/nightly/build-gcc-4.9/gcc/xgcc  version 4.9.3 20150219 (prerelease) [gcc-4_9-branch revision 220820] (GCC) 

		=== gfortran tests ===


Running target unix/-m32
FAIL: gfortran.dg/class_allocate_18.f90  -O0  execution test
FAIL: gfortran.dg/class_allocate_18.f90  -O1  execution test
FAIL: gfortran.dg/class_allocate_18.f90  -O2  execution test
FAIL: gfortran.dg/class_allocate_18.f90  -O3 -fomit-frame-pointer  execution test
FAIL: gfortran.dg/class_allocate_18.f90  -O3 -fomit-frame-pointer -funroll-loops  execution test
FAIL: gfortran.dg/class_allocate_18.f90  -O3 -fomit-frame-pointer -funroll-all-loops -finline-functions  execution test
FAIL: gfortran.dg/class_allocate_18.f90  -O3 -g  execution test
FAIL: gfortran.dg/class_allocate_18.f90  -Os  execution test

		=== gfortran Summary for unix/-m32 ===

# of expected passes		45166
# of unexpected failures	8
# of expected failures		55
# of unsupported tests		254

Running target unix/-m64

		=== gfortran Summary for unix/-m64 ===

# of expected passes		45501
# of expected failures		55
# of unsupported tests		93

		=== gfortran Summary ===

# of expected passes		90667
# of unexpected failures	8
# of expected failures		110
# of unsupported tests		347
/home/gccbuild/build/nightly/build-gcc-4.9/gcc/testsuite/gfortran/../../gfortran  version 4.9.3 20150219 (prerelease) [gcc-4_9-branch revision 220820] (GCC) 

		=== g++ tests ===


Running target unix/-m32
FAIL: g++.dg/ipa/devirt-28a.C -std=gnu++98 (test for excess errors)
FAIL: g++.dg/ipa/devirt-28a.C -std=gnu++11 (test for excess errors)
FAIL: g++.dg/ipa/devirt-28a.C -std=gnu++1y (test for excess errors)

		=== g++ Summary for unix/-m32 ===

# of expected passes		80631
# of unexpected failures	3
# of expected failures		445
# of unsupported tests		3066

Running target unix/-m64
FAIL: g++.dg/ipa/devirt-28a.C -std=gnu++98 (test for excess errors)
FAIL: g++.dg/ipa/devirt-28a.C -std=gnu++11 (test for excess errors)
FAIL: g++.dg/ipa/devirt-28a.C -std=gnu++1y (test for excess errors)

		=== g++ Summary for unix/-m64 ===

# of expected passes		82458
# of unexpected failures	3
# of expected failures		445
# of unsupported tests		3083

		=== g++ Summary ===

# of expected passes		163089
# of unexpected failures	6
# of expected failures		890
# of unsupported tests		6149
/home/gccbuild/build/nightly/build-gcc-4.9/gcc/testsuite/g++/../../xg++  version 4.9.3 20150219 (prerelease) [gcc-4_9-branch revision 220820] (GCC) 

		=== obj-c++ tests ===


Running target unix/-m32

		=== obj-c++ Summary for unix/-m32 ===

# of expected passes		1449
# of expected failures		2
# of unsupported tests		86

Running target unix/-m64

		=== obj-c++ Summary for unix/-m64 ===

# of expected passes		1441
# of expected failures		10
# of unsupported tests		86

		=== obj-c++ Summary ===

# of expected passes		2890
# of expected failures		12
# of unsupported tests		172
/home/gccbuild/build/nightly/build-gcc-4.9/gcc/testsuite/obj-c++/../../xg++  version 4.9.3 20150219 (prerelease) [gcc-4_9-branch revision 220820] (GCC) 

		=== objc tests ===


Running target unix/-m32

		=== objc Summary for unix/-m32 ===

# of expected passes		2994
# of unsupported tests		74

Running target unix/-m64

		=== objc Summary for unix/-m64 ===

# of expected passes		2994
# of unsupported tests		74

		=== objc Summary ===

# of expected passes		5988
# of unsupported tests		148
/home/gccbuild/build/nightly/build-gcc-4.9/gcc/xgcc  version 4.9.3 20150219 (prerelease) [gcc-4_9-branch revision 220820] (GCC) 

		=== libatomic tests ===


Running target unix/-m32

		=== libatomic Summary for unix/-m32 ===

# of expected passes		44
# of unsupported tests		5

Running target unix/-m64

		=== libatomic Summary for unix/-m64 ===

# of expected passes		54

		=== libatomic Summary ===

# of expected passes		98
# of unsupported tests		5
		=== libgomp tests ===


Running target unix/-m32
FAIL: libgomp.fortran/target7.f90  -O0  execution test
FAIL: libgomp.fortran/target7.f90  -O1  execution test
FAIL: libgomp.fortran/target7.f90  -O2  execution test
FAIL: libgomp.fortran/target7.f90  -O3 -fomit-frame-pointer  execution test
FAIL: libgomp.fortran/target7.f90  -O3 -fomit-frame-pointer -funroll-loops  execution test
FAIL: libgomp.fortran/target7.f90  -O3 -fomit-frame-pointer -funroll-all-loops -finline-functions  execution test
FAIL: libgomp.fortran/target7.f90  -O3 -g  execution test
FAIL: libgomp.fortran/target7.f90  -Os  execution test
FAIL: libgomp.fortran/target8.f90  -O0  execution test
FAIL: libgomp.fortran/target8.f90  -O1  execution test
FAIL: libgomp.fortran/target8.f90  -O2  execution test
FAIL: libgomp.fortran/target8.f90  -O3 -fomit-frame-pointer -funroll-loops  execution test
FAIL: libgomp.fortran/target8.f90  -O3 -fomit-frame-pointer -funroll-all-loops -finline-functions  execution test
FAIL: libgomp.fortran/target8.f90  -O3 -g  execution test
FAIL: libgomp.fortran/target8.f90  -Os  execution test

		=== libgomp Summary for unix/-m32 ===

# of expected passes		3227
# of unexpected failures	15
# of unsupported tests		36

Running target unix/-m64

		=== libgomp Summary for unix/-m64 ===

# of expected passes		3242
# of unsupported tests		36

		=== libgomp Summary ===

# of expected passes		6469
# of unexpected failures	15
# of unsupported tests		72
		=== libitm tests ===


Running target unix/-m32

		=== libitm Summary for unix/-m32 ===

# of expected passes		26
# of expected failures		3
# of unsupported tests		1

Running target unix/-m64

		=== libitm Summary for unix/-m64 ===

# of expected passes		26
# of expected failures		3
# of unsupported tests		1

		=== libitm Summary ===

# of expected passes		52
# of expected failures		6
# of unsupported tests		2
		=== libstdc++ tests ===


Running target unix/-m32
FAIL: libstdc++-abi/abi_check

		=== libstdc++ Summary for unix/-m32 ===

# of expected passes		9953
# of unexpected failures	1
# of expected failures		41
# of unsupported tests		244

Running target unix/-m64

		=== libstdc++ Summary for unix/-m64 ===

# of expected passes		9954
# of expected failures		41
# of unsupported tests		244

		=== libstdc++ Summary ===

# of expected passes		19907
# of unexpected failures	1
# of expected failures		82
# of unsupported tests		488

Compiler version: 4.9.3 20150219 (prerelease) [gcc-4_9-branch revision 220820] (GCC) 
Platform: powerpc64-unknown-linux-gnu
configure flags: --prefix=/opt/gcc-nightly/4.9 --build=powerpc64-linux --host=powerpc64-linux --target=powerpc64-linux --with-cpu=default32 --with-as=/opt/gcc-nightly/binutils-2.21.1/bin/as --with-ld=/opt/gcc-nightly/binutils-2.21.1/bin/ld --enable-threads=posix --enable-shared --enable-__cxa_atexit --enable-languages=c,c++,fortran,objc,obj-c++ --with-long-double-128 --enable-secureplt --enable-checking --disable-alsa --enable-decimal-float --with-gmp=/opt/gcc-nightly/gcc-host-libs --with-mpfr=/opt/gcc-nightly/gcc-host-libs --with-mpc=/opt/gcc-nightly/gcc-host-libs --with-libelf=/opt/gcc-nightly/gcc-host-libs --without-ppl --without-cloog --disable-libsanitizer



More information about the Gcc-testresults mailing list