Results for 5.0.0 20150219 (experimental) (GCC) testsuite on i386-unknown-freebsd10.1

Gerald Pfeifer gerald@FreeBSD.org
Thu Feb 19 19:59:00 GMT 2015


Native configuration is i386-unknown-freebsd10.1

		=== g++ tests ===


Running target unix
FAIL: c-c++-common/Wconversion-real.c  -std=gnu++98  (test for warnings, line 27)
FAIL: c-c++-common/Wconversion-real.c  -std=gnu++98  (test for warnings, line 28)
FAIL: c-c++-common/Wconversion-real.c  -std=gnu++11  (test for warnings, line 27)
FAIL: c-c++-common/Wconversion-real.c  -std=gnu++11  (test for warnings, line 28)
FAIL: c-c++-common/Wconversion-real.c  -std=gnu++14  (test for warnings, line 27)
FAIL: c-c++-common/Wconversion-real.c  -std=gnu++14  (test for warnings, line 28)
FAIL: c-c++-common/Wfloat-conversion.c  -std=gnu++98  (test for warnings, line 36)
FAIL: c-c++-common/Wfloat-conversion.c  -std=gnu++98  (test for warnings, line 37)
FAIL: c-c++-common/Wfloat-conversion.c  -std=gnu++11  (test for warnings, line 36)
FAIL: c-c++-common/Wfloat-conversion.c  -std=gnu++11  (test for warnings, line 37)
FAIL: c-c++-common/Wfloat-conversion.c  -std=gnu++14  (test for warnings, line 36)
FAIL: c-c++-common/Wfloat-conversion.c  -std=gnu++14  (test for warnings, line 37)
FAIL: g++.old-deja/g++.other/init18.C  -std=c++98 execution test
FAIL: g++.old-deja/g++.other/init18.C  -std=c++11 execution test
FAIL: g++.old-deja/g++.other/init18.C  -std=c++14 execution test
FAIL: g++.old-deja/g++.other/init19.C  -std=c++98 execution test
FAIL: g++.old-deja/g++.other/init19.C  -std=c++11 execution test
FAIL: g++.old-deja/g++.other/init19.C  -std=c++14 execution test

		=== g++ Summary ===

# of expected passes		84215
# of unexpected failures	18
# of expected failures		267
# of unsupported tests		3275
/scratch2/tmp/gerald/OBJ-0219-1640/gcc/testsuite/g++/../../xg++  version 5.0.0 20150219 (experimental) (GCC) 

		=== gcc tests ===


Running target unix
FAIL: gcc.c-torture/execute/20030125-1.c   -O1  execution test
FAIL: gcc.c-torture/execute/20030125-1.c   -O2  execution test
FAIL: gcc.c-torture/execute/20030125-1.c   -O3 -fomit-frame-pointer  execution test
FAIL: gcc.c-torture/execute/20030125-1.c   -O3 -g  execution test
FAIL: gcc.c-torture/execute/20030125-1.c   -Os  execution test
FAIL: gcc.c-torture/execute/20030125-1.c   -O2 -flto -fno-use-linker-plugin -flto-partition=none  execution test
FAIL: gcc.c-torture/execute/20030125-1.c   -O2 -flto -fuse-linker-plugin -fno-fat-lto-objects  execution test
FAIL: gcc.c-torture/execute/conversion.c   -O0  execution test
FAIL: gcc.c-torture/execute/ieee/copysign1.c execution,  -O1 
FAIL: gcc.c-torture/execute/ieee/copysign2.c execution,  -O0 
FAIL: gcc.c-torture/execute/ieee/copysign2.c execution,  -O1 
FAIL: gcc.c-torture/execute/ieee/copysign2.c execution,  -O2 
FAIL: gcc.c-torture/execute/ieee/copysign2.c execution,  -O3 -fomit-frame-pointer 
FAIL: gcc.c-torture/execute/ieee/copysign2.c execution,  -O3 -fomit-frame-pointer -funroll-loops 
FAIL: gcc.c-torture/execute/ieee/copysign2.c execution,  -O3 -fomit-frame-pointer -funroll-all-loops -finline-functions 
FAIL: gcc.c-torture/execute/ieee/copysign2.c execution,  -O3 -g 
FAIL: gcc.c-torture/execute/ieee/copysign2.c execution,  -Os 
FAIL: gcc.c-torture/execute/ieee/copysign2.c execution,  -Og -g 
FAIL: gcc.c-torture/execute/ieee/copysign2.c execution,  -O2 -flto -fno-use-linker-plugin -flto-partition=none 
FAIL: gcc.c-torture/execute/ieee/copysign2.c execution,  -O2 -flto -fuse-linker-plugin -fno-fat-lto-objects 
FAIL: c-c++-common/Wconversion-real.c  -Wc++-compat   (test for warnings, line 27)
FAIL: c-c++-common/Wconversion-real.c  -Wc++-compat   (test for warnings, line 28)
FAIL: c-c++-common/Wfloat-conversion.c  -Wc++-compat   (test for warnings, line 36)
FAIL: c-c++-common/Wfloat-conversion.c  -Wc++-compat   (test for warnings, line 37)
FAIL: gcc.dg/builtins-20.c (test for excess errors)
FAIL: gcc.dg/builtins-57.c (test for excess errors)
FAIL: gcc.dg/builtins-58.c scan-assembler-not pow\\\\M
FAIL: gcc.dg/builtins-59.c scan-tree-dump gimple "__builtin_cexpi"
FAIL: gcc.dg/builtins-59.c scan-tree-dump-not gimple "sincos"
FAIL: gcc.dg/builtins-61.c scan-tree-dump optimized "cexpi"
FAIL: gcc.dg/builtins-61.c scan-tree-dump optimized "sin"
FAIL: gcc.dg/builtins-61.c scan-tree-dump optimized "cos"
FAIL: gcc.dg/builtins-61.c scan-tree-dump optimized "return 0.0"
FAIL: gcc.dg/builtins-62.c scan-tree-dump-times optimized "cexpi" 3
FAIL: gcc.dg/builtins-65.c (test for excess errors)
FAIL: gcc.dg/c99-stdint-7.c (test for excess errors)
FAIL: gcc.dg/c99-tgmath-4.c (test for excess errors)
UNRESOLVED: gcc.dg/c99-tgmath-4.c scan-assembler cpowf
FAIL: gcc.dg/pr45352-1.c (test for excess errors)
FAIL: gcc.dg/pr63914.c (test for excess errors)
FAIL: gcc.dg/utf-array-short-wchar.c  (test for errors, line 39)
FAIL: gcc.dg/utf-array-short-wchar.c  (test for errors, line 41)
FAIL: gcc.dg/utf-array-short-wchar.c (test for excess errors)
FAIL: gcc.dg/torture/builtin-convert-1.c   -O1  (test for excess errors)
FAIL: gcc.dg/torture/builtin-convert-1.c   -O2  (test for excess errors)
FAIL: gcc.dg/torture/builtin-convert-1.c   -O3 -fomit-frame-pointer  (test for excess errors)
FAIL: gcc.dg/torture/builtin-convert-1.c   -O3 -g  (test for excess errors)
FAIL: gcc.dg/torture/builtin-convert-1.c   -Os  (test for excess errors)
FAIL: gcc.dg/torture/builtin-convert-1.c   -O2 -flto -fno-use-linker-plugin -flto-partition=none  (test for excess errors)
FAIL: gcc.dg/torture/builtin-convert-2.c   -O1  (test for excess errors)
FAIL: gcc.dg/torture/builtin-convert-2.c   -O2  (test for excess errors)
FAIL: gcc.dg/torture/builtin-convert-2.c   -O3 -fomit-frame-pointer  (test for excess errors)
FAIL: gcc.dg/torture/builtin-convert-2.c   -O3 -g  (test for excess errors)
FAIL: gcc.dg/torture/builtin-convert-2.c   -Os  (test for excess errors)
FAIL: gcc.dg/torture/builtin-convert-2.c   -O2 -flto -fno-use-linker-plugin -flto-partition=none  (test for excess errors)
FAIL: gcc.dg/torture/builtin-convert-3.c   -O1  (test for excess errors)
FAIL: gcc.dg/torture/builtin-convert-3.c   -O2  (test for excess errors)
FAIL: gcc.dg/torture/builtin-convert-3.c   -O3 -fomit-frame-pointer  (test for excess errors)
FAIL: gcc.dg/torture/builtin-convert-3.c   -O3 -g  (test for excess errors)
FAIL: gcc.dg/torture/builtin-convert-3.c   -Os  (test for excess errors)
FAIL: gcc.dg/torture/builtin-convert-3.c   -O2 -flto -fno-use-linker-plugin -flto-partition=none  (test for excess errors)
FAIL: gcc.dg/torture/builtin-power-1.c   -O2 -flto -fno-use-linker-plugin -flto-partition=none  (test for excess errors)
FAIL: gcc.dg/torture/fp-int-convert-float80.c   -O0  execution test
FAIL: gcc.dg/torture/fp-int-convert-float80.c   -O1  execution test
FAIL: gcc.dg/torture/fp-int-convert-float80.c   -O2  execution test
FAIL: gcc.dg/torture/fp-int-convert-float80.c   -O3 -fomit-frame-pointer  execution test
FAIL: gcc.dg/torture/fp-int-convert-float80.c   -O3 -g  execution test
FAIL: gcc.dg/torture/fp-int-convert-float80.c   -Os  execution test
FAIL: gcc.dg/torture/fp-int-convert-float80.c   -O2 -flto -fno-use-linker-plugin -flto-partition=none  execution test
FAIL: gcc.dg/torture/fp-int-convert-float80.c   -O2 -flto -fuse-linker-plugin -fno-fat-lto-objects  execution test
FAIL: gcc.dg/torture/fp-int-convert-long-double.c   -O0  execution test
FAIL: gcc.dg/torture/fp-int-convert-long-double.c   -O1  execution test
FAIL: gcc.dg/torture/fp-int-convert-long-double.c   -O2  execution test
FAIL: gcc.dg/torture/fp-int-convert-long-double.c   -O3 -fomit-frame-pointer  execution test
FAIL: gcc.dg/torture/fp-int-convert-long-double.c   -O3 -g  execution test
FAIL: gcc.dg/torture/fp-int-convert-long-double.c   -Os  execution test
FAIL: gcc.dg/torture/fp-int-convert-long-double.c   -O2 -flto -fno-use-linker-plugin -flto-partition=none  execution test
FAIL: gcc.dg/torture/fp-int-convert-long-double.c   -O2 -flto -fuse-linker-plugin -fno-fat-lto-objects  execution test
FAIL: gcc.target/i386/avx512f-ceil-sfix-vec-2.c scan-assembler-times vrndscalepd[^\\n]*zmm[0-9](?:\\n|[ \\\\t]+#) 2
FAIL: gcc.target/i386/avx512f-ceil-sfix-vec-2.c scan-assembler-times vcvttpd2dq[^\\n]*zmm[0-9].{7}(?:\\n|[ \\\\t]+#) 2
FAIL: gcc.target/i386/avx512f-floor-sfix-vec-2.c scan-assembler-times vrndscalepd[^\\n]*zmm[0-9](?:\\n|[ \\\\t]+#) 2
FAIL: gcc.target/i386/avx512f-floor-sfix-vec-2.c scan-assembler-times vcvttpd2dq[^\\n]*zmm[0-9].{7}(?:\\n|[ \\\\t]+#) 2
FAIL: gcc.target/i386/excess-precision-1.c execution test
FAIL: gcc.target/i386/excess-precision-3.c execution test
FAIL: gcc.target/i386/mcount_pic.c (test for excess errors)
UNRESOLVED: gcc.target/i386/mcount_pic.c compilation failed to produce executable
FAIL: gcc.target/i386/pr36578-1.c execution test
FAIL: gcc.target/i386/pr36578-2.c execution test

		=== gcc Summary ===

# of expected passes		104842
# of unexpected failures	86
# of expected failures		257
# of unresolved testcases	2
# of unsupported tests		2434
/scratch2/tmp/gerald/OBJ-0219-1640/gcc/xgcc  version 5.0.0 20150219 (experimental) (GCC) 

		=== gfortran tests ===


Running target unix
XPASS: gfortran.dg/large_real_kind_2.F90   -O0  (test for excess errors)
XPASS: gfortran.dg/large_real_kind_2.F90   -O1  (test for excess errors)
XPASS: gfortran.dg/large_real_kind_2.F90   -O2  (test for excess errors)
XPASS: gfortran.dg/large_real_kind_2.F90   -O3 -fomit-frame-pointer  (test for excess errors)
XPASS: gfortran.dg/large_real_kind_2.F90   -O3 -fomit-frame-pointer -funroll-loops  (test for excess errors)
XPASS: gfortran.dg/large_real_kind_2.F90   -O3 -fomit-frame-pointer -funroll-all-loops -finline-functions  (test for excess errors)
XPASS: gfortran.dg/large_real_kind_2.F90   -O3 -g  (test for excess errors)
XPASS: gfortran.dg/large_real_kind_2.F90   -Os  (test for excess errors)
XPASS: gfortran.dg/large_real_kind_3.F90   -O0  (test for excess errors)
XPASS: gfortran.dg/large_real_kind_3.F90   -O1  (test for excess errors)
XPASS: gfortran.dg/large_real_kind_3.F90   -O2  (test for excess errors)
XPASS: gfortran.dg/large_real_kind_3.F90   -O3 -fomit-frame-pointer  (test for excess errors)
XPASS: gfortran.dg/large_real_kind_3.F90   -O3 -fomit-frame-pointer -funroll-loops  (test for excess errors)
XPASS: gfortran.dg/large_real_kind_3.F90   -O3 -fomit-frame-pointer -funroll-all-loops -finline-functions  (test for excess errors)
XPASS: gfortran.dg/large_real_kind_3.F90   -O3 -g  (test for excess errors)
XPASS: gfortran.dg/large_real_kind_3.F90   -Os  (test for excess errors)
FAIL: gfortran.dg/round_4.f90   -O0  execution test
FAIL: gfortran.dg/round_4.f90   -O1  execution test
FAIL: gfortran.dg/round_4.f90   -O2  execution test
FAIL: gfortran.dg/round_4.f90   -O3 -fomit-frame-pointer  execution test
FAIL: gfortran.dg/round_4.f90   -O3 -fomit-frame-pointer -funroll-loops  execution test
FAIL: gfortran.dg/round_4.f90   -O3 -fomit-frame-pointer -funroll-all-loops -finline-functions  execution test
FAIL: gfortran.dg/round_4.f90   -O3 -g  execution test
FAIL: gfortran.dg/round_4.f90   -Os  execution test
FAIL: gfortran.dg/static_linking_1.f   -O0  execution test
FAIL: gfortran.dg/static_linking_1.f   -O1  execution test
FAIL: gfortran.dg/static_linking_1.f   -O2  execution test
FAIL: gfortran.dg/static_linking_1.f   -O3 -fomit-frame-pointer  execution test
FAIL: gfortran.dg/static_linking_1.f   -O3 -fomit-frame-pointer -funroll-loops  execution test
FAIL: gfortran.dg/static_linking_1.f   -O3 -fomit-frame-pointer -funroll-all-loops -finline-functions  execution test
FAIL: gfortran.dg/static_linking_1.f   -O3 -g  execution test
FAIL: gfortran.dg/static_linking_1.f   -Os  execution test

		=== gfortran Summary ===

# of expected passes		47720
# of unexpected failures	16
# of unexpected successes	16
# of expected failures		64
# of unsupported tests		226
/scratch2/tmp/gerald/OBJ-0219-1640/gcc/testsuite/gfortran/../../gfortran  version 5.0.0 20150219 (experimental) (GCC) 

		=== objc tests ===


Running target unix

		=== objc Summary ===

# of expected passes		3010
# of expected failures		6
# of unsupported tests		74
/scratch2/tmp/gerald/OBJ-0219-1640/gcc/xgcc  version 5.0.0 20150219 (experimental) (GCC) 

		=== boehm-gc tests ===


Running target unix

		=== boehm-gc Summary ===

# of expected passes		12
# of unsupported tests		1
		=== libatomic tests ===


Running target unix

		=== libatomic Summary ===

# of expected passes		44
# of unsupported tests		5
		=== libffi tests ===


Running target unix
ERROR: tcl error sourcing /scratch2/tmp/gerald/gcc-HEAD/libffi/testsuite/libffi.call/call.exp.
ERROR: can't read "additional_sources": no such variable
ERROR: tcl error sourcing /scratch2/tmp/gerald/gcc-HEAD/libffi/testsuite/libffi.complex/complex.exp.
ERROR: can't read "et_cache(ia32,value)": no such element in array
ERROR: tcl error sourcing /scratch2/tmp/gerald/gcc-HEAD/libffi/testsuite/libffi.go/go.exp.
ERROR: can't read "et_cache(ia32,value)": no such element in array

		=== libffi Summary ===

# of expected passes		24
		=== libgomp tests ===


Running target unix

		=== libgomp Summary ===

# of expected passes		4644
# of unsupported tests		204
		=== libitm tests ===


Running target unix

		=== libitm Summary ===

# of expected passes		26
# of expected failures		3
# of unsupported tests		1
		=== libjava tests ===


Running target unix
FAIL: Throw_2 execution - source compiled test
FAIL: Throw_2 -findirect-dispatch execution - source compiled test
FAIL: Throw_2 -O3 execution - source compiled test
FAIL: Throw_2 -O3 -findirect-dispatch execution - source compiled test

		=== libjava Summary ===

# of expected passes		2574
# of unexpected failures	4
# of expected failures		4
# of untested testcases		4
		=== libstdc++ tests ===


Running target unix
ERROR: 18_support/type_info/fundamental.cc: can't read "additional_sources": no such variable for " dg-require-effective-target 2 dfp "
UNRESOLVED: 18_support/type_info/fundamental.cc: can't read "additional_sources": no such variable for " dg-require-effective-target 2 dfp "
ERROR: 21_strings/c_strings/char/3_neg.cc: can't read "additional_sources": no such variable for " dg-do 1 compile { target correct_iso_cpp_string_wchar_protos } "
UNRESOLVED: 21_strings/c_strings/char/3_neg.cc: can't read "additional_sources": no such variable for " dg-do 1 compile { target correct_iso_cpp_string_wchar_protos } "
ERROR: 21_strings/c_strings/wchar_t/3_neg.cc: can't read "et_cache(correct_iso_cpp_string_wchar_protos,value)": no such element in array for " dg-do 1 compile { target correct_iso_cpp_string_wchar_protos } "
UNRESOLVED: 21_strings/c_strings/wchar_t/3_neg.cc: can't read "et_cache(correct_iso_cpp_string_wchar_protos,value)": no such element in array for " dg-do 1 compile { target correct_iso_cpp_string_wchar_protos } "
ERROR: 22_locale/collate/compare/wchar_t/2.cc: can't read "additional_sources": no such variable for " dg-require-iconv 4 "ISO8859-1" "
UNRESOLVED: 22_locale/collate/compare/wchar_t/2.cc: can't read "additional_sources": no such variable for " dg-require-iconv 4 "ISO8859-1" "
ERROR: 22_locale/collate/compare/wchar_t/wrapped_env.cc: can't read "additional_sources": no such variable for " dg-require-iconv 4 "ISO8859-1" "
UNRESOLVED: 22_locale/collate/compare/wchar_t/wrapped_env.cc: can't read "additional_sources": no such variable for " dg-require-iconv 4 "ISO8859-1" "
ERROR: 22_locale/collate/compare/wchar_t/wrapped_locale.cc: can't read "additional_sources": no such variable for " dg-require-iconv 4 "ISO8859-1" "
UNRESOLVED: 22_locale/collate/compare/wchar_t/wrapped_locale.cc: can't read "additional_sources": no such variable for " dg-require-iconv 4 "ISO8859-1" "
ERROR: 22_locale/collate/hash/wchar_t/2.cc: can't read "additional_sources": no such variable for " dg-require-iconv 4 "ISO8859-1" "
UNRESOLVED: 22_locale/collate/hash/wchar_t/2.cc: can't read "additional_sources": no such variable for " dg-require-iconv 4 "ISO8859-1" "
ERROR: 22_locale/collate/hash/wchar_t/wrapped_env.cc: can't read "additional_sources": no such variable for " dg-require-iconv 4 "ISO8859-1" "
UNRESOLVED: 22_locale/collate/hash/wchar_t/wrapped_env.cc: can't read "additional_sources": no such variable for " dg-require-iconv 4 "ISO8859-1" "
ERROR: 22_locale/collate/hash/wchar_t/wrapped_locale.cc: can't read "additional_sources": no such variable for " dg-require-iconv 4 "ISO8859-1" "
UNRESOLVED: 22_locale/collate/hash/wchar_t/wrapped_locale.cc: can't read "additional_sources": no such variable for " dg-require-iconv 4 "ISO8859-1" "
ERROR: 22_locale/collate/transform/wchar_t/2.cc: can't read "additional_sources": no such variable for " dg-require-iconv 4 "ISO8859-1" "
UNRESOLVED: 22_locale/collate/transform/wchar_t/2.cc: can't read "additional_sources": no such variable for " dg-require-iconv 4 "ISO8859-1" "
ERROR: 22_locale/collate/transform/wchar_t/wrapped_env.cc: can't read "additional_sources": no such variable for " dg-require-iconv 4 "ISO8859-1" "
UNRESOLVED: 22_locale/collate/transform/wchar_t/wrapped_env.cc: can't read "additional_sources": no such variable for " dg-require-iconv 4 "ISO8859-1" "
ERROR: 22_locale/collate/transform/wchar_t/wrapped_locale.cc: can't read "additional_sources": no such variable for " dg-require-iconv 4 "ISO8859-1" "
UNRESOLVED: 22_locale/collate/transform/wchar_t/wrapped_locale.cc: can't read "additional_sources": no such variable for " dg-require-iconv 4 "ISO8859-1" "
FAIL: 22_locale/conversions/string/2.cc execution test
ERROR: 22_locale/locale/cons/unicode.cc: can't read "additional_sources": no such variable for " dg-require-iconv 1 "ISO-8859-1" "
UNRESOLVED: 22_locale/locale/cons/unicode.cc: can't read "additional_sources": no such variable for " dg-require-iconv 1 "ISO-8859-1" "
ERROR: 22_locale/num_get/get/char/2.cc: can't read "additional_sources": no such variable for " dg-do 22 run { xfail lax_strtofp } "
UNRESOLVED: 22_locale/num_get/get/char/2.cc: can't read "additional_sources": no such variable for " dg-do 22 run { xfail lax_strtofp } "
ERROR: 22_locale/num_get/get/wchar_t/2.cc: can't read "et_cache(uclibc,value)": no such element in array for " dg-do 22 run { xfail lax_strtofp } "
UNRESOLVED: 22_locale/num_get/get/wchar_t/2.cc: can't read "et_cache(uclibc,value)": no such element in array for " dg-do 22 run { xfail lax_strtofp } "
ERROR: 22_locale/time_put/put/wchar_t/1.cc: can't read "additional_sources": no such variable for " dg-do 22 run { xfail dummy_wcsftime } "
UNRESOLVED: 22_locale/time_put/put/wchar_t/1.cc: can't read "additional_sources": no such variable for " dg-do 22 run { xfail dummy_wcsftime } "
ERROR: 22_locale/time_put/put/wchar_t/10.cc: can't read "et_cache(uclibc,value)": no such element in array for " dg-do 22 run { xfail dummy_wcsftime } "
UNRESOLVED: 22_locale/time_put/put/wchar_t/10.cc: can't read "et_cache(uclibc,value)": no such element in array for " dg-do 22 run { xfail dummy_wcsftime } "
ERROR: 22_locale/time_put/put/wchar_t/5.cc: can't read "et_cache(uclibc,value)": no such element in array for " dg-do 22 run { xfail dummy_wcsftime } "
UNRESOLVED: 22_locale/time_put/put/wchar_t/5.cc: can't read "et_cache(uclibc,value)": no such element in array for " dg-do 22 run { xfail dummy_wcsftime } "
ERROR: 22_locale/time_put/put/wchar_t/9.cc: can't read "et_cache(uclibc,value)": no such element in array for " dg-do 22 run { xfail dummy_wcsftime } "
UNRESOLVED: 22_locale/time_put/put/wchar_t/9.cc: can't read "et_cache(uclibc,value)": no such element in array for " dg-do 22 run { xfail dummy_wcsftime } "
ERROR: 23_containers/map/modifiers/erase/dr130-linkage-check.cc: can't read "additional_sources": no such variable for " dg-require-effective-target 1 ia32 "
UNRESOLVED: 23_containers/map/modifiers/erase/dr130-linkage-check.cc: can't read "additional_sources": no such variable for " dg-require-effective-target 1 ia32 "
ERROR: 23_containers/multimap/modifiers/erase/dr130-linkage-check.cc: can't read "additional_sources": no such variable for " dg-require-effective-target 1 ia32 "
UNRESOLVED: 23_containers/multimap/modifiers/erase/dr130-linkage-check.cc: can't read "additional_sources": no such variable for " dg-require-effective-target 1 ia32 "
ERROR: 23_containers/multiset/modifiers/erase/dr130-linkage-check.cc: can't read "et_cache(ia32,value)": no such element in array for " dg-require-effective-target 1 ia32 "
UNRESOLVED: 23_containers/multiset/modifiers/erase/dr130-linkage-check.cc: can't read "et_cache(ia32,value)": no such element in array for " dg-require-effective-target 1 ia32 "
ERROR: 23_containers/set/modifiers/erase/dr130-linkage-check.cc: can't read "et_cache(ia32,value)": no such element in array for " dg-require-effective-target 1 ia32 "
UNRESOLVED: 23_containers/set/modifiers/erase/dr130-linkage-check.cc: can't read "et_cache(ia32,value)": no such element in array for " dg-require-effective-target 1 ia32 "
FAIL: 26_numerics/complex/13450.cc (test for excess errors)
ERROR: 26_numerics/headers/cmath/c99_classification_macros_c++.cc: can't read "et_cache(uclibc,value)": no such element in array for " dg-do 21 compile { xfail uclibc } "
UNRESOLVED: 26_numerics/headers/cmath/c99_classification_macros_c++.cc: can't read "et_cache(uclibc,value)": no such element in array for " dg-do 21 compile { xfail uclibc } "
ERROR: 26_numerics/headers/cmath/c99_classification_macros_c++0x.cc: can't read "et_cache(uclibc,value)": no such element in array for " dg-do 19 compile { xfail uclibc } "
UNRESOLVED: 26_numerics/headers/cmath/c99_classification_macros_c++0x.cc: can't read "et_cache(uclibc,value)": no such element in array for " dg-do 19 compile { xfail uclibc } "
ERROR: 26_numerics/headers/cmath/c99_classification_macros_c.cc: can't read "et_cache(uclibc,value)": no such element in array for " dg-xfail-if 23 "" { { *-*-linux* *-*-gnu* *-*-darwin* *-*-solaris2.1[0-9]* hppa*-*-hpux* *-*-mingw* *-*-aix* } || { uclibc || newlib } } { "*" } { "" } "
UNRESOLVED: 26_numerics/headers/cmath/c99_classification_macros_c.cc: can't read "et_cache(uclibc,value)": no such element in array for " dg-xfail-if 23 "" { { *-*-linux* *-*-gnu* *-*-darwin* *-*-solaris2.1[0-9]* hppa*-*-hpux* *-*-mingw* *-*-aix* } || { uclibc || newlib } } { "*" } { "" } "
ERROR: 27_io/basic_filebuf/close/char/4879.cc: can't read "additional_sources": no such variable for " dg-require-fork 1 "" "
UNRESOLVED: 27_io/basic_filebuf/close/char/4879.cc: can't read "additional_sources": no such variable for " dg-require-fork 1 "" "
ERROR: 27_io/basic_filebuf/close/char/9964.cc: can't read "et_cache(fork_available,value)": no such element in array for " dg-require-fork 1 "" "
UNRESOLVED: 27_io/basic_filebuf/close/char/9964.cc: can't read "et_cache(fork_available,value)": no such element in array for " dg-require-fork 1 "" "
ERROR: 27_io/basic_filebuf/imbue/char/13171-2.cc: can't read "additional_sources": no such variable for " dg-require-fork 3 "" "
UNRESOLVED: 27_io/basic_filebuf/imbue/char/13171-2.cc: can't read "additional_sources": no such variable for " dg-require-fork 3 "" "
ERROR: 27_io/basic_filebuf/imbue/char/13582-2.cc: can't read "et_cache(fork_available,value)": no such element in array for " dg-require-fork 3 "" "
UNRESOLVED: 27_io/basic_filebuf/imbue/char/13582-2.cc: can't read "et_cache(fork_available,value)": no such element in array for " dg-require-fork 3 "" "
ERROR: 27_io/basic_filebuf/imbue/wchar_t/13582-2.cc: can't read "additional_sources": no such variable for " dg-require-fork 3 "" "
UNRESOLVED: 27_io/basic_filebuf/imbue/wchar_t/13582-2.cc: can't read "additional_sources": no such variable for " dg-require-fork 3 "" "
ERROR: 27_io/basic_filebuf/imbue/wchar_t/14975-2.cc: can't read "et_cache(fork_available,value)": no such element in array for " dg-require-fork 2 "" "
UNRESOLVED: 27_io/basic_filebuf/imbue/wchar_t/14975-2.cc: can't read "et_cache(fork_available,value)": no such element in array for " dg-require-fork 2 "" "
ERROR: 27_io/basic_filebuf/open/char/9507.cc: can't read "additional_sources": no such variable for " dg-require-mkfifo 1 "" "
UNRESOLVED: 27_io/basic_filebuf/open/char/9507.cc: can't read "additional_sources": no such variable for " dg-require-mkfifo 1 "" "
ERROR: 27_io/basic_filebuf/seekoff/char/26777.cc: can't read "et_cache(fork_available,value)": no such element in array for " dg-require-fork 1 "" "
UNRESOLVED: 27_io/basic_filebuf/seekoff/char/26777.cc: can't read "et_cache(fork_available,value)": no such element in array for " dg-require-fork 1 "" "
ERROR: 27_io/basic_filebuf/showmanyc/char/9533-1.cc: can't read "et_cache(fork_available,value)": no such element in array for " dg-require-fork 1 "" "
UNRESOLVED: 27_io/basic_filebuf/showmanyc/char/9533-1.cc: can't read "et_cache(fork_available,value)": no such element in array for " dg-require-fork 1 "" "
ERROR: 27_io/basic_filebuf/underflow/char/10097.cc: can't read "et_cache(fork_available,value)": no such element in array for " dg-require-fork 1 "" "
UNRESOLVED: 27_io/basic_filebuf/underflow/char/10097.cc: can't read "et_cache(fork_available,value)": no such element in array for " dg-require-fork 1 "" "
ERROR: 27_io/basic_istream/extractors_arithmetic/char/09.cc: can't read "et_cache(uclibc,value)": no such element in array for " dg-do 22 run { xfail lax_strtofp } "
UNRESOLVED: 27_io/basic_istream/extractors_arithmetic/char/09.cc: can't read "et_cache(uclibc,value)": no such element in array for " dg-do 22 run { xfail lax_strtofp } "
ERROR: 27_io/basic_istream/extractors_arithmetic/char/12.cc: can't read "et_cache(uclibc,value)": no such element in array for " dg-do 22 run { xfail { lax_strtofp } } "
UNRESOLVED: 27_io/basic_istream/extractors_arithmetic/char/12.cc: can't read "et_cache(uclibc,value)": no such element in array for " dg-do 22 run { xfail { lax_strtofp } } "
ERROR: 27_io/basic_istream/extractors_arithmetic/wchar_t/09.cc: can't read "et_cache(uclibc,value)": no such element in array for " dg-do 20 run { xfail lax_strtofp } "
UNRESOLVED: 27_io/basic_istream/extractors_arithmetic/wchar_t/09.cc: can't read "et_cache(uclibc,value)": no such element in array for " dg-do 20 run { xfail lax_strtofp } "
ERROR: 27_io/basic_istream/extractors_arithmetic/wchar_t/12.cc: can't read "additional_sources": no such variable for " dg-do 20 run { xfail { lax_strtofp } } "
UNRESOLVED: 27_io/basic_istream/extractors_arithmetic/wchar_t/12.cc: can't read "additional_sources": no such variable for " dg-do 20 run { xfail { lax_strtofp } } "
ERROR: 27_io/basic_ostream/inserters_arithmetic/char/6.cc: can't read "et_cache(uclibc,value)": no such element in array for " dg-do 21 run { xfail lax_strtofp } "
UNRESOLVED: 27_io/basic_ostream/inserters_arithmetic/char/6.cc: can't read "et_cache(uclibc,value)": no such element in array for " dg-do 21 run { xfail lax_strtofp } "
ERROR: 27_io/basic_ostream/inserters_arithmetic/wchar_t/6.cc: can't read "et_cache(uclibc,value)": no such element in array for " dg-do 18 run { xfail lax_strtofp } "
UNRESOLVED: 27_io/basic_ostream/inserters_arithmetic/wchar_t/6.cc: can't read "et_cache(uclibc,value)": no such element in array for " dg-do 18 run { xfail lax_strtofp } "
ERROR: 27_io/objects/char/7.cc: can't read "et_cache(fork_available,value)": no such element in array for " dg-require-fork 1 "" "
UNRESOLVED: 27_io/objects/char/7.cc: can't read "et_cache(fork_available,value)": no such element in array for " dg-require-fork 1 "" "
ERROR: 27_io/objects/char/9661-1.cc: can't read "et_cache(fork_available,value)": no such element in array for " dg-require-fork 1 "" "
UNRESOLVED: 27_io/objects/char/9661-1.cc: can't read "et_cache(fork_available,value)": no such element in array for " dg-require-fork 1 "" "
ERROR: 27_io/objects/wchar_t/7.cc: can't read "et_cache(fork_available,value)": no such element in array for " dg-require-fork 1 "" "
UNRESOLVED: 27_io/objects/wchar_t/7.cc: can't read "et_cache(fork_available,value)": no such element in array for " dg-require-fork 1 "" "
ERROR: 27_io/objects/wchar_t/9661-1.cc: can't read "et_cache(fork_available,value)": no such element in array for " dg-require-fork 1 "" "
UNRESOLVED: 27_io/objects/wchar_t/9661-1.cc: can't read "et_cache(fork_available,value)": no such element in array for " dg-require-fork 1 "" "
ERROR: 28_regex/traits/char/isctype.cc: can't read "additional_sources": no such variable for " dg-additional-options 3 "-DNEWLINE_IN_CLASS_BLANK" { target newlib } "
UNRESOLVED: 28_regex/traits/char/isctype.cc: can't read "additional_sources": no such variable for " dg-additional-options 3 "-DNEWLINE_IN_CLASS_BLANK" { target newlib } "
ERROR: 28_regex/traits/wchar_t/isctype.cc: can't read "et_cache(newlib,value)": no such element in array for " dg-additional-options 3 "-DNEWLINE_IN_CLASS_BLANK" { target newlib } "
UNRESOLVED: 28_regex/traits/wchar_t/isctype.cc: can't read "et_cache(newlib,value)": no such element in array for " dg-additional-options 3 "-DNEWLINE_IN_CLASS_BLANK" { target newlib } "
ERROR: 29_atomics/atomic_flag/test_and_set/explicit-hle.cc: can't read "et_cache(ia32,value)": no such element in array for " dg-options 3 "-std=gnu++11 -g0 -fno-exceptions -fno-asynchronous-unwind-tables -march=i486" { target ia32 } "
UNRESOLVED: 29_atomics/atomic_flag/test_and_set/explicit-hle.cc: can't read "et_cache(ia32,value)": no such element in array for " dg-options 3 "-std=gnu++11 -g0 -fno-exceptions -fno-asynchronous-unwind-tables -march=i486" { target ia32 } "
ERROR: decimal/binary-arith.cc: can't read "additional_sources": no such variable for " dg-require-effective-target 18 dfp "
UNRESOLVED: decimal/binary-arith.cc: can't read "additional_sources": no such variable for " dg-require-effective-target 18 dfp "
ERROR: decimal/cast_neg.cc: can't read "et_cache(dfp,value)": no such element in array for " dg-require-effective-target 19 dfp "
UNRESOLVED: decimal/cast_neg.cc: can't read "et_cache(dfp,value)": no such element in array for " dg-require-effective-target 19 dfp "
ERROR: decimal/comparison.cc: can't read "et_cache(dfp,value)": no such element in array for " dg-require-effective-target 18 dfp "
UNRESOLVED: decimal/comparison.cc: can't read "et_cache(dfp,value)": no such element in array for " dg-require-effective-target 18 dfp "
ERROR: decimal/compound-assignment-memfunc.cc: can't read "additional_sources": no such variable for " dg-require-effective-target 18 dfp "
UNRESOLVED: decimal/compound-assignment-memfunc.cc: can't read "additional_sources": no such variable for " dg-require-effective-target 18 dfp "
ERROR: decimal/compound-assignment.cc: can't read "et_cache(dfp,value)": no such element in array for " dg-require-effective-target 18 dfp "
UNRESOLVED: decimal/compound-assignment.cc: can't read "et_cache(dfp,value)": no such element in array for " dg-require-effective-target 18 dfp "
ERROR: decimal/conversion-from-float.cc: can't read "et_cache(dfp,value)": no such element in array for " dg-require-effective-target 18 dfp "
UNRESOLVED: decimal/conversion-from-float.cc: can't read "et_cache(dfp,value)": no such element in array for " dg-require-effective-target 18 dfp "
ERROR: decimal/conversion-from-integral.cc: can't read "et_cache(dfp,value)": no such element in array for " dg-require-effective-target 18 dfp "
UNRESOLVED: decimal/conversion-from-integral.cc: can't read "et_cache(dfp,value)": no such element in array for " dg-require-effective-target 18 dfp "
ERROR: decimal/conversion-to-generic-float.cc: can't read "et_cache(dfp,value)": no such element in array for " dg-require-effective-target 18 dfp "
UNRESOLVED: decimal/conversion-to-generic-float.cc: can't read "et_cache(dfp,value)": no such element in array for " dg-require-effective-target 18 dfp "
ERROR: decimal/conversion-to-integral.cc: can't read "et_cache(dfp,value)": no such element in array for " dg-require-effective-target 18 dfp "
UNRESOLVED: decimal/conversion-to-integral.cc: can't read "et_cache(dfp,value)": no such element in array for " dg-require-effective-target 18 dfp "
ERROR: decimal/ctor.cc: can't read "et_cache(dfp,value)": no such element in array for " dg-require-effective-target 18 dfp "
UNRESOLVED: decimal/ctor.cc: can't read "et_cache(dfp,value)": no such element in array for " dg-require-effective-target 18 dfp "
ERROR: decimal/incdec-memfunc.cc: can't read "et_cache(dfp,value)": no such element in array for " dg-require-effective-target 18 dfp "
UNRESOLVED: decimal/incdec-memfunc.cc: can't read "et_cache(dfp,value)": no such element in array for " dg-require-effective-target 18 dfp "
ERROR: decimal/incdec.cc: can't read "et_cache(dfp,value)": no such element in array for " dg-require-effective-target 18 dfp "
UNRESOLVED: decimal/incdec.cc: can't read "et_cache(dfp,value)": no such element in array for " dg-require-effective-target 18 dfp "
ERROR: decimal/make-decimal.cc: can't read "et_cache(dfp,value)": no such element in array for " dg-require-effective-target 18 dfp "
UNRESOLVED: decimal/make-decimal.cc: can't read "et_cache(dfp,value)": no such element in array for " dg-require-effective-target 18 dfp "
ERROR: decimal/mixed-mode-arith_neg.cc: can't read "et_cache(dfp,value)": no such element in array for " dg-require-effective-target 19 dfp "
UNRESOLVED: decimal/mixed-mode-arith_neg.cc: can't read "et_cache(dfp,value)": no such element in array for " dg-require-effective-target 19 dfp "
ERROR: decimal/mixed-mode-cmp_neg.cc: can't read "et_cache(dfp,value)": no such element in array for " dg-require-effective-target 19 dfp "
UNRESOLVED: decimal/mixed-mode-cmp_neg.cc: can't read "et_cache(dfp,value)": no such element in array for " dg-require-effective-target 19 dfp "
ERROR: decimal/operator_neg.cc: can't read "et_cache(dfp,value)": no such element in array for " dg-require-effective-target 19 dfp "
UNRESOLVED: decimal/operator_neg.cc: can't read "et_cache(dfp,value)": no such element in array for " dg-require-effective-target 19 dfp "
ERROR: decimal/pr54036-1.cc: can't read "et_cache(dfp,value)": no such element in array for " dg-require-effective-target 18 dfp "
UNRESOLVED: decimal/pr54036-1.cc: can't read "et_cache(dfp,value)": no such element in array for " dg-require-effective-target 18 dfp "
ERROR: decimal/pr54036-2.cc: can't read "et_cache(dfp,value)": no such element in array for " dg-require-effective-target 18 dfp "
UNRESOLVED: decimal/pr54036-2.cc: can't read "et_cache(dfp,value)": no such element in array for " dg-require-effective-target 18 dfp "
ERROR: decimal/pr54036-3.cc: can't read "et_cache(dfp,value)": no such element in array for " dg-require-effective-target 18 dfp "
UNRESOLVED: decimal/pr54036-3.cc: can't read "et_cache(dfp,value)": no such element in array for " dg-require-effective-target 18 dfp "
ERROR: decimal/pr58815.cc: can't read "et_cache(dfp,value)": no such element in array for " dg-require-effective-target 21 dfp "
UNRESOLVED: decimal/pr58815.cc: can't read "et_cache(dfp,value)": no such element in array for " dg-require-effective-target 21 dfp "
ERROR: decimal/unary-arith.cc: can't read "et_cache(dfp,value)": no such element in array for " dg-require-effective-target 18 dfp "
UNRESOLVED: decimal/unary-arith.cc: can't read "et_cache(dfp,value)": no such element in array for " dg-require-effective-target 18 dfp "
ERROR: ext/codecvt/1.cc: can't read "additional_sources": no such variable for " dg-require-iconv 1 "UCS-2BE" "
UNRESOLVED: ext/codecvt/1.cc: can't read "additional_sources": no such variable for " dg-require-iconv 1 "UCS-2BE" "
ERROR: ext/codecvt/char-1.cc: can't read "additional_sources": no such variable for " dg-require-iconv 1 "UCS-2BE" "
UNRESOLVED: ext/codecvt/char-1.cc: can't read "additional_sources": no such variable for " dg-require-iconv 1 "UCS-2BE" "
ERROR: ext/codecvt/char-2.cc: can't read "additional_sources": no such variable for " dg-require-iconv 1 "UCS-2LE" "
UNRESOLVED: ext/codecvt/char-2.cc: can't read "additional_sources": no such variable for " dg-require-iconv 1 "UCS-2LE" "
ERROR: ext/codecvt/wchar_t.cc: can't read "additional_sources": no such variable for " dg-require-iconv 1 "UCS-2BE" "
UNRESOLVED: ext/codecvt/wchar_t.cc: can't read "additional_sources": no such variable for " dg-require-iconv 1 "UCS-2BE" "
ERROR: ext/enc_filebuf/char/13189.cc: can't read "additional_sources": no such variable for " dg-require-iconv 1 "ISO-8859-1" "
UNRESOLVED: ext/enc_filebuf/char/13189.cc: can't read "additional_sources": no such variable for " dg-require-iconv 1 "ISO-8859-1" "
ERROR: ext/enc_filebuf/char/13598.cc: can't read "additional_sources": no such variable for " dg-require-iconv 5 "ISO-8859-1" "
UNRESOLVED: ext/enc_filebuf/char/13598.cc: can't read "additional_sources": no such variable for " dg-require-iconv 5 "ISO-8859-1" "
ERROR: ext/enc_filebuf/wchar_t/13189.cc: can't read "additional_sources": no such variable for " dg-require-iconv 1 "ISO-8859-1" "
UNRESOLVED: ext/enc_filebuf/wchar_t/13189.cc: can't read "additional_sources": no such variable for " dg-require-iconv 1 "ISO-8859-1" "
ERROR: ext/mt_allocator/deallocate_local-6.cc: can't read "additional_sources": no such variable for " dg-require-cxa-atexit 1 "" "
UNRESOLVED: ext/mt_allocator/deallocate_local-6.cc: can't read "additional_sources": no such variable for " dg-require-cxa-atexit 1 "" "
ERROR: ext/mt_allocator/deallocate_local-8.cc: can't read "et_cache(cxa_atexit_available,value)": no such element in array for " dg-require-cxa-atexit 1 "" "
UNRESOLVED: ext/mt_allocator/deallocate_local-8.cc: can't read "et_cache(cxa_atexit_available,value)": no such element in array for " dg-require-cxa-atexit 1 "" "
ERROR: ext/mt_allocator/deallocate_local_thread-5.cc: can't read "et_cache(cxa_atexit_available,value)": no such element in array for " dg-require-cxa-atexit 1 "" "
UNRESOLVED: ext/mt_allocator/deallocate_local_thread-5.cc: can't read "et_cache(cxa_atexit_available,value)": no such element in array for " dg-require-cxa-atexit 1 "" "
ERROR: ext/mt_allocator/deallocate_local_thread-7.cc: can't read "et_cache(cxa_atexit_available,value)": no such element in array for " dg-require-cxa-atexit 1 "" "
UNRESOLVED: ext/mt_allocator/deallocate_local_thread-7.cc: can't read "et_cache(cxa_atexit_available,value)": no such element in array for " dg-require-cxa-atexit 1 "" "
ERROR: ext/new_allocator/deallocate_global.cc: can't read "additional_sources": no such variable for " dg-require-cxa-atexit 1 "" "
UNRESOLVED: ext/new_allocator/deallocate_global.cc: can't read "additional_sources": no such variable for " dg-require-cxa-atexit 1 "" "
ERROR: ext/profile/all.cc: can't read "additional_sources": no such variable for " dg-options 2 "-std=gnu++11 -O0 -D_GLIBCXX_PROFILE_NO_THREADS" { target { ! tls_native } } "
UNRESOLVED: ext/profile/all.cc: can't read "additional_sources": no such variable for " dg-options 2 "-std=gnu++11 -O0 -D_GLIBCXX_PROFILE_NO_THREADS" { target { ! tls_native } } "
ERROR: ext/throw_allocator/deallocate_global.cc: can't read "et_cache(cxa_atexit_available,value)": no such element in array for " dg-require-cxa-atexit 1 "" "
UNRESOLVED: ext/throw_allocator/deallocate_global.cc: can't read "et_cache(cxa_atexit_available,value)": no such element in array for " dg-require-cxa-atexit 1 "" "
FAIL: tr1/5_numerical_facilities/special_functions/08_cyl_bessel_i/check_nan.cc (test for excess errors)
FAIL: tr1/5_numerical_facilities/special_functions/09_cyl_bessel_j/check_nan.cc (test for excess errors)
FAIL: tr1/5_numerical_facilities/special_functions/10_cyl_bessel_k/check_nan.cc (test for excess errors)
FAIL: tr1/5_numerical_facilities/special_functions/11_cyl_neumann/check_nan.cc (test for excess errors)
FAIL: tr1/5_numerical_facilities/special_functions/17_hyperg/check_nan.cc (test for excess errors)
FAIL: tr1/5_numerical_facilities/special_functions/20_riemann_zeta/check_nan.cc (test for excess errors)
FAIL: tr1/5_numerical_facilities/special_functions/21_sph_bessel/check_nan.cc (test for excess errors)
FAIL: tr1/5_numerical_facilities/special_functions/22_sph_legendre/check_nan.cc (test for excess errors)
FAIL: tr1/5_numerical_facilities/special_functions/23_sph_neumann/check_nan.cc (test for excess errors)

		=== libstdc++ Summary ===

# of expected passes		9179
# of unexpected failures	11
# of expected failures		64
# of unresolved testcases	84
# of unsupported tests		613

Compiler version: 5.0.0 20150219 (experimental) (GCC) 
Platform: i386-unknown-freebsd10.1
configure flags: --prefix=/home/gerald/gcc-ref10-i386 --with-gmp=/home/gerald/10-i386 --with-as=/home/gerald/10-i386/bin/as --with-ld=/home/gerald/10-i386/bin/ld



More information about the Gcc-testresults mailing list