Results for 5.0.0 20150219 (experimental) [trunk revision 220808] (GCC) testsuite on x86_64-unknown-linux-gnu

H.J. Lu x32 -fpic x32@gnu-9.sc.intel.com
Thu Feb 19 15:22:00 GMT 2015


Native configuration is x86_64-unknown-linux-gnu

		=== gcc tests ===


Running target unix/-mx32 -fpic
XPASS: gcc.dg/guality/example.c   -O0  execution test
XPASS: gcc.dg/guality/guality.c   -O0  execution test
XPASS: gcc.dg/guality/guality.c   -O1  execution test
XPASS: gcc.dg/guality/guality.c   -O2  execution test
XPASS: gcc.dg/guality/guality.c   -O2 -flto -fno-use-linker-plugin -flto-partition=none  execution test
XPASS: gcc.dg/guality/guality.c   -O2 -flto -fuse-linker-plugin -fno-fat-lto-objects  execution test
XPASS: gcc.dg/guality/guality.c   -O3 -fomit-frame-pointer  execution test
XPASS: gcc.dg/guality/guality.c   -O3 -g  execution test
XPASS: gcc.dg/guality/guality.c   -Os  execution test
XPASS: gcc.dg/guality/inline-params.c   -O2  execution test
XPASS: gcc.dg/guality/inline-params.c   -O2 -flto -fno-use-linker-plugin -flto-partition=none  execution test
XPASS: gcc.dg/guality/inline-params.c   -O3 -fomit-frame-pointer  execution test
XPASS: gcc.dg/guality/inline-params.c   -O3 -g  execution test
XPASS: gcc.dg/guality/inline-params.c   -Os  execution test
FAIL: gcc.dg/guality/param-3.c   -O1  line 20 str.pa == 31415927
FAIL: gcc.dg/guality/param-3.c   -O1  line 20 str.pb == 27182818
FAIL: gcc.dg/guality/pr36728-2.c   -O1  line 18 *x == (char) 25
FAIL: gcc.dg/guality/pr36728-2.c   -O2  line 18 *x == (char) 25
FAIL: gcc.dg/guality/pr36728-2.c   -O2 -flto -fno-use-linker-plugin -flto-partition=none  line 18 *x == (char) 25
FAIL: gcc.dg/guality/pr36728-2.c   -O3 -fomit-frame-pointer  line 18 *x == (char) 25
FAIL: gcc.dg/guality/pr36728-2.c   -O3 -g  line 18 *x == (char) 25
FAIL: gcc.dg/guality/pr36728-2.c   -Os  line 18 *x == (char) 25
XPASS: gcc.dg/guality/pr41353-1.c   -O0  line 28 j == 28 + 37
FAIL: gcc.dg/guality/pr41616-1.c   -O2 -flto -fuse-linker-plugin -fno-fat-lto-objects  execution test
FAIL: gcc.dg/guality/pr43051-1.c   -O1  line 34 c == &a[0]
FAIL: gcc.dg/guality/pr43051-1.c   -O1  line 41 e == &a[1]
FAIL: gcc.dg/guality/pr43051-1.c   -O2  line 36 e == &a[1]
FAIL: gcc.dg/guality/pr43051-1.c   -O2  line 39 c == &a[0]
FAIL: gcc.dg/guality/pr43051-1.c   -O2  line 41 e == &a[1]
FAIL: gcc.dg/guality/pr43051-1.c   -O2 -flto -fno-use-linker-plugin -flto-partition=none  line 36 e == &a[1]
FAIL: gcc.dg/guality/pr43051-1.c   -O2 -flto -fno-use-linker-plugin -flto-partition=none  line 39 c == &a[0]
FAIL: gcc.dg/guality/pr43051-1.c   -O2 -flto -fno-use-linker-plugin -flto-partition=none  line 41 e == &a[1]
FAIL: gcc.dg/guality/pr43051-1.c   -O2 -flto -fuse-linker-plugin -fno-fat-lto-objects  line 36 e == &a[1]
FAIL: gcc.dg/guality/pr43051-1.c   -O2 -flto -fuse-linker-plugin -fno-fat-lto-objects  line 39 c == &a[0]
FAIL: gcc.dg/guality/pr43051-1.c   -O2 -flto -fuse-linker-plugin -fno-fat-lto-objects  line 41 e == &a[1]
FAIL: gcc.dg/guality/pr43051-1.c   -O3 -fomit-frame-pointer  line 35 v == 1
FAIL: gcc.dg/guality/pr43051-1.c   -O3 -fomit-frame-pointer  line 36 e == &a[1]
FAIL: gcc.dg/guality/pr43051-1.c   -O3 -fomit-frame-pointer  line 39 c == &a[0]
FAIL: gcc.dg/guality/pr43051-1.c   -O3 -fomit-frame-pointer  line 40 v == 1
FAIL: gcc.dg/guality/pr43051-1.c   -O3 -fomit-frame-pointer  line 41 e == &a[1]
FAIL: gcc.dg/guality/pr43051-1.c   -O3 -fomit-frame-pointer -funroll-all-loops -finline-functions  line 35 v == 1
FAIL: gcc.dg/guality/pr43051-1.c   -O3 -fomit-frame-pointer -funroll-all-loops -finline-functions  line 36 e == &a[1]
FAIL: gcc.dg/guality/pr43051-1.c   -O3 -fomit-frame-pointer -funroll-all-loops -finline-functions  line 39 c == &a[0]
FAIL: gcc.dg/guality/pr43051-1.c   -O3 -fomit-frame-pointer -funroll-all-loops -finline-functions  line 40 v == 1
FAIL: gcc.dg/guality/pr43051-1.c   -O3 -fomit-frame-pointer -funroll-all-loops -finline-functions  line 41 e == &a[1]
FAIL: gcc.dg/guality/pr43051-1.c   -O3 -fomit-frame-pointer -funroll-loops  line 35 v == 1
FAIL: gcc.dg/guality/pr43051-1.c   -O3 -fomit-frame-pointer -funroll-loops  line 36 e == &a[1]
FAIL: gcc.dg/guality/pr43051-1.c   -O3 -fomit-frame-pointer -funroll-loops  line 39 c == &a[0]
FAIL: gcc.dg/guality/pr43051-1.c   -O3 -fomit-frame-pointer -funroll-loops  line 40 v == 1
FAIL: gcc.dg/guality/pr43051-1.c   -O3 -fomit-frame-pointer -funroll-loops  line 41 e == &a[1]
FAIL: gcc.dg/guality/pr43051-1.c   -O3 -g  line 35 v == 1
FAIL: gcc.dg/guality/pr43051-1.c   -O3 -g  line 36 e == &a[1]
FAIL: gcc.dg/guality/pr43051-1.c   -O3 -g  line 39 c == &a[0]
FAIL: gcc.dg/guality/pr43051-1.c   -O3 -g  line 40 v == 1
FAIL: gcc.dg/guality/pr43051-1.c   -O3 -g  line 41 e == &a[1]
FAIL: gcc.dg/guality/pr43051-1.c   -Os  line 35 v == 1
FAIL: gcc.dg/guality/pr43051-1.c   -Os  line 36 e == &a[1]
FAIL: gcc.dg/guality/pr43051-1.c   -Os  line 39 c == &a[0]
FAIL: gcc.dg/guality/pr43051-1.c   -Os  line 40 v == 1
FAIL: gcc.dg/guality/pr43051-1.c   -Os  line 41 e == &a[1]
FAIL: gcc.dg/guality/pr43177.c   -O2 -flto -fuse-linker-plugin -fno-fat-lto-objects  line 15 l == 10
FAIL: gcc.dg/guality/pr43177.c   -O2 -flto -fuse-linker-plugin -fno-fat-lto-objects  line 15 x == 7
FAIL: gcc.dg/guality/pr43479.c   -O1  line 13 h == 9
FAIL: gcc.dg/guality/pr43479.c   -O1  line 18 h == 9
FAIL: gcc.dg/guality/pr43479.c   -O2  line 13 h == 9
FAIL: gcc.dg/guality/pr43479.c   -O2  line 18 h == 9
FAIL: gcc.dg/guality/pr43479.c   -O2 -flto -fno-use-linker-plugin -flto-partition=none  line 13 h == 9
FAIL: gcc.dg/guality/pr43479.c   -O2 -flto -fno-use-linker-plugin -flto-partition=none  line 18 h == 9
FAIL: gcc.dg/guality/pr43479.c   -O2 -flto -fuse-linker-plugin -fno-fat-lto-objects  line 13 h == 9
FAIL: gcc.dg/guality/pr43479.c   -O2 -flto -fuse-linker-plugin -fno-fat-lto-objects  line 18 h == 9
FAIL: gcc.dg/guality/pr43479.c   -O3 -fomit-frame-pointer  line 13 h == 9
FAIL: gcc.dg/guality/pr43479.c   -O3 -fomit-frame-pointer  line 18 h == 9
FAIL: gcc.dg/guality/pr43479.c   -O3 -g  line 13 h == 9
FAIL: gcc.dg/guality/pr43479.c   -O3 -g  line 18 h == 9
FAIL: gcc.dg/guality/pr43479.c   -Os  line 13 h == 9
FAIL: gcc.dg/guality/pr43479.c   -Os  line 18 h == 9
FAIL: gcc.dg/guality/pr45882.c   -O2 -flto -fuse-linker-plugin -fno-fat-lto-objects  line 16 d == 112
FAIL: gcc.dg/guality/pr45882.c   -O2 -flto -fuse-linker-plugin -fno-fat-lto-objects  line 16 e == 142
FAIL: gcc.dg/guality/pr54200.c   -Os  line 20 z == 3
FAIL: gcc.dg/guality/pr54519-1.c   -O2 -flto -fno-use-linker-plugin -flto-partition=none  line 20 y == 25
FAIL: gcc.dg/guality/pr54519-1.c   -O2 -flto -fno-use-linker-plugin -flto-partition=none  line 20 z == 6
FAIL: gcc.dg/guality/pr54519-1.c   -O2 -flto -fno-use-linker-plugin -flto-partition=none  line 23 y == 117
FAIL: gcc.dg/guality/pr54519-1.c   -O2 -flto -fno-use-linker-plugin -flto-partition=none  line 23 z == 8
FAIL: gcc.dg/guality/pr54519-2.c   -O2 -flto -fno-use-linker-plugin -flto-partition=none  line 17 y == 25
FAIL: gcc.dg/guality/pr54519-2.c   -O2 -flto -fuse-linker-plugin -fno-fat-lto-objects  line 17 y == 25
FAIL: gcc.dg/guality/pr54519-3.c   -O2 -flto -fno-use-linker-plugin -flto-partition=none  line 20 y == 25
FAIL: gcc.dg/guality/pr54519-3.c   -O2 -flto -fno-use-linker-plugin -flto-partition=none  line 20 z == 6
FAIL: gcc.dg/guality/pr54519-3.c   -O2 -flto -fno-use-linker-plugin -flto-partition=none  line 23 y == 117
FAIL: gcc.dg/guality/pr54519-3.c   -O2 -flto -fno-use-linker-plugin -flto-partition=none  line 23 z == 8
FAIL: gcc.dg/guality/pr54519-3.c   -O2 -flto -fuse-linker-plugin -fno-fat-lto-objects  line 20 x == 36
FAIL: gcc.dg/guality/pr54519-3.c   -O2 -flto -fuse-linker-plugin -fno-fat-lto-objects  line 20 y == 25
FAIL: gcc.dg/guality/pr54519-3.c   -O2 -flto -fuse-linker-plugin -fno-fat-lto-objects  line 20 z == 6
FAIL: gcc.dg/guality/pr54519-3.c   -O2 -flto -fuse-linker-plugin -fno-fat-lto-objects  line 23 x == 98
FAIL: gcc.dg/guality/pr54519-3.c   -O2 -flto -fuse-linker-plugin -fno-fat-lto-objects  line 23 y == 117
FAIL: gcc.dg/guality/pr54519-3.c   -O2 -flto -fuse-linker-plugin -fno-fat-lto-objects  line 23 z == 8
FAIL: gcc.dg/guality/pr54519-4.c   -O2 -flto -fno-use-linker-plugin -flto-partition=none  line 17 y == 25
FAIL: gcc.dg/guality/pr54519-4.c   -O2 -flto -fuse-linker-plugin -fno-fat-lto-objects  line 17 x == 6
FAIL: gcc.dg/guality/pr54519-4.c   -O2 -flto -fuse-linker-plugin -fno-fat-lto-objects  line 17 y == 25
FAIL: gcc.dg/guality/pr54519-5.c   -O2 -flto -fno-use-linker-plugin -flto-partition=none  line 17 y == 25
FAIL: gcc.dg/guality/pr54519-5.c   -O2 -flto -fuse-linker-plugin -fno-fat-lto-objects  line 17 y == 25
FAIL: gcc.dg/guality/sra-1.c   -O2  line 43 a.j == 14
FAIL: gcc.dg/guality/sra-1.c   -O2 -flto -fno-use-linker-plugin -flto-partition=none  line 43 a.j == 14
FAIL: gcc.dg/guality/sra-1.c   -O2 -flto -fuse-linker-plugin -fno-fat-lto-objects  line 21 a.i == 4
FAIL: gcc.dg/guality/sra-1.c   -O2 -flto -fuse-linker-plugin -fno-fat-lto-objects  line 21 a.j == 14
FAIL: gcc.dg/guality/sra-1.c   -O2 -flto -fuse-linker-plugin -fno-fat-lto-objects  line 43 a.i == 4
FAIL: gcc.dg/guality/sra-1.c   -O2 -flto -fuse-linker-plugin -fno-fat-lto-objects  line 43 a.j == 14
FAIL: gcc.dg/guality/sra-1.c   -O3 -fomit-frame-pointer  line 43 a.j == 14
FAIL: gcc.dg/guality/sra-1.c   -O3 -g  line 43 a.j == 14
FAIL: gcc.dg/guality/sra-1.c   -Os  line 43 a.j == 14
FAIL: gcc.dg/guality/vla-1.c   -O1  line 17 sizeof (a) == 6
FAIL: gcc.dg/guality/vla-1.c   -O2  line 17 sizeof (a) == 6
FAIL: gcc.dg/guality/vla-1.c   -O2 -flto -fno-use-linker-plugin -flto-partition=none  line 17 sizeof (a) == 6
FAIL: gcc.dg/guality/vla-1.c   -O2 -flto -fuse-linker-plugin -fno-fat-lto-objects  line 17 sizeof (a) == 6
FAIL: gcc.dg/guality/vla-1.c   -O3 -fomit-frame-pointer  line 17 sizeof (a) == 6
FAIL: gcc.dg/guality/vla-1.c   -O3 -g  line 17 sizeof (a) == 6
FAIL: gcc.dg/guality/vla-1.c   -Os  line 17 sizeof (a) == 6
FAIL: gcc.dg/guality/vla-2.c   -O2 -flto -fuse-linker-plugin -fno-fat-lto-objects  line 25 sizeof (a) == 6 * sizeof (int)
FAIL: gcc.dg/ipa/inline-7.c scan-tree-dump-times einline "Inlining a into m" 1
FAIL: gcc.dg/tree-prof/inliner-1.c scan-tree-dump optimized "cold_function ..;"
FAIL: gcc.dg/tree-ssa/inline-10.c scan-tree-dump-not optimized "do_something \\\\(70\\\\)"
FAIL: gcc.dg/tree-ssa/inline-10.c scan-tree-dump-times optimized "do_something2" 1
FAIL: gcc.dg/tree-ssa/inline-10.c scan-tree-dump-times optimized "do_something3" 1
FAIL: gcc.dg/tree-ssa/inline-8.c scan-tree-dump-times einline "Inlining" 5
FAIL: gcc.dg/tree-ssa/inline-9.c scan-tree-dump-times optimized "q \\\\(15\\\\)" 1
FAIL: gcc.dg/tree-ssa/ipa-split-6.c scan-tree-dump optimized "part"
FAIL: gcc.dg/vect/costmodel/i386/costmodel-vect-31.c scan-tree-dump-times vect "vectorized 4 loops" 1
FAIL: gcc.dg/vect/costmodel/x86_64/costmodel-vect-31.c scan-tree-dump-times vect "vectorized 4 loops" 1
FAIL: gcc.target/i386/avx256-unaligned-load-4.c scan-assembler (avx_loadups256|vmovups[^\\n\\r]*movv8sf_internal)
FAIL: gcc.target/i386/pie-copyrelocs-1.c scan-assembler-not glob_a@GOTPCREL
FAIL: gcc.target/i386/pie-copyrelocs-2.c scan-assembler-not glob_a@GOTPCREL
FAIL: gcc.target/i386/pr32219-1.c scan-assembler movl[ \\t]xxx\\\\(%rip\\\\), %eax
FAIL: gcc.target/i386/pr32219-1.c scan-assembler-not xxx@GOTPCREL
FAIL: gcc.target/i386/pr32219-3.c scan-assembler movl[ \\t]xxx\\\\(%rip\\\\), %eax
FAIL: gcc.target/i386/pr32219-3.c scan-assembler-not xxx@GOTPCREL
FAIL: gcc.target/i386/pr32219-5.c scan-assembler movl[ \\t]xxx\\\\(%rip\\\\), %eax
FAIL: gcc.target/i386/pr32219-5.c scan-assembler-not xxx@GOTPCREL
FAIL: gcc.target/i386/pr32219-7.c scan-assembler movl[ \\t]xxx\\\\(%rip\\\\), %eax
FAIL: gcc.target/i386/pr32219-7.c scan-assembler-not xxx@GOTPCREL
FAIL: gcc.target/i386/pr54445-2.c scan-assembler mov(b|zbl)[ \\t](%fs:)?(-1\\\\+)?tls_array@tpoff(-1)?\\\\(%
FAIL: gcc.target/i386/vect-sizes-1.c scan-assembler vmovapd[ \\\\t]+[^\\n]*%ymm

		=== gcc Summary ===

# of expected passes		115247
# of unexpected failures	125
# of unexpected successes	15
# of expected failures		272
# of unsupported tests		1994
/export/gnu/import/git/gcc-test-x32/bld/gcc/xgcc  version 5.0.0 20150219 (experimental) [trunk revision 220808] (GCC) 

		=== gfortran tests ===


Running target unix/-mx32 -fpic
FAIL: gfortran.dg/pr48636-2.f90   -O   scan-ipa-dump cp "Creating a specialized node of [^\\n\\r]*bar/[0-9]*\\\\."
FAIL: gfortran.dg/pr48636-2.f90   -O   scan-ipa-dump-times cp "Aggregate replacements[^=]*=[^=]*=[^=]*=[^=]*=[^=]*=[^=]*=[^=]*=[^=]*=[^=]*=" 2
FAIL: gfortran.dg/pr48636.f90   -O   scan-ipa-dump inline "bar[^\\\\n]*inline copy in MAIN"
FAIL: gfortran.dg/pr48636.f90   -O   scan-ipa-dump inline "inline hints: loop_iterations"

		=== gfortran Summary ===

# of expected passes		48072
# of unexpected failures	4
# of expected failures		64
# of unsupported tests		58
/export/gnu/import/git/gcc-test-x32/bld/gcc/testsuite/gfortran/../../gfortran  version 5.0.0 20150219 (experimental) [trunk revision 220808] (GCC) 

		=== g++ tests ===


Running target unix/-mx32 -fpic
FAIL: g++.dg/cpp1y/udlit-char-template-vs-std-literal-operator.C  -std=c++14 (test for excess errors)
UNRESOLVED: g++.dg/cpp1y/udlit-char-template-vs-std-literal-operator.C  -std=c++14 compilation failed to produce executable
FAIL: g++.dg/ipa/devirt-40.C  -std=gnu++11  scan-tree-dump-not fre2 "\\\\n  OBJ_TYPE_REF"
FAIL: g++.dg/ipa/devirt-40.C  -std=gnu++14  scan-tree-dump-not fre2 "\\\\n  OBJ_TYPE_REF"
FAIL: g++.dg/ipa/devirt-40.C  -std=gnu++98  scan-tree-dump-not fre2 "\\\\n  OBJ_TYPE_REF"
FAIL: g++.dg/ipa/devirt-42.C  -std=gnu++11  scan-ipa-dump-times inline "Discovered a virtual call to a known target" 2
FAIL: g++.dg/ipa/devirt-42.C  -std=gnu++11  scan-tree-dump-times optimized "return 2" 3
FAIL: g++.dg/ipa/devirt-42.C  -std=gnu++14  scan-ipa-dump-times inline "Discovered a virtual call to a known target" 2
FAIL: g++.dg/ipa/devirt-42.C  -std=gnu++14  scan-tree-dump-times optimized "return 2" 3
FAIL: g++.dg/ipa/devirt-42.C  -std=gnu++98  scan-ipa-dump-times inline "Discovered a virtual call to a known target" 2
FAIL: g++.dg/ipa/devirt-42.C  -std=gnu++98  scan-tree-dump-times optimized "return 2" 3
FAIL: g++.dg/ipa/devirt-c-8.C  -std=gnu++11  scan-ipa-dump cp "Discovered a virtual call to a known target.*A::foo"
FAIL: g++.dg/ipa/devirt-c-8.C  -std=gnu++11  scan-tree-dump-times optimized "OBJ_TYPE_REF" 0
FAIL: g++.dg/ipa/devirt-c-8.C  -std=gnu++14  scan-ipa-dump cp "Discovered a virtual call to a known target.*A::foo"
FAIL: g++.dg/ipa/devirt-c-8.C  -std=gnu++14  scan-tree-dump-times optimized "OBJ_TYPE_REF" 0
FAIL: g++.dg/ipa/devirt-c-8.C  -std=gnu++98  scan-ipa-dump cp "Discovered a virtual call to a known target.*A::foo"
FAIL: g++.dg/ipa/devirt-c-8.C  -std=gnu++98  scan-tree-dump-times optimized "OBJ_TYPE_REF" 0
XPASS: g++.dg/tls/thread_local-order2.C  -std=c++11 execution test
XPASS: g++.dg/tls/thread_local-order2.C  -std=c++14 execution test
FAIL: c-c++-common/ubsan/object-size-9.c   -O2  output pattern test, is c-c++-common/ubsan/object-size-9.c:21:11: runtime error: load of address 0xffff9dbc with insufficient space for an object of type 'char'
FAIL: c-c++-common/ubsan/object-size-9.c   -O2 -flto -fno-use-linker-plugin -flto-partition=none  output pattern test, is c-c++-common/ubsan/object-size-9.c:21:11: runtime error: load of address 0xffff9dbc with insufficient space for an object of type 'char'

		=== g++ Summary ===

# of expected passes		92632
# of unexpected failures	18
# of unexpected successes	2
# of expected failures		315
# of unresolved testcases	1
# of unsupported tests		3585
/export/gnu/import/git/gcc-test-x32/bld/gcc/testsuite/g++/../../xg++  version 5.0.0 20150219 (experimental) [trunk revision 220808] (GCC) 

		=== objc tests ===


Running target unix/-mx32 -fpic

		=== objc Summary ===

# of expected passes		3010
# of expected failures		6
# of unsupported tests		74
/export/gnu/import/git/gcc-test-x32/bld/gcc/xgcc  version 5.0.0 20150219 (experimental) [trunk revision 220808] (GCC) 

		=== boehm-gc tests ===


Running target unix/-mx32 -fpic

		=== boehm-gc Summary ===

# of expected passes		12
# of unsupported tests		1
		=== libatomic tests ===


Running target unix/-mx32 -fpic

		=== libatomic Summary ===

# of expected passes		54
		=== libffi tests ===


Running target unix/-mx32 -fpic
ERROR: tcl error sourcing /export/gnu/import/git/gcc-test-x32/src-trunk/libffi/testsuite/libffi.call/call.exp.
ERROR: can't read "additional_sources": no such variable
ERROR: tcl error sourcing /export/gnu/import/git/gcc-test-x32/src-trunk/libffi/testsuite/libffi.complex/complex.exp.
ERROR: can't read "et_cache(ia32,value)": no such element in array
ERROR: tcl error sourcing /export/gnu/import/git/gcc-test-x32/src-trunk/libffi/testsuite/libffi.go/go.exp.
ERROR: can't read "et_cache(ia32,value)": no such element in array

		=== libffi Summary ===

# of expected passes		24
		=== libgomp tests ===


Running target unix/-mx32 -fpic

		=== libgomp Summary ===

# of expected passes		5744
# of unsupported tests		253
		=== libitm tests ===


Running target unix/-mx32 -fpic

		=== libitm Summary ===

# of expected passes		26
# of expected failures		3
# of unsupported tests		1
		=== libjava tests ===


Running target unix/-mx32 -fpic

		=== libjava Summary ===

# of expected passes		2582
# of expected failures		4
		=== libstdc++ tests ===


Running target unix/-mx32 -fpic
ERROR: 17_intro/shared_with_static_deps.cc: can't read "additional_sources": no such variable for " dg-require-effective-target 4 fpic "
UNRESOLVED: 17_intro/shared_with_static_deps.cc: can't read "additional_sources": no such variable for " dg-require-effective-target 4 fpic "
ERROR: 18_support/type_info/fundamental.cc: can't read "additional_sources": no such variable for " dg-require-effective-target 2 dfp "
UNRESOLVED: 18_support/type_info/fundamental.cc: can't read "additional_sources": no such variable for " dg-require-effective-target 2 dfp "
ERROR: 21_strings/c_strings/char/3_neg.cc: can't read "additional_sources": no such variable for " dg-do 1 compile { target correct_iso_cpp_string_wchar_protos } "
UNRESOLVED: 21_strings/c_strings/char/3_neg.cc: can't read "additional_sources": no such variable for " dg-do 1 compile { target correct_iso_cpp_string_wchar_protos } "
ERROR: 21_strings/c_strings/wchar_t/3_neg.cc: can't read "et_cache(correct_iso_cpp_string_wchar_protos,value)": no such element in array for " dg-do 1 compile { target correct_iso_cpp_string_wchar_protos } "
UNRESOLVED: 21_strings/c_strings/wchar_t/3_neg.cc: can't read "et_cache(correct_iso_cpp_string_wchar_protos,value)": no such element in array for " dg-do 1 compile { target correct_iso_cpp_string_wchar_protos } "
ERROR: 22_locale/collate/compare/wchar_t/2.cc: can't read "additional_sources": no such variable for " dg-require-iconv 4 "ISO8859-1" "
UNRESOLVED: 22_locale/collate/compare/wchar_t/2.cc: can't read "additional_sources": no such variable for " dg-require-iconv 4 "ISO8859-1" "
ERROR: 22_locale/collate/compare/wchar_t/wrapped_env.cc: can't read "additional_sources": no such variable for " dg-require-iconv 4 "ISO8859-1" "
UNRESOLVED: 22_locale/collate/compare/wchar_t/wrapped_env.cc: can't read "additional_sources": no such variable for " dg-require-iconv 4 "ISO8859-1" "
ERROR: 22_locale/collate/compare/wchar_t/wrapped_locale.cc: can't read "additional_sources": no such variable for " dg-require-iconv 4 "ISO8859-1" "
UNRESOLVED: 22_locale/collate/compare/wchar_t/wrapped_locale.cc: can't read "additional_sources": no such variable for " dg-require-iconv 4 "ISO8859-1" "
ERROR: 22_locale/collate/hash/wchar_t/2.cc: can't read "additional_sources": no such variable for " dg-require-iconv 4 "ISO8859-1" "
UNRESOLVED: 22_locale/collate/hash/wchar_t/2.cc: can't read "additional_sources": no such variable for " dg-require-iconv 4 "ISO8859-1" "
ERROR: 22_locale/collate/hash/wchar_t/wrapped_env.cc: can't read "additional_sources": no such variable for " dg-require-iconv 4 "ISO8859-1" "
UNRESOLVED: 22_locale/collate/hash/wchar_t/wrapped_env.cc: can't read "additional_sources": no such variable for " dg-require-iconv 4 "ISO8859-1" "
ERROR: 22_locale/collate/hash/wchar_t/wrapped_locale.cc: can't read "additional_sources": no such variable for " dg-require-iconv 4 "ISO8859-1" "
UNRESOLVED: 22_locale/collate/hash/wchar_t/wrapped_locale.cc: can't read "additional_sources": no such variable for " dg-require-iconv 4 "ISO8859-1" "
ERROR: 22_locale/collate/transform/wchar_t/2.cc: can't read "additional_sources": no such variable for " dg-require-iconv 4 "ISO8859-1" "
UNRESOLVED: 22_locale/collate/transform/wchar_t/2.cc: can't read "additional_sources": no such variable for " dg-require-iconv 4 "ISO8859-1" "
ERROR: 22_locale/collate/transform/wchar_t/wrapped_env.cc: can't read "additional_sources": no such variable for " dg-require-iconv 4 "ISO8859-1" "
UNRESOLVED: 22_locale/collate/transform/wchar_t/wrapped_env.cc: can't read "additional_sources": no such variable for " dg-require-iconv 4 "ISO8859-1" "
ERROR: 22_locale/collate/transform/wchar_t/wrapped_locale.cc: can't read "additional_sources": no such variable for " dg-require-iconv 4 "ISO8859-1" "
UNRESOLVED: 22_locale/collate/transform/wchar_t/wrapped_locale.cc: can't read "additional_sources": no such variable for " dg-require-iconv 4 "ISO8859-1" "
ERROR: 22_locale/locale/cons/unicode.cc: can't read "additional_sources": no such variable for " dg-require-iconv 1 "ISO-8859-1" "
UNRESOLVED: 22_locale/locale/cons/unicode.cc: can't read "additional_sources": no such variable for " dg-require-iconv 1 "ISO-8859-1" "
ERROR: 22_locale/num_get/get/char/2.cc: can't read "additional_sources": no such variable for " dg-do 22 run { xfail lax_strtofp } "
UNRESOLVED: 22_locale/num_get/get/char/2.cc: can't read "additional_sources": no such variable for " dg-do 22 run { xfail lax_strtofp } "
ERROR: 22_locale/num_get/get/wchar_t/2.cc: can't read "additional_sources": no such variable for " dg-do 22 run { xfail lax_strtofp } "
UNRESOLVED: 22_locale/num_get/get/wchar_t/2.cc: can't read "additional_sources": no such variable for " dg-do 22 run { xfail lax_strtofp } "
ERROR: 22_locale/time_put/put/wchar_t/1.cc: can't read "et_cache(uclibc,value)": no such element in array for " dg-do 22 run { xfail dummy_wcsftime } "
UNRESOLVED: 22_locale/time_put/put/wchar_t/1.cc: can't read "et_cache(uclibc,value)": no such element in array for " dg-do 22 run { xfail dummy_wcsftime } "
ERROR: 22_locale/time_put/put/wchar_t/10.cc: can't read "et_cache(uclibc,value)": no such element in array for " dg-do 22 run { xfail dummy_wcsftime } "
UNRESOLVED: 22_locale/time_put/put/wchar_t/10.cc: can't read "et_cache(uclibc,value)": no such element in array for " dg-do 22 run { xfail dummy_wcsftime } "
ERROR: 22_locale/time_put/put/wchar_t/5.cc: can't read "et_cache(uclibc,value)": no such element in array for " dg-do 22 run { xfail dummy_wcsftime } "
UNRESOLVED: 22_locale/time_put/put/wchar_t/5.cc: can't read "et_cache(uclibc,value)": no such element in array for " dg-do 22 run { xfail dummy_wcsftime } "
ERROR: 22_locale/time_put/put/wchar_t/9.cc: can't read "et_cache(uclibc,value)": no such element in array for " dg-do 22 run { xfail dummy_wcsftime } "
UNRESOLVED: 22_locale/time_put/put/wchar_t/9.cc: can't read "et_cache(uclibc,value)": no such element in array for " dg-do 22 run { xfail dummy_wcsftime } "
ERROR: 23_containers/map/modifiers/erase/dr130-linkage-check.cc: can't read "additional_sources": no such variable for " dg-require-effective-target 1 ia32 "
UNRESOLVED: 23_containers/map/modifiers/erase/dr130-linkage-check.cc: can't read "additional_sources": no such variable for " dg-require-effective-target 1 ia32 "
ERROR: 23_containers/multimap/modifiers/erase/dr130-linkage-check.cc: can't read "et_cache(ia32,value)": no such element in array for " dg-require-effective-target 1 ia32 "
UNRESOLVED: 23_containers/multimap/modifiers/erase/dr130-linkage-check.cc: can't read "et_cache(ia32,value)": no such element in array for " dg-require-effective-target 1 ia32 "
ERROR: 23_containers/multiset/modifiers/erase/dr130-linkage-check.cc: can't read "additional_sources": no such variable for " dg-require-effective-target 1 ia32 "
UNRESOLVED: 23_containers/multiset/modifiers/erase/dr130-linkage-check.cc: can't read "additional_sources": no such variable for " dg-require-effective-target 1 ia32 "
ERROR: 23_containers/set/modifiers/erase/dr130-linkage-check.cc: can't read "et_cache(ia32,value)": no such element in array for " dg-require-effective-target 1 ia32 "
UNRESOLVED: 23_containers/set/modifiers/erase/dr130-linkage-check.cc: can't read "et_cache(ia32,value)": no such element in array for " dg-require-effective-target 1 ia32 "
ERROR: 26_numerics/headers/cmath/c99_classification_macros_c++.cc: can't read "et_cache(uclibc,value)": no such element in array for " dg-do 21 compile { xfail uclibc } "
UNRESOLVED: 26_numerics/headers/cmath/c99_classification_macros_c++.cc: can't read "et_cache(uclibc,value)": no such element in array for " dg-do 21 compile { xfail uclibc } "
ERROR: 26_numerics/headers/cmath/c99_classification_macros_c++0x.cc: can't read "et_cache(uclibc,value)": no such element in array for " dg-do 19 compile { xfail uclibc } "
UNRESOLVED: 26_numerics/headers/cmath/c99_classification_macros_c++0x.cc: can't read "et_cache(uclibc,value)": no such element in array for " dg-do 19 compile { xfail uclibc } "
ERROR: 27_io/basic_filebuf/close/char/4879.cc: can't read "additional_sources": no such variable for " dg-require-fork 1 "" "
UNRESOLVED: 27_io/basic_filebuf/close/char/4879.cc: can't read "additional_sources": no such variable for " dg-require-fork 1 "" "
ERROR: 27_io/basic_filebuf/close/char/9964.cc: can't read "et_cache(fork_available,value)": no such element in array for " dg-require-fork 1 "" "
UNRESOLVED: 27_io/basic_filebuf/close/char/9964.cc: can't read "et_cache(fork_available,value)": no such element in array for " dg-require-fork 1 "" "
ERROR: 27_io/basic_filebuf/imbue/char/13171-2.cc: can't read "et_cache(fork_available,value)": no such element in array for " dg-require-fork 3 "" "
UNRESOLVED: 27_io/basic_filebuf/imbue/char/13171-2.cc: can't read "et_cache(fork_available,value)": no such element in array for " dg-require-fork 3 "" "
ERROR: 27_io/basic_filebuf/imbue/char/13582-2.cc: can't read "et_cache(fork_available,value)": no such element in array for " dg-require-fork 3 "" "
UNRESOLVED: 27_io/basic_filebuf/imbue/char/13582-2.cc: can't read "et_cache(fork_available,value)": no such element in array for " dg-require-fork 3 "" "
ERROR: 27_io/basic_filebuf/imbue/wchar_t/13582-2.cc: can't read "additional_sources": no such variable for " dg-require-fork 3 "" "
UNRESOLVED: 27_io/basic_filebuf/imbue/wchar_t/13582-2.cc: can't read "additional_sources": no such variable for " dg-require-fork 3 "" "
ERROR: 27_io/basic_filebuf/imbue/wchar_t/14975-2.cc: can't read "et_cache(fork_available,value)": no such element in array for " dg-require-fork 2 "" "
UNRESOLVED: 27_io/basic_filebuf/imbue/wchar_t/14975-2.cc: can't read "et_cache(fork_available,value)": no such element in array for " dg-require-fork 2 "" "
ERROR: 27_io/basic_filebuf/open/char/9507.cc: can't read "additional_sources": no such variable for " dg-require-mkfifo 1 "" "
UNRESOLVED: 27_io/basic_filebuf/open/char/9507.cc: can't read "additional_sources": no such variable for " dg-require-mkfifo 1 "" "
ERROR: 27_io/basic_filebuf/seekoff/char/26777.cc: can't read "et_cache(fork_available,value)": no such element in array for " dg-require-fork 1 "" "
UNRESOLVED: 27_io/basic_filebuf/seekoff/char/26777.cc: can't read "et_cache(fork_available,value)": no such element in array for " dg-require-fork 1 "" "
ERROR: 27_io/basic_filebuf/showmanyc/char/9533-1.cc: can't read "et_cache(fork_available,value)": no such element in array for " dg-require-fork 1 "" "
UNRESOLVED: 27_io/basic_filebuf/showmanyc/char/9533-1.cc: can't read "et_cache(fork_available,value)": no such element in array for " dg-require-fork 1 "" "
ERROR: 27_io/basic_filebuf/underflow/char/10097.cc: can't read "et_cache(fork_available,value)": no such element in array for " dg-require-fork 1 "" "
UNRESOLVED: 27_io/basic_filebuf/underflow/char/10097.cc: can't read "et_cache(fork_available,value)": no such element in array for " dg-require-fork 1 "" "
ERROR: 27_io/basic_istream/extractors_arithmetic/char/09.cc: can't read "et_cache(uclibc,value)": no such element in array for " dg-do 22 run { xfail lax_strtofp } "
UNRESOLVED: 27_io/basic_istream/extractors_arithmetic/char/09.cc: can't read "et_cache(uclibc,value)": no such element in array for " dg-do 22 run { xfail lax_strtofp } "
ERROR: 27_io/basic_istream/extractors_arithmetic/char/12.cc: can't read "et_cache(uclibc,value)": no such element in array for " dg-do 22 run { xfail { lax_strtofp } } "
UNRESOLVED: 27_io/basic_istream/extractors_arithmetic/char/12.cc: can't read "et_cache(uclibc,value)": no such element in array for " dg-do 22 run { xfail { lax_strtofp } } "
ERROR: 27_io/basic_istream/extractors_arithmetic/wchar_t/09.cc: can't read "et_cache(uclibc,value)": no such element in array for " dg-do 20 run { xfail lax_strtofp } "
UNRESOLVED: 27_io/basic_istream/extractors_arithmetic/wchar_t/09.cc: can't read "et_cache(uclibc,value)": no such element in array for " dg-do 20 run { xfail lax_strtofp } "
ERROR: 27_io/basic_istream/extractors_arithmetic/wchar_t/12.cc: can't read "et_cache(uclibc,value)": no such element in array for " dg-do 20 run { xfail { lax_strtofp } } "
UNRESOLVED: 27_io/basic_istream/extractors_arithmetic/wchar_t/12.cc: can't read "et_cache(uclibc,value)": no such element in array for " dg-do 20 run { xfail { lax_strtofp } } "
ERROR: 27_io/basic_ostream/inserters_arithmetic/char/6.cc: can't read "et_cache(uclibc,value)": no such element in array for " dg-do 21 run { xfail lax_strtofp } "
UNRESOLVED: 27_io/basic_ostream/inserters_arithmetic/char/6.cc: can't read "et_cache(uclibc,value)": no such element in array for " dg-do 21 run { xfail lax_strtofp } "
ERROR: 27_io/basic_ostream/inserters_arithmetic/wchar_t/6.cc: can't read "et_cache(uclibc,value)": no such element in array for " dg-do 18 run { xfail lax_strtofp } "
UNRESOLVED: 27_io/basic_ostream/inserters_arithmetic/wchar_t/6.cc: can't read "et_cache(uclibc,value)": no such element in array for " dg-do 18 run { xfail lax_strtofp } "
ERROR: 27_io/objects/char/7.cc: can't read "et_cache(fork_available,value)": no such element in array for " dg-require-fork 1 "" "
UNRESOLVED: 27_io/objects/char/7.cc: can't read "et_cache(fork_available,value)": no such element in array for " dg-require-fork 1 "" "
ERROR: 27_io/objects/char/9661-1.cc: can't read "et_cache(fork_available,value)": no such element in array for " dg-require-fork 1 "" "
UNRESOLVED: 27_io/objects/char/9661-1.cc: can't read "et_cache(fork_available,value)": no such element in array for " dg-require-fork 1 "" "
ERROR: 27_io/objects/wchar_t/7.cc: can't read "et_cache(fork_available,value)": no such element in array for " dg-require-fork 1 "" "
UNRESOLVED: 27_io/objects/wchar_t/7.cc: can't read "et_cache(fork_available,value)": no such element in array for " dg-require-fork 1 "" "
ERROR: 27_io/objects/wchar_t/9661-1.cc: can't read "et_cache(fork_available,value)": no such element in array for " dg-require-fork 1 "" "
UNRESOLVED: 27_io/objects/wchar_t/9661-1.cc: can't read "et_cache(fork_available,value)": no such element in array for " dg-require-fork 1 "" "
ERROR: 28_regex/traits/char/isctype.cc: can't read "additional_sources": no such variable for " dg-additional-options 3 "-DNEWLINE_IN_CLASS_BLANK" { target newlib } "
UNRESOLVED: 28_regex/traits/char/isctype.cc: can't read "additional_sources": no such variable for " dg-additional-options 3 "-DNEWLINE_IN_CLASS_BLANK" { target newlib } "
ERROR: 28_regex/traits/wchar_t/isctype.cc: can't read "et_cache(newlib,value)": no such element in array for " dg-additional-options 3 "-DNEWLINE_IN_CLASS_BLANK" { target newlib } "
UNRESOLVED: 28_regex/traits/wchar_t/isctype.cc: can't read "et_cache(newlib,value)": no such element in array for " dg-additional-options 3 "-DNEWLINE_IN_CLASS_BLANK" { target newlib } "
ERROR: 29_atomics/atomic_flag/test_and_set/explicit-hle.cc: can't read "et_cache(ia32,value)": no such element in array for " dg-options 3 "-std=gnu++11 -g0 -fno-exceptions -fno-asynchronous-unwind-tables -march=i486" { target ia32 } "
UNRESOLVED: 29_atomics/atomic_flag/test_and_set/explicit-hle.cc: can't read "et_cache(ia32,value)": no such element in array for " dg-options 3 "-std=gnu++11 -g0 -fno-exceptions -fno-asynchronous-unwind-tables -march=i486" { target ia32 } "
ERROR: decimal/binary-arith.cc: can't read "et_cache(dfp,value)": no such element in array for " dg-require-effective-target 18 dfp "
UNRESOLVED: decimal/binary-arith.cc: can't read "et_cache(dfp,value)": no such element in array for " dg-require-effective-target 18 dfp "
ERROR: decimal/cast_neg.cc: can't read "et_cache(dfp,value)": no such element in array for " dg-require-effective-target 19 dfp "
UNRESOLVED: decimal/cast_neg.cc: can't read "et_cache(dfp,value)": no such element in array for " dg-require-effective-target 19 dfp "
ERROR: decimal/comparison.cc: can't read "et_cache(dfp,value)": no such element in array for " dg-require-effective-target 18 dfp "
UNRESOLVED: decimal/comparison.cc: can't read "et_cache(dfp,value)": no such element in array for " dg-require-effective-target 18 dfp "
ERROR: decimal/compound-assignment-memfunc.cc: can't read "additional_sources": no such variable for " dg-require-effective-target 18 dfp "
UNRESOLVED: decimal/compound-assignment-memfunc.cc: can't read "additional_sources": no such variable for " dg-require-effective-target 18 dfp "
ERROR: decimal/compound-assignment.cc: can't read "et_cache(dfp,value)": no such element in array for " dg-require-effective-target 18 dfp "
UNRESOLVED: decimal/compound-assignment.cc: can't read "et_cache(dfp,value)": no such element in array for " dg-require-effective-target 18 dfp "
ERROR: decimal/conversion-from-float.cc: can't read "et_cache(dfp,value)": no such element in array for " dg-require-effective-target 18 dfp "
UNRESOLVED: decimal/conversion-from-float.cc: can't read "et_cache(dfp,value)": no such element in array for " dg-require-effective-target 18 dfp "
ERROR: decimal/conversion-from-integral.cc: can't read "et_cache(dfp,value)": no such element in array for " dg-require-effective-target 18 dfp "
UNRESOLVED: decimal/conversion-from-integral.cc: can't read "et_cache(dfp,value)": no such element in array for " dg-require-effective-target 18 dfp "
ERROR: decimal/conversion-to-generic-float.cc: can't read "et_cache(dfp,value)": no such element in array for " dg-require-effective-target 18 dfp "
UNRESOLVED: decimal/conversion-to-generic-float.cc: can't read "et_cache(dfp,value)": no such element in array for " dg-require-effective-target 18 dfp "
ERROR: decimal/conversion-to-integral.cc: can't read "et_cache(dfp,value)": no such element in array for " dg-require-effective-target 18 dfp "
UNRESOLVED: decimal/conversion-to-integral.cc: can't read "et_cache(dfp,value)": no such element in array for " dg-require-effective-target 18 dfp "
ERROR: decimal/ctor.cc: can't read "et_cache(dfp,value)": no such element in array for " dg-require-effective-target 18 dfp "
UNRESOLVED: decimal/ctor.cc: can't read "et_cache(dfp,value)": no such element in array for " dg-require-effective-target 18 dfp "
ERROR: decimal/incdec-memfunc.cc: can't read "et_cache(dfp,value)": no such element in array for " dg-require-effective-target 18 dfp "
UNRESOLVED: decimal/incdec-memfunc.cc: can't read "et_cache(dfp,value)": no such element in array for " dg-require-effective-target 18 dfp "
ERROR: decimal/incdec.cc: can't read "et_cache(dfp,value)": no such element in array for " dg-require-effective-target 18 dfp "
UNRESOLVED: decimal/incdec.cc: can't read "et_cache(dfp,value)": no such element in array for " dg-require-effective-target 18 dfp "
ERROR: decimal/make-decimal.cc: can't read "et_cache(dfp,value)": no such element in array for " dg-require-effective-target 18 dfp "
UNRESOLVED: decimal/make-decimal.cc: can't read "et_cache(dfp,value)": no such element in array for " dg-require-effective-target 18 dfp "
ERROR: decimal/mixed-mode-arith_neg.cc: can't read "et_cache(dfp,value)": no such element in array for " dg-require-effective-target 19 dfp "
UNRESOLVED: decimal/mixed-mode-arith_neg.cc: can't read "et_cache(dfp,value)": no such element in array for " dg-require-effective-target 19 dfp "
ERROR: decimal/mixed-mode-cmp_neg.cc: can't read "et_cache(dfp,value)": no such element in array for " dg-require-effective-target 19 dfp "
UNRESOLVED: decimal/mixed-mode-cmp_neg.cc: can't read "et_cache(dfp,value)": no such element in array for " dg-require-effective-target 19 dfp "
ERROR: decimal/operator_neg.cc: can't read "et_cache(dfp,value)": no such element in array for " dg-require-effective-target 19 dfp "
UNRESOLVED: decimal/operator_neg.cc: can't read "et_cache(dfp,value)": no such element in array for " dg-require-effective-target 19 dfp "
ERROR: decimal/pr54036-1.cc: can't read "et_cache(dfp,value)": no such element in array for " dg-require-effective-target 18 dfp "
UNRESOLVED: decimal/pr54036-1.cc: can't read "et_cache(dfp,value)": no such element in array for " dg-require-effective-target 18 dfp "
ERROR: decimal/pr54036-2.cc: can't read "et_cache(dfp,value)": no such element in array for " dg-require-effective-target 18 dfp "
UNRESOLVED: decimal/pr54036-2.cc: can't read "et_cache(dfp,value)": no such element in array for " dg-require-effective-target 18 dfp "
ERROR: decimal/pr54036-3.cc: can't read "et_cache(dfp,value)": no such element in array for " dg-require-effective-target 18 dfp "
UNRESOLVED: decimal/pr54036-3.cc: can't read "et_cache(dfp,value)": no such element in array for " dg-require-effective-target 18 dfp "
ERROR: decimal/pr58815.cc: can't read "et_cache(dfp,value)": no such element in array for " dg-require-effective-target 21 dfp "
UNRESOLVED: decimal/pr58815.cc: can't read "et_cache(dfp,value)": no such element in array for " dg-require-effective-target 21 dfp "
ERROR: decimal/unary-arith.cc: can't read "et_cache(dfp,value)": no such element in array for " dg-require-effective-target 18 dfp "
UNRESOLVED: decimal/unary-arith.cc: can't read "et_cache(dfp,value)": no such element in array for " dg-require-effective-target 18 dfp "
ERROR: ext/codecvt/1.cc: can't read "additional_sources": no such variable for " dg-require-iconv 1 "UCS-2BE" "
UNRESOLVED: ext/codecvt/1.cc: can't read "additional_sources": no such variable for " dg-require-iconv 1 "UCS-2BE" "
ERROR: ext/codecvt/char-1.cc: can't read "additional_sources": no such variable for " dg-require-iconv 1 "UCS-2BE" "
UNRESOLVED: ext/codecvt/char-1.cc: can't read "additional_sources": no such variable for " dg-require-iconv 1 "UCS-2BE" "
ERROR: ext/codecvt/char-2.cc: can't read "additional_sources": no such variable for " dg-require-iconv 1 "UCS-2LE" "
UNRESOLVED: ext/codecvt/char-2.cc: can't read "additional_sources": no such variable for " dg-require-iconv 1 "UCS-2LE" "
ERROR: ext/codecvt/wchar_t.cc: can't read "additional_sources": no such variable for " dg-require-iconv 1 "UCS-2BE" "
UNRESOLVED: ext/codecvt/wchar_t.cc: can't read "additional_sources": no such variable for " dg-require-iconv 1 "UCS-2BE" "
ERROR: ext/enc_filebuf/char/13189.cc: can't read "additional_sources": no such variable for " dg-require-iconv 1 "ISO-8859-1" "
UNRESOLVED: ext/enc_filebuf/char/13189.cc: can't read "additional_sources": no such variable for " dg-require-iconv 1 "ISO-8859-1" "
ERROR: ext/enc_filebuf/char/13598.cc: can't read "additional_sources": no such variable for " dg-require-iconv 5 "ISO-8859-1" "
UNRESOLVED: ext/enc_filebuf/char/13598.cc: can't read "additional_sources": no such variable for " dg-require-iconv 5 "ISO-8859-1" "
ERROR: ext/enc_filebuf/wchar_t/13189.cc: can't read "additional_sources": no such variable for " dg-require-iconv 1 "ISO-8859-1" "
UNRESOLVED: ext/enc_filebuf/wchar_t/13189.cc: can't read "additional_sources": no such variable for " dg-require-iconv 1 "ISO-8859-1" "
ERROR: ext/mt_allocator/deallocate_local-6.cc: can't read "additional_sources": no such variable for " dg-require-cxa-atexit 1 "" "
UNRESOLVED: ext/mt_allocator/deallocate_local-6.cc: can't read "additional_sources": no such variable for " dg-require-cxa-atexit 1 "" "
ERROR: ext/mt_allocator/deallocate_local-8.cc: can't read "et_cache(cxa_atexit_available,value)": no such element in array for " dg-require-cxa-atexit 1 "" "
UNRESOLVED: ext/mt_allocator/deallocate_local-8.cc: can't read "et_cache(cxa_atexit_available,value)": no such element in array for " dg-require-cxa-atexit 1 "" "
ERROR: ext/mt_allocator/deallocate_local_thread-5.cc: can't read "et_cache(cxa_atexit_available,value)": no such element in array for " dg-require-cxa-atexit 1 "" "
UNRESOLVED: ext/mt_allocator/deallocate_local_thread-5.cc: can't read "et_cache(cxa_atexit_available,value)": no such element in array for " dg-require-cxa-atexit 1 "" "
ERROR: ext/mt_allocator/deallocate_local_thread-7.cc: can't read "et_cache(cxa_atexit_available,value)": no such element in array for " dg-require-cxa-atexit 1 "" "
UNRESOLVED: ext/mt_allocator/deallocate_local_thread-7.cc: can't read "et_cache(cxa_atexit_available,value)": no such element in array for " dg-require-cxa-atexit 1 "" "
ERROR: ext/new_allocator/deallocate_global.cc: can't read "et_cache(cxa_atexit_available,value)": no such element in array for " dg-require-cxa-atexit 1 "" "
UNRESOLVED: ext/new_allocator/deallocate_global.cc: can't read "et_cache(cxa_atexit_available,value)": no such element in array for " dg-require-cxa-atexit 1 "" "
ERROR: ext/profile/all.cc: can't read "additional_sources": no such variable for " dg-options 2 "-std=gnu++11 -O0 -D_GLIBCXX_PROFILE_NO_THREADS" { target { ! tls_native } } "
UNRESOLVED: ext/profile/all.cc: can't read "additional_sources": no such variable for " dg-options 2 "-std=gnu++11 -O0 -D_GLIBCXX_PROFILE_NO_THREADS" { target { ! tls_native } } "
ERROR: ext/throw_allocator/deallocate_global.cc: can't read "additional_sources": no such variable for " dg-require-cxa-atexit 1 "" "
UNRESOLVED: ext/throw_allocator/deallocate_global.cc: can't read "additional_sources": no such variable for " dg-require-cxa-atexit 1 "" "
FAIL: libstdc++-prettyprinters/48362.cc print t2
FAIL: libstdc++-prettyprinters/cxx11.cc print rtpl
FAIL: libstdc++-prettyprinters/cxx11.cc print tpl

		=== libstdc++ Summary ===

# of expected passes		10208
# of unexpected failures	3
# of expected failures		65
# of unresolved testcases	84
# of unsupported tests		224

Compiler version: 5.0.0 20150219 (experimental) [trunk revision 220808] (GCC) 
Platform: x86_64-unknown-linux-gnu
configure flags: --prefix=/usr/5.0.0 --enable-clocale=gnu --with-system-zlib --enable-shared --with-demangler-in-ld --with-multilib-list=m32,m64,mx32 --with-fpmath=sse --enable-languages=c,c++,fortran,java,lto,objc



More information about the Gcc-testresults mailing list