Results for 5.0.0 20150217 (experimental) (GCC) (build config: ubsan; languages: c,c++; trunk revision 220775) testsuite on x86_64-unknown-linux-gnu

Toon Moene toon@moene.org
Wed Feb 18 01:46:00 GMT 2015


LAST_UPDATED: Tue Feb 17 23:45:12 UTC 2015 (revision 220775)

Native configuration is x86_64-unknown-linux-gnu

		=== gcc tests ===


Running target unix
FAIL: gcc.c-torture/compile/930111-1.c   -O2  (test for excess errors)
FAIL: gcc.c-torture/compile/930111-1.c   -O2 -flto -fno-use-linker-plugin -flto-partition=none  (test for excess errors)
FAIL: gcc.c-torture/compile/930111-1.c   -O3 -fomit-frame-pointer  (test for excess errors)
FAIL: gcc.c-torture/compile/930111-1.c   -O3 -fomit-frame-pointer -funroll-all-loops -finline-functions  (test for excess errors)
FAIL: gcc.c-torture/compile/930111-1.c   -O3 -fomit-frame-pointer -funroll-loops  (test for excess errors)
FAIL: gcc.c-torture/compile/930111-1.c   -O3 -g  (test for excess errors)
FAIL: gcc.c-torture/compile/pr34029-1.c   -O2  (test for excess errors)
FAIL: gcc.c-torture/compile/pr34029-1.c   -O2 -flto -fno-use-linker-plugin -flto-partition=none  (test for excess errors)
FAIL: gcc.c-torture/compile/pr34029-1.c   -O3 -fomit-frame-pointer  (test for excess errors)
FAIL: gcc.c-torture/compile/pr34029-1.c   -O3 -g  (test for excess errors)
FAIL: gcc.c-torture/compile/pr42049.c   -O3 -fomit-frame-pointer -funroll-all-loops -finline-functions  (test for excess errors)
FAIL: gcc.c-torture/compile/pr42049.c   -O3 -fomit-frame-pointer -funroll-loops  (test for excess errors)
FAIL: gcc.c-torture/execute/builtins/stpncpy-chk.c compilation,  -O2 
FAIL: gcc.c-torture/execute/builtins/stpncpy-chk.c compilation,  -O2 -flto -fno-use-linker-plugin -flto-partition=none 
FAIL: gcc.c-torture/execute/builtins/stpncpy-chk.c compilation,  -O2 -flto -fuse-linker-plugin -fno-fat-lto-objects 
FAIL: gcc.c-torture/execute/builtins/stpncpy-chk.c compilation,  -O3 -fomit-frame-pointer 
FAIL: gcc.c-torture/execute/builtins/stpncpy-chk.c compilation,  -O3 -fomit-frame-pointer -funroll-all-loops -finline-functions 
FAIL: gcc.c-torture/execute/builtins/stpncpy-chk.c compilation,  -O3 -fomit-frame-pointer -funroll-loops 
FAIL: gcc.c-torture/execute/builtins/stpncpy-chk.c compilation,  -O3 -g 
UNRESOLVED: gcc.c-torture/execute/builtins/stpncpy-chk.c execution,  -O2 
UNRESOLVED: gcc.c-torture/execute/builtins/stpncpy-chk.c execution,  -O2 -flto -fno-use-linker-plugin -flto-partition=none 
UNRESOLVED: gcc.c-torture/execute/builtins/stpncpy-chk.c execution,  -O2 -flto -fuse-linker-plugin -fno-fat-lto-objects 
UNRESOLVED: gcc.c-torture/execute/builtins/stpncpy-chk.c execution,  -O3 -fomit-frame-pointer 
UNRESOLVED: gcc.c-torture/execute/builtins/stpncpy-chk.c execution,  -O3 -fomit-frame-pointer -funroll-all-loops -finline-functions 
UNRESOLVED: gcc.c-torture/execute/builtins/stpncpy-chk.c execution,  -O3 -fomit-frame-pointer -funroll-loops 
UNRESOLVED: gcc.c-torture/execute/builtins/stpncpy-chk.c execution,  -O3 -g 
FAIL: gcc.c-torture/execute/builtins/strcat-chk.c compilation,  -O2 
FAIL: gcc.c-torture/execute/builtins/strcat-chk.c compilation,  -O2 -flto -fno-use-linker-plugin -flto-partition=none 
FAIL: gcc.c-torture/execute/builtins/strcat-chk.c compilation,  -O2 -flto -fuse-linker-plugin -fno-fat-lto-objects 
FAIL: gcc.c-torture/execute/builtins/strcat-chk.c compilation,  -O3 -fomit-frame-pointer 
FAIL: gcc.c-torture/execute/builtins/strcat-chk.c compilation,  -O3 -fomit-frame-pointer -funroll-all-loops -finline-functions 
FAIL: gcc.c-torture/execute/builtins/strcat-chk.c compilation,  -O3 -fomit-frame-pointer -funroll-loops 
FAIL: gcc.c-torture/execute/builtins/strcat-chk.c compilation,  -O3 -g 
UNRESOLVED: gcc.c-torture/execute/builtins/strcat-chk.c execution,  -O2 
UNRESOLVED: gcc.c-torture/execute/builtins/strcat-chk.c execution,  -O2 -flto -fno-use-linker-plugin -flto-partition=none 
UNRESOLVED: gcc.c-torture/execute/builtins/strcat-chk.c execution,  -O2 -flto -fuse-linker-plugin -fno-fat-lto-objects 
UNRESOLVED: gcc.c-torture/execute/builtins/strcat-chk.c execution,  -O3 -fomit-frame-pointer 
UNRESOLVED: gcc.c-torture/execute/builtins/strcat-chk.c execution,  -O3 -fomit-frame-pointer -funroll-all-loops -finline-functions 
UNRESOLVED: gcc.c-torture/execute/builtins/strcat-chk.c execution,  -O3 -fomit-frame-pointer -funroll-loops 
UNRESOLVED: gcc.c-torture/execute/builtins/strcat-chk.c execution,  -O3 -g 
FAIL: gcc.c-torture/execute/builtins/strncat-chk.c compilation,  -O2 
FAIL: gcc.c-torture/execute/builtins/strncat-chk.c compilation,  -O2 -flto -fno-use-linker-plugin -flto-partition=none 
FAIL: gcc.c-torture/execute/builtins/strncat-chk.c compilation,  -O2 -flto -fuse-linker-plugin -fno-fat-lto-objects 
FAIL: gcc.c-torture/execute/builtins/strncat-chk.c compilation,  -O3 -fomit-frame-pointer 
FAIL: gcc.c-torture/execute/builtins/strncat-chk.c compilation,  -O3 -fomit-frame-pointer -funroll-all-loops -finline-functions 
FAIL: gcc.c-torture/execute/builtins/strncat-chk.c compilation,  -O3 -fomit-frame-pointer -funroll-loops 
FAIL: gcc.c-torture/execute/builtins/strncat-chk.c compilation,  -O3 -g 
UNRESOLVED: gcc.c-torture/execute/builtins/strncat-chk.c execution,  -O2 
UNRESOLVED: gcc.c-torture/execute/builtins/strncat-chk.c execution,  -O2 -flto -fno-use-linker-plugin -flto-partition=none 
UNRESOLVED: gcc.c-torture/execute/builtins/strncat-chk.c execution,  -O2 -flto -fuse-linker-plugin -fno-fat-lto-objects 
UNRESOLVED: gcc.c-torture/execute/builtins/strncat-chk.c execution,  -O3 -fomit-frame-pointer 
UNRESOLVED: gcc.c-torture/execute/builtins/strncat-chk.c execution,  -O3 -fomit-frame-pointer -funroll-all-loops -finline-functions 
UNRESOLVED: gcc.c-torture/execute/builtins/strncat-chk.c execution,  -O3 -fomit-frame-pointer -funroll-loops 
UNRESOLVED: gcc.c-torture/execute/builtins/strncat-chk.c execution,  -O3 -g 
FAIL: gcc.c-torture/execute/builtins/strncpy-chk.c compilation,  -O2 
FAIL: gcc.c-torture/execute/builtins/strncpy-chk.c compilation,  -O2 -flto -fno-use-linker-plugin -flto-partition=none 
FAIL: gcc.c-torture/execute/builtins/strncpy-chk.c compilation,  -O2 -flto -fuse-linker-plugin -fno-fat-lto-objects 
FAIL: gcc.c-torture/execute/builtins/strncpy-chk.c compilation,  -O3 -fomit-frame-pointer 
FAIL: gcc.c-torture/execute/builtins/strncpy-chk.c compilation,  -O3 -fomit-frame-pointer -funroll-all-loops -finline-functions 
FAIL: gcc.c-torture/execute/builtins/strncpy-chk.c compilation,  -O3 -fomit-frame-pointer -funroll-loops 
FAIL: gcc.c-torture/execute/builtins/strncpy-chk.c compilation,  -O3 -g 
UNRESOLVED: gcc.c-torture/execute/builtins/strncpy-chk.c execution,  -O2 
UNRESOLVED: gcc.c-torture/execute/builtins/strncpy-chk.c execution,  -O2 -flto -fno-use-linker-plugin -flto-partition=none 
UNRESOLVED: gcc.c-torture/execute/builtins/strncpy-chk.c execution,  -O2 -flto -fuse-linker-plugin -fno-fat-lto-objects 
UNRESOLVED: gcc.c-torture/execute/builtins/strncpy-chk.c execution,  -O3 -fomit-frame-pointer 
UNRESOLVED: gcc.c-torture/execute/builtins/strncpy-chk.c execution,  -O3 -fomit-frame-pointer -funroll-all-loops -finline-functions 
UNRESOLVED: gcc.c-torture/execute/builtins/strncpy-chk.c execution,  -O3 -fomit-frame-pointer -funroll-loops 
UNRESOLVED: gcc.c-torture/execute/builtins/strncpy-chk.c execution,  -O3 -g 
FAIL: gcc.c-torture/execute/builtins/strstr-asm.c compilation,  -O2 
FAIL: gcc.c-torture/execute/builtins/strstr-asm.c compilation,  -O2 -flto -fno-use-linker-plugin -flto-partition=none 
FAIL: gcc.c-torture/execute/builtins/strstr-asm.c compilation,  -O2 -flto -fuse-linker-plugin -fno-fat-lto-objects 
FAIL: gcc.c-torture/execute/builtins/strstr-asm.c compilation,  -O3 -fomit-frame-pointer 
FAIL: gcc.c-torture/execute/builtins/strstr-asm.c compilation,  -O3 -g 
UNRESOLVED: gcc.c-torture/execute/builtins/strstr-asm.c execution,  -O2 
UNRESOLVED: gcc.c-torture/execute/builtins/strstr-asm.c execution,  -O2 -flto -fno-use-linker-plugin -flto-partition=none 
UNRESOLVED: gcc.c-torture/execute/builtins/strstr-asm.c execution,  -O2 -flto -fuse-linker-plugin -fno-fat-lto-objects 
UNRESOLVED: gcc.c-torture/execute/builtins/strstr-asm.c execution,  -O3 -fomit-frame-pointer 
UNRESOLVED: gcc.c-torture/execute/builtins/strstr-asm.c execution,  -O3 -g 
FAIL: gcc.c-torture/execute/20001011-1.c   -O2  (test for excess errors)
FAIL: gcc.c-torture/execute/20001011-1.c   -O2 -flto -fno-use-linker-plugin -flto-partition=none  (test for excess errors)
FAIL: gcc.c-torture/execute/20001011-1.c   -O3 -fomit-frame-pointer  (test for excess errors)
FAIL: gcc.c-torture/execute/20001011-1.c   -O3 -g  (test for excess errors)
FAIL: gcc.c-torture/execute/20010129-1.c   -O3 -fomit-frame-pointer -funroll-all-loops -finline-functions  (test for excess errors)
FAIL: gcc.c-torture/execute/20010129-1.c   -O3 -fomit-frame-pointer -funroll-loops  (test for excess errors)
FAIL: gcc.c-torture/execute/20010915-1.c   -O2  (test for excess errors)
FAIL: gcc.c-torture/execute/20010915-1.c   -O2 -flto -fno-use-linker-plugin -flto-partition=none  (test for excess errors)
FAIL: gcc.c-torture/execute/20010915-1.c   -O2 -flto -fuse-linker-plugin -fno-fat-lto-objects  (test for excess errors)
FAIL: gcc.c-torture/execute/20010915-1.c   -O3 -fomit-frame-pointer  (test for excess errors)
FAIL: gcc.c-torture/execute/20010915-1.c   -O3 -fomit-frame-pointer -funroll-all-loops -finline-functions  (test for excess errors)
FAIL: gcc.c-torture/execute/20010915-1.c   -O3 -fomit-frame-pointer -funroll-loops  (test for excess errors)
FAIL: gcc.c-torture/execute/20010915-1.c   -O3 -g  (test for excess errors)
FAIL: gcc.c-torture/execute/20011024-1.c   -O2  (test for excess errors)
FAIL: gcc.c-torture/execute/20011024-1.c   -O2 -flto -fno-use-linker-plugin -flto-partition=none  (test for excess errors)
FAIL: gcc.c-torture/execute/20011024-1.c   -O2 -flto -fuse-linker-plugin -fno-fat-lto-objects  (test for excess errors)
FAIL: gcc.c-torture/execute/20011024-1.c   -O3 -fomit-frame-pointer  (test for excess errors)
FAIL: gcc.c-torture/execute/20011024-1.c   -O3 -g  (test for excess errors)
FAIL: gcc.c-torture/execute/20021011-1.c   -O2  (test for excess errors)
FAIL: gcc.c-torture/execute/20021011-1.c   -O2 -flto -fno-use-linker-plugin -flto-partition=none  (test for excess errors)
FAIL: gcc.c-torture/execute/20021011-1.c   -O2 -flto -fuse-linker-plugin -fno-fat-lto-objects  (test for excess errors)
FAIL: gcc.c-torture/execute/20021011-1.c   -O3 -fomit-frame-pointer  (test for excess errors)
FAIL: gcc.c-torture/execute/20021011-1.c   -O3 -fomit-frame-pointer -funroll-all-loops -finline-functions  (test for excess errors)
FAIL: gcc.c-torture/execute/20021011-1.c   -O3 -fomit-frame-pointer -funroll-loops  (test for excess errors)
FAIL: gcc.c-torture/execute/20021011-1.c   -O3 -g  (test for excess errors)
FAIL: gcc.c-torture/execute/20030715-1.c   -O2  (test for excess errors)
FAIL: gcc.c-torture/execute/20030715-1.c   -O2 -flto -fno-use-linker-plugin -flto-partition=none  (test for excess errors)
FAIL: gcc.c-torture/execute/20030715-1.c   -O3 -fomit-frame-pointer  (test for excess errors)
FAIL: gcc.c-torture/execute/20030715-1.c   -O3 -g  (test for excess errors)
FAIL: gcc.c-torture/execute/20041214-1.c   -O2  (test for excess errors)
FAIL: gcc.c-torture/execute/20041214-1.c   -O2 -flto -fno-use-linker-plugin -flto-partition=none  (test for excess errors)
FAIL: gcc.c-torture/execute/20041214-1.c   -O2 -flto -fuse-linker-plugin -fno-fat-lto-objects  (test for excess errors)
FAIL: gcc.c-torture/execute/20041214-1.c   -O3 -fomit-frame-pointer  (test for excess errors)
FAIL: gcc.c-torture/execute/20041214-1.c   -O3 -fomit-frame-pointer -funroll-all-loops -finline-functions  (test for excess errors)
FAIL: gcc.c-torture/execute/20041214-1.c   -O3 -fomit-frame-pointer -funroll-loops  (test for excess errors)
FAIL: gcc.c-torture/execute/20041214-1.c   -O3 -g  (test for excess errors)
FAIL: gcc.c-torture/execute/20050502-1.c   -O2  (test for excess errors)
FAIL: gcc.c-torture/execute/20050502-1.c   -O2 -flto -fno-use-linker-plugin -flto-partition=none  (test for excess errors)
FAIL: gcc.c-torture/execute/20050502-1.c   -O2 -flto -fuse-linker-plugin -fno-fat-lto-objects  (test for excess errors)
FAIL: gcc.c-torture/execute/20050502-1.c   -O3 -fomit-frame-pointer  (test for excess errors)
FAIL: gcc.c-torture/execute/20050502-1.c   -O3 -fomit-frame-pointer -funroll-all-loops -finline-functions  (test for excess errors)
FAIL: gcc.c-torture/execute/20050502-1.c   -O3 -fomit-frame-pointer -funroll-loops  (test for excess errors)
FAIL: gcc.c-torture/execute/20050502-1.c   -O3 -g  (test for excess errors)
FAIL: gcc.c-torture/execute/920302-1.c   -O2  (test for excess errors)
FAIL: gcc.c-torture/execute/920302-1.c   -O2 -flto -fno-use-linker-plugin -flto-partition=none  (test for excess errors)
FAIL: gcc.c-torture/execute/920302-1.c   -O2 -flto -fuse-linker-plugin -fno-fat-lto-objects  (test for excess errors)
FAIL: gcc.c-torture/execute/920302-1.c   -O3 -fomit-frame-pointer  (test for excess errors)
FAIL: gcc.c-torture/execute/920302-1.c   -O3 -fomit-frame-pointer -funroll-all-loops -finline-functions  (test for excess errors)
FAIL: gcc.c-torture/execute/920302-1.c   -O3 -fomit-frame-pointer -funroll-loops  (test for excess errors)
FAIL: gcc.c-torture/execute/920302-1.c   -O3 -g  (test for excess errors)
FAIL: gcc.c-torture/execute/920501-8.c   -O2  (test for excess errors)
FAIL: gcc.c-torture/execute/920501-8.c   -O2 -flto -fno-use-linker-plugin -flto-partition=none  (test for excess errors)
FAIL: gcc.c-torture/execute/920501-8.c   -O2 -flto -fuse-linker-plugin -fno-fat-lto-objects  (test for excess errors)
FAIL: gcc.c-torture/execute/920501-8.c   -O3 -fomit-frame-pointer  (test for excess errors)
FAIL: gcc.c-torture/execute/920501-8.c   -O3 -g  (test for excess errors)
FAIL: gcc.c-torture/execute/920501-9.c   -O2  (test for excess errors)
FAIL: gcc.c-torture/execute/920501-9.c   -O2 -flto -fno-use-linker-plugin -flto-partition=none  (test for excess errors)
FAIL: gcc.c-torture/execute/920501-9.c   -O2 -flto -fuse-linker-plugin -fno-fat-lto-objects  (test for excess errors)
FAIL: gcc.c-torture/execute/920501-9.c   -O3 -fomit-frame-pointer  (test for excess errors)
FAIL: gcc.c-torture/execute/920501-9.c   -O3 -g  (test for excess errors)
FAIL: gcc.c-torture/execute/920726-1.c   -O2  (test for excess errors)
FAIL: gcc.c-torture/execute/920726-1.c   -O2 -flto -fno-use-linker-plugin -flto-partition=none  (test for excess errors)
FAIL: gcc.c-torture/execute/920726-1.c   -O2 -flto -fuse-linker-plugin -fno-fat-lto-objects  (test for excess errors)
FAIL: gcc.c-torture/execute/920726-1.c   -O3 -fomit-frame-pointer  (test for excess errors)
FAIL: gcc.c-torture/execute/920726-1.c   -O3 -fomit-frame-pointer -funroll-all-loops -finline-functions  (test for excess errors)
FAIL: gcc.c-torture/execute/920726-1.c   -O3 -fomit-frame-pointer -funroll-loops  (test for excess errors)
FAIL: gcc.c-torture/execute/920726-1.c   -O3 -g  (test for excess errors)
FAIL: gcc.c-torture/execute/921117-1.c   -O2  (test for excess errors)
FAIL: gcc.c-torture/execute/921117-1.c   -O2 -flto -fno-use-linker-plugin -flto-partition=none  (test for excess errors)
FAIL: gcc.c-torture/execute/921117-1.c   -O2 -flto -fuse-linker-plugin -fno-fat-lto-objects  (test for excess errors)
FAIL: gcc.c-torture/execute/921117-1.c   -O3 -fomit-frame-pointer  (test for excess errors)
FAIL: gcc.c-torture/execute/921117-1.c   -O3 -g  (test for excess errors)
FAIL: gcc.c-torture/execute/pr44852.c   -O2  (test for excess errors)
FAIL: gcc.c-torture/execute/pr44852.c   -O2 -flto -fno-use-linker-plugin -flto-partition=none  (test for excess errors)
FAIL: gcc.c-torture/execute/pr44852.c   -O2 -flto -fuse-linker-plugin -fno-fat-lto-objects  (test for excess errors)
FAIL: gcc.c-torture/execute/pr44852.c   -O3 -fomit-frame-pointer  (test for excess errors)
FAIL: gcc.c-torture/execute/pr44852.c   -O3 -fomit-frame-pointer -funroll-all-loops -finline-functions  (test for excess errors)
FAIL: gcc.c-torture/execute/pr44852.c   -O3 -fomit-frame-pointer -funroll-loops  (test for excess errors)
FAIL: gcc.c-torture/execute/pr44852.c   -O3 -g  (test for excess errors)
FAIL: gcc.c-torture/execute/pr47337.c   -O2  (test for excess errors)
FAIL: gcc.c-torture/execute/pr47337.c   -O2 -flto -fno-use-linker-plugin -flto-partition=none  (test for excess errors)
FAIL: gcc.c-torture/execute/pr47337.c   -O2 -flto -fuse-linker-plugin -fno-fat-lto-objects  (test for excess errors)
FAIL: gcc.c-torture/execute/pr47337.c   -O3 -fomit-frame-pointer  (test for excess errors)
FAIL: gcc.c-torture/execute/pr47337.c   -O3 -fomit-frame-pointer -funroll-all-loops -finline-functions  (test for excess errors)
FAIL: gcc.c-torture/execute/pr47337.c   -O3 -fomit-frame-pointer -funroll-loops  (test for excess errors)
FAIL: gcc.c-torture/execute/pr47337.c   -O3 -g  (test for excess errors)
FAIL: gcc.c-torture/execute/pr56205.c   -O2  (test for excess errors)
FAIL: gcc.c-torture/execute/pr56205.c   -O2 -flto -fno-use-linker-plugin -flto-partition=none  (test for excess errors)
FAIL: gcc.c-torture/execute/pr56205.c   -O2 -flto -fuse-linker-plugin -fno-fat-lto-objects  (test for excess errors)
FAIL: gcc.c-torture/execute/pr56205.c   -O3 -fomit-frame-pointer  (test for excess errors)
FAIL: gcc.c-torture/execute/pr56205.c   -O3 -g  (test for excess errors)
FAIL: gcc.c-torture/execute/pr60062.c   -O2  (test for excess errors)
FAIL: gcc.c-torture/execute/pr60062.c   -O2 -flto -fno-use-linker-plugin -flto-partition=none  (test for excess errors)
FAIL: gcc.c-torture/execute/pr60062.c   -O2 -flto -fuse-linker-plugin -fno-fat-lto-objects  (test for excess errors)
FAIL: gcc.c-torture/execute/pr60062.c   -O3 -fomit-frame-pointer  (test for excess errors)
FAIL: gcc.c-torture/execute/pr60062.c   -O3 -g  (test for excess errors)
FAIL: gcc.c-torture/execute/string-opt-5.c   -O2  (test for excess errors)
FAIL: gcc.c-torture/execute/string-opt-5.c   -O2 -flto -fno-use-linker-plugin -flto-partition=none  (test for excess errors)
FAIL: gcc.c-torture/execute/string-opt-5.c   -O2 -flto -fuse-linker-plugin -fno-fat-lto-objects  (test for excess errors)
FAIL: gcc.c-torture/execute/string-opt-5.c   -O3 -fomit-frame-pointer  (test for excess errors)
FAIL: gcc.c-torture/execute/string-opt-5.c   -O3 -g  (test for excess errors)
FAIL: gcc.c-torture/execute/ieee/920810-1.c compilation,  -O2 
FAIL: gcc.c-torture/execute/ieee/920810-1.c compilation,  -O2 -flto -fno-use-linker-plugin -flto-partition=none 
FAIL: gcc.c-torture/execute/ieee/920810-1.c compilation,  -O2 -flto -fuse-linker-plugin -fno-fat-lto-objects 
FAIL: gcc.c-torture/execute/ieee/920810-1.c compilation,  -O3 -fomit-frame-pointer 
FAIL: gcc.c-torture/execute/ieee/920810-1.c compilation,  -O3 -g 
UNRESOLVED: gcc.c-torture/execute/ieee/920810-1.c execution,  -O2 
UNRESOLVED: gcc.c-torture/execute/ieee/920810-1.c execution,  -O2 -flto -fno-use-linker-plugin -flto-partition=none 
UNRESOLVED: gcc.c-torture/execute/ieee/920810-1.c execution,  -O2 -flto -fuse-linker-plugin -fno-fat-lto-objects 
UNRESOLVED: gcc.c-torture/execute/ieee/920810-1.c execution,  -O3 -fomit-frame-pointer 
UNRESOLVED: gcc.c-torture/execute/ieee/920810-1.c execution,  -O3 -g 
FAIL: gcc.dg/20030711-1.c (test for excess errors)
FAIL: gcc.dg/20050503-1.c (test for excess errors)
FAIL: gcc.dg/alias-11.c (test for excess errors)
FAIL: gcc.dg/c99-init-1.c (test for excess errors)
FAIL: gcc.dg/pr34225.c (test for excess errors)
FAIL: gcc.dg/pr38616.c (test for excess errors)
FAIL: gcc.dg/pr44404.c (test for excess errors)
FAIL: gcc.dg/strlenopt-1.c (test for excess errors)
FAIL: gcc.dg/strlenopt-1f.c (test for excess errors)
FAIL: gcc.dg/strlenopt-2.c (test for excess errors)
FAIL: gcc.dg/strlenopt-2f.c (test for excess errors)
FAIL: gcc.dg/strlenopt-6.c (test for excess errors)
FAIL: gcc.dg/strlenopt-8.c (test for excess errors)
FAIL: gcc.dg/utf-inc-init.c (test for excess errors)
FAIL: gcc.dg/gomp/pr25990.c (test for excess errors)
XPASS: gcc.dg/guality/example.c   -O0  execution test
XPASS: gcc.dg/guality/example.c   -O1  execution test
FAIL: gcc.dg/guality/example.c   -O2  (test for excess errors)
XPASS: gcc.dg/guality/example.c   -O2  execution test
FAIL: gcc.dg/guality/example.c   -O2 -flto -fno-use-linker-plugin -flto-partition=none  (test for excess errors)
XPASS: gcc.dg/guality/example.c   -O2 -flto -fno-use-linker-plugin -flto-partition=none  execution test
FAIL: gcc.dg/guality/example.c   -O2 -flto -fuse-linker-plugin -fno-fat-lto-objects  (test for excess errors)
FAIL: gcc.dg/guality/example.c   -O3 -fomit-frame-pointer  (test for excess errors)
FAIL: gcc.dg/guality/example.c   -O3 -fomit-frame-pointer -funroll-all-loops -finline-functions  (test for excess errors)
FAIL: gcc.dg/guality/example.c   -O3 -fomit-frame-pointer -funroll-loops  (test for excess errors)
FAIL: gcc.dg/guality/example.c   -O3 -g  (test for excess errors)
XPASS: gcc.dg/guality/guality.c   -O0  execution test
XPASS: gcc.dg/guality/guality.c   -O1  execution test
FAIL: gcc.dg/guality/guality.c   -O2  (test for excess errors)
XPASS: gcc.dg/guality/guality.c   -O2  execution test
FAIL: gcc.dg/guality/guality.c   -O2 -flto -fno-use-linker-plugin -flto-partition=none  (test for excess errors)
XPASS: gcc.dg/guality/guality.c   -O2 -flto -fno-use-linker-plugin -flto-partition=none  execution test
FAIL: gcc.dg/guality/guality.c   -O2 -flto -fuse-linker-plugin -fno-fat-lto-objects  (test for excess errors)
XPASS: gcc.dg/guality/guality.c   -O2 -flto -fuse-linker-plugin -fno-fat-lto-objects  execution test
FAIL: gcc.dg/guality/guality.c   -O3 -fomit-frame-pointer  (test for excess errors)
XPASS: gcc.dg/guality/guality.c   -O3 -fomit-frame-pointer  execution test
FAIL: gcc.dg/guality/guality.c   -O3 -g  (test for excess errors)
XPASS: gcc.dg/guality/guality.c   -O3 -g  execution test
XPASS: gcc.dg/guality/guality.c   -Os  execution test
FAIL: gcc.dg/guality/inline-params.c   -O2  (test for excess errors)
XPASS: gcc.dg/guality/inline-params.c   -O2  execution test
FAIL: gcc.dg/guality/inline-params.c   -O2 -flto -fno-use-linker-plugin -flto-partition=none  (test for excess errors)
XPASS: gcc.dg/guality/inline-params.c   -O2 -flto -fno-use-linker-plugin -flto-partition=none  execution test
FAIL: gcc.dg/guality/inline-params.c   -O2 -flto -fuse-linker-plugin -fno-fat-lto-objects  (test for excess errors)
FAIL: gcc.dg/guality/inline-params.c   -O3 -fomit-frame-pointer  (test for excess errors)
XPASS: gcc.dg/guality/inline-params.c   -O3 -fomit-frame-pointer  execution test
FAIL: gcc.dg/guality/inline-params.c   -O3 -g  (test for excess errors)
XPASS: gcc.dg/guality/inline-params.c   -O3 -g  execution test
XPASS: gcc.dg/guality/inline-params.c   -Os  execution test
XPASS: gcc.dg/guality/pr41353-1.c   -O0  line 28 j == 28 + 37
FAIL: gcc.dg/guality/pr41447-1.c   -O2  (test for excess errors)
FAIL: gcc.dg/guality/pr41447-1.c   -O2 -flto -fno-use-linker-plugin -flto-partition=none  (test for excess errors)
FAIL: gcc.dg/guality/pr41447-1.c   -O2 -flto -fuse-linker-plugin -fno-fat-lto-objects  (test for excess errors)
FAIL: gcc.dg/guality/pr41447-1.c   -O3 -fomit-frame-pointer  (test for excess errors)
FAIL: gcc.dg/guality/pr41447-1.c   -O3 -g  (test for excess errors)
FAIL: gcc.dg/guality/pr41616-1.c   -O2  (test for excess errors)
FAIL: gcc.dg/guality/pr41616-1.c   -O2 -flto -fno-use-linker-plugin -flto-partition=none  (test for excess errors)
FAIL: gcc.dg/guality/pr41616-1.c   -O2 -flto -fuse-linker-plugin -fno-fat-lto-objects  (test for excess errors)
FAIL: gcc.dg/guality/pr41616-1.c   -O2 -flto -fuse-linker-plugin -fno-fat-lto-objects  execution test
FAIL: gcc.dg/guality/pr41616-1.c   -O3 -fomit-frame-pointer  (test for excess errors)
FAIL: gcc.dg/guality/pr41616-1.c   -O3 -g  (test for excess errors)
FAIL: gcc.dg/guality/pr42782.c   -O2  (test for excess errors)
FAIL: gcc.dg/guality/pr42782.c   -O2 -flto -fno-use-linker-plugin -flto-partition=none  (test for excess errors)
FAIL: gcc.dg/guality/pr42782.c   -O3 -fomit-frame-pointer  (test for excess errors)
FAIL: gcc.dg/guality/pr42782.c   -O3 -g  (test for excess errors)
FAIL: gcc.dg/guality/pr43051-1.c   -O2  line 35 v == 1
FAIL: gcc.dg/guality/pr43051-1.c   -O2  line 36 e == &a[1]
FAIL: gcc.dg/guality/pr43051-1.c   -O2  line 39 c == &a[0]
FAIL: gcc.dg/guality/pr43051-1.c   -O2  line 40 v == 1
FAIL: gcc.dg/guality/pr43051-1.c   -O2  line 41 e == &a[1]
FAIL: gcc.dg/guality/pr43051-1.c   -O2 -flto -fno-use-linker-plugin -flto-partition=none  line 35 v == 1
FAIL: gcc.dg/guality/pr43051-1.c   -O2 -flto -fno-use-linker-plugin -flto-partition=none  line 36 e == &a[1]
FAIL: gcc.dg/guality/pr43051-1.c   -O2 -flto -fno-use-linker-plugin -flto-partition=none  line 39 c == &a[0]
FAIL: gcc.dg/guality/pr43051-1.c   -O2 -flto -fno-use-linker-plugin -flto-partition=none  line 40 v == 1
FAIL: gcc.dg/guality/pr43051-1.c   -O2 -flto -fno-use-linker-plugin -flto-partition=none  line 41 e == &a[1]
FAIL: gcc.dg/guality/pr43051-1.c   -O2 -flto -fuse-linker-plugin -fno-fat-lto-objects  line 35 v == 1
FAIL: gcc.dg/guality/pr43051-1.c   -O2 -flto -fuse-linker-plugin -fno-fat-lto-objects  line 36 e == &a[1]
FAIL: gcc.dg/guality/pr43051-1.c   -O2 -flto -fuse-linker-plugin -fno-fat-lto-objects  line 39 c == &a[0]
FAIL: gcc.dg/guality/pr43051-1.c   -O2 -flto -fuse-linker-plugin -fno-fat-lto-objects  line 40 v == 1
FAIL: gcc.dg/guality/pr43051-1.c   -O2 -flto -fuse-linker-plugin -fno-fat-lto-objects  line 41 e == &a[1]
FAIL: gcc.dg/guality/pr43051-1.c   -O3 -fomit-frame-pointer  line 35 v == 1
FAIL: gcc.dg/guality/pr43051-1.c   -O3 -fomit-frame-pointer  line 36 e == &a[1]
FAIL: gcc.dg/guality/pr43051-1.c   -O3 -fomit-frame-pointer  line 39 c == &a[0]
FAIL: gcc.dg/guality/pr43051-1.c   -O3 -fomit-frame-pointer  line 40 v == 1
FAIL: gcc.dg/guality/pr43051-1.c   -O3 -fomit-frame-pointer  line 41 e == &a[1]
FAIL: gcc.dg/guality/pr43051-1.c   -O3 -fomit-frame-pointer -funroll-all-loops -finline-functions  line 35 v == 1
FAIL: gcc.dg/guality/pr43051-1.c   -O3 -fomit-frame-pointer -funroll-all-loops -finline-functions  line 36 e == &a[1]
FAIL: gcc.dg/guality/pr43051-1.c   -O3 -fomit-frame-pointer -funroll-all-loops -finline-functions  line 39 c == &a[0]
FAIL: gcc.dg/guality/pr43051-1.c   -O3 -fomit-frame-pointer -funroll-all-loops -finline-functions  line 40 v == 1
FAIL: gcc.dg/guality/pr43051-1.c   -O3 -fomit-frame-pointer -funroll-all-loops -finline-functions  line 41 e == &a[1]
FAIL: gcc.dg/guality/pr43051-1.c   -O3 -fomit-frame-pointer -funroll-loops  line 35 v == 1
FAIL: gcc.dg/guality/pr43051-1.c   -O3 -fomit-frame-pointer -funroll-loops  line 36 e == &a[1]
FAIL: gcc.dg/guality/pr43051-1.c   -O3 -fomit-frame-pointer -funroll-loops  line 39 c == &a[0]
FAIL: gcc.dg/guality/pr43051-1.c   -O3 -fomit-frame-pointer -funroll-loops  line 40 v == 1
FAIL: gcc.dg/guality/pr43051-1.c   -O3 -fomit-frame-pointer -funroll-loops  line 41 e == &a[1]
FAIL: gcc.dg/guality/pr43051-1.c   -O3 -g  line 35 v == 1
FAIL: gcc.dg/guality/pr43051-1.c   -O3 -g  line 36 e == &a[1]
FAIL: gcc.dg/guality/pr43051-1.c   -O3 -g  line 39 c == &a[0]
FAIL: gcc.dg/guality/pr43051-1.c   -O3 -g  line 40 v == 1
FAIL: gcc.dg/guality/pr43051-1.c   -O3 -g  line 41 e == &a[1]
FAIL: gcc.dg/guality/pr43051-1.c   -Os  line 35 v == 1
FAIL: gcc.dg/guality/pr43051-1.c   -Os  line 36 e == &a[1]
FAIL: gcc.dg/guality/pr43051-1.c   -Os  line 39 c == &a[0]
FAIL: gcc.dg/guality/pr43051-1.c   -Os  line 40 v == 1
FAIL: gcc.dg/guality/pr43051-1.c   -Os  line 41 e == &a[1]
FAIL: gcc.dg/guality/pr43177.c   -O2  line 15 l == 10
FAIL: gcc.dg/guality/pr43177.c   -O2  line 15 x == 7
FAIL: gcc.dg/guality/pr43177.c   -O2  line 24 l == 10
FAIL: gcc.dg/guality/pr43177.c   -O2  line 24 x == 7
FAIL: gcc.dg/guality/pr43177.c   -O2 -flto -fno-use-linker-plugin -flto-partition=none  line 15 l == 10
FAIL: gcc.dg/guality/pr43177.c   -O2 -flto -fno-use-linker-plugin -flto-partition=none  line 15 x == 7
FAIL: gcc.dg/guality/pr43177.c   -O2 -flto -fno-use-linker-plugin -flto-partition=none  line 24 l == 10
FAIL: gcc.dg/guality/pr43177.c   -O2 -flto -fno-use-linker-plugin -flto-partition=none  line 24 x == 7
FAIL: gcc.dg/guality/pr43177.c   -O2 -flto -fuse-linker-plugin -fno-fat-lto-objects  line 15 l == 10
FAIL: gcc.dg/guality/pr43177.c   -O2 -flto -fuse-linker-plugin -fno-fat-lto-objects  line 15 x == 7
FAIL: gcc.dg/guality/pr43177.c   -O2 -flto -fuse-linker-plugin -fno-fat-lto-objects  line 24 l == 10
FAIL: gcc.dg/guality/pr43177.c   -O2 -flto -fuse-linker-plugin -fno-fat-lto-objects  line 24 x == 7
FAIL: gcc.dg/guality/pr43177.c   -O3 -fomit-frame-pointer  line 15 l == 10
FAIL: gcc.dg/guality/pr43177.c   -O3 -fomit-frame-pointer  line 15 x == 7
FAIL: gcc.dg/guality/pr43177.c   -O3 -fomit-frame-pointer  line 24 l == 10
FAIL: gcc.dg/guality/pr43177.c   -O3 -fomit-frame-pointer  line 24 x == 7
FAIL: gcc.dg/guality/pr43177.c   -O3 -g  line 15 l == 10
FAIL: gcc.dg/guality/pr43177.c   -O3 -g  line 15 x == 7
FAIL: gcc.dg/guality/pr43177.c   -O3 -g  line 24 l == 10
FAIL: gcc.dg/guality/pr43177.c   -O3 -g  line 24 x == 7
FAIL: gcc.dg/guality/pr43177.c   -Os  line 15 l == 10
FAIL: gcc.dg/guality/pr43177.c   -Os  line 15 x == 7
FAIL: gcc.dg/guality/pr43177.c   -Os  line 24 l == 10
FAIL: gcc.dg/guality/pr43177.c   -Os  line 24 x == 7
FAIL: gcc.dg/guality/pr45003-2.c   -O2 -flto -fuse-linker-plugin -fno-fat-lto-objects  line 10 a == 0x8078
FAIL: gcc.dg/guality/pr45882.c   -O2 -flto -fuse-linker-plugin -fno-fat-lto-objects  line 16 d == 112
FAIL: gcc.dg/guality/pr45882.c   -O2 -flto -fuse-linker-plugin -fno-fat-lto-objects  line 16 e == 142
FAIL: gcc.dg/guality/pr54200.c   -Os  line 20 z == 3
FAIL: gcc.dg/guality/pr54519-1.c   -O2 -flto -fno-use-linker-plugin -flto-partition=none  line 20 y == 25
FAIL: gcc.dg/guality/pr54519-1.c   -O2 -flto -fno-use-linker-plugin -flto-partition=none  line 20 z == 6
FAIL: gcc.dg/guality/pr54519-1.c   -O2 -flto -fno-use-linker-plugin -flto-partition=none  line 23 y == 117
FAIL: gcc.dg/guality/pr54519-1.c   -O2 -flto -fno-use-linker-plugin -flto-partition=none  line 23 z == 8
FAIL: gcc.dg/guality/pr54519-2.c   -O2 -flto -fno-use-linker-plugin -flto-partition=none  line 17 y == 25
FAIL: gcc.dg/guality/pr54519-2.c   -O2 -flto -fuse-linker-plugin -fno-fat-lto-objects  line 17 y == 25
FAIL: gcc.dg/guality/pr54519-3.c   -O2 -flto -fno-use-linker-plugin -flto-partition=none  line 20 y == 25
FAIL: gcc.dg/guality/pr54519-3.c   -O2 -flto -fno-use-linker-plugin -flto-partition=none  line 20 z == 6
FAIL: gcc.dg/guality/pr54519-3.c   -O2 -flto -fno-use-linker-plugin -flto-partition=none  line 23 y == 117
FAIL: gcc.dg/guality/pr54519-3.c   -O2 -flto -fno-use-linker-plugin -flto-partition=none  line 23 z == 8
FAIL: gcc.dg/guality/pr54519-3.c   -O2 -flto -fuse-linker-plugin -fno-fat-lto-objects  line 20 x == 36
FAIL: gcc.dg/guality/pr54519-3.c   -O2 -flto -fuse-linker-plugin -fno-fat-lto-objects  line 20 y == 25
FAIL: gcc.dg/guality/pr54519-3.c   -O2 -flto -fuse-linker-plugin -fno-fat-lto-objects  line 20 z == 6
FAIL: gcc.dg/guality/pr54519-3.c   -O2 -flto -fuse-linker-plugin -fno-fat-lto-objects  line 23 x == 98
FAIL: gcc.dg/guality/pr54519-3.c   -O2 -flto -fuse-linker-plugin -fno-fat-lto-objects  line 23 y == 117
FAIL: gcc.dg/guality/pr54519-3.c   -O2 -flto -fuse-linker-plugin -fno-fat-lto-objects  line 23 z == 8
FAIL: gcc.dg/guality/pr54519-4.c   -O2 -flto -fno-use-linker-plugin -flto-partition=none  line 17 y == 25
FAIL: gcc.dg/guality/pr54519-4.c   -O2 -flto -fuse-linker-plugin -fno-fat-lto-objects  line 17 x == 6
FAIL: gcc.dg/guality/pr54519-4.c   -O2 -flto -fuse-linker-plugin -fno-fat-lto-objects  line 17 y == 25
FAIL: gcc.dg/guality/pr54519-5.c   -O2 -flto -fno-use-linker-plugin -flto-partition=none  line 17 y == 25
FAIL: gcc.dg/guality/pr54519-5.c   -O2 -flto -fuse-linker-plugin -fno-fat-lto-objects  line 17 y == 25
FAIL: gcc.dg/guality/sra-1.c   -O2  line 43 a.i == 4
FAIL: gcc.dg/guality/sra-1.c   -O2  line 43 a.j == 14
FAIL: gcc.dg/guality/sra-1.c   -O2 -flto -fno-use-linker-plugin -flto-partition=none  line 21 a.i == 4
FAIL: gcc.dg/guality/sra-1.c   -O2 -flto -fno-use-linker-plugin -flto-partition=none  line 21 a.j == 14
FAIL: gcc.dg/guality/sra-1.c   -O2 -flto -fno-use-linker-plugin -flto-partition=none  line 43 a.i == 4
FAIL: gcc.dg/guality/sra-1.c   -O2 -flto -fno-use-linker-plugin -flto-partition=none  line 43 a.j == 14
FAIL: gcc.dg/guality/sra-1.c   -O2 -flto -fuse-linker-plugin -fno-fat-lto-objects  line 21 a.i == 4
FAIL: gcc.dg/guality/sra-1.c   -O2 -flto -fuse-linker-plugin -fno-fat-lto-objects  line 21 a.j == 14
FAIL: gcc.dg/guality/sra-1.c   -O2 -flto -fuse-linker-plugin -fno-fat-lto-objects  line 43 a.i == 4
FAIL: gcc.dg/guality/sra-1.c   -O2 -flto -fuse-linker-plugin -fno-fat-lto-objects  line 43 a.j == 14
FAIL: gcc.dg/guality/sra-1.c   -O3 -fomit-frame-pointer  line 43 a.i == 4
FAIL: gcc.dg/guality/sra-1.c   -O3 -fomit-frame-pointer  line 43 a.j == 14
FAIL: gcc.dg/guality/sra-1.c   -O3 -g  line 43 a.i == 4
FAIL: gcc.dg/guality/sra-1.c   -O3 -g  line 43 a.j == 14
FAIL: gcc.dg/guality/sra-1.c   -Os  line 43 a.i == 4
FAIL: gcc.dg/guality/sra-1.c   -Os  line 43 a.j == 14
FAIL: gcc.dg/guality/vla-1.c   -O0  line 17 sizeof (a) == 6
FAIL: gcc.dg/guality/vla-1.c   -O0  line 24 sizeof (a) == 17 * sizeof (short)
FAIL: gcc.dg/guality/vla-1.c   -O1  line 17 sizeof (a) == 6
FAIL: gcc.dg/guality/vla-1.c   -O1  line 24 sizeof (a) == 17 * sizeof (short)
FAIL: gcc.dg/guality/vla-1.c   -O2  line 17 sizeof (a) == 6
FAIL: gcc.dg/guality/vla-1.c   -O2  line 24 sizeof (a) == 17 * sizeof (short)
FAIL: gcc.dg/guality/vla-1.c   -O2 -flto -fno-use-linker-plugin -flto-partition=none  line 17 sizeof (a) == 6
FAIL: gcc.dg/guality/vla-1.c   -O2 -flto -fno-use-linker-plugin -flto-partition=none  line 24 sizeof (a) == 17 * sizeof (short)
FAIL: gcc.dg/guality/vla-1.c   -O2 -flto -fuse-linker-plugin -fno-fat-lto-objects  line 17 sizeof (a) == 6
FAIL: gcc.dg/guality/vla-1.c   -O2 -flto -fuse-linker-plugin -fno-fat-lto-objects  line 24 sizeof (a) == 17 * sizeof (short)
FAIL: gcc.dg/guality/vla-1.c   -O3 -fomit-frame-pointer  line 17 sizeof (a) == 6
FAIL: gcc.dg/guality/vla-1.c   -O3 -fomit-frame-pointer  line 24 sizeof (a) == 17 * sizeof (short)
FAIL: gcc.dg/guality/vla-1.c   -O3 -g  line 17 sizeof (a) == 6
FAIL: gcc.dg/guality/vla-1.c   -O3 -g  line 24 sizeof (a) == 17 * sizeof (short)
FAIL: gcc.dg/guality/vla-1.c   -Os  line 17 sizeof (a) == 6
FAIL: gcc.dg/guality/vla-1.c   -Os  line 24 sizeof (a) == 17 * sizeof (short)
FAIL: gcc.dg/guality/vla-2.c   -O0  line 16 sizeof (a) == 5 * sizeof (int)
FAIL: gcc.dg/guality/vla-2.c   -O0  line 25 sizeof (a) == 6 * sizeof (int)
FAIL: gcc.dg/guality/vla-2.c   -O1  line 16 sizeof (a) == 5 * sizeof (int)
FAIL: gcc.dg/guality/vla-2.c   -O1  line 25 sizeof (a) == 6 * sizeof (int)
FAIL: gcc.dg/guality/vla-2.c   -O2  line 16 sizeof (a) == 5 * sizeof (int)
FAIL: gcc.dg/guality/vla-2.c   -O2  line 25 sizeof (a) == 6 * sizeof (int)
FAIL: gcc.dg/guality/vla-2.c   -O2 -flto -fno-use-linker-plugin -flto-partition=none  line 16 sizeof (a) == 5 * sizeof (int)
FAIL: gcc.dg/guality/vla-2.c   -O2 -flto -fno-use-linker-plugin -flto-partition=none  line 25 sizeof (a) == 6 * sizeof (int)
FAIL: gcc.dg/guality/vla-2.c   -O2 -flto -fuse-linker-plugin -fno-fat-lto-objects  line 16 sizeof (a) == 5 * sizeof (int)
FAIL: gcc.dg/guality/vla-2.c   -O2 -flto -fuse-linker-plugin -fno-fat-lto-objects  line 25 sizeof (a) == 6 * sizeof (int)
FAIL: gcc.dg/guality/vla-2.c   -O3 -fomit-frame-pointer  line 16 sizeof (a) == 5 * sizeof (int)
FAIL: gcc.dg/guality/vla-2.c   -O3 -fomit-frame-pointer  line 25 sizeof (a) == 6 * sizeof (int)
FAIL: gcc.dg/guality/vla-2.c   -O3 -g  line 16 sizeof (a) == 5 * sizeof (int)
FAIL: gcc.dg/guality/vla-2.c   -O3 -g  line 25 sizeof (a) == 6 * sizeof (int)
FAIL: gcc.dg/guality/vla-2.c   -Os  line 16 sizeof (a) == 5 * sizeof (int)
FAIL: gcc.dg/guality/vla-2.c   -Os  line 25 sizeof (a) == 6 * sizeof (int)
FAIL: gcc.dg/lto/20081024 c_lto_20081024_0.o assemble, -O2 -flto -flto-partition=1to1 -fno-use-linker-plugin 
UNRESOLVED: gcc.dg/lto/20081024 c_lto_20081024_0.o-c_lto_20081024_0.o execute -O2 -flto -flto-partition=1to1 -fno-use-linker-plugin 
UNRESOLVED: gcc.dg/lto/20081024 c_lto_20081024_0.o-c_lto_20081024_0.o execute -O2 -flto -flto-partition=none -fuse-linker-plugin -fno-fat-lto-objects 
UNRESOLVED: gcc.dg/lto/20081024 c_lto_20081024_0.o-c_lto_20081024_0.o execute -O2 -flto -fuse-linker-plugin
FAIL: gcc.dg/lto/20081024 c_lto_20081024_0.o-c_lto_20081024_0.o link, -O2 -flto -flto-partition=1to1 -fno-use-linker-plugin 
FAIL: gcc.dg/lto/20081024 c_lto_20081024_0.o-c_lto_20081024_0.o link, -O2 -flto -flto-partition=none -fuse-linker-plugin -fno-fat-lto-objects 
FAIL: gcc.dg/lto/20081024 c_lto_20081024_0.o-c_lto_20081024_0.o link, -O2 -flto -fuse-linker-plugin
FAIL: gcc.dg/plugin/finish_unit_plugin.c compilation
FAIL: gcc.dg/plugin/ggcplug.c compilation
FAIL: gcc.dg/plugin/one_time_plugin.c compilation
FAIL: gcc.dg/plugin/selfassign.c compilation
FAIL: gcc.dg/plugin/sreal_plugin.c compilation
FAIL: gcc.dg/plugin/start_unit_plugin.c compilation
FAIL: gcc.dg/plugin/wide-int_plugin.c compilation
FAIL: gcc.dg/tls/opt-5.c (test for excess errors)
FAIL: gcc.dg/torture/pr53908.c   -O2  (test for excess errors)
FAIL: gcc.dg/torture/pr53908.c   -O2 -flto -fno-use-linker-plugin -flto-partition=none  (test for excess errors)
FAIL: gcc.dg/torture/pr53908.c   -O2 -flto -fuse-linker-plugin -fno-fat-lto-objects  (test for excess errors)
FAIL: gcc.dg/torture/pr53908.c   -O3 -fomit-frame-pointer  (test for excess errors)
FAIL: gcc.dg/torture/pr53908.c   -O3 -fomit-frame-pointer -funroll-all-loops -finline-functions  (test for excess errors)
FAIL: gcc.dg/torture/pr53908.c   -O3 -fomit-frame-pointer -funroll-loops  (test for excess errors)
FAIL: gcc.dg/torture/pr53908.c   -O3 -g  (test for excess errors)
FAIL: gcc.dg/torture/pr60183.c   -O3 -fomit-frame-pointer  (test for excess errors)
FAIL: gcc.dg/torture/pr60183.c   -O3 -fomit-frame-pointer -funroll-all-loops -finline-functions  (test for excess errors)
FAIL: gcc.dg/torture/pr60183.c   -O3 -fomit-frame-pointer -funroll-loops  (test for excess errors)
FAIL: gcc.dg/torture/pr60183.c   -O3 -g  (test for excess errors)
FAIL: gcc.dg/torture/stackalign/alloca-1.c   -O2  (test for excess errors)
FAIL: gcc.dg/torture/stackalign/alloca-1.c   -O2 -flto -fno-use-linker-plugin -flto-partition=none  (test for excess errors)
FAIL: gcc.dg/torture/stackalign/alloca-1.c   -O2 -flto -fno-use-linker-plugin -flto-partition=none -fpic (test for excess errors)
FAIL: gcc.dg/torture/stackalign/alloca-1.c   -O2 -flto -fno-use-linker-plugin -flto-partition=none -mforce-drap (test for excess errors)
FAIL: gcc.dg/torture/stackalign/alloca-1.c   -O2 -flto -fno-use-linker-plugin -flto-partition=none -mforce-drap -fpic (test for excess errors)
FAIL: gcc.dg/torture/stackalign/alloca-1.c   -O2 -flto -fuse-linker-plugin -fno-fat-lto-objects  (test for excess errors)
FAIL: gcc.dg/torture/stackalign/alloca-1.c   -O2 -flto -fuse-linker-plugin -fno-fat-lto-objects -fpic (test for excess errors)
FAIL: gcc.dg/torture/stackalign/alloca-1.c   -O2 -flto -fuse-linker-plugin -fno-fat-lto-objects -mforce-drap (test for excess errors)
FAIL: gcc.dg/torture/stackalign/alloca-1.c   -O2 -flto -fuse-linker-plugin -fno-fat-lto-objects -mforce-drap -fpic (test for excess errors)
FAIL: gcc.dg/torture/stackalign/alloca-1.c   -O2 -fpic (test for excess errors)
FAIL: gcc.dg/torture/stackalign/alloca-1.c   -O2 -mforce-drap (test for excess errors)
FAIL: gcc.dg/torture/stackalign/alloca-1.c   -O2 -mforce-drap -fpic (test for excess errors)
FAIL: gcc.dg/torture/stackalign/alloca-1.c   -O3 -fomit-frame-pointer  (test for excess errors)
FAIL: gcc.dg/torture/stackalign/alloca-1.c   -O3 -fomit-frame-pointer -fpic (test for excess errors)
FAIL: gcc.dg/torture/stackalign/alloca-1.c   -O3 -fomit-frame-pointer -mforce-drap (test for excess errors)
FAIL: gcc.dg/torture/stackalign/alloca-1.c   -O3 -fomit-frame-pointer -mforce-drap -fpic (test for excess errors)
FAIL: gcc.dg/torture/stackalign/alloca-1.c   -O3 -g  (test for excess errors)
FAIL: gcc.dg/torture/stackalign/alloca-1.c   -O3 -g -fpic (test for excess errors)
FAIL: gcc.dg/torture/stackalign/alloca-1.c   -O3 -g -mforce-drap (test for excess errors)
FAIL: gcc.dg/torture/stackalign/alloca-1.c   -O3 -g -mforce-drap -fpic (test for excess errors)
FAIL: gcc.dg/torture/stackalign/inline-2.c   -O2  (test for excess errors)
FAIL: gcc.dg/torture/stackalign/inline-2.c   -O2 -flto -fno-use-linker-plugin -flto-partition=none  (test for excess errors)
FAIL: gcc.dg/torture/stackalign/inline-2.c   -O2 -flto -fno-use-linker-plugin -flto-partition=none -fpic (test for excess errors)
FAIL: gcc.dg/torture/stackalign/inline-2.c   -O2 -flto -fno-use-linker-plugin -flto-partition=none -mforce-drap (test for excess errors)
FAIL: gcc.dg/torture/stackalign/inline-2.c   -O2 -flto -fno-use-linker-plugin -flto-partition=none -mforce-drap -fpic (test for excess errors)
FAIL: gcc.dg/torture/stackalign/inline-2.c   -O2 -flto -fuse-linker-plugin -fno-fat-lto-objects  (test for excess errors)
FAIL: gcc.dg/torture/stackalign/inline-2.c   -O2 -flto -fuse-linker-plugin -fno-fat-lto-objects -fpic (test for excess errors)
FAIL: gcc.dg/torture/stackalign/inline-2.c   -O2 -flto -fuse-linker-plugin -fno-fat-lto-objects -mforce-drap (test for excess errors)
FAIL: gcc.dg/torture/stackalign/inline-2.c   -O2 -flto -fuse-linker-plugin -fno-fat-lto-objects -mforce-drap -fpic (test for excess errors)
FAIL: gcc.dg/torture/stackalign/inline-2.c   -O2 -fpic (test for excess errors)
FAIL: gcc.dg/torture/stackalign/inline-2.c   -O2 -mforce-drap (test for excess errors)
FAIL: gcc.dg/torture/stackalign/inline-2.c   -O2 -mforce-drap -fpic (test for excess errors)
FAIL: gcc.dg/torture/stackalign/inline-2.c   -O3 -fomit-frame-pointer  (test for excess errors)
FAIL: gcc.dg/torture/stackalign/inline-2.c   -O3 -fomit-frame-pointer -fpic (test for excess errors)
FAIL: gcc.dg/torture/stackalign/inline-2.c   -O3 -fomit-frame-pointer -mforce-drap (test for excess errors)
FAIL: gcc.dg/torture/stackalign/inline-2.c   -O3 -fomit-frame-pointer -mforce-drap -fpic (test for excess errors)
FAIL: gcc.dg/torture/stackalign/inline-2.c   -O3 -g  (test for excess errors)
FAIL: gcc.dg/torture/stackalign/inline-2.c   -O3 -g -fpic (test for excess errors)
FAIL: gcc.dg/torture/stackalign/inline-2.c   -O3 -g -mforce-drap (test for excess errors)
FAIL: gcc.dg/torture/stackalign/inline-2.c   -O3 -g -mforce-drap -fpic (test for excess errors)
FAIL: gcc.dg/torture/stackalign/nested-3.c   -O2  (test for excess errors)
FAIL: gcc.dg/torture/stackalign/nested-3.c   -O2 -flto -fno-use-linker-plugin -flto-partition=none  (test for excess errors)
FAIL: gcc.dg/torture/stackalign/nested-3.c   -O2 -flto -fno-use-linker-plugin -flto-partition=none -fpic (test for excess errors)
FAIL: gcc.dg/torture/stackalign/nested-3.c   -O2 -flto -fno-use-linker-plugin -flto-partition=none -mforce-drap (test for excess errors)
FAIL: gcc.dg/torture/stackalign/nested-3.c   -O2 -flto -fno-use-linker-plugin -flto-partition=none -mforce-drap -fpic (test for excess errors)
FAIL: gcc.dg/torture/stackalign/nested-3.c   -O2 -flto -fuse-linker-plugin -fno-fat-lto-objects  (test for excess errors)
FAIL: gcc.dg/torture/stackalign/nested-3.c   -O2 -flto -fuse-linker-plugin -fno-fat-lto-objects -fpic (test for excess errors)
FAIL: gcc.dg/torture/stackalign/nested-3.c   -O2 -flto -fuse-linker-plugin -fno-fat-lto-objects -mforce-drap (test for excess errors)
FAIL: gcc.dg/torture/stackalign/nested-3.c   -O2 -flto -fuse-linker-plugin -fno-fat-lto-objects -mforce-drap -fpic (test for excess errors)
FAIL: gcc.dg/torture/stackalign/nested-3.c   -O2 -fpic (test for excess errors)
FAIL: gcc.dg/torture/stackalign/nested-3.c   -O2 -mforce-drap (test for excess errors)
FAIL: gcc.dg/torture/stackalign/nested-3.c   -O2 -mforce-drap -fpic (test for excess errors)
FAIL: gcc.dg/torture/stackalign/nested-3.c   -O3 -fomit-frame-pointer  (test for excess errors)
FAIL: gcc.dg/torture/stackalign/nested-3.c   -O3 -fomit-frame-pointer -fpic (test for excess errors)
FAIL: gcc.dg/torture/stackalign/nested-3.c   -O3 -fomit-frame-pointer -mforce-drap (test for excess errors)
FAIL: gcc.dg/torture/stackalign/nested-3.c   -O3 -fomit-frame-pointer -mforce-drap -fpic (test for excess errors)
FAIL: gcc.dg/torture/stackalign/nested-3.c   -O3 -g  (test for excess errors)
FAIL: gcc.dg/torture/stackalign/nested-3.c   -O3 -g -fpic (test for excess errors)
FAIL: gcc.dg/torture/stackalign/nested-3.c   -O3 -g -mforce-drap (test for excess errors)
FAIL: gcc.dg/torture/stackalign/nested-3.c   -O3 -g -mforce-drap -fpic (test for excess errors)
FAIL: gcc.dg/torture/stackalign/vararg-1.c   -O2  (test for excess errors)
FAIL: gcc.dg/torture/stackalign/vararg-1.c   -O2 -flto -fno-use-linker-plugin -flto-partition=none  (test for excess errors)
FAIL: gcc.dg/torture/stackalign/vararg-1.c   -O2 -flto -fno-use-linker-plugin -flto-partition=none -fpic (test for excess errors)
FAIL: gcc.dg/torture/stackalign/vararg-1.c   -O2 -flto -fno-use-linker-plugin -flto-partition=none -mforce-drap (test for excess errors)
FAIL: gcc.dg/torture/stackalign/vararg-1.c   -O2 -flto -fno-use-linker-plugin -flto-partition=none -mforce-drap -fpic (test for excess errors)
FAIL: gcc.dg/torture/stackalign/vararg-1.c   -O2 -flto -fuse-linker-plugin -fno-fat-lto-objects  (test for excess errors)
FAIL: gcc.dg/torture/stackalign/vararg-1.c   -O2 -flto -fuse-linker-plugin -fno-fat-lto-objects -fpic (test for excess errors)
FAIL: gcc.dg/torture/stackalign/vararg-1.c   -O2 -flto -fuse-linker-plugin -fno-fat-lto-objects -mforce-drap (test for excess errors)
FAIL: gcc.dg/torture/stackalign/vararg-1.c   -O2 -flto -fuse-linker-plugin -fno-fat-lto-objects -mforce-drap -fpic (test for excess errors)
FAIL: gcc.dg/torture/stackalign/vararg-1.c   -O2 -fpic (test for excess errors)
FAIL: gcc.dg/torture/stackalign/vararg-1.c   -O2 -mforce-drap (test for excess errors)
FAIL: gcc.dg/torture/stackalign/vararg-1.c   -O2 -mforce-drap -fpic (test for excess errors)
FAIL: gcc.dg/torture/stackalign/vararg-1.c   -O3 -fomit-frame-pointer  (test for excess errors)
FAIL: gcc.dg/torture/stackalign/vararg-1.c   -O3 -fomit-frame-pointer -fpic (test for excess errors)
FAIL: gcc.dg/torture/stackalign/vararg-1.c   -O3 -fomit-frame-pointer -mforce-drap (test for excess errors)
FAIL: gcc.dg/torture/stackalign/vararg-1.c   -O3 -fomit-frame-pointer -mforce-drap -fpic (test for excess errors)
FAIL: gcc.dg/torture/stackalign/vararg-1.c   -O3 -g  (test for excess errors)
FAIL: gcc.dg/torture/stackalign/vararg-1.c   -O3 -g -fpic (test for excess errors)
FAIL: gcc.dg/torture/stackalign/vararg-1.c   -O3 -g -mforce-drap (test for excess errors)
FAIL: gcc.dg/torture/stackalign/vararg-1.c   -O3 -g -mforce-drap -fpic (test for excess errors)
FAIL: gcc.dg/torture/stackalign/vararg-2.c   -O2  (test for excess errors)
FAIL: gcc.dg/torture/stackalign/vararg-2.c   -O2 -flto -fno-use-linker-plugin -flto-partition=none  (test for excess errors)
FAIL: gcc.dg/torture/stackalign/vararg-2.c   -O2 -flto -fno-use-linker-plugin -flto-partition=none -fpic (test for excess errors)
FAIL: gcc.dg/torture/stackalign/vararg-2.c   -O2 -flto -fno-use-linker-plugin -flto-partition=none -mforce-drap (test for excess errors)
FAIL: gcc.dg/torture/stackalign/vararg-2.c   -O2 -flto -fno-use-linker-plugin -flto-partition=none -mforce-drap -fpic (test for excess errors)
FAIL: gcc.dg/torture/stackalign/vararg-2.c   -O2 -flto -fuse-linker-plugin -fno-fat-lto-objects  (test for excess errors)
FAIL: gcc.dg/torture/stackalign/vararg-2.c   -O2 -flto -fuse-linker-plugin -fno-fat-lto-objects -fpic (test for excess errors)
FAIL: gcc.dg/torture/stackalign/vararg-2.c   -O2 -flto -fuse-linker-plugin -fno-fat-lto-objects -mforce-drap (test for excess errors)
FAIL: gcc.dg/torture/stackalign/vararg-2.c   -O2 -flto -fuse-linker-plugin -fno-fat-lto-objects -mforce-drap -fpic (test for excess errors)
FAIL: gcc.dg/torture/stackalign/vararg-2.c   -O2 -fpic (test for excess errors)
FAIL: gcc.dg/torture/stackalign/vararg-2.c   -O2 -mforce-drap (test for excess errors)
FAIL: gcc.dg/torture/stackalign/vararg-2.c   -O2 -mforce-drap -fpic (test for excess errors)
FAIL: gcc.dg/torture/stackalign/vararg-2.c   -O3 -fomit-frame-pointer  (test for excess errors)
FAIL: gcc.dg/torture/stackalign/vararg-2.c   -O3 -fomit-frame-pointer -fpic (test for excess errors)
FAIL: gcc.dg/torture/stackalign/vararg-2.c   -O3 -fomit-frame-pointer -mforce-drap (test for excess errors)
FAIL: gcc.dg/torture/stackalign/vararg-2.c   -O3 -fomit-frame-pointer -mforce-drap -fpic (test for excess errors)
FAIL: gcc.dg/torture/stackalign/vararg-2.c   -O3 -g  (test for excess errors)
FAIL: gcc.dg/torture/stackalign/vararg-2.c   -O3 -g -fpic (test for excess errors)
FAIL: gcc.dg/torture/stackalign/vararg-2.c   -O3 -g -mforce-drap (test for excess errors)
FAIL: gcc.dg/torture/stackalign/vararg-2.c   -O3 -g -mforce-drap -fpic (test for excess errors)
FAIL: gcc.dg/tree-ssa/ssa-dom-thread-8.c (test for excess errors)
FAIL: gcc.dg/vect/bb-slp-pattern-1.c -flto -ffat-lto-objects  scan-tree-dump-times slp2 "pattern recognized" 8
FAIL: gcc.dg/vect/bb-slp-pattern-1.c -flto -ffat-lto-objects  scan-tree-dump-times slp2 "vect_recog_widen_mult_pattern: detected" 8
FAIL: gcc.dg/vect/bb-slp-pattern-1.c scan-tree-dump-times slp2 "pattern recognized" 8
FAIL: gcc.dg/vect/bb-slp-pattern-1.c scan-tree-dump-times slp2 "vect_recog_widen_mult_pattern: detected" 8
FAIL: gcc.dg/vect/no-section-anchors-vect-31.c scan-tree-dump-times vect "Alignment of access forced using peeling" 2
FAIL: gcc.dg/vect/no-section-anchors-vect-31.c scan-tree-dump-times vect "Vectorizing an unaligned access" 0
FAIL: gcc.dg/vect/no-tree-sra-bb-slp-pr50730.c scan-tree-dump-times slp2 "not vectorized: more than one data ref in stmt" 0
FAIL: gcc.dg/vect/slp-perm-9.c -flto -ffat-lto-objects  scan-tree-dump-times vect "vectorized 1 loops" 2
FAIL: gcc.dg/vect/slp-perm-9.c scan-tree-dump-times vect "vectorized 1 loops" 2
FAIL: gcc.dg/vect/vect-92.c -flto -ffat-lto-objects  scan-tree-dump-times vect "Alignment of access forced using peeling" 3
FAIL: gcc.dg/vect/vect-92.c -flto -ffat-lto-objects  scan-tree-dump-times vect "Vectorizing an unaligned access" 0
FAIL: gcc.dg/vect/vect-92.c scan-tree-dump-times vect "Alignment of access forced using peeling" 3
FAIL: gcc.dg/vect/vect-92.c scan-tree-dump-times vect "Vectorizing an unaligned access" 0
FAIL: gcc.dg/vect/vect-93.c -flto -ffat-lto-objects  scan-tree-dump-times vect "Vectorizing an unaligned access" 1
FAIL: gcc.dg/vect/vect-93.c scan-tree-dump-times vect "Vectorizing an unaligned access" 1
FAIL: gcc.dg/vect/vect-cselim-2.c -flto -ffat-lto-objects  scan-tree-dump-times vect "vectorized 1 loops" 0
FAIL: gcc.dg/vect/vect-cselim-2.c scan-tree-dump-times vect "vectorized 1 loops" 0
FAIL: gcc.misc-tests/gcov-1.c (test for excess errors)
FAIL: gcc.misc-tests/gcov-10.c (test for excess errors)
FAIL: gcc.misc-tests/gcov-10b.c (test for excess errors)
FAIL: gcc.misc-tests/gcov-11.c (test for excess errors)
FAIL: gcc.misc-tests/gcov-12.c (test for excess errors)
FAIL: gcc.misc-tests/gcov-13.c (test for excess errors)
FAIL: gcc.misc-tests/gcov-14.c (test for excess errors)
FAIL: gcc.misc-tests/gcov-15.c (test for excess errors)
FAIL: gcc.misc-tests/gcov-16.c (test for excess errors)
FAIL: gcc.misc-tests/gcov-2.c (test for excess errors)
FAIL: gcc.misc-tests/gcov-3.c (test for excess errors)
FAIL: gcc.misc-tests/gcov-4.c (test for excess errors)
FAIL: gcc.misc-tests/gcov-4b.c (test for excess errors)
FAIL: gcc.misc-tests/gcov-5b.c (test for excess errors)
FAIL: gcc.misc-tests/gcov-6.c (test for excess errors)
FAIL: gcc.misc-tests/gcov-7.c (test for excess errors)
FAIL: gcc.misc-tests/gcov-8.c (test for excess errors)
FAIL: gcc.misc-tests/gcov-9.c (test for excess errors)
FAIL: gcc.target/i386/avx256-unaligned-load-7.c (test for excess errors)
FAIL: gcc.target/i386/avx256-unaligned-store-7.c (test for excess errors)

		=== gcc Summary ===

# of expected passes		116438
# of unexpected failures	496
# of unexpected successes	18
# of expected failures		281
# of unresolved testcases	41
# of unsupported tests		1859
/scratch/toon/bd28384/gcc/xgcc  version 5.0.0 20150217 (experimental) (GCC) 

		=== g++ tests ===


Running target unix
FAIL: c-c++-common/asan/attrib-1.c   -O2 -flto -fno-use-linker-plugin -flto-partition=none  (test for excess errors)
FAIL: c-c++-common/asan/attrib-1.c   -O2 -flto -fuse-linker-plugin -fno-fat-lto-objects  (test for excess errors)
FAIL: c-c++-common/asan/bitfield-1.c   -O2 -flto -fno-use-linker-plugin -flto-partition=none  (test for excess errors)
FAIL: c-c++-common/asan/bitfield-2.c   -O2 -flto -fno-use-linker-plugin -flto-partition=none  (test for excess errors)
FAIL: c-c++-common/asan/bitfield-3.c   -O2 -flto -fno-use-linker-plugin -flto-partition=none  (test for excess errors)
FAIL: c-c++-common/asan/bitfield-4.c   -O2 -flto -fno-use-linker-plugin -flto-partition=none  (test for excess errors)
FAIL: c-c++-common/asan/bitfield-5.c   -O2 -flto -fno-use-linker-plugin -flto-partition=none  (test for excess errors)
FAIL: c-c++-common/asan/clone-test-1.c   -O2 -flto -fno-use-linker-plugin -flto-partition=none  (test for excess errors)
FAIL: c-c++-common/asan/force-inline-opt0-1.c   -O2 -flto -fno-use-linker-plugin -flto-partition=none  (test for excess errors)
FAIL: c-c++-common/asan/force-inline-opt0-1.c   -O2 -flto -fuse-linker-plugin -fno-fat-lto-objects  (test for excess errors)
FAIL: c-c++-common/asan/global-overflow-1.c   -O2 -flto -fno-use-linker-plugin -flto-partition=none  (test for excess errors)
FAIL: c-c++-common/asan/instrument-with-calls-1.c   -O2 -flto -fno-use-linker-plugin -flto-partition=none  (test for excess errors)
FAIL: c-c++-common/asan/instrument-with-calls-1.c   -O2 -flto -fuse-linker-plugin -fno-fat-lto-objects  (test for excess errors)
FAIL: c-c++-common/asan/instrument-with-calls-2.c   -O2 -flto -fno-use-linker-plugin -flto-partition=none  (test for excess errors)
FAIL: c-c++-common/asan/instrument-with-calls-2.c   -O2 -flto -fuse-linker-plugin -fno-fat-lto-objects  (test for excess errors)
FAIL: c-c++-common/asan/instrument-with-calls-3.c   -O2 -flto -fno-use-linker-plugin -flto-partition=none  (test for excess errors)
FAIL: c-c++-common/asan/instrument-with-calls-3.c   -O2 -flto -fuse-linker-plugin -fno-fat-lto-objects  (test for excess errors)
FAIL: c-c++-common/asan/kasan-recover-1.c   -O2 -flto -fno-use-linker-plugin -flto-partition=none  (test for excess errors)
FAIL: c-c++-common/asan/kasan-recover-1.c   -O2 -flto -fuse-linker-plugin -fno-fat-lto-objects  (test for excess errors)
FAIL: c-c++-common/asan/kasan-recover-2.c   -O2 -flto -fno-use-linker-plugin -flto-partition=none  (test for excess errors)
FAIL: c-c++-common/asan/kasan-recover-2.c   -O2 -flto -fuse-linker-plugin -fno-fat-lto-objects  (test for excess errors)
FAIL: c-c++-common/asan/memcmp-2.c   -O2 -flto -fno-use-linker-plugin -flto-partition=none  (test for excess errors)
FAIL: c-c++-common/asan/misalign-1.c   -O2 -flto -fno-use-linker-plugin -flto-partition=none  (test for excess errors)
FAIL: c-c++-common/asan/misalign-2.c   -O2 -flto -fno-use-linker-plugin -flto-partition=none  (test for excess errors)
FAIL: c-c++-common/asan/no-asan-globals.c   -O2 -flto -fno-use-linker-plugin -flto-partition=none  (test for excess errors)
FAIL: c-c++-common/asan/no-asan-globals.c   -O2 -flto -fuse-linker-plugin -fno-fat-lto-objects  (test for excess errors)
FAIL: c-c++-common/asan/no-use-after-return.c   -O2 -flto -fno-use-linker-plugin -flto-partition=none  (test for excess errors)
FAIL: c-c++-common/asan/no-use-after-return.c   -O2 -flto -fuse-linker-plugin -fno-fat-lto-objects  (test for excess errors)
FAIL: c-c++-common/asan/null-deref-1.c   -O2 -flto -fno-use-linker-plugin -flto-partition=none  (test for excess errors)
FAIL: c-c++-common/asan/pr56330.c   -O2 -flto -fno-use-linker-plugin -flto-partition=none  (test for excess errors)
FAIL: c-c++-common/asan/pr59029.c   -O2 -flto -fno-use-linker-plugin -flto-partition=none  (test for excess errors)
FAIL: c-c++-common/asan/pr61530.c   -O2 -flto -fno-use-linker-plugin -flto-partition=none  (test for excess errors)
FAIL: c-c++-common/asan/pr62089.c   -O2 -flto -fno-use-linker-plugin -flto-partition=none  (test for excess errors)
FAIL: c-c++-common/asan/pr62140-1.c   -O2 -flto -fno-use-linker-plugin -flto-partition=none  (test for excess errors)
FAIL: c-c++-common/asan/pr62140-2.c   -O2 -flto -fno-use-linker-plugin -flto-partition=none  (test for excess errors)
FAIL: c-c++-common/asan/pr63638.c   -O2 -flto -fno-use-linker-plugin -flto-partition=none  (test for excess errors)
FAIL: c-c++-common/asan/swapcontext-test-1.c   -O2 -flto -fno-use-linker-plugin -flto-partition=none  (test for excess errors)
FAIL: c-c++-common/asan/swapcontext-test-1.c   -O2 -flto -fuse-linker-plugin -fno-fat-lto-objects  (test for excess errors)
FAIL: c-c++-common/asan/use-after-return-1.c   -O2 -flto -fno-use-linker-plugin -flto-partition=none  (test for excess errors)
FAIL: g++.dg/asan/deep-tail-call-1.C   -O2 -flto -fno-use-linker-plugin -flto-partition=none  (test for excess errors)
FAIL: g++.dg/asan/deep-thread-stack-1.C   -O2 -flto -fno-use-linker-plugin -flto-partition=none  (test for excess errors)
FAIL: g++.dg/asan/large-func-test-1.C   -O2 -flto -fno-use-linker-plugin -flto-partition=none  (test for excess errors)
FAIL: g++.dg/asan/pr55617.C   -O2 -flto -fno-use-linker-plugin -flto-partition=none  (test for excess errors)
FAIL: g++.dg/asan/pr55617.C   -O2 -flto -fuse-linker-plugin -fno-fat-lto-objects  (test for excess errors)
FAIL: g++.dg/asan/pr62017.C   -O2 -flto -fno-use-linker-plugin -flto-partition=none  (test for excess errors)
FAIL: g++.dg/asan/pr62017.C   -O2 -flto -fuse-linker-plugin -fno-fat-lto-objects  (test for excess errors)
FAIL: g++.dg/asan/pr65004.C   -O2 -flto -fno-use-linker-plugin -flto-partition=none  (test for excess errors)
FAIL: g++.dg/debug/pr47106.C -gdwarf-2 (test for excess errors)
FAIL: g++.dg/debug/pr47106.C -gdwarf-2 -O2 (test for excess errors)
FAIL: g++.dg/debug/pr47106.C -gdwarf-2 -O3 (test for excess errors)
FAIL: g++.dg/debug/pr47106.C -gdwarf-2 -g1 (test for excess errors)
FAIL: g++.dg/debug/pr47106.C -gdwarf-2 -g1 -O2 (test for excess errors)
FAIL: g++.dg/debug/pr47106.C -gdwarf-2 -g1 -O3 (test for excess errors)
FAIL: g++.dg/debug/pr47106.C -gdwarf-2 -g3 (test for excess errors)
FAIL: g++.dg/debug/pr47106.C -gdwarf-2 -g3 -O2 (test for excess errors)
FAIL: g++.dg/debug/pr47106.C -gdwarf-2 -g3 -O3 (test for excess errors)
FAIL: g++.dg/20090107-1.C  -std=gnu++11 (test for excess errors)
FAIL: g++.dg/20090107-1.C  -std=gnu++14 (test for excess errors)
FAIL: g++.dg/20090107-1.C  -std=gnu++98 (test for excess errors)
FAIL: g++.dg/20090121-1.C  -std=gnu++11 (test for excess errors)
FAIL: g++.dg/20090121-1.C  -std=gnu++14 (test for excess errors)
FAIL: g++.dg/20090121-1.C  -std=gnu++98 (test for excess errors)
FAIL: g++.dg/ipa/pr64049-2.C  -std=gnu++11 (test for excess errors)
FAIL: g++.dg/ipa/pr64049-2.C  -std=gnu++14 (test for excess errors)
FAIL: g++.dg/ipa/pr64049-2.C  -std=gnu++98 (test for excess errors)
FAIL: g++.dg/opt/cleanup1.C  -std=gnu++11 (test for excess errors)
FAIL: g++.dg/opt/cleanup1.C  -std=gnu++14 (test for excess errors)
FAIL: g++.dg/opt/cleanup1.C  -std=gnu++98 (test for excess errors)
FAIL: g++.dg/rtti/repo1.C  -std=gnu++11 (test for excess errors)
FAIL: g++.dg/rtti/repo1.C  -std=gnu++14 (test for excess errors)
FAIL: g++.dg/rtti/repo1.C  -std=gnu++98 (test for excess errors)
FAIL: g++.dg/template/repo1.C  -std=gnu++11 (test for excess errors)
FAIL: g++.dg/template/repo1.C  -std=gnu++14 (test for excess errors)
FAIL: g++.dg/template/repo1.C  -std=gnu++98 (test for excess errors)
FAIL: g++.dg/template/repo10.C  -std=gnu++11 (test for excess errors)
FAIL: g++.dg/template/repo10.C  -std=gnu++14 (test for excess errors)
FAIL: g++.dg/template/repo10.C  -std=gnu++98 (test for excess errors)
FAIL: g++.dg/template/repo11.C   (test for excess errors)
FAIL: g++.dg/template/repo3.C  -std=gnu++11 (test for excess errors)
FAIL: g++.dg/template/repo3.C  -std=gnu++14 (test for excess errors)
FAIL: g++.dg/template/repo3.C  -std=gnu++98 (test for excess errors)
FAIL: g++.dg/template/repo6.C  -std=gnu++11 (test for excess errors)
FAIL: g++.dg/template/repo6.C  -std=gnu++14 (test for excess errors)
FAIL: g++.dg/template/repo6.C  -std=gnu++98 (test for excess errors)
FAIL: g++.dg/template/repo8.C  -std=gnu++11 (test for excess errors)
FAIL: g++.dg/template/repo8.C  -std=gnu++14 (test for excess errors)
FAIL: g++.dg/template/repo8.C  -std=gnu++98 (test for excess errors)
FAIL: g++.dg/template/repo9.C  -std=gnu++11 (test for excess errors)
FAIL: g++.dg/template/repo9.C  -std=gnu++14 (test for excess errors)
FAIL: g++.dg/template/repo9.C  -std=gnu++98 (test for excess errors)
FAIL: g++.dg/gcov/gcov-1.C  -std=gnu++11 (test for excess errors)
FAIL: g++.dg/gcov/gcov-1.C  -std=gnu++14 (test for excess errors)
FAIL: g++.dg/gcov/gcov-1.C  -std=gnu++98 (test for excess errors)
FAIL: g++.dg/gcov/gcov-10.C  -std=gnu++11 (test for excess errors)
FAIL: g++.dg/gcov/gcov-10.C  -std=gnu++14 (test for excess errors)
FAIL: g++.dg/gcov/gcov-10.C  -std=gnu++98 (test for excess errors)
FAIL: g++.dg/gcov/gcov-11.C  -std=gnu++11 (test for excess errors)
FAIL: g++.dg/gcov/gcov-11.C  -std=gnu++14 (test for excess errors)
FAIL: g++.dg/gcov/gcov-11.C  -std=gnu++98 (test for excess errors)
FAIL: g++.dg/gcov/gcov-12.C  -std=gnu++11 (test for excess errors)
FAIL: g++.dg/gcov/gcov-12.C  -std=gnu++14 (test for excess errors)
FAIL: g++.dg/gcov/gcov-12.C  -std=gnu++98 (test for excess errors)
FAIL: g++.dg/gcov/gcov-13.C  -std=gnu++11 (test for excess errors)
FAIL: g++.dg/gcov/gcov-13.C  -std=gnu++14 (test for excess errors)
FAIL: g++.dg/gcov/gcov-13.C  -std=gnu++98 (test for excess errors)
FAIL: g++.dg/gcov/gcov-14.C  -std=gnu++11 (test for excess errors)
FAIL: g++.dg/gcov/gcov-14.C  -std=gnu++14 (test for excess errors)
FAIL: g++.dg/gcov/gcov-14.C  -std=gnu++98 (test for excess errors)
FAIL: g++.dg/gcov/gcov-2.C  -std=gnu++11 (test for excess errors)
FAIL: g++.dg/gcov/gcov-2.C  -std=gnu++14 (test for excess errors)
FAIL: g++.dg/gcov/gcov-2.C  -std=gnu++98 (test for excess errors)
FAIL: g++.dg/gcov/gcov-3.C  -std=gnu++11 (test for excess errors)
FAIL: g++.dg/gcov/gcov-3.C  -std=gnu++14 (test for excess errors)
FAIL: g++.dg/gcov/gcov-3.C  -std=gnu++98 (test for excess errors)
FAIL: g++.dg/gcov/gcov-4.C  -std=gnu++11 (test for excess errors)
FAIL: g++.dg/gcov/gcov-4.C  -std=gnu++14 (test for excess errors)
FAIL: g++.dg/gcov/gcov-4.C  -std=gnu++98 (test for excess errors)
FAIL: g++.dg/gcov/gcov-5.C  -std=gnu++11 (test for excess errors)
FAIL: g++.dg/gcov/gcov-5.C  -std=gnu++14 (test for excess errors)
FAIL: g++.dg/gcov/gcov-5.C  -std=gnu++98 (test for excess errors)
FAIL: g++.dg/gcov/gcov-6.C  -std=gnu++11 (test for excess errors)
FAIL: g++.dg/gcov/gcov-6.C  -std=gnu++14 (test for excess errors)
FAIL: g++.dg/gcov/gcov-6.C  -std=gnu++98 (test for excess errors)
FAIL: g++.dg/gcov/gcov-7.C  -std=gnu++11 (test for excess errors)
FAIL: g++.dg/gcov/gcov-7.C  -std=gnu++14 (test for excess errors)
FAIL: g++.dg/gcov/gcov-7.C  -std=gnu++98 (test for excess errors)
FAIL: g++.dg/gcov/gcov-8.C  -std=gnu++11 (test for excess errors)
FAIL: g++.dg/gcov/gcov-8.C  -std=gnu++14 (test for excess errors)
FAIL: g++.dg/gcov/gcov-8.C  -std=gnu++98 (test for excess errors)
FAIL: g++.dg/gomp/pr34608.C  -std=gnu++11 (test for excess errors)
FAIL: g++.dg/gomp/pr34608.C  -std=gnu++14 (test for excess errors)
FAIL: g++.dg/gomp/pr34608.C  -std=gnu++98 (test for excess errors)
FAIL: c-c++-common/guality/pr43141.c   -O2 -flto -fno-use-linker-plugin -flto-partition=none  (test for excess errors)
FAIL: c-c++-common/guality/pr43141.c   -O2 -flto -fuse-linker-plugin -fno-fat-lto-objects  (test for excess errors)
FAIL: g++.dg/guality/pr55665.C   -O2  line 23 p == 40
FAIL: g++.dg/guality/pr55665.C   -O2 -flto -fno-use-linker-plugin -flto-partition=none  (test for excess errors)
FAIL: g++.dg/guality/pr55665.C   -O3 -fomit-frame-pointer  line 23 p == 40
FAIL: g++.dg/guality/pr55665.C   -O3 -g  line 23 p == 40
FAIL: g++.dg/lto/pr48508-1 cp_lto_pr48508-1_1.o assemble,  -g -O2 -flto -flto-partition=none 
FAIL: g++.dg/plugin/attribute_plugin.c compilation
FAIL: g++.dg/plugin/decl_plugin.c compilation
FAIL: g++.dg/plugin/dumb_plugin.c compilation
FAIL: g++.dg/plugin/header_plugin.c compilation
FAIL: g++.dg/plugin/pragma_plugin.c compilation
FAIL: g++.dg/plugin/selfassign.c compilation
XPASS: g++.dg/tls/thread_local-order2.C  -std=c++11 execution test
XPASS: g++.dg/tls/thread_local-order2.C  -std=c++14 execution test
FAIL: g++.dg/torture/pr34850.C   -O2 -flto -fno-use-linker-plugin -flto-partition=none  (test for excess errors)
FAIL: g++.dg/torture/pr34850.C   -O2 -flto -fuse-linker-plugin -fno-fat-lto-objects  (test for excess errors)
FAIL: g++.dg/torture/pr41273.C   -O2 -flto -fno-use-linker-plugin -flto-partition=none  (test for excess errors)
FAIL: g++.dg/torture/pr46111.C   -O2 -flto -fno-use-linker-plugin -flto-partition=none  (test for excess errors)
FAIL: g++.dg/torture/pr46111.C   -O2 -flto -fuse-linker-plugin -fno-fat-lto-objects  (test for excess errors)
FAIL: g++.dg/torture/pr48271.C   -O2  (test for excess errors)
FAIL: g++.dg/torture/pr48271.C   -O2 -flto -fno-use-linker-plugin -flto-partition=none  (test for excess errors)
FAIL: g++.dg/torture/pr48271.C   -O3 -fomit-frame-pointer  (test for excess errors)
FAIL: g++.dg/torture/pr48271.C   -O3 -fomit-frame-pointer -funroll-all-loops -finline-functions  (test for excess errors)
FAIL: g++.dg/torture/pr48271.C   -O3 -fomit-frame-pointer -funroll-loops  (test for excess errors)
FAIL: g++.dg/torture/pr48271.C   -O3 -g  (test for excess errors)
FAIL: g++.dg/torture/pr48271.C   -Os  (test for excess errors)
FAIL: g++.dg/torture/pr49615.C   -O2 -flto -fno-use-linker-plugin -flto-partition=none  (test for excess errors)
FAIL: g++.dg/torture/pr49615.C   -O2 -flto -fuse-linker-plugin -fno-fat-lto-objects  (test for excess errors)
FAIL: g++.dg/torture/pr53085.C   -O2 -flto -fno-use-linker-plugin -flto-partition=none  (test for excess errors)
FAIL: g++.dg/torture/pr53752.C   -O2 -flto -fno-use-linker-plugin -flto-partition=none  (test for excess errors)
FAIL: g++.dg/torture/pr53752.C   -O2 -flto -fuse-linker-plugin -fno-fat-lto-objects  (test for excess errors)
FAIL: g++.dg/torture/pr56398.C   -O2 -flto -fno-use-linker-plugin -flto-partition=none  (test for excess errors)
FAIL: g++.dg/torture/pr58552.C   -O2 -flto -fno-use-linker-plugin -flto-partition=none  (test for excess errors)
FAIL: g++.dg/torture/pr58552.C   -O2 -flto -fuse-linker-plugin -fno-fat-lto-objects  (test for excess errors)
FAIL: g++.dg/torture/stackalign/eh-alloca-1.C   -O2  (test for excess errors)
FAIL: g++.dg/torture/stackalign/eh-alloca-1.C   -O2 -flto -fno-use-linker-plugin -flto-partition=none  (test for excess errors)
FAIL: g++.dg/torture/stackalign/eh-alloca-1.C   -O2 -flto -fno-use-linker-plugin -flto-partition=none -fpic (test for excess errors)
FAIL: g++.dg/torture/stackalign/eh-alloca-1.C   -O2 -flto -fuse-linker-plugin -fno-fat-lto-objects  (test for excess errors)
FAIL: g++.dg/torture/stackalign/eh-alloca-1.C   -O2 -flto -fuse-linker-plugin -fno-fat-lto-objects -fpic (test for excess errors)
FAIL: g++.dg/torture/stackalign/eh-alloca-1.C   -O2 -fpic (test for excess errors)
FAIL: g++.dg/torture/stackalign/eh-alloca-1.C   -O3 -fomit-frame-pointer  (test for excess errors)
FAIL: g++.dg/torture/stackalign/eh-alloca-1.C   -O3 -fomit-frame-pointer -fpic (test for excess errors)
FAIL: g++.dg/torture/stackalign/eh-alloca-1.C   -O3 -g  (test for excess errors)
FAIL: g++.dg/torture/stackalign/eh-alloca-1.C   -O3 -g -fpic (test for excess errors)
FAIL: g++.dg/torture/stackalign/eh-inline-2.C   -O2  (test for excess errors)
FAIL: g++.dg/torture/stackalign/eh-inline-2.C   -O2 -flto -fno-use-linker-plugin -flto-partition=none  (test for excess errors)
FAIL: g++.dg/torture/stackalign/eh-inline-2.C   -O2 -flto -fno-use-linker-plugin -flto-partition=none -fpic (test for excess errors)
FAIL: g++.dg/torture/stackalign/eh-inline-2.C   -O2 -flto -fuse-linker-plugin -fno-fat-lto-objects  (test for excess errors)
FAIL: g++.dg/torture/stackalign/eh-inline-2.C   -O2 -flto -fuse-linker-plugin -fno-fat-lto-objects -fpic (test for excess errors)
FAIL: g++.dg/torture/stackalign/eh-inline-2.C   -O2 -fpic (test for excess errors)
FAIL: g++.dg/torture/stackalign/eh-inline-2.C   -O3 -fomit-frame-pointer  (test for excess errors)
FAIL: g++.dg/torture/stackalign/eh-inline-2.C   -O3 -fomit-frame-pointer -fpic (test for excess errors)
FAIL: g++.dg/torture/stackalign/eh-inline-2.C   -O3 -g  (test for excess errors)
FAIL: g++.dg/torture/stackalign/eh-inline-2.C   -O3 -g -fpic (test for excess errors)
FAIL: g++.dg/torture/stackalign/eh-vararg-1.C   -O2 -flto -fno-use-linker-plugin -flto-partition=none -fpic (test for excess errors)
FAIL: g++.dg/torture/stackalign/eh-vararg-1.C   -O2 -fpic (test for excess errors)
FAIL: g++.dg/torture/stackalign/eh-vararg-1.C   -O3 -fomit-frame-pointer -fpic (test for excess errors)
FAIL: g++.dg/torture/stackalign/eh-vararg-1.C   -O3 -g -fpic (test for excess errors)
FAIL: g++.dg/torture/stackalign/eh-vararg-2.C   -O2 -flto -fno-use-linker-plugin -flto-partition=none -fpic (test for excess errors)
FAIL: g++.dg/torture/stackalign/eh-vararg-2.C   -O2 -fpic (test for excess errors)
FAIL: g++.dg/torture/stackalign/eh-vararg-2.C   -O3 -fomit-frame-pointer -fpic (test for excess errors)
FAIL: g++.dg/torture/stackalign/eh-vararg-2.C   -O3 -g -fpic (test for excess errors)
FAIL: c-c++-common/ubsan/align-7.c   -O2 -flto -fno-use-linker-plugin -flto-partition=none  (test for excess errors)
FAIL: c-c++-common/ubsan/align-8.c   -O2 -flto -fno-use-linker-plugin -flto-partition=none  (test for excess errors)
FAIL: c-c++-common/ubsan/pr63866.c   -O2 -flto -fno-use-linker-plugin -flto-partition=none  (test for excess errors)
FAIL: c-c++-common/ubsan/sanitize-all-2.c   -O2 -flto -fno-use-linker-plugin -flto-partition=none  (test for excess errors)
FAIL: c-c++-common/ubsan/sanitize-all-3.c   -O2 -flto -fno-use-linker-plugin -flto-partition=none  (test for excess errors)
FAIL: c-c++-common/ubsan/sanitize-all-4.c   -O2 -flto -fno-use-linker-plugin -flto-partition=none  (test for excess errors)
FAIL: g++.dg/ubsan/pr65019.C   -O2 -flto -fno-use-linker-plugin -flto-partition=none  (test for excess errors)
FAIL: g++.dg/ubsan/pr65019.C   -O2 -flto -fuse-linker-plugin -fno-fat-lto-objects  (test for excess errors)
FAIL: g++.dg/vect/slp-pr56812.cc  -std=c++11  scan-tree-dump-times slp1 "basic block vectorized" 1
FAIL: g++.dg/vect/slp-pr56812.cc  -std=c++14  scan-tree-dump-times slp1 "basic block vectorized" 1
FAIL: g++.dg/vect/slp-pr56812.cc  -std=c++98  scan-tree-dump-times slp1 "basic block vectorized" 1
FAIL: g++.old-deja/g++.pt/instantiate4.C  -std=gnu++11 (test for excess errors)
FAIL: g++.old-deja/g++.pt/instantiate4.C  -std=gnu++14 (test for excess errors)
FAIL: g++.old-deja/g++.pt/instantiate4.C  -std=gnu++98 (test for excess errors)
FAIL: g++.old-deja/g++.pt/instantiate6.C  -std=gnu++11 (test for excess errors)
FAIL: g++.old-deja/g++.pt/instantiate6.C  -std=gnu++14 (test for excess errors)
FAIL: g++.old-deja/g++.pt/instantiate6.C  -std=gnu++98 (test for excess errors)
FAIL: g++.old-deja/g++.pt/repo1.C  -std=gnu++11 (test for excess errors)
FAIL: g++.old-deja/g++.pt/repo1.C  -std=gnu++14 (test for excess errors)
FAIL: g++.old-deja/g++.pt/repo1.C  -std=gnu++98 (test for excess errors)
FAIL: g++.old-deja/g++.pt/repo2.C  -std=gnu++11 (test for excess errors)
FAIL: g++.old-deja/g++.pt/repo2.C  -std=gnu++14 (test for excess errors)
FAIL: g++.old-deja/g++.pt/repo2.C  -std=gnu++98 (test for excess errors)
FAIL: g++.old-deja/g++.pt/repo3.C  -std=gnu++11 (test for excess errors)
FAIL: g++.old-deja/g++.pt/repo3.C  -std=gnu++14 (test for excess errors)
FAIL: g++.old-deja/g++.pt/repo3.C  -std=gnu++98 (test for excess errors)
FAIL: g++.old-deja/g++.pt/repo4.C  -std=gnu++11 (test for excess errors)
FAIL: g++.old-deja/g++.pt/repo4.C  -std=gnu++14 (test for excess errors)
FAIL: g++.old-deja/g++.pt/repo4.C  -std=gnu++98 (test for excess errors)
FAIL: g++.old-deja/g++.robertl/eb83.C  -std=gnu++11 (test for excess errors)
FAIL: g++.old-deja/g++.robertl/eb83.C  -std=gnu++14 (test for excess errors)
FAIL: g++.old-deja/g++.robertl/eb83.C  -std=gnu++98 (test for excess errors)

		=== g++ Summary ===

# of expected passes		92399
# of unexpected failures	225
# of unexpected successes	2
# of expected failures		321
# of unsupported tests		3604
/scratch/toon/bd28384/gcc/testsuite/g++/../../xg++  version 5.0.0 20150217 (experimental) (GCC) 

		=== libatomic tests ===


Running target unix

		=== libatomic Summary ===

# of expected passes		54
		=== libgomp tests ===


Running target unix
FAIL: libgomp.c/affinity-1.c (test for excess errors)

		=== libgomp Summary ===

# of expected passes		1598
# of unexpected failures	1
# of unsupported tests		170
		=== libitm tests ===


Running target unix

		=== libitm Summary ===

# of expected passes		26
# of expected failures		3
# of unsupported tests		1
		=== libstdc++ tests ===


Running target unix
ERROR: could not compile testsuite_abi.cc
ERROR: tcl error sourcing /home/toon/compilers/trunk/libstdc++-v3/testsuite/libstdc++-abi/abi.exp.
ERROR: could not compile testsuite_abi.cc
ERROR: could not compile testsuite_abi.cc
ERROR: could not compile testsuite_abi.cc
ERROR: could not compile testsuite_abi.cc
ERROR: could not compile testsuite_abi.cc
ERROR: could not compile testsuite_abi.cc
ERROR: could not compile testsuite_abi.cc
ERROR: could not compile testsuite_abi.cc
ERROR: could not compile testsuite_abi.cc
ERROR: could not compile testsuite_abi.cc
ERROR: tcl error sourcing /home/toon/compilers/trunk/libstdc++-v3/testsuite/libstdc++-dg/conformance.exp.
ERROR: tcl error sourcing /home/toon/compilers/trunk/libstdc++-v3/testsuite/libstdc++-dg/conformance.exp.
ERROR: tcl error sourcing /home/toon/compilers/trunk/libstdc++-v3/testsuite/libstdc++-dg/conformance.exp.
ERROR: tcl error sourcing /home/toon/compilers/trunk/libstdc++-v3/testsuite/libstdc++-dg/conformance.exp.
ERROR: tcl error sourcing /home/toon/compilers/trunk/libstdc++-v3/testsuite/libstdc++-dg/conformance.exp.
ERROR: tcl error sourcing /home/toon/compilers/trunk/libstdc++-v3/testsuite/libstdc++-dg/conformance.exp.
ERROR: tcl error sourcing /home/toon/compilers/trunk/libstdc++-v3/testsuite/libstdc++-dg/conformance.exp.
ERROR: tcl error sourcing /home/toon/compilers/trunk/libstdc++-v3/testsuite/libstdc++-dg/conformance.exp.
ERROR: tcl error sourcing /home/toon/compilers/trunk/libstdc++-v3/testsuite/libstdc++-dg/conformance.exp.
ERROR: tcl error sourcing /home/toon/compilers/trunk/libstdc++-v3/testsuite/libstdc++-dg/conformance.exp.
ERROR: could not compile testsuite_abi.cc
ERROR: could not compile testsuite_abi.cc
ERROR: could not compile testsuite_abi.cc
ERROR: could not compile testsuite_abi.cc
ERROR: could not compile testsuite_abi.cc
ERROR: could not compile testsuite_abi.cc
ERROR: could not compile testsuite_abi.cc
ERROR: could not compile testsuite_abi.cc
ERROR: could not compile testsuite_abi.cc
ERROR: could not compile testsuite_abi.cc
ERROR: tcl error sourcing /home/toon/compilers/trunk/libstdc++-v3/testsuite/libstdc++-prettyprinters/prettyprinters.exp.
ERROR: tcl error sourcing /home/toon/compilers/trunk/libstdc++-v3/testsuite/libstdc++-prettyprinters/prettyprinters.exp.
ERROR: tcl error sourcing /home/toon/compilers/trunk/libstdc++-v3/testsuite/libstdc++-prettyprinters/prettyprinters.exp.
ERROR: tcl error sourcing /home/toon/compilers/trunk/libstdc++-v3/testsuite/libstdc++-prettyprinters/prettyprinters.exp.
ERROR: tcl error sourcing /home/toon/compilers/trunk/libstdc++-v3/testsuite/libstdc++-prettyprinters/prettyprinters.exp.
ERROR: tcl error sourcing /home/toon/compilers/trunk/libstdc++-v3/testsuite/libstdc++-prettyprinters/prettyprinters.exp.
ERROR: tcl error sourcing /home/toon/compilers/trunk/libstdc++-v3/testsuite/libstdc++-prettyprinters/prettyprinters.exp.
ERROR: tcl error sourcing /home/toon/compilers/trunk/libstdc++-v3/testsuite/libstdc++-prettyprinters/prettyprinters.exp.
ERROR: tcl error sourcing /home/toon/compilers/trunk/libstdc++-v3/testsuite/libstdc++-prettyprinters/prettyprinters.exp.
ERROR: tcl error sourcing /home/toon/compilers/trunk/libstdc++-v3/testsuite/libstdc++-prettyprinters/prettyprinters.exp.
ERROR: could not compile testsuite_abi.cc
ERROR: tcl error sourcing /home/toon/compilers/trunk/libstdc++-v3/testsuite/libstdc++-xmethods/xmethods.exp.

		=== libstdc++ Summary ===


Compiler version: 5.0.0 20150217 (experimental) (GCC) 
Platform: x86_64-unknown-linux-gnu
configure flags: --prefix=/home/toon/compilers/install --with-gnu-as --with-gnu-ld --enable-languages=c,c++ --disable-multilib --disable-nls --with-arch=core-avx2 --with-tune=core-avx2 --with-build-config=bootstrap-ubsan



More information about the Gcc-testresults mailing list