Results for 5.0.0 20150217 (experimental) [trunk revision 220770] (GCC) testsuite on x86_64-unknown-freebsd11.0

Andreas Tobler andreast@fgznet.ch
Tue Feb 17 23:04:00 GMT 2015


LAST_UPDATED: Tue Feb 17 19:18:27 UTC 2015 (revision 220770)

Native configuration is x86_64-unknown-freebsd11.0

		=== g++ tests ===


Running target unix
FAIL: g++.old-deja/g++.other/init18.C  -std=c++11 execution test
FAIL: g++.old-deja/g++.other/init18.C  -std=c++14 execution test
FAIL: g++.old-deja/g++.other/init18.C  -std=c++98 execution test
FAIL: g++.old-deja/g++.other/init19.C  -std=c++11 execution test
FAIL: g++.old-deja/g++.other/init19.C  -std=c++14 execution test
FAIL: g++.old-deja/g++.other/init19.C  -std=c++98 execution test

		=== g++ Summary ===

# of expected passes		85497
# of unexpected failures	6
# of expected failures		267
# of unsupported tests		3555
/home/andreast/gcc_test/head/objdir/gcc/testsuite/g++/../../xg++  version 5.0.0 20150217 (experimental) [trunk revision 220770] (GCC) 

		=== gcc tests ===


Running target unix
FAIL: gcc.c-torture/execute/20030125-1.c   -O1  execution test
FAIL: gcc.c-torture/execute/20030125-1.c   -O2  execution test
FAIL: gcc.c-torture/execute/20030125-1.c   -O2 -flto -fno-use-linker-plugin -flto-partition=none  execution test
FAIL: gcc.c-torture/execute/20030125-1.c   -O2 -flto -fuse-linker-plugin -fno-fat-lto-objects  execution test
FAIL: gcc.c-torture/execute/20030125-1.c   -O3 -fomit-frame-pointer  execution test
FAIL: gcc.c-torture/execute/20030125-1.c   -O3 -g  execution test
FAIL: gcc.c-torture/execute/20030125-1.c   -Os  execution test
FAIL: gcc.dg/cpp/trad/include.c (test for excess errors)
FAIL: gcc.dg/builtins-20.c (test for excess errors)
FAIL: gcc.dg/builtins-57.c (test for excess errors)
FAIL: gcc.dg/builtins-58.c scan-assembler-not pow\\\\M
FAIL: gcc.dg/builtins-59.c scan-tree-dump gimple "__builtin_cexpi"
FAIL: gcc.dg/builtins-59.c scan-tree-dump-not gimple "sincos"
FAIL: gcc.dg/builtins-61.c scan-tree-dump optimized "cexpi"
FAIL: gcc.dg/builtins-61.c scan-tree-dump optimized "cos"
FAIL: gcc.dg/builtins-61.c scan-tree-dump optimized "return 0.0"
FAIL: gcc.dg/builtins-61.c scan-tree-dump optimized "sin"
FAIL: gcc.dg/builtins-62.c scan-tree-dump-times optimized "cexpi" 3
FAIL: gcc.dg/builtins-65.c (test for excess errors)
FAIL: gcc.dg/c99-stdint-2.c (test for excess errors)
FAIL: gcc.dg/c99-stdint-5.c (test for excess errors)
FAIL: gcc.dg/c99-stdint-6.c (test for excess errors)
FAIL: gcc.dg/c99-stdint-7.c (test for excess errors)
FAIL: gcc.dg/c99-tgmath-4.c (test for excess errors)
UNRESOLVED: gcc.dg/c99-tgmath-4.c scan-assembler cpowf
FAIL: gcc.dg/utf-array-short-wchar.c  (test for errors, line 39)
FAIL: gcc.dg/utf-array-short-wchar.c  (test for errors, line 41)
FAIL: gcc.dg/utf-array-short-wchar.c (test for excess errors)
FAIL: gcc.dg/pch/largefile.c   -O0  assembly comparison
FAIL: gcc.dg/pch/largefile.c   -O1  assembly comparison
FAIL: gcc.dg/pch/largefile.c   -O2  assembly comparison
FAIL: gcc.dg/pch/largefile.c   -O3 -fomit-frame-pointer  assembly comparison
FAIL: gcc.dg/pch/largefile.c   -O3 -g  assembly comparison
FAIL: gcc.dg/pch/largefile.c   -Os  assembly comparison
FAIL: gcc.dg/pch/largefile.c  -O0 -g assembly comparison
FAIL: largefile.c   -O0  -I. -Dwith_PCH (internal compiler error)
FAIL: largefile.c   -O0  -I. -Dwith_PCH (test for excess errors)
FAIL: largefile.c   -O1  -I. -Dwith_PCH (internal compiler error)
FAIL: largefile.c   -O1  -I. -Dwith_PCH (test for excess errors)
FAIL: largefile.c   -O2  -I. -Dwith_PCH (internal compiler error)
FAIL: largefile.c   -O2  -I. -Dwith_PCH (test for excess errors)
FAIL: largefile.c   -O3 -fomit-frame-pointer  -I. -Dwith_PCH (internal compiler error)
FAIL: largefile.c   -O3 -fomit-frame-pointer  -I. -Dwith_PCH (test for excess errors)
FAIL: largefile.c   -O3 -g  -I. -Dwith_PCH (internal compiler error)
FAIL: largefile.c   -O3 -g  -I. -Dwith_PCH (test for excess errors)
FAIL: largefile.c   -Os  -I. -Dwith_PCH (internal compiler error)
FAIL: largefile.c   -Os  -I. -Dwith_PCH (test for excess errors)
FAIL: largefile.c  -O0 -g -I. -Dwith_PCH (internal compiler error)
FAIL: largefile.c  -O0 -g -I. -Dwith_PCH (test for excess errors)
FAIL: gcc.dg/torture/builtin-convert-1.c   -O1  (test for excess errors)
FAIL: gcc.dg/torture/builtin-convert-1.c   -O2  (test for excess errors)
FAIL: gcc.dg/torture/builtin-convert-1.c   -O2 -flto -fno-use-linker-plugin -flto-partition=none  (test for excess errors)
FAIL: gcc.dg/torture/builtin-convert-1.c   -O3 -fomit-frame-pointer  (test for excess errors)
FAIL: gcc.dg/torture/builtin-convert-1.c   -O3 -g  (test for excess errors)
FAIL: gcc.dg/torture/builtin-convert-1.c   -Os  (test for excess errors)
FAIL: gcc.dg/torture/builtin-convert-2.c   -O1  (test for excess errors)
FAIL: gcc.dg/torture/builtin-convert-2.c   -O2  (test for excess errors)
FAIL: gcc.dg/torture/builtin-convert-2.c   -O2 -flto -fno-use-linker-plugin -flto-partition=none  (test for excess errors)
FAIL: gcc.dg/torture/builtin-convert-2.c   -O3 -fomit-frame-pointer  (test for excess errors)
FAIL: gcc.dg/torture/builtin-convert-2.c   -O3 -g  (test for excess errors)
FAIL: gcc.dg/torture/builtin-convert-2.c   -Os  (test for excess errors)
FAIL: gcc.dg/torture/builtin-convert-3.c   -O1  (test for excess errors)
FAIL: gcc.dg/torture/builtin-convert-3.c   -O2  (test for excess errors)
FAIL: gcc.dg/torture/builtin-convert-3.c   -O2 -flto -fno-use-linker-plugin -flto-partition=none  (test for excess errors)
FAIL: gcc.dg/torture/builtin-convert-3.c   -O3 -fomit-frame-pointer  (test for excess errors)
FAIL: gcc.dg/torture/builtin-convert-3.c   -O3 -g  (test for excess errors)
FAIL: gcc.dg/torture/builtin-convert-3.c   -Os  (test for excess errors)
FAIL: gcc.dg/torture/builtin-power-1.c   -O2 -flto -fno-use-linker-plugin -flto-partition=none  (test for excess errors)
FAIL: gcc.target/i386/avx512bw-vpermi2w-2.c (test for excess errors)
UNRESOLVED: gcc.target/i386/avx512bw-vpermi2w-2.c compilation failed to produce executable
FAIL: gcc.target/i386/avx512bw-vpermt2w-2.c (test for excess errors)
UNRESOLVED: gcc.target/i386/avx512bw-vpermt2w-2.c compilation failed to produce executable
FAIL: gcc.target/i386/avx512bw-vpmaddubsw-2.c (test for excess errors)
UNRESOLVED: gcc.target/i386/avx512bw-vpmaddubsw-2.c compilation failed to produce executable
FAIL: gcc.target/i386/avx512bw-vpmaddwd-2.c (test for excess errors)
UNRESOLVED: gcc.target/i386/avx512bw-vpmaddwd-2.c compilation failed to produce executable
FAIL: gcc.target/i386/avx512dq-vfpclasspd-2.c (test for excess errors)
UNRESOLVED: gcc.target/i386/avx512dq-vfpclasspd-2.c compilation failed to produce executable
FAIL: gcc.target/i386/avx512dq-vfpclassps-2.c (test for excess errors)
UNRESOLVED: gcc.target/i386/avx512dq-vfpclassps-2.c compilation failed to produce executable
FAIL: gcc.target/i386/avx512f-ceil-sfix-vec-2.c scan-assembler-times vcvttpd2dq[^\\n]*zmm[0-9].{7}(?:\\n|[ \\\\t]+#) 2
FAIL: gcc.target/i386/avx512f-ceil-sfix-vec-2.c scan-assembler-times vrndscalepd[^\\n]*zmm[0-9](?:\\n|[ \\\\t]+#) 2
FAIL: gcc.target/i386/avx512f-floor-sfix-vec-2.c scan-assembler-times vcvttpd2dq[^\\n]*zmm[0-9].{7}(?:\\n|[ \\\\t]+#) 2
FAIL: gcc.target/i386/avx512f-floor-sfix-vec-2.c scan-assembler-times vrndscalepd[^\\n]*zmm[0-9](?:\\n|[ \\\\t]+#) 2
FAIL: gcc.target/i386/avx512vbmi-vpermi2b-2.c (test for excess errors)
UNRESOLVED: gcc.target/i386/avx512vbmi-vpermi2b-2.c compilation failed to produce executable
FAIL: gcc.target/i386/avx512vbmi-vpermt2b-2.c (test for excess errors)
UNRESOLVED: gcc.target/i386/avx512vbmi-vpermt2b-2.c compilation failed to produce executable
FAIL: gcc.target/i386/avx512vl-vfpclasspd-2.c (test for excess errors)
UNRESOLVED: gcc.target/i386/avx512vl-vfpclasspd-2.c compilation failed to produce executable
FAIL: gcc.target/i386/avx512vl-vfpclassps-2.c (test for excess errors)
UNRESOLVED: gcc.target/i386/avx512vl-vfpclassps-2.c compilation failed to produce executable
FAIL: gcc.target/i386/avx512vl-vpermi2b-2.c (test for excess errors)
UNRESOLVED: gcc.target/i386/avx512vl-vpermi2b-2.c compilation failed to produce executable
FAIL: gcc.target/i386/avx512vl-vpermi2w-2.c (test for excess errors)
UNRESOLVED: gcc.target/i386/avx512vl-vpermi2w-2.c compilation failed to produce executable
FAIL: gcc.target/i386/avx512vl-vpermt2b-2.c (test for excess errors)
UNRESOLVED: gcc.target/i386/avx512vl-vpermt2b-2.c compilation failed to produce executable
FAIL: gcc.target/i386/avx512vl-vpermt2w-2.c (test for excess errors)
UNRESOLVED: gcc.target/i386/avx512vl-vpermt2w-2.c compilation failed to produce executable
FAIL: gcc.target/i386/avx512vl-vpmaddubsw-2.c (test for excess errors)
UNRESOLVED: gcc.target/i386/avx512vl-vpmaddubsw-2.c compilation failed to produce executable
FAIL: gcc.target/i386/avx512vl-vpmaddwd-2.c (test for excess errors)
UNRESOLVED: gcc.target/i386/avx512vl-vpmaddwd-2.c compilation failed to produce executable

		=== gcc Summary ===

# of expected passes		107539
# of unexpected failures	87
# of expected failures		258
# of unresolved testcases	17
# of unsupported tests		1766
/home/andreast/gcc_test/head/objdir/gcc/xgcc  version 5.0.0 20150217 (experimental) [trunk revision 220770] (GCC) 

		=== gfortran tests ===


Running target unix
UNRESOLVED: gfortran.dg/large_real_kind_2.F90   -O0  compilation failed to produce executable
UNRESOLVED: gfortran.dg/large_real_kind_2.F90   -O1  compilation failed to produce executable
UNRESOLVED: gfortran.dg/large_real_kind_2.F90   -O2  compilation failed to produce executable
UNRESOLVED: gfortran.dg/large_real_kind_2.F90   -O3 -fomit-frame-pointer  compilation failed to produce executable
UNRESOLVED: gfortran.dg/large_real_kind_2.F90   -O3 -fomit-frame-pointer -funroll-all-loops -finline-functions  compilation failed to produce executable
UNRESOLVED: gfortran.dg/large_real_kind_2.F90   -O3 -fomit-frame-pointer -funroll-loops  compilation failed to produce executable
UNRESOLVED: gfortran.dg/large_real_kind_2.F90   -O3 -g  compilation failed to produce executable
UNRESOLVED: gfortran.dg/large_real_kind_2.F90   -Os  compilation failed to produce executable
XPASS: gfortran.dg/large_real_kind_3.F90   -O0  (test for excess errors)
XPASS: gfortran.dg/large_real_kind_3.F90   -O1  (test for excess errors)
XPASS: gfortran.dg/large_real_kind_3.F90   -O2  (test for excess errors)
XPASS: gfortran.dg/large_real_kind_3.F90   -O3 -fomit-frame-pointer  (test for excess errors)
XPASS: gfortran.dg/large_real_kind_3.F90   -O3 -fomit-frame-pointer -funroll-all-loops -finline-functions  (test for excess errors)
XPASS: gfortran.dg/large_real_kind_3.F90   -O3 -fomit-frame-pointer -funroll-loops  (test for excess errors)
XPASS: gfortran.dg/large_real_kind_3.F90   -O3 -g  (test for excess errors)
XPASS: gfortran.dg/large_real_kind_3.F90   -Os  (test for excess errors)
FAIL: gfortran.dg/static_linking_1.f   -O0  execution test
FAIL: gfortran.dg/static_linking_1.f   -O1  execution test
FAIL: gfortran.dg/static_linking_1.f   -O2  execution test
FAIL: gfortran.dg/static_linking_1.f   -O3 -fomit-frame-pointer  execution test
FAIL: gfortran.dg/static_linking_1.f   -O3 -fomit-frame-pointer -funroll-all-loops -finline-functions  execution test
FAIL: gfortran.dg/static_linking_1.f   -O3 -fomit-frame-pointer -funroll-loops  execution test
FAIL: gfortran.dg/static_linking_1.f   -O3 -g  execution test
FAIL: gfortran.dg/static_linking_1.f   -Os  execution test

		=== gfortran Summary ===

# of expected passes		48009
# of unexpected failures	8
# of unexpected successes	8
# of expected failures		72
# of unresolved testcases	8
# of unsupported tests		86
/home/andreast/gcc_test/head/objdir/gcc/testsuite/gfortran/../../gfortran  version 5.0.0 20150217 (experimental) [trunk revision 220770] (GCC) 

		=== objc tests ===


Running target unix

		=== objc Summary ===

# of expected passes		3010
# of expected failures		6
# of unsupported tests		74
/home/andreast/gcc_test/head/objdir/gcc/xgcc  version 5.0.0 20150217 (experimental) [trunk revision 220770] (GCC) 

		=== boehm-gc tests ===


Running target unix

		=== boehm-gc Summary ===

# of expected passes		12
# of unsupported tests		1
		=== libatomic tests ===


Running target unix

		=== libatomic Summary ===

# of expected passes		54
		=== libffi tests ===


Running target unix

		=== libffi Summary ===

# of expected passes		2214
		=== libgomp tests ===


Running target unix

		=== libgomp Summary ===

# of expected passes		4646
# of unsupported tests		203
		=== libitm tests ===


Running target unix

		=== libitm Summary ===

# of expected passes		26
# of expected failures		3
# of unsupported tests		1
		=== libjava tests ===


Running target unix
FAIL: PR16923.c compilation
FAIL: Throw_2 execution - source compiled test
FAIL: Throw_2 -findirect-dispatch execution - source compiled test
FAIL: Throw_2 -O3 execution - source compiled test
FAIL: Throw_2 -O3 -findirect-dispatch execution - source compiled test

		=== libjava Summary ===

# of expected passes		2572
# of unexpected failures	5
# of expected failures		4
# of untested testcases		4
		=== libstdc++ tests ===


Running target unix
FAIL: 22_locale/conversions/string/2.cc execution test
FAIL: 26_numerics/complex/13450.cc (test for excess errors)
FAIL: 26_numerics/headers/cmath/c99_classification_macros_c.cc (test for excess errors)
FAIL: tr1/5_numerical_facilities/special_functions/08_cyl_bessel_i/check_nan.cc (test for excess errors)
FAIL: tr1/5_numerical_facilities/special_functions/09_cyl_bessel_j/check_nan.cc (test for excess errors)
FAIL: tr1/5_numerical_facilities/special_functions/10_cyl_bessel_k/check_nan.cc (test for excess errors)
FAIL: tr1/5_numerical_facilities/special_functions/11_cyl_neumann/check_nan.cc (test for excess errors)
FAIL: tr1/5_numerical_facilities/special_functions/17_hyperg/check_nan.cc (test for excess errors)
FAIL: tr1/5_numerical_facilities/special_functions/20_riemann_zeta/check_nan.cc (test for excess errors)
FAIL: tr1/5_numerical_facilities/special_functions/21_sph_bessel/check_nan.cc (test for excess errors)
FAIL: tr1/5_numerical_facilities/special_functions/23_sph_neumann/check_nan.cc (test for excess errors)

		=== libstdc++ Summary ===

# of expected passes		9259
# of unexpected failures	11
# of expected failures		64
# of unsupported tests		655

Compiler version: 5.0.0 20150217 (experimental) [trunk revision 220770] (GCC) 
Platform: x86_64-unknown-freebsd11.0
configure flags: --prefix=/home/andreast/gcc_test/head/testbin --disable-nls --with-as=/usr/local/bin/as --with-ld=/usr/local/bin/ld



More information about the Gcc-testresults mailing list