Results for 5.0.0 20150217 (experimental) [trunk revision 220747] (GCC) testsuite on powerpc64-unknown-linux-gnu

Pat Haugen (POWER7) pthaugen@us.ibm.com
Tue Feb 17 10:52:00 GMT 2015


Linux 2.6.32-431.17.1.el6.ppc64 ppc64
GNU C Library stable release version 2.12
GNU ld version 2.20.51.0.2-5.36.el6 20100205
GNU assembler version 2.20.51.0.2-5.36.el6 20100205
GNU Make 3.81

DejaGnu:
	Expect version is	5.44.1.15
	Tcl version is		8.5
	Framework version is	1.4.4

64-bit

LAST_UPDATED: Tue Feb 17 05:21:24 UTC 2015 (revision 220747)

Native configuration is powerpc64-unknown-linux-gnu

		=== gcc tests ===


Running target unix/-m32
FAIL: c-c++-common/asan/misalign-1.c   -O0  output pattern test, is =================================================================
FAIL: c-c++-common/asan/misalign-1.c   -O1  output pattern test, is =================================================================
FAIL: c-c++-common/asan/misalign-1.c   -O2  output pattern test, is =================================================================
FAIL: c-c++-common/asan/misalign-1.c   -O2 -flto  output pattern test, is =================================================================
FAIL: c-c++-common/asan/misalign-1.c   -O2 -flto -flto-partition=none  output pattern test, is =================================================================
FAIL: c-c++-common/asan/misalign-1.c   -O3 -fomit-frame-pointer  output pattern test, is =================================================================
FAIL: c-c++-common/asan/misalign-1.c   -O3 -g  output pattern test, is =================================================================
FAIL: c-c++-common/asan/misalign-1.c   -Os  output pattern test, is =================================================================
FAIL: c-c++-common/asan/misalign-2.c   -O0  output pattern test, is =================================================================
FAIL: c-c++-common/asan/misalign-2.c   -O1  output pattern test, is =================================================================
FAIL: c-c++-common/asan/misalign-2.c   -O2  output pattern test, is =================================================================
FAIL: c-c++-common/asan/misalign-2.c   -O2 -flto  output pattern test, is =================================================================
FAIL: c-c++-common/asan/misalign-2.c   -O2 -flto -flto-partition=none  output pattern test, is =================================================================
FAIL: c-c++-common/asan/misalign-2.c   -O3 -fomit-frame-pointer  output pattern test, is =================================================================
FAIL: c-c++-common/asan/misalign-2.c   -O3 -g  output pattern test, is =================================================================
FAIL: c-c++-common/asan/misalign-2.c   -Os  output pattern test, is =================================================================
FAIL: c-c++-common/asan/null-deref-1.c   -O0  output pattern test, is ASAN:SIGSEGV
FAIL: c-c++-common/asan/null-deref-1.c   -O1  output pattern test, is ASAN:SIGSEGV
FAIL: c-c++-common/asan/null-deref-1.c   -O2  output pattern test, is ASAN:SIGSEGV
FAIL: c-c++-common/asan/null-deref-1.c   -O2 -flto  output pattern test, is ASAN:SIGSEGV
FAIL: c-c++-common/asan/null-deref-1.c   -O2 -flto -flto-partition=none  output pattern test, is ASAN:SIGSEGV
FAIL: c-c++-common/asan/null-deref-1.c   -O3 -fomit-frame-pointer  output pattern test, is ASAN:SIGSEGV
FAIL: c-c++-common/asan/null-deref-1.c   -O3 -g  output pattern test, is ASAN:SIGSEGV
FAIL: c-c++-common/asan/null-deref-1.c   -Os  output pattern test, is ASAN:SIGSEGV
FAIL: gcc.dg/sms-8.c scan-rtl-dump-times sms "SMS succeeded" 0
FAIL: gcc.dg/lto/20120723 c_lto_20120723_0.o-c_lto_20120723_1.o execute -O3 -fno-early-inlining -flto
FAIL: gcc.dg/tree-ssa/ivopts-lt-2.c scan-tree-dump-times ivopts "PHI <p_" 1
FAIL: gcc.dg/tree-ssa/ivopts-lt-2.c scan-tree-dump-times ivopts "PHI" 1
FAIL: gcc.dg/tree-ssa/ivopts-lt-2.c scan-tree-dump-times ivopts "p_[0-9]* <" 1
FAIL: gcc.dg/tree-ssa/sra-12.c scan-tree-dump-times release_ssa "l;" 0
FAIL: gcc.dg/vect/costmodel/ppc/costmodel-bb-slp-9a.c scan-tree-dump-times slp2 "basic block vectorized using SLP" 1
FAIL: gcc.dg/vect/costmodel/ppc/costmodel-vect-31a.c scan-tree-dump-times vect "vectorization not profitable" 1
FAIL: gcc.dg/vect/costmodel/ppc/costmodel-vect-33.c scan-tree-dump-times vect "vectorization not profitable" 1
FAIL: gcc.dg/vect/no-vfa-vect-depend-2.c scan-tree-dump-times vect "vectorized 1 loops" 1
FAIL: gcc.dg/vect/no-vfa-vect-depend-3.c scan-tree-dump-times vect "vectorized 1 loops" 4
FAIL: gcc.dg/vect/vect-31.c -flto -ffat-lto-objects  scan-tree-dump-times vect "vectorized 4 loops" 1
FAIL: gcc.dg/vect/vect-31.c scan-tree-dump-times vect "vectorized 4 loops" 1

		=== gcc Summary for unix/-m32 ===


Running target unix/-m64
FAIL: c-c++-common/asan/misalign-1.c   -O0  output pattern test, is =================================================================
FAIL: c-c++-common/asan/misalign-1.c   -O1  output pattern test, is =================================================================
FAIL: c-c++-common/asan/misalign-1.c   -O2  output pattern test, is =================================================================
FAIL: c-c++-common/asan/misalign-1.c   -O2 -flto  output pattern test, is =================================================================
FAIL: c-c++-common/asan/misalign-1.c   -O2 -flto -flto-partition=none  output pattern test, is =================================================================
FAIL: c-c++-common/asan/misalign-1.c   -O3 -fomit-frame-pointer  output pattern test, is =================================================================
FAIL: c-c++-common/asan/misalign-1.c   -O3 -g  output pattern test, is =================================================================
FAIL: c-c++-common/asan/misalign-1.c   -Os  output pattern test, is =================================================================
FAIL: c-c++-common/asan/misalign-2.c   -O0  output pattern test, is =================================================================
FAIL: c-c++-common/asan/misalign-2.c   -O1  output pattern test, is =================================================================
FAIL: c-c++-common/asan/misalign-2.c   -O2  output pattern test, is =================================================================
FAIL: c-c++-common/asan/misalign-2.c   -O2 -flto  output pattern test, is =================================================================
FAIL: c-c++-common/asan/misalign-2.c   -O2 -flto -flto-partition=none  output pattern test, is =================================================================
FAIL: c-c++-common/asan/misalign-2.c   -O3 -fomit-frame-pointer  output pattern test, is =================================================================
FAIL: c-c++-common/asan/misalign-2.c   -O3 -g  output pattern test, is =================================================================
FAIL: c-c++-common/asan/misalign-2.c   -Os  output pattern test, is =================================================================
FAIL: c-c++-common/asan/null-deref-1.c   -O0  output pattern test, is ASAN:SIGSEGV
FAIL: c-c++-common/asan/null-deref-1.c   -O1  output pattern test, is ASAN:SIGSEGV
FAIL: c-c++-common/asan/null-deref-1.c   -O2  output pattern test, is ASAN:SIGSEGV
FAIL: c-c++-common/asan/null-deref-1.c   -O2 -flto  output pattern test, is ASAN:SIGSEGV
FAIL: c-c++-common/asan/null-deref-1.c   -O2 -flto -flto-partition=none  output pattern test, is ASAN:SIGSEGV
FAIL: c-c++-common/asan/null-deref-1.c   -O3 -fomit-frame-pointer  output pattern test, is ASAN:SIGSEGV
FAIL: c-c++-common/asan/null-deref-1.c   -O3 -g  output pattern test, is ASAN:SIGSEGV
FAIL: c-c++-common/asan/null-deref-1.c   -Os  output pattern test, is ASAN:SIGSEGV
FAIL: gcc.dg/pr44194-1.c scan-rtl-dump dse1 "global deletions = (2|3)"
FAIL: gcc.dg/sms-4.c scan-rtl-dump-times sms "SMS succeeded" 1
FAIL: c-c++-common/torture/builtin-arith-overflow-17.c   -O2 -flto -flto-partition=none  (test for excess errors)
WARNING: c-c++-common/torture/builtin-arith-overflow-17.c   -O2 -flto -flto-partition=none  compilation failed to produce executable
FAIL: gcc.dg/tree-ssa/ivopts-lt-2.c scan-tree-dump-times ivopts "PHI <p_" 1
FAIL: gcc.dg/tree-ssa/ivopts-lt-2.c scan-tree-dump-times ivopts "PHI" 1
FAIL: gcc.dg/tree-ssa/ivopts-lt-2.c scan-tree-dump-times ivopts "p_[0-9]* <" 1
FAIL: c-c++-common/ubsan/float-cast-overflow-7.c   -O2  execution test
FAIL: c-c++-common/ubsan/float-cast-overflow-7.c   -O2 -flto  execution test
FAIL: c-c++-common/ubsan/float-cast-overflow-7.c   -O2 -flto -flto-partition=none  execution test
FAIL: c-c++-common/ubsan/float-cast-overflow-8.c   -O2  output pattern test, is gcc/libsanitizer/ubsan/ubsan_handlers.cc:300: runtime error: value 0 is outside the range of representable values of type 'signed char'
FAIL: c-c++-common/ubsan/float-cast-overflow-8.c   -O2 -flto  output pattern test, is gcc/libsanitizer/ubsan/ubsan_handlers.cc:300: runtime error: value 0 is outside the range of representable values of type 'signed char'
FAIL: c-c++-common/ubsan/float-cast-overflow-8.c   -O2 -flto -flto-partition=none  output pattern test, is gcc/libsanitizer/ubsan/ubsan_handlers.cc:300: runtime error: value 0 is outside the range of representable values of type 'signed char'
FAIL: gcc.dg/vect/costmodel/ppc/costmodel-bb-slp-9a.c scan-tree-dump-times slp2 "basic block vectorized using SLP" 1
FAIL: gcc.dg/vect/costmodel/ppc/costmodel-vect-31a.c scan-tree-dump-times vect "vectorization not profitable" 1
FAIL: gcc.dg/vect/costmodel/ppc/costmodel-vect-33.c scan-tree-dump-times vect "vectorization not profitable" 1
FAIL: gcc.dg/vect/no-vfa-vect-depend-2.c scan-tree-dump-times vect "vectorized 1 loops" 1
FAIL: gcc.dg/vect/no-vfa-vect-depend-3.c scan-tree-dump-times vect "vectorized 1 loops" 4
FAIL: gcc.dg/vect/vect-31.c -flto -ffat-lto-objects  scan-tree-dump-times vect "vectorized 4 loops" 1
FAIL: gcc.dg/vect/vect-31.c scan-tree-dump-times vect "vectorized 4 loops" 1
FAIL: gcc.target/powerpc/ppc64-abi-1.c execution test

		=== gcc Summary for unix/-m64 ===


		=== gcc Summary ===

/home/gccbuild/build/nightly/build-gcc-trunk/gcc/xgcc  version 5.0.0 20150217 (experimental) [trunk revision 220747] (GCC) 

		=== gfortran tests ===


Running target unix/-m32
ERROR: couldn't fork child process: resource temporarily unavailable
FAIL: gfortran.dg/default_format_denormal_2.f90   -O0  execution test
FAIL: gfortran.dg/default_format_denormal_2.f90   -O1  execution test
FAIL: gfortran.dg/default_format_denormal_2.f90   -O2  execution test
FAIL: gfortran.dg/default_format_denormal_2.f90   -O3 -fomit-frame-pointer  execution test
FAIL: gfortran.dg/default_format_denormal_2.f90   -O3 -fomit-frame-pointer -funroll-all-loops -finline-functions  execution test
FAIL: gfortran.dg/default_format_denormal_2.f90   -O3 -fomit-frame-pointer -funroll-loops  execution test
FAIL: gfortran.dg/default_format_denormal_2.f90   -O3 -g  execution test
FAIL: gfortran.dg/default_format_denormal_2.f90   -Os  execution test
ERROR: tcl error sourcing /home/gccbuild/gcc_trunk_anonsvn/gcc/gcc/testsuite/gfortran.dg/dg.exp.
ERROR: tcl error sourcing /home/gccbuild/gcc_trunk_anonsvn/gcc/gcc/testsuite/gfortran.dg/goacc/goacc.exp.
ERROR: torture-init: torture_without_loops is not empty as expected
ERROR: tcl error sourcing /home/gccbuild/gcc_trunk_anonsvn/gcc/gcc/testsuite/gfortran.dg/gomp/gomp.exp.
ERROR: torture-init: torture_without_loops is not empty as expected
ERROR: tcl error sourcing /home/gccbuild/gcc_trunk_anonsvn/gcc/gcc/testsuite/gfortran.dg/guality/guality.exp.
ERROR: torture-init: torture_without_loops is not empty as expected
ERROR: tcl error sourcing /home/gccbuild/gcc_trunk_anonsvn/gcc/gcc/testsuite/gfortran.dg/ieee/ieee.exp.
ERROR: torture-init: torture_without_loops is not empty as expected
ERROR: tcl error sourcing /home/gccbuild/gcc_trunk_anonsvn/gcc/gcc/testsuite/gfortran.dg/vect/vect.exp.
ERROR: torture-init: torture_without_loops is not empty as expected
ERROR: tcl error sourcing /home/gccbuild/gcc_trunk_anonsvn/gcc/gcc/testsuite/gfortran.fortran-torture/compile/compile.exp.
ERROR: torture-init: torture_without_loops is not empty as expected
ERROR: tcl error sourcing /home/gccbuild/gcc_trunk_anonsvn/gcc/gcc/testsuite/gfortran.fortran-torture/execute/execute.exp.
ERROR: torture-init: torture_without_loops is not empty as expected

		=== gfortran Summary for unix/-m32 ===


Running target unix/-m64
ERROR: tcl error sourcing /home/gccbuild/gcc_trunk_anonsvn/gcc/gcc/testsuite/gfortran.dg/coarray/caf.exp.
ERROR: torture-init: torture_without_loops is not empty as expected
ERROR: tcl error sourcing /home/gccbuild/gcc_trunk_anonsvn/gcc/gcc/testsuite/gfortran.dg/dg.exp.
ERROR: torture-init: torture_without_loops is not empty as expected
ERROR: tcl error sourcing /home/gccbuild/gcc_trunk_anonsvn/gcc/gcc/testsuite/gfortran.dg/goacc/goacc.exp.
ERROR: torture-init: torture_without_loops is not empty as expected
ERROR: tcl error sourcing /home/gccbuild/gcc_trunk_anonsvn/gcc/gcc/testsuite/gfortran.dg/gomp/gomp.exp.
ERROR: torture-init: torture_without_loops is not empty as expected
ERROR: tcl error sourcing /home/gccbuild/gcc_trunk_anonsvn/gcc/gcc/testsuite/gfortran.dg/guality/guality.exp.
ERROR: torture-init: torture_without_loops is not empty as expected
ERROR: tcl error sourcing /home/gccbuild/gcc_trunk_anonsvn/gcc/gcc/testsuite/gfortran.dg/ieee/ieee.exp.
ERROR: torture-init: torture_without_loops is not empty as expected
ERROR: tcl error sourcing /home/gccbuild/gcc_trunk_anonsvn/gcc/gcc/testsuite/gfortran.dg/vect/vect.exp.
ERROR: torture-init: torture_without_loops is not empty as expected
ERROR: tcl error sourcing /home/gccbuild/gcc_trunk_anonsvn/gcc/gcc/testsuite/gfortran.fortran-torture/compile/compile.exp.
ERROR: torture-init: torture_without_loops is not empty as expected
ERROR: tcl error sourcing /home/gccbuild/gcc_trunk_anonsvn/gcc/gcc/testsuite/gfortran.fortran-torture/execute/execute.exp.
ERROR: torture-init: torture_without_loops is not empty as expected

		=== gfortran Summary for unix/-m64 ===


		=== gfortran Summary ===

/home/gccbuild/build/nightly/build-gcc-trunk/gcc/testsuite/gfortran/../../gfortran  version 5.0.0 20150217 (experimental) [trunk revision 220747] (GCC) 

		=== g++ tests ===


Running target unix/-m32
FAIL: c-c++-common/asan/null-deref-1.c   -O2  output pattern test, is ASAN:SIGSEGV
FAIL: c-c++-common/asan/null-deref-1.c   -O2 -flto  output pattern test, is ASAN:SIGSEGV
FAIL: c-c++-common/asan/null-deref-1.c   -O2 -flto -flto-partition=none  output pattern test, is ASAN:SIGSEGV
FAIL: c-c++-common/asan/null-deref-1.c   -O3 -fomit-frame-pointer  output pattern test, is ASAN:SIGSEGV
FAIL: c-c++-common/asan/null-deref-1.c   -O3 -g  output pattern test, is ASAN:SIGSEGV
FAIL: g++.dg/abi/scoped1.C  -std=gnu++11 execution test
FAIL: g++.dg/abi/scoped1.C  -std=gnu++14 execution test
FAIL: g++.dg/cpp1y/udlit-char-template-vs-std-literal-operator.C  -std=c++14 (test for excess errors)
WARNING: g++.dg/cpp1y/udlit-char-template-vs-std-literal-operator.C  -std=c++14 compilation failed to produce executable

		=== g++ Summary for unix/-m32 ===

# of expected passes		20275
# of expected failures		61
# of unsupported tests		86

Running target unix/-m64
FAIL: c-c++-common/asan/null-deref-1.c   -O2  output pattern test, is ASAN:SIGSEGV
FAIL: c-c++-common/asan/null-deref-1.c   -O2 -flto  output pattern test, is ASAN:SIGSEGV
FAIL: c-c++-common/asan/null-deref-1.c   -O2 -flto -flto-partition=none  output pattern test, is ASAN:SIGSEGV
FAIL: c-c++-common/asan/null-deref-1.c   -O3 -fomit-frame-pointer  output pattern test, is ASAN:SIGSEGV
FAIL: c-c++-common/asan/null-deref-1.c   -O3 -g  output pattern test, is ASAN:SIGSEGV
FAIL: c-c++-common/asan/swapcontext-test-1.c   -O0  execution test
FAIL: c-c++-common/asan/swapcontext-test-1.c   -O1  execution test
FAIL: c-c++-common/asan/swapcontext-test-1.c   -O2  execution test
FAIL: c-c++-common/asan/swapcontext-test-1.c   -O2 -flto  execution test
FAIL: c-c++-common/asan/swapcontext-test-1.c   -O2 -flto -flto-partition=none  execution test
FAIL: c-c++-common/asan/swapcontext-test-1.c   -O3 -fomit-frame-pointer  execution test
FAIL: c-c++-common/asan/swapcontext-test-1.c   -O3 -fomit-frame-pointer -funroll-all-loops -finline-functions  execution test
FAIL: c-c++-common/asan/swapcontext-test-1.c   -O3 -fomit-frame-pointer -funroll-loops  execution test
FAIL: c-c++-common/asan/swapcontext-test-1.c   -O3 -g  execution test
FAIL: c-c++-common/asan/swapcontext-test-1.c   -Os  execution test
FAIL: g++.dg/torture/pr60750.C   -O0  (test for excess errors)
WARNING: g++.dg/torture/pr60750.C   -O0  compilation failed to produce executable
FAIL: g++.dg/torture/pr60750.C   -O1  (test for excess errors)
WARNING: g++.dg/torture/pr60750.C   -O1  compilation failed to produce executable
FAIL: g++.dg/torture/pr60750.C   -O2  (test for excess errors)
WARNING: g++.dg/torture/pr60750.C   -O2  compilation failed to produce executable
FAIL: g++.dg/torture/pr60750.C   -O2 -flto  (test for excess errors)
WARNING: g++.dg/torture/pr60750.C   -O2 -flto  compilation failed to produce executable
FAIL: g++.dg/torture/pr60750.C   -O2 -flto -flto-partition=none  (test for excess errors)
WARNING: g++.dg/torture/pr60750.C   -O2 -flto -flto-partition=none  compilation failed to produce executable
FAIL: g++.dg/torture/pr60750.C   -O3 -fomit-frame-pointer  (test for excess errors)
WARNING: g++.dg/torture/pr60750.C   -O3 -fomit-frame-pointer  compilation failed to produce executable
FAIL: g++.dg/torture/pr60750.C   -O3 -g  (test for excess errors)
WARNING: g++.dg/torture/pr60750.C   -O3 -g  compilation failed to produce executable
FAIL: g++.dg/torture/pr60750.C   -Os  (test for excess errors)
WARNING: g++.dg/torture/pr60750.C   -Os  compilation failed to produce executable
FAIL: c-c++-common/ubsan/float-cast-overflow-7.c   -O2  execution test
FAIL: c-c++-common/ubsan/float-cast-overflow-7.c   -O2 -flto  execution test
FAIL: c-c++-common/ubsan/float-cast-overflow-7.c   -O2 -flto -flto-partition=none  execution test
FAIL: c-c++-common/ubsan/float-cast-overflow-8.c   -O2  output pattern test, is gcc/libsanitizer/ubsan/ubsan_handlers.cc:300: runtime error: value 0 is outside the range of representable values of type 'signed char'
FAIL: c-c++-common/ubsan/float-cast-overflow-8.c   -O2 -flto  output pattern test, is gcc/libsanitizer/ubsan/ubsan_handlers.cc:300: runtime error: value 0 is outside the range of representable values of type 'signed char'
FAIL: c-c++-common/ubsan/float-cast-overflow-8.c   -O2 -flto -flto-partition=none  output pattern test, is gcc/libsanitizer/ubsan/ubsan_handlers.cc:300: runtime error: value 0 is outside the range of representable values of type 'signed char'
FAIL: g++.dg/ubsan/pr64632.C   -O0  (test for excess errors)
WARNING: g++.dg/ubsan/pr64632.C   -O0  compilation failed to produce executable
FAIL: g++.dg/ubsan/pr64632.C   -O1  (test for excess errors)
WARNING: g++.dg/ubsan/pr64632.C   -O1  compilation failed to produce executable
FAIL: g++.dg/ubsan/pr64632.C   -O2  (test for excess errors)
WARNING: g++.dg/ubsan/pr64632.C   -O2  compilation failed to produce executable
FAIL: g++.dg/ubsan/pr64632.C   -O2 -flto  (test for excess errors)
WARNING: g++.dg/ubsan/pr64632.C   -O2 -flto  compilation failed to produce executable
FAIL: g++.dg/ubsan/pr64632.C   -O2 -flto -flto-partition=none  (test for excess errors)
WARNING: g++.dg/ubsan/pr64632.C   -O2 -flto -flto-partition=none  compilation failed to produce executable
FAIL: g++.dg/ubsan/pr64632.C   -O3 -fomit-frame-pointer  (test for excess errors)
WARNING: g++.dg/ubsan/pr64632.C   -O3 -fomit-frame-pointer  compilation failed to produce executable
FAIL: g++.dg/ubsan/pr64632.C   -O3 -g  (test for excess errors)
WARNING: g++.dg/ubsan/pr64632.C   -O3 -g  compilation failed to produce executable
FAIL: g++.dg/ubsan/pr64632.C   -Os  (test for excess errors)
WARNING: g++.dg/ubsan/pr64632.C   -Os  compilation failed to produce executable
FAIL: g++.dg/ubsan/vptr-1.C   -O0  (test for excess errors)
WARNING: g++.dg/ubsan/vptr-1.C   -O0  compilation failed to produce executable
FAIL: g++.dg/ubsan/vptr-1.C   -O1  (test for excess errors)
WARNING: g++.dg/ubsan/vptr-1.C   -O1  compilation failed to produce executable
FAIL: g++.dg/ubsan/vptr-1.C   -O2  (test for excess errors)
WARNING: g++.dg/ubsan/vptr-1.C   -O2  compilation failed to produce executable
FAIL: g++.dg/ubsan/vptr-1.C   -O2 -flto  (test for excess errors)
WARNING: g++.dg/ubsan/vptr-1.C   -O2 -flto  compilation failed to produce executable
FAIL: g++.dg/ubsan/vptr-1.C   -O2 -flto -flto-partition=none  (test for excess errors)
WARNING: g++.dg/ubsan/vptr-1.C   -O2 -flto -flto-partition=none  compilation failed to produce executable
FAIL: g++.dg/ubsan/vptr-1.C   -O3 -fomit-frame-pointer  (test for excess errors)
WARNING: g++.dg/ubsan/vptr-1.C   -O3 -fomit-frame-pointer  compilation failed to produce executable
FAIL: g++.dg/ubsan/vptr-1.C   -O3 -fomit-frame-pointer -funroll-all-loops -finline-functions  (test for excess errors)
WARNING: g++.dg/ubsan/vptr-1.C   -O3 -fomit-frame-pointer -funroll-all-loops -finline-functions  compilation failed to produce executable
FAIL: g++.dg/ubsan/vptr-1.C   -O3 -fomit-frame-pointer -funroll-loops  (test for excess errors)
WARNING: g++.dg/ubsan/vptr-1.C   -O3 -fomit-frame-pointer -funroll-loops  compilation failed to produce executable
FAIL: g++.dg/ubsan/vptr-1.C   -O3 -g  (test for excess errors)
WARNING: g++.dg/ubsan/vptr-1.C   -O3 -g  compilation failed to produce executable
FAIL: g++.dg/ubsan/vptr-1.C   -Os  (test for excess errors)
WARNING: g++.dg/ubsan/vptr-1.C   -Os  compilation failed to produce executable
FAIL: g++.dg/ubsan/vptr-2.C   -O0  (test for excess errors)
WARNING: g++.dg/ubsan/vptr-2.C   -O0  compilation failed to produce executable
FAIL: g++.dg/ubsan/vptr-2.C   -O1  (test for excess errors)
WARNING: g++.dg/ubsan/vptr-2.C   -O1  compilation failed to produce executable
FAIL: g++.dg/ubsan/vptr-2.C   -O2  (test for excess errors)
WARNING: g++.dg/ubsan/vptr-2.C   -O2  compilation failed to produce executable
FAIL: g++.dg/ubsan/vptr-2.C   -O2 -flto  (test for excess errors)
WARNING: g++.dg/ubsan/vptr-2.C   -O2 -flto  compilation failed to produce executable
FAIL: g++.dg/ubsan/vptr-2.C   -O2 -flto -flto-partition=none  (test for excess errors)
WARNING: g++.dg/ubsan/vptr-2.C   -O2 -flto -flto-partition=none  compilation failed to produce executable
FAIL: g++.dg/ubsan/vptr-2.C   -O3 -fomit-frame-pointer  (test for excess errors)
WARNING: g++.dg/ubsan/vptr-2.C   -O3 -fomit-frame-pointer  compilation failed to produce executable
FAIL: g++.dg/ubsan/vptr-2.C   -O3 -fomit-frame-pointer -funroll-all-loops -finline-functions  (test for excess errors)
WARNING: g++.dg/ubsan/vptr-2.C   -O3 -fomit-frame-pointer -funroll-all-loops -finline-functions  compilation failed to produce executable
FAIL: g++.dg/ubsan/vptr-2.C   -O3 -fomit-frame-pointer -funroll-loops  (test for excess errors)
WARNING: g++.dg/ubsan/vptr-2.C   -O3 -fomit-frame-pointer -funroll-loops  compilation failed to produce executable
FAIL: g++.dg/ubsan/vptr-2.C   -O3 -g  (test for excess errors)
WARNING: g++.dg/ubsan/vptr-2.C   -O3 -g  compilation failed to produce executable
FAIL: g++.dg/ubsan/vptr-2.C   -Os  (test for excess errors)
WARNING: g++.dg/ubsan/vptr-2.C   -Os  compilation failed to produce executable
FAIL: g++.dg/ubsan/vptr-3.C   -O0  (test for excess errors)
WARNING: g++.dg/ubsan/vptr-3.C   -O0  compilation failed to produce executable
FAIL: g++.dg/ubsan/vptr-3.C   -O1  (test for excess errors)
WARNING: g++.dg/ubsan/vptr-3.C   -O1  compilation failed to produce executable
FAIL: g++.dg/ubsan/vptr-3.C   -O2  (test for excess errors)
WARNING: g++.dg/ubsan/vptr-3.C   -O2  compilation failed to produce executable
FAIL: g++.dg/ubsan/vptr-3.C   -O2 -flto  (test for excess errors)
WARNING: g++.dg/ubsan/vptr-3.C   -O2 -flto  compilation failed to produce executable
FAIL: g++.dg/ubsan/vptr-3.C   -O2 -flto -flto-partition=none  (test for excess errors)
WARNING: g++.dg/ubsan/vptr-3.C   -O2 -flto -flto-partition=none  compilation failed to produce executable
FAIL: g++.dg/ubsan/vptr-3.C   -O3 -fomit-frame-pointer  (test for excess errors)
WARNING: g++.dg/ubsan/vptr-3.C   -O3 -fomit-frame-pointer  compilation failed to produce executable
FAIL: g++.dg/ubsan/vptr-3.C   -O3 -fomit-frame-pointer -funroll-all-loops -finline-functions  (test for excess errors)
WARNING: g++.dg/ubsan/vptr-3.C   -O3 -fomit-frame-pointer -funroll-all-loops -finline-functions  compilation failed to produce executable
FAIL: g++.dg/ubsan/vptr-3.C   -O3 -fomit-frame-pointer -funroll-loops  (test for excess errors)
WARNING: g++.dg/ubsan/vptr-3.C   -O3 -fomit-frame-pointer -funroll-loops  compilation failed to produce executable
FAIL: g++.dg/ubsan/vptr-3.C   -O3 -g  (test for excess errors)
WARNING: g++.dg/ubsan/vptr-3.C   -O3 -g  compilation failed to produce executable
FAIL: g++.dg/ubsan/vptr-3.C   -Os  (test for excess errors)
WARNING: g++.dg/ubsan/vptr-3.C   -Os  compilation failed to produce executable
FAIL: g++.dg/ubsan/vptr-5.C   -O0  (test for excess errors)
WARNING: g++.dg/ubsan/vptr-5.C   -O0  compilation failed to produce executable
FAIL: g++.dg/ubsan/vptr-5.C   -O1  (test for excess errors)
WARNING: g++.dg/ubsan/vptr-5.C   -O1  compilation failed to produce executable
FAIL: g++.dg/ubsan/vptr-5.C   -O2  (test for excess errors)
WARNING: g++.dg/ubsan/vptr-5.C   -O2  compilation failed to produce executable
FAIL: g++.dg/ubsan/vptr-5.C   -O2 -flto  (test for excess errors)
WARNING: g++.dg/ubsan/vptr-5.C   -O2 -flto  compilation failed to produce executable
FAIL: g++.dg/ubsan/vptr-5.C   -O2 -flto -flto-partition=none  (test for excess errors)
WARNING: g++.dg/ubsan/vptr-5.C   -O2 -flto -flto-partition=none  compilation failed to produce executable
FAIL: g++.dg/ubsan/vptr-5.C   -O3 -fomit-frame-pointer  (test for excess errors)
WARNING: g++.dg/ubsan/vptr-5.C   -O3 -fomit-frame-pointer  compilation failed to produce executable
FAIL: g++.dg/ubsan/vptr-5.C   -O3 -g  (test for excess errors)
WARNING: g++.dg/ubsan/vptr-5.C   -O3 -g  compilation failed to produce executable
FAIL: g++.dg/ubsan/vptr-5.C   -Os  (test for excess errors)
WARNING: g++.dg/ubsan/vptr-5.C   -Os  compilation failed to produce executable
FAIL: g++.dg/ubsan/vptr-8.C   -O0  (test for excess errors)
WARNING: g++.dg/ubsan/vptr-8.C   -O0  compilation failed to produce executable
FAIL: g++.dg/ubsan/vptr-8.C   -O1  (test for excess errors)
WARNING: g++.dg/ubsan/vptr-8.C   -O1  compilation failed to produce executable
FAIL: g++.dg/ubsan/vptr-8.C   -O2  (test for excess errors)
WARNING: g++.dg/ubsan/vptr-8.C   -O2  compilation failed to produce executable
FAIL: g++.dg/ubsan/vptr-8.C   -O2 -flto  (test for excess errors)
WARNING: g++.dg/ubsan/vptr-8.C   -O2 -flto  compilation failed to produce executable
FAIL: g++.dg/ubsan/vptr-8.C   -O2 -flto -flto-partition=none  (test for excess errors)
WARNING: g++.dg/ubsan/vptr-8.C   -O2 -flto -flto-partition=none  compilation failed to produce executable
FAIL: g++.dg/ubsan/vptr-8.C   -O3 -fomit-frame-pointer  (test for excess errors)
WARNING: g++.dg/ubsan/vptr-8.C   -O3 -fomit-frame-pointer  compilation failed to produce executable
FAIL: g++.dg/ubsan/vptr-8.C   -O3 -fomit-frame-pointer -funroll-all-loops -finline-functions  (test for excess errors)
WARNING: g++.dg/ubsan/vptr-8.C   -O3 -fomit-frame-pointer -funroll-all-loops -finline-functions  compilation failed to produce executable
FAIL: g++.dg/ubsan/vptr-8.C   -O3 -fomit-frame-pointer -funroll-loops  (test for excess errors)
WARNING: g++.dg/ubsan/vptr-8.C   -O3 -fomit-frame-pointer -funroll-loops  compilation failed to produce executable
FAIL: g++.dg/ubsan/vptr-8.C   -O3 -g  (test for excess errors)
WARNING: g++.dg/ubsan/vptr-8.C   -O3 -g  compilation failed to produce executable
FAIL: g++.dg/ubsan/vptr-8.C   -Os  (test for excess errors)
WARNING: g++.dg/ubsan/vptr-8.C   -Os  compilation failed to produce executable
FAIL: g++.dg/ubsan/vptr-9.C   -O0  (test for excess errors)
WARNING: g++.dg/ubsan/vptr-9.C   -O0  compilation failed to produce executable
FAIL: g++.dg/ubsan/vptr-9.C   -O1  (test for excess errors)
WARNING: g++.dg/ubsan/vptr-9.C   -O1  compilation failed to produce executable
FAIL: g++.dg/ubsan/vptr-9.C   -O2  (test for excess errors)
WARNING: g++.dg/ubsan/vptr-9.C   -O2  compilation failed to produce executable
FAIL: g++.dg/ubsan/vptr-9.C   -O2 -flto  (test for excess errors)
WARNING: g++.dg/ubsan/vptr-9.C   -O2 -flto  compilation failed to produce executable
FAIL: g++.dg/ubsan/vptr-9.C   -O2 -flto -flto-partition=none  (test for excess errors)
WARNING: g++.dg/ubsan/vptr-9.C   -O2 -flto -flto-partition=none  compilation failed to produce executable
FAIL: g++.dg/ubsan/vptr-9.C   -O3 -fomit-frame-pointer  (test for excess errors)
WARNING: g++.dg/ubsan/vptr-9.C   -O3 -fomit-frame-pointer  compilation failed to produce executable
FAIL: g++.dg/ubsan/vptr-9.C   -O3 -fomit-frame-pointer -funroll-all-loops -finline-functions  (test for excess errors)
WARNING: g++.dg/ubsan/vptr-9.C   -O3 -fomit-frame-pointer -funroll-all-loops -finline-functions  compilation failed to produce executable
FAIL: g++.dg/ubsan/vptr-9.C   -O3 -fomit-frame-pointer -funroll-loops  (test for excess errors)
WARNING: g++.dg/ubsan/vptr-9.C   -O3 -fomit-frame-pointer -funroll-loops  compilation failed to produce executable
FAIL: g++.dg/ubsan/vptr-9.C   -O3 -g  (test for excess errors)
WARNING: g++.dg/ubsan/vptr-9.C   -O3 -g  compilation failed to produce executable
FAIL: g++.dg/ubsan/vptr-9.C   -Os  (test for excess errors)
WARNING: g++.dg/ubsan/vptr-9.C   -Os  compilation failed to produce executable

		=== g++ Summary for unix/-m64 ===

# of expected passes		20182
# of expected failures		61
# of unsupported tests		89

		=== g++ Summary ===

# of expected passes		40457
# of expected failures		122
# of unsupported tests		175
/home/gccbuild/build/nightly/build-gcc-trunk/gcc/testsuite/g++/../../xg++  version 5.0.0 20150217 (experimental) [trunk revision 220747] (GCC) 

		=== go tests ===


Running target unix/-m32
FAIL: go.test/test/ken/cplx2.go execution,  -O2 -g 

		=== go Summary for unix/-m32 ===

# of expected passes		6873
# of unexpected failures	1
# of expected failures		1
# of untested testcases		11
# of unsupported tests		3

Running target unix/-m64
FAIL: go.test/test/ken/cplx2.go execution,  -O2 -g 

		=== go Summary for unix/-m64 ===

# of expected passes		6753
# of unexpected failures	1
# of expected failures		1
# of untested testcases		11
# of unsupported tests		3

		=== go Summary ===

# of expected passes		13626
# of unexpected failures	2
# of expected failures		2
# of untested testcases		22
# of unsupported tests		6
/home/gccbuild/build/nightly/build-gcc-trunk/gcc/testsuite/go/../../gccgo  version 5.0.0 20150217 (experimental) [trunk revision 220747] (GCC) 

		=== obj-c++ tests ===


Running target unix/-m32

		=== obj-c++ Summary for unix/-m32 ===

# of expected passes		64

Running target unix/-m64

		=== obj-c++ Summary for unix/-m64 ===

# of expected passes		64

		=== obj-c++ Summary ===

# of expected passes		2898
# of expected failures		12
# of unsupported tests		172
/home/gccbuild/build/nightly/build-gcc-trunk/gcc/testsuite/obj-c++/../../xg++  version 5.0.0 20150217 (experimental) [trunk revision 220747] (GCC) 

		=== objc tests ===


Running target unix/-m32

		=== objc Summary for unix/-m32 ===

# of expected passes		64

Running target unix/-m64

		=== objc Summary for unix/-m64 ===

# of expected passes		64

		=== objc Summary ===

# of expected passes		128
/home/gccbuild/build/nightly/build-gcc-trunk/gcc/xgcc  version 5.0.0 20150217 (experimental) [trunk revision 220747] (GCC) 

		=== boehm-gc tests ===


Running target unix/-m32

		=== boehm-gc Summary for unix/-m32 ===

# of expected passes		4

Running target unix/-m64

		=== boehm-gc Summary for unix/-m64 ===

# of expected passes		4

		=== boehm-gc Summary ===

# of expected passes		24
# of unsupported tests		2
		=== libatomic tests ===


Running target unix/-m32

		=== libatomic Summary for unix/-m32 ===

# of expected passes		44
# of unsupported tests		5

Running target unix/-m64

		=== libatomic Summary for unix/-m64 ===

# of expected passes		54

		=== libatomic Summary ===

# of expected passes		98
# of unsupported tests		5
		=== libffi tests ===


Running target unix/-m32

		=== libffi Summary for unix/-m32 ===

# of expected passes		24

Running target unix/-m64

		=== libffi Summary for unix/-m64 ===

# of expected passes		24

		=== libffi Summary ===

# of expected passes		3868
# of unsupported tests		56
		=== libgo tests ===


Running target unix
FAIL: math
FAIL: net
FAIL: runtime/pprof

		=== libgo Summary for unix ===

# of expected passes		121
# of unexpected failures	3

Running target unix/-m32
FAIL: math
FAIL: net
FAIL: runtime
FAIL: time
FAIL: runtime/pprof
FAIL: sync/atomic

		=== libgo Summary for unix/-m32 ===

# of expected passes		118
# of unexpected failures	6

		=== libgo Summary ===

# of expected passes		239
# of unexpected failures	9
/home/gccbuild/build/nightly/build-gcc-trunk/./gcc/gccgo version 5.0.0 20150217 (experimental) [trunk revision 220747] (GCC)

		=== libgomp tests ===


Running target unix/-m32
FAIL: libgomp.fortran/target7.f90   -O0  execution test
FAIL: libgomp.fortran/target7.f90   -O1  execution test
FAIL: libgomp.fortran/target7.f90   -O2  execution test
FAIL: libgomp.fortran/target7.f90   -O3 -fomit-frame-pointer  execution test
FAIL: libgomp.fortran/target7.f90   -O3 -fomit-frame-pointer -funroll-loops  execution test
FAIL: libgomp.fortran/target7.f90   -O3 -fomit-frame-pointer -funroll-all-loops -finline-functions  execution test
FAIL: libgomp.fortran/target7.f90   -O3 -g  execution test
FAIL: libgomp.fortran/target7.f90   -Os  execution test
FAIL: libgomp.fortran/target8.f90   -O0  execution test
FAIL: libgomp.fortran/target8.f90   -O1  execution test
FAIL: libgomp.fortran/target8.f90   -O2  execution test
FAIL: libgomp.fortran/target8.f90   -O3 -fomit-frame-pointer  execution test
FAIL: libgomp.fortran/target8.f90   -O3 -fomit-frame-pointer -funroll-loops  execution test
FAIL: libgomp.fortran/target8.f90   -O3 -fomit-frame-pointer -funroll-all-loops -finline-functions  execution test
FAIL: libgomp.fortran/target8.f90   -O3 -g  execution test
FAIL: libgomp.fortran/target8.f90   -Os  execution test

		=== libgomp Summary for unix/-m32 ===

# of expected passes		1192
# of unsupported tests		8

Running target unix/-m64
FAIL: libgomp.fortran/appendix-a/a.18.1.f90   -O1  execution test
FAIL: libgomp.fortran/target7.f90   -O0  execution test
FAIL: libgomp.fortran/target7.f90   -O1  execution test
FAIL: libgomp.fortran/target7.f90   -O2  execution test
FAIL: libgomp.fortran/target7.f90   -O3 -fomit-frame-pointer  execution test
FAIL: libgomp.fortran/target7.f90   -O3 -fomit-frame-pointer -funroll-loops  execution test
FAIL: libgomp.fortran/target7.f90   -O3 -fomit-frame-pointer -funroll-all-loops -finline-functions  execution test
FAIL: libgomp.fortran/target7.f90   -O3 -g  execution test
FAIL: libgomp.fortran/target7.f90   -Os  execution test
FAIL: libgomp.fortran/target8.f90   -O0  execution test
FAIL: libgomp.fortran/target8.f90   -O1  execution test
FAIL: libgomp.fortran/target8.f90   -O2  execution test
FAIL: libgomp.fortran/target8.f90   -O3 -fomit-frame-pointer  execution test
FAIL: libgomp.fortran/target8.f90   -O3 -fomit-frame-pointer -funroll-loops  execution test
FAIL: libgomp.fortran/target8.f90   -O3 -fomit-frame-pointer -funroll-all-loops -finline-functions  execution test
FAIL: libgomp.fortran/target8.f90   -O3 -g  execution test
FAIL: libgomp.fortran/target8.f90   -Os  execution test

		=== libgomp Summary for unix/-m64 ===

# of expected passes		1192
# of unsupported tests		8

		=== libgomp Summary ===

# of expected passes		11351
# of unexpected failures	33
# of unsupported tests		558
		=== libitm tests ===


Running target unix/-m32

		=== libitm Summary for unix/-m32 ===

# of expected passes		4
# of expected failures		1
# of unsupported tests		1

Running target unix/-m64

		=== libitm Summary for unix/-m64 ===

# of expected passes		4
# of expected failures		1
# of unsupported tests		1

		=== libitm Summary ===

# of expected passes		52
# of expected failures		6
# of unsupported tests		2
		=== libjava tests ===


Running target unix/-m32
XPASS: sourcelocation -O3 -findirect-dispatch output - source compiled test

		=== libjava Summary for unix/-m32 ===


Running target unix/-m64
FAIL: getlocalvartable output
FAIL: StackTrace2 output - source compiled test
FAIL: StackTrace2 -findirect-dispatch output - source compiled test
FAIL: StackTrace2 -O3 output - source compiled test
XPASS: sourcelocation -O3 -findirect-dispatch output - source compiled test

		=== libjava Summary for unix/-m64 ===


		=== libjava Summary ===

# of expected passes		5160
# of unexpected failures	4
# of unexpected successes	2
# of expected failures		6
		=== libstdc++ tests ===


Running target unix/-m32

		=== libstdc++ Summary for unix/-m32 ===

# of unsupported tests		1

Running target unix/-m64
FAIL: 21_strings/basic_string/requirements/citerators.cc (test for excess errors)
WARNING: 21_strings/basic_string/requirements/citerators.cc compilation failed to produce executable
FAIL: 22_locale/codecvt_byname/1.cc (test for excess errors)
FAIL: 22_locale/collate_byname/1.cc (test for excess errors)
FAIL: 22_locale/ctype_byname/2.cc (test for excess errors)
FAIL: 22_locale/messages_byname/1.cc (test for excess errors)
FAIL: 22_locale/moneypunct_byname/1.cc (test for excess errors)
FAIL: 22_locale/numpunct_byname/1.cc (test for excess errors)
FAIL: 27_io/basic_filebuf/imbue/char/1.cc (test for excess errors)
WARNING: 27_io/basic_filebuf/imbue/char/1.cc compilation failed to produce executable
FAIL: 27_io/basic_filebuf/imbue/wchar_t/1.cc (test for excess errors)
WARNING: 27_io/basic_filebuf/imbue/wchar_t/1.cc compilation failed to produce executable
FAIL: 27_io/basic_fstream/assign/1.cc (test for excess errors)
WARNING: 27_io/basic_fstream/assign/1.cc compilation failed to produce executable
FAIL: 27_io/basic_fstream/cons/move.cc (test for excess errors)
WARNING: 27_io/basic_fstream/cons/move.cc compilation failed to produce executable
FAIL: 27_io/basic_istream/extractors_arithmetic/char/01.cc (test for excess errors)
WARNING: 27_io/basic_istream/extractors_arithmetic/char/01.cc compilation failed to produce executable
FAIL: 27_io/basic_istream/extractors_arithmetic/wchar_t/01.cc (test for excess errors)
WARNING: 27_io/basic_istream/extractors_arithmetic/wchar_t/01.cc compilation failed to produce executable
FAIL: 27_io/basic_ofstream/assign/1.cc (test for excess errors)
WARNING: 27_io/basic_ofstream/assign/1.cc compilation failed to produce executable
FAIL: 27_io/basic_ofstream/cons/move.cc (test for excess errors)
WARNING: 27_io/basic_ofstream/cons/move.cc compilation failed to produce executable
FAIL: 27_io/basic_stringbuf/imbue/char/1.cc (test for excess errors)
WARNING: 27_io/basic_stringbuf/imbue/char/1.cc compilation failed to produce executable
FAIL: 27_io/basic_stringbuf/imbue/wchar_t/1.cc (test for excess errors)
WARNING: 27_io/basic_stringbuf/imbue/wchar_t/1.cc compilation failed to produce executable
FAIL: 27_io/basic_stringbuf/in_avail/char/1.cc (test for excess errors)
WARNING: 27_io/basic_stringbuf/in_avail/char/1.cc compilation failed to produce executable
FAIL: 27_io/basic_stringbuf/in_avail/wchar_t/1.cc (test for excess errors)
WARNING: 27_io/basic_stringbuf/in_avail/wchar_t/1.cc compilation failed to produce executable
FAIL: 27_io/basic_stringbuf/sbumpc/char/1.cc (test for excess errors)
WARNING: 27_io/basic_stringbuf/sbumpc/char/1.cc compilation failed to produce executable
FAIL: 27_io/basic_stringbuf/sbumpc/wchar_t/1.cc (test for excess errors)
WARNING: 27_io/basic_stringbuf/sbumpc/wchar_t/1.cc compilation failed to produce executable
FAIL: 27_io/basic_stringbuf/seekoff/char/1.cc (test for excess errors)
WARNING: 27_io/basic_stringbuf/seekoff/char/1.cc compilation failed to produce executable
FAIL: 27_io/basic_stringbuf/seekoff/wchar_t/1.cc (test for excess errors)
WARNING: 27_io/basic_stringbuf/seekoff/wchar_t/1.cc compilation failed to produce executable
FAIL: 27_io/basic_stringbuf/seekpos/char/1.cc (test for excess errors)
WARNING: 27_io/basic_stringbuf/seekpos/char/1.cc compilation failed to produce executable
FAIL: 27_io/basic_stringbuf/seekpos/wchar_t/1.cc (test for excess errors)
WARNING: 27_io/basic_stringbuf/seekpos/wchar_t/1.cc compilation failed to produce executable
FAIL: 27_io/basic_stringbuf/setbuf/char/1.cc (test for excess errors)
WARNING: 27_io/basic_stringbuf/setbuf/char/1.cc compilation failed to produce executable
FAIL: 27_io/basic_stringbuf/setbuf/wchar_t/1.cc (test for excess errors)
WARNING: 27_io/basic_stringbuf/setbuf/wchar_t/1.cc compilation failed to produce executable
FAIL: 27_io/basic_stringbuf/sgetc/char/1.cc (test for excess errors)
WARNING: 27_io/basic_stringbuf/sgetc/char/1.cc compilation failed to produce executable
FAIL: 27_io/basic_stringbuf/sgetc/wchar_t/1.cc (test for excess errors)
WARNING: 27_io/basic_stringbuf/sgetc/wchar_t/1.cc compilation failed to produce executable
FAIL: 27_io/basic_stringbuf/sgetn/char/1.cc (test for excess errors)
WARNING: 27_io/basic_stringbuf/sgetn/char/1.cc compilation failed to produce executable
FAIL: 27_io/basic_stringbuf/sgetn/wchar_t/1.cc (test for excess errors)
WARNING: 27_io/basic_stringbuf/sgetn/wchar_t/1.cc compilation failed to produce executable
FAIL: 27_io/basic_stringbuf/snextc/char/1.cc (test for excess errors)
WARNING: 27_io/basic_stringbuf/snextc/char/1.cc compilation failed to produce executable
FAIL: 27_io/basic_stringbuf/snextc/wchar_t/1.cc (test for excess errors)
WARNING: 27_io/basic_stringbuf/snextc/wchar_t/1.cc compilation failed to produce executable
FAIL: 27_io/basic_stringbuf/sputbackc/char/1.cc (test for excess errors)
WARNING: 27_io/basic_stringbuf/sputbackc/char/1.cc compilation failed to produce executable
FAIL: 27_io/basic_stringbuf/sputbackc/wchar_t/1.cc (test for excess errors)
WARNING: 27_io/basic_stringbuf/sputbackc/wchar_t/1.cc compilation failed to produce executable
FAIL: 27_io/basic_stringbuf/sputc/char/1.cc (test for excess errors)
WARNING: 27_io/basic_stringbuf/sputc/char/1.cc compilation failed to produce executable
FAIL: 27_io/basic_stringbuf/sputc/wchar_t/1.cc (test for excess errors)
WARNING: 27_io/basic_stringbuf/sputc/wchar_t/1.cc compilation failed to produce executable
FAIL: 27_io/basic_stringbuf/sputn/char/1.cc (test for excess errors)
WARNING: 27_io/basic_stringbuf/sputn/char/1.cc compilation failed to produce executable
FAIL: 27_io/basic_stringbuf/sputn/wchar_t/1.cc (test for excess errors)
WARNING: 27_io/basic_stringbuf/sputn/wchar_t/1.cc compilation failed to produce executable
FAIL: 27_io/basic_stringbuf/str/char/1.cc (test for excess errors)
WARNING: 27_io/basic_stringbuf/str/char/1.cc compilation failed to produce executable
FAIL: 27_io/basic_stringbuf/str/wchar_t/1.cc (test for excess errors)
WARNING: 27_io/basic_stringbuf/str/wchar_t/1.cc compilation failed to produce executable
FAIL: 27_io/basic_stringbuf/sungetc/char/1.cc (test for excess errors)
WARNING: 27_io/basic_stringbuf/sungetc/char/1.cc compilation failed to produce executable
FAIL: 27_io/basic_stringbuf/sungetc/wchar_t/1.cc (test for excess errors)
WARNING: 27_io/basic_stringbuf/sungetc/wchar_t/1.cc compilation failed to produce executable
FAIL: 27_io/ios_base/callbacks/1.cc (test for excess errors)
WARNING: 27_io/ios_base/callbacks/1.cc compilation failed to produce executable

		=== libstdc++ Summary for unix/-m64 ===

# of unsupported tests		1

		=== libstdc++ Summary ===

# of unsupported tests		2

Compiler version: 5.0.0 20150217 (experimental) [trunk revision 220747] (GCC) 
Platform: powerpc64-unknown-linux-gnu
configure flags: --prefix=/opt/gcc-nightly/trunk --with-as=/usr/bin/as --with-ld=/usr/bin/ld --enable-languages=c,c++,fortran,objc,obj-c++,java,go --with-cpu=power7 --enable-lto --enable-decimal-float --with-long-double-128
fail   XPASS: gcc.test-framework/dg-bogus-exp-XF.c (test for excess errors)
fail   FAIL: gcc.test-framework/dg-do-assemble-exp-P.c (test for excess errors) (PRMS 42)
fail   FAIL: gcc.test-framework/dg-do-compile-exp-P.c (test for excess errors) (PRMS 42)
fail   FAIL: gcc.test-framework/dg-do-link-exp-P.c (test for excess errors) (PRMS 42)
fail   FAIL: gcc.test-framework/dg-do-run-exp-P.c (test for excess errors) (PRMS 42)
fail   FAIL: gcc.test-framework/dg-dot-run-exp-P.c (test for excess errors) (PRMS 42)
fail   FAIL: gcc.test-framework/dg-dox-run-exp-XF.c (test for excess errors) (PRMS 42)
fail   FAIL: gcc.test-framework/dg-output-exp-P.c (test for excess errors) (PRMS 42)
fail   FAIL: gcc.test-framework/dg-output-exp-XF.c (test for excess errors) (PRMS 42)
fail   FAIL: gcc.test-framework/dg-warning-exp-P.c warning test (test for warnings, line 9) (PRMS 42)

		=== Test Framework Summary ===

# of expected passes		2524
# of unexpected failures	10



More information about the Gcc-testresults mailing list