Results for 5.0.0 20150214 (experimental) [trunk revision 220711] (GCC) testsuite on powerpc64-unknown-linux-gnu

Pat Haugen (POWER5) pthaugen@us.ibm.com
Sun Feb 15 20:16:00 GMT 2015


Linux 2.6.16.60-0.83.2-ppc64 ppc64
GNU C Library stable release version 2.4 (20110922)
GNU ld (GNU Binutils) 2.21.1
GNU assembler (GNU Binutils) 2.21.1
GNU Make 3.80

DejaGnu:
	Expect version is	5.43.0
	Tcl version is		8.4
	Framework version is	1.4.4

32-bit biarch default32

LAST_UPDATED: Sat Feb 14 23:47:47 UTC 2015 (revision 220711)

Native configuration is powerpc64-unknown-linux-gnu

		=== gcc tests ===


Running target unix/-m32
FAIL: gcc.dg/sms-8.c scan-rtl-dump-times sms "SMS succeeded" 0
FAIL: gcc.dg/tree-ssa/ivopts-lt-2.c scan-tree-dump-times ivopts "PHI" 1
FAIL: gcc.dg/tree-ssa/ivopts-lt-2.c scan-tree-dump-times ivopts "PHI <p_" 1
FAIL: gcc.dg/tree-ssa/ivopts-lt-2.c scan-tree-dump-times ivopts "p_[0-9]* <" 1
FAIL: gcc.dg/tree-ssa/sra-12.c scan-tree-dump-times release_ssa "l;" 0
FAIL: gcc.dg/vect/costmodel/ppc/costmodel-bb-slp-9a.c scan-tree-dump-times slp2 "basic block vectorized using SLP" 1
FAIL: gcc.dg/vect/costmodel/ppc/costmodel-vect-31a.c scan-tree-dump-times vect "vectorization not profitable" 1
FAIL: gcc.dg/vect/costmodel/ppc/costmodel-vect-33.c scan-tree-dump-times vect "vectorization not profitable" 1
FAIL: gcc.dg/vect/no-vfa-vect-depend-2.c scan-tree-dump-times vect "vectorized 1 loops" 1
FAIL: gcc.dg/vect/no-vfa-vect-depend-3.c scan-tree-dump-times vect "vectorized 1 loops" 4
FAIL: gcc.dg/vect/pr59354.c execution test
FAIL: gcc.dg/vect/pr59354.c -flto -ffat-lto-objects execution test
FAIL: gcc.dg/vect/vect-31.c scan-tree-dump-times vect "vectorized 4 loops" 1
FAIL: gcc.dg/vect/vect-31.c -flto -ffat-lto-objects  scan-tree-dump-times vect "vectorized 4 loops" 1

		=== gcc Summary for unix/-m32 ===

# of expected passes		92626
# of unexpected failures	14
# of expected failures		223
# of unsupported tests		1806

Running target unix/-m64
FAIL: gcc.dg/pr44194-1.c scan-rtl-dump dse1 "global deletions = (2|3)"
FAIL: gcc.dg/sms-4.c scan-rtl-dump-times sms "SMS succeeded" 1
FAIL: gcc.dg/tree-ssa/ivopts-lt-2.c scan-tree-dump-times ivopts "PHI" 1
FAIL: gcc.dg/tree-ssa/ivopts-lt-2.c scan-tree-dump-times ivopts "PHI <p_" 1
FAIL: gcc.dg/tree-ssa/ivopts-lt-2.c scan-tree-dump-times ivopts "p_[0-9]* <" 1
FAIL: gcc.dg/vect/costmodel/ppc/costmodel-bb-slp-9a.c scan-tree-dump-times slp2 "basic block vectorized using SLP" 1
FAIL: gcc.dg/vect/costmodel/ppc/costmodel-vect-31a.c scan-tree-dump-times vect "vectorization not profitable" 1
FAIL: gcc.dg/vect/costmodel/ppc/costmodel-vect-33.c scan-tree-dump-times vect "vectorization not profitable" 1
FAIL: gcc.dg/vect/no-vfa-vect-depend-2.c scan-tree-dump-times vect "vectorized 1 loops" 1
FAIL: gcc.dg/vect/no-vfa-vect-depend-3.c scan-tree-dump-times vect "vectorized 1 loops" 4
FAIL: gcc.dg/vect/pr59354.c -flto -ffat-lto-objects execution test
FAIL: gcc.dg/vect/pr59354.c execution test
FAIL: gcc.dg/vect/pr64252.c -flto -ffat-lto-objects execution test
FAIL: gcc.dg/vect/vect-31.c scan-tree-dump-times vect "vectorized 4 loops" 1
FAIL: gcc.dg/vect/vect-31.c -flto -ffat-lto-objects  scan-tree-dump-times vect "vectorized 4 loops" 1
FAIL: gcc.target/powerpc/ppc64-abi-1.c execution test

		=== gcc Summary for unix/-m64 ===

# of expected passes		93426
# of unexpected failures	16
# of expected failures		236
# of unsupported tests		1808

		=== gcc Summary ===

# of expected passes		186052
# of unexpected failures	30
# of expected failures		459
# of unsupported tests		3614
/home/gccbuild/build/nightly/build-gcc-trunk/gcc/xgcc  version 5.0.0 20150214 (experimental) [trunk revision 220711] (GCC) 

		=== gfortran tests ===


Running target unix/-m32
FAIL: gfortran.dg/vect/pr48329.f90   -O   scan-tree-dump-times vect "vectorized 1 loops" 1

		=== gfortran Summary for unix/-m32 ===

# of expected passes		47138
# of unexpected failures	1
# of expected failures		81
# of unsupported tests		261

Running target unix/-m64
FAIL: gfortran.dg/class_allocate_18.f90   -O0  execution test
FAIL: gfortran.dg/class_allocate_18.f90   -O1  execution test
FAIL: gfortran.dg/class_allocate_18.f90   -O2  execution test
FAIL: gfortran.dg/class_allocate_18.f90   -O3 -fomit-frame-pointer  execution test
FAIL: gfortran.dg/class_allocate_18.f90   -O3 -fomit-frame-pointer -funroll-loops  execution test
FAIL: gfortran.dg/class_allocate_18.f90   -O3 -fomit-frame-pointer -funroll-all-loops -finline-functions  execution test
FAIL: gfortran.dg/class_allocate_18.f90   -O3 -g  execution test
FAIL: gfortran.dg/class_allocate_18.f90   -Os  execution test
WARNING: program timed out.
FAIL: gfortran.dg/class_to_type_4.f90   -O0  execution test
WARNING: program timed out.
FAIL: gfortran.dg/class_to_type_4.f90   -O1  execution test
WARNING: program timed out.
FAIL: gfortran.dg/class_to_type_4.f90   -O2  execution test
WARNING: program timed out.
FAIL: gfortran.dg/class_to_type_4.f90   -O3 -fomit-frame-pointer  execution test
WARNING: program timed out.
FAIL: gfortran.dg/class_to_type_4.f90   -O3 -fomit-frame-pointer -funroll-loops  execution test
WARNING: program timed out.
FAIL: gfortran.dg/class_to_type_4.f90   -O3 -fomit-frame-pointer -funroll-all-loops -finline-functions  execution test
WARNING: program timed out.
FAIL: gfortran.dg/class_to_type_4.f90   -O3 -g  execution test
WARNING: program timed out.
FAIL: gfortran.dg/class_to_type_4.f90   -Os  execution test
FAIL: gfortran.dg/vect/pr48329.f90   -O   scan-tree-dump-times vect "vectorized 1 loops" 1

		=== gfortran Summary for unix/-m64 ===

# of expected passes		47449
# of unexpected failures	17
# of expected failures		81
# of unsupported tests		100

		=== gfortran Summary ===

# of expected passes		94587
# of unexpected failures	18
# of expected failures		162
# of unsupported tests		361
/home/gccbuild/build/nightly/build-gcc-trunk/gcc/testsuite/gfortran/../../gfortran  version 5.0.0 20150214 (experimental) [trunk revision 220711] (GCC) 

		=== g++ tests ===


Running target unix/-m32
FAIL: g++.dg/abi/scoped1.C  -std=gnu++11 execution test
FAIL: g++.dg/abi/scoped1.C  -std=gnu++14 execution test
FAIL: g++.dg/cpp1y/udlit-char-template-vs-std-literal-operator.C  -std=c++14 (test for excess errors)
WARNING: g++.dg/cpp1y/udlit-char-template-vs-std-literal-operator.C  -std=c++14 compilation failed to produce executable
FAIL: g++.dg/ipa/devirt-28a.C  -std=gnu++98 (test for excess errors)
FAIL: g++.dg/ipa/devirt-28a.C  -std=gnu++11 (test for excess errors)
FAIL: g++.dg/ipa/devirt-28a.C  -std=gnu++14 (test for excess errors)

		=== g++ Summary for unix/-m32 ===

# of expected passes		82217
# of unexpected failures	6
# of expected failures		267
# of unsupported tests		3470

Running target unix/-m64
FAIL: g++.dg/ipa/devirt-28a.C  -std=gnu++98 (test for excess errors)
FAIL: g++.dg/ipa/devirt-28a.C  -std=gnu++11 (test for excess errors)
FAIL: g++.dg/ipa/devirt-28a.C  -std=gnu++14 (test for excess errors)
FAIL: g++.dg/torture/pr60750.C   -O0  (test for excess errors)
WARNING: g++.dg/torture/pr60750.C   -O0  compilation failed to produce executable
FAIL: g++.dg/torture/pr60750.C   -O1  (test for excess errors)
WARNING: g++.dg/torture/pr60750.C   -O1  compilation failed to produce executable
FAIL: g++.dg/torture/pr60750.C   -O2  (test for excess errors)
WARNING: g++.dg/torture/pr60750.C   -O2  compilation failed to produce executable
FAIL: g++.dg/torture/pr60750.C   -O3 -fomit-frame-pointer  (test for excess errors)
WARNING: g++.dg/torture/pr60750.C   -O3 -fomit-frame-pointer  compilation failed to produce executable
FAIL: g++.dg/torture/pr60750.C   -O3 -g  (test for excess errors)
WARNING: g++.dg/torture/pr60750.C   -O3 -g  compilation failed to produce executable
FAIL: g++.dg/torture/pr60750.C   -Os  (test for excess errors)
WARNING: g++.dg/torture/pr60750.C   -Os  compilation failed to produce executable
FAIL: g++.dg/torture/pr60750.C   -O2 -flto -fno-use-linker-plugin -flto-partition=none  (test for excess errors)
WARNING: g++.dg/torture/pr60750.C   -O2 -flto -fno-use-linker-plugin -flto-partition=none  compilation failed to produce executable
FAIL: g++.dg/torture/pr60750.C   -O2 -flto -fuse-linker-plugin -fno-fat-lto-objects  (test for excess errors)
WARNING: g++.dg/torture/pr60750.C   -O2 -flto -fuse-linker-plugin -fno-fat-lto-objects  compilation failed to produce executable

		=== g++ Summary for unix/-m64 ===

# of expected passes		84048
# of unexpected failures	11
# of expected failures		267
# of unsupported tests		3479

		=== g++ Summary ===

# of expected passes		166265
# of unexpected failures	17
# of expected failures		534
# of unsupported tests		6949
/home/gccbuild/build/nightly/build-gcc-trunk/gcc/testsuite/g++/../../xg++  version 5.0.0 20150214 (experimental) [trunk revision 220711] (GCC) 

		=== obj-c++ tests ===


Running target unix/-m32

		=== obj-c++ Summary for unix/-m32 ===

# of expected passes		1453
# of expected failures		2
# of unsupported tests		86

Running target unix/-m64

		=== obj-c++ Summary for unix/-m64 ===

# of expected passes		1445
# of expected failures		10
# of unsupported tests		86

		=== obj-c++ Summary ===

# of expected passes		2898
# of expected failures		12
# of unsupported tests		172
/home/gccbuild/build/nightly/build-gcc-trunk/gcc/testsuite/obj-c++/../../xg++  version 5.0.0 20150214 (experimental) [trunk revision 220711] (GCC) 

		=== objc tests ===


Running target unix/-m32

		=== objc Summary for unix/-m32 ===

# of expected passes		3016
# of unsupported tests		74

Running target unix/-m64

		=== objc Summary for unix/-m64 ===

# of expected passes		3016
# of unsupported tests		74

		=== objc Summary ===

# of expected passes		6032
# of unsupported tests		148
/home/gccbuild/build/nightly/build-gcc-trunk/gcc/xgcc  version 5.0.0 20150214 (experimental) [trunk revision 220711] (GCC) 

		=== libatomic tests ===


Running target unix/-m32

		=== libatomic Summary for unix/-m32 ===

# of expected passes		44
# of unsupported tests		5

Running target unix/-m64

		=== libatomic Summary for unix/-m64 ===

# of expected passes		54

		=== libatomic Summary ===

# of expected passes		98
# of unsupported tests		5
		=== libgomp tests ===


Running target unix/-m32
FAIL: libgomp.fortran/target7.f90   -O0  execution test
FAIL: libgomp.fortran/target7.f90   -O1  execution test
FAIL: libgomp.fortran/target7.f90   -O2  execution test
FAIL: libgomp.fortran/target7.f90   -O3 -fomit-frame-pointer -funroll-loops  execution test
FAIL: libgomp.fortran/target7.f90   -O3 -fomit-frame-pointer -funroll-all-loops -finline-functions  execution test
FAIL: libgomp.fortran/target7.f90   -O3 -g  execution test
FAIL: libgomp.fortran/target7.f90   -Os  execution test
FAIL: libgomp.fortran/target8.f90   -O0  execution test
FAIL: libgomp.fortran/target8.f90   -O1  execution test
FAIL: libgomp.fortran/target8.f90   -O2  execution test
FAIL: libgomp.fortran/target8.f90   -O3 -fomit-frame-pointer  execution test
FAIL: libgomp.fortran/target8.f90   -O3 -fomit-frame-pointer -funroll-loops  execution test
FAIL: libgomp.fortran/target8.f90   -O3 -fomit-frame-pointer -funroll-all-loops -finline-functions  execution test
FAIL: libgomp.fortran/target8.f90   -O3 -g  execution test
FAIL: libgomp.fortran/target8.f90   -Os  execution test

		=== libgomp Summary for unix/-m32 ===

# of expected passes		5677
# of unexpected failures	15
# of unsupported tests		279

Running target unix/-m64

		=== libgomp Summary for unix/-m64 ===

# of expected passes		5692
# of unsupported tests		279

		=== libgomp Summary ===

# of expected passes		11369
# of unexpected failures	15
# of unsupported tests		558
		=== libitm tests ===


Running target unix/-m32

		=== libitm Summary for unix/-m32 ===

# of expected passes		26
# of expected failures		3
# of unsupported tests		1

Running target unix/-m64

		=== libitm Summary for unix/-m64 ===

# of expected passes		26
# of expected failures		3
# of unsupported tests		1

		=== libitm Summary ===

# of expected passes		52
# of expected failures		6
# of unsupported tests		2
		=== libstdc++ tests ===


Running target unix/-m32
FAIL: libstdc++-abi/abi_check

		=== libstdc++ Summary for unix/-m32 ===

# of expected passes		10289
# of unexpected failures	1
# of expected failures		65
# of unsupported tests		249

Running target unix/-m64
WARNING: 21_strings/basic_string/requirements/citerators.cc compilation failed to produce executable
XPASS: 26_numerics/headers/cmath/c_math.cc execution test
WARNING: 27_io/basic_filebuf/imbue/char/1.cc compilation failed to produce executable
WARNING: 27_io/basic_filebuf/imbue/wchar_t/1.cc compilation failed to produce executable
WARNING: 27_io/basic_fstream/assign/1.cc compilation failed to produce executable
WARNING: 27_io/basic_fstream/cons/move.cc compilation failed to produce executable
WARNING: 27_io/basic_istream/extractors_arithmetic/char/01.cc compilation failed to produce executable
WARNING: 27_io/basic_istream/extractors_arithmetic/wchar_t/01.cc compilation failed to produce executable
WARNING: 27_io/basic_ofstream/assign/1.cc compilation failed to produce executable
WARNING: 27_io/basic_ofstream/cons/move.cc compilation failed to produce executable
WARNING: 27_io/basic_stringbuf/imbue/char/1.cc compilation failed to produce executable
WARNING: 27_io/basic_stringbuf/imbue/wchar_t/1.cc compilation failed to produce executable
WARNING: 27_io/basic_stringbuf/in_avail/char/1.cc compilation failed to produce executable
WARNING: 27_io/basic_stringbuf/in_avail/wchar_t/1.cc compilation failed to produce executable
WARNING: 27_io/basic_stringbuf/sbumpc/char/1.cc compilation failed to produce executable
WARNING: 27_io/basic_stringbuf/sbumpc/wchar_t/1.cc compilation failed to produce executable
WARNING: 27_io/basic_stringbuf/seekoff/char/1.cc compilation failed to produce executable
WARNING: 27_io/basic_stringbuf/seekoff/wchar_t/1.cc compilation failed to produce executable
WARNING: 27_io/basic_stringbuf/seekpos/char/1.cc compilation failed to produce executable
WARNING: 27_io/basic_stringbuf/seekpos/wchar_t/1.cc compilation failed to produce executable
WARNING: 27_io/basic_stringbuf/setbuf/char/1.cc compilation failed to produce executable
WARNING: 27_io/basic_stringbuf/setbuf/wchar_t/1.cc compilation failed to produce executable
WARNING: 27_io/basic_stringbuf/sgetc/char/1.cc compilation failed to produce executable
WARNING: 27_io/basic_stringbuf/sgetc/wchar_t/1.cc compilation failed to produce executable
WARNING: 27_io/basic_stringbuf/sgetn/char/1.cc compilation failed to produce executable
WARNING: 27_io/basic_stringbuf/sgetn/wchar_t/1.cc compilation failed to produce executable
WARNING: 27_io/basic_stringbuf/snextc/char/1.cc compilation failed to produce executable
WARNING: 27_io/basic_stringbuf/snextc/wchar_t/1.cc compilation failed to produce executable
WARNING: 27_io/basic_stringbuf/sputbackc/char/1.cc compilation failed to produce executable
UNRESOLVED: 27_io/basic_stringbuf/sputbackc/char/9425.cc execution test
WARNING: 27_io/basic_stringbuf/sputbackc/wchar_t/1.cc compilation failed to produce executable
WARNING: 27_io/basic_stringbuf/sputc/char/1.cc compilation failed to produce executable
WARNING: 27_io/basic_stringbuf/sputc/wchar_t/1.cc compilation failed to produce executable
WARNING: 27_io/basic_stringbuf/sputn/char/1.cc compilation failed to produce executable
WARNING: 27_io/basic_stringbuf/sputn/wchar_t/1.cc compilation failed to produce executable
WARNING: 27_io/basic_stringbuf/str/char/1.cc compilation failed to produce executable
WARNING: 27_io/basic_stringbuf/str/wchar_t/1.cc compilation failed to produce executable
WARNING: 27_io/basic_stringbuf/sungetc/char/1.cc compilation failed to produce executable
WARNING: 27_io/basic_stringbuf/sungetc/wchar_t/1.cc compilation failed to produce executable
WARNING: 27_io/ios_base/callbacks/1.cc compilation failed to produce executable

		=== libstdc++ Summary for unix/-m64 ===

# of expected passes		4357
# of unexpected successes	1
# of expected failures		61
# of unresolved testcases	1
# of unsupported tests		249

		=== libstdc++ Summary ===

# of expected passes		14646
# of unexpected failures	1
# of unexpected successes	1
# of expected failures		126
# of unresolved testcases	1
# of unsupported tests		498

Compiler version: 5.0.0 20150214 (experimental) [trunk revision 220711] (GCC) 
Platform: powerpc64-unknown-linux-gnu
configure flags: --prefix=/opt/gcc-nightly/trunk --build=powerpc64-linux --host=powerpc64-linux --target=powerpc64-linux --with-cpu=default32 --with-as=/opt/gcc-nightly/binutils-2.21.1/bin/as --with-ld=/opt/gcc-nightly/binutils-2.21.1/bin/ld --enable-threads=posix --enable-shared --enable-__cxa_atexit --enable-languages=c,c++,fortran,objc,obj-c++ --with-long-double-128 --enable-secureplt --enable-checking --disable-alsa --enable-decimal-float --with-gmp=/opt/gcc-nightly/gcc-host-libs --with-mpfr=/opt/gcc-nightly/gcc-host-libs --with-mpc=/opt/gcc-nightly/gcc-host-libs --with-libelf=/opt/gcc-nightly/gcc-host-libs --without-ppl --without-cloog --disable-libsanitizer
fail   XPASS: gcc.test-framework/dg-bogus-exp-XF.c (test for excess errors)
fail   FAIL: gcc.test-framework/dg-do-assemble-exp-P.c (test for excess errors) (PRMS 42)
fail   FAIL: gcc.test-framework/dg-do-compile-exp-P.c (test for excess errors) (PRMS 42)
fail   FAIL: gcc.test-framework/dg-do-link-exp-P.c (test for excess errors) (PRMS 42)
fail   FAIL: gcc.test-framework/dg-do-run-exp-P.c (test for excess errors) (PRMS 42)
fail   FAIL: gcc.test-framework/dg-dot-run-exp-P.c (test for excess errors) (PRMS 42)
fail   FAIL: gcc.test-framework/dg-dox-run-exp-XF.c (test for excess errors) (PRMS 42)
fail   FAIL: gcc.test-framework/dg-output-exp-P.c (test for excess errors) (PRMS 42)
fail   FAIL: gcc.test-framework/dg-output-exp-XF.c (test for excess errors) (PRMS 42)
fail   FAIL: gcc.test-framework/dg-warning-exp-P.c warning test (test for warnings, line 9) (PRMS 42)

		=== Test Framework Summary ===

# of expected passes		2524
# of unexpected failures	10



More information about the Gcc-testresults mailing list