Results for 5.0.0 20150209 (experimental) [trunk revision 220529p1] (GCC) testsuite on powerpc-apple-darwin9.8.0

Dominique Dhumieres dominiq@lps.ens.fr
Thu Feb 12 22:16:00 GMT 2015


LAST_UPDATED: Updated Mon Feb  9 10:57:57 CET 2015 to revision 220529
with the patch at
https://gcc.gnu.org/ml/gcc-patches/2015-02/msg00017.html.

		=== acats tests ===
FAIL:	c52103x
FAIL:	c52104x
FAIL:	cc40001
FAIL:	cxa4010
FAIL:	cxa4011
FAIL:	cxa4021
FAIL:	cxa4022
FAIL:	cxa4023
FAIL:	cxa4030
FAIL:	cxa4031
FAIL:	cxa4032
FAIL:	cxa4033
FAIL:	cxac004
FAIL:	cxb4002
FAIL:	cxb4005
FAIL:	cxb5002
FAIL:	cxb5003

		=== acats Summary ===
# of expected passes		2303
# of unexpected failures	17
Native configuration is powerpc-apple-darwin9.8.0

		=== g++ tests ===


Running target unix/-m32
FAIL: g++.dg/debug/dwarf2/imported-decl-2.C  -std=gnu++98  scan-assembler-times ascii "AAAA\\\\\\\\0".*ascii "BBBB\\\\\\\\0".*DIE .0x[0-9a-f]*. DW_TAG_imported_declaration 1
FAIL: g++.dg/debug/dwarf2/imported-decl-2.C  -std=gnu++11  scan-assembler-times ascii "AAAA\\\\\\\\0".*ascii "BBBB\\\\\\\\0".*DIE .0x[0-9a-f]*. DW_TAG_imported_declaration 1
FAIL: g++.dg/debug/dwarf2/imported-decl-2.C  -std=gnu++14  scan-assembler-times ascii "AAAA\\\\\\\\0".*ascii "BBBB\\\\\\\\0".*DIE .0x[0-9a-f]*. DW_TAG_imported_declaration 1
FAIL: g++.dg/ext/alignof2.C  -std=c++98 execution test
FAIL: g++.dg/ext/alignof2.C  -std=c++11 execution test
FAIL: g++.dg/ext/alignof2.C  -std=c++14 execution test
FAIL: g++.dg/tm/pr47573.C  -std=gnu++98 (test for excess errors)
FAIL: g++.dg/tm/pr47573.C  -std=gnu++11 (test for excess errors)
FAIL: g++.dg/tm/pr47573.C  -std=gnu++14 (test for excess errors)
FAIL: g++.dg/vect/pr36648.cc  -std=c++98  scan-tree-dump-times vect "vectorized 1 loops" 1
FAIL: g++.dg/vect/pr36648.cc  -std=c++98  scan-tree-dump-times vect "vectorizing stmts using SLP" 1
FAIL: g++.dg/vect/pr36648.cc  -std=c++11  scan-tree-dump-times vect "vectorized 1 loops" 1
FAIL: g++.dg/vect/pr36648.cc  -std=c++11  scan-tree-dump-times vect "vectorizing stmts using SLP" 1
FAIL: g++.dg/vect/pr36648.cc  -std=c++14  scan-tree-dump-times vect "vectorized 1 loops" 1
FAIL: g++.dg/vect/pr36648.cc  -std=c++14  scan-tree-dump-times vect "vectorizing stmts using SLP" 1

		=== g++ Summary for unix/-m32 ===

# of expected passes		81115
# of unexpected failures	15
# of expected failures		264
# of unsupported tests		3558

Running target unix/-m64
FAIL: g++.dg/debug/dwarf2/imported-decl-2.C  -std=gnu++98  scan-assembler-times ascii "AAAA\\\\\\\\0".*ascii "BBBB\\\\\\\\0".*DIE .0x[0-9a-f]*. DW_TAG_imported_declaration 1
FAIL: g++.dg/debug/dwarf2/imported-decl-2.C  -std=gnu++11  scan-assembler-times ascii "AAAA\\\\\\\\0".*ascii "BBBB\\\\\\\\0".*DIE .0x[0-9a-f]*. DW_TAG_imported_declaration 1
FAIL: g++.dg/debug/dwarf2/imported-decl-2.C  -std=gnu++14  scan-assembler-times ascii "AAAA\\\\\\\\0".*ascii "BBBB\\\\\\\\0".*DIE .0x[0-9a-f]*. DW_TAG_imported_declaration 1
FAIL: g++.dg/tm/pr47573.C  -std=gnu++98 (test for excess errors)
FAIL: g++.dg/tm/pr47573.C  -std=gnu++11 (test for excess errors)
FAIL: g++.dg/tm/pr47573.C  -std=gnu++14 (test for excess errors)
FAIL: g++.dg/vect/pr36648.cc  -std=c++98  scan-tree-dump-times vect "vectorized 1 loops" 1
FAIL: g++.dg/vect/pr36648.cc  -std=c++98  scan-tree-dump-times vect "vectorizing stmts using SLP" 1
FAIL: g++.dg/vect/pr36648.cc  -std=c++11  scan-tree-dump-times vect "vectorized 1 loops" 1
FAIL: g++.dg/vect/pr36648.cc  -std=c++11  scan-tree-dump-times vect "vectorizing stmts using SLP" 1
FAIL: g++.dg/vect/pr36648.cc  -std=c++14  scan-tree-dump-times vect "vectorized 1 loops" 1
FAIL: g++.dg/vect/pr36648.cc  -std=c++14  scan-tree-dump-times vect "vectorizing stmts using SLP" 1

		=== g++ Summary for unix/-m64 ===

# of expected passes		82996
# of unexpected failures	12
# of expected failures		264
# of unsupported tests		3532

		=== g++ Summary ===

# of expected passes		164111
# of unexpected failures	27
# of expected failures		528
# of unsupported tests		7090
/opt/gcc/darwin_buildw/gcc/testsuite/g++/../../xg++  version 5.0.0 20150209 (experimental) [trunk revision 220529p1] (GCC) 

		=== gcc tests ===


Running target unix/-m32
FAIL: gcc.c-torture/execute/20141107-1.c   -O0  execution test
FAIL: gcc.c-torture/execute/20141107-1.c   -O1  execution test
FAIL: gcc.c-torture/execute/20141107-1.c   -O2  execution test
FAIL: gcc.c-torture/execute/20141107-1.c   -O3 -fomit-frame-pointer  execution test
FAIL: gcc.c-torture/execute/20141107-1.c   -O3 -g  execution test
FAIL: gcc.c-torture/execute/20141107-1.c   -Os  execution test
FAIL: gcc.c-torture/execute/20141107-1.c   -O2 -flto -flto-partition=none  execution test
FAIL: gcc.c-torture/execute/20141107-1.c   -O2 -flto  execution test
FAIL: gcc.dg/debug/dwarf2/pr53948.c scan-assembler .loc 1 8 0|[#/!][ \\t]+line 8
FAIL: gcc.dg/20020103-1.c scan-assembler-not LC[0-9]
FAIL: gcc.dg/atomic-flag.c execution test
FAIL: gcc.dg/pr56228.c (test for excess errors)
FAIL: gcc.dg/pr56837.c scan-tree-dump-times optimized "memset ..b, 1, 1024.;" 1
FAIL: gcc.dg/sms-8.c scan-rtl-dump-times sms "SMS succeeded" 0
FAIL: gcc.dg/graphite/vect-pr43423.c scan-tree-dump-times vect "vectorized 2 loops" 1
FAIL: gcc.dg/lto/pr61526 c_lto_pr61526_0.o-c_lto_pr61526_1.o link,  -fPIC -flto -flto-partition=1to1 
UNRESOLVED: gcc.dg/lto/pr61526 c_lto_pr61526_0.o-c_lto_pr61526_1.o execute  -fPIC -flto -flto-partition=1to1 
FAIL: gcc.dg/simulate-thread/atomic-other-int.c   -O0 -g  thread simulation test
FAIL: gcc.dg/simulate-thread/atomic-other-int.c   -O2 -g  thread simulation test
FAIL: gcc.dg/simulate-thread/atomic-other-int.c   -O3 -g  thread simulation test
FAIL: gcc.dg/simulate-thread/atomic-other-short.c   -O0 -g  thread simulation test
FAIL: gcc.dg/simulate-thread/atomic-other-short.c   -O2 -g  thread simulation test
FAIL: gcc.dg/simulate-thread/atomic-other-short.c   -O3 -g  thread simulation test
FAIL: gcc.dg/tree-ssa/ivopts-lt-2.c scan-tree-dump-times ivopts "PHI" 1
FAIL: gcc.dg/tree-ssa/ivopts-lt-2.c scan-tree-dump-times ivopts "PHI <p_" 1
FAIL: gcc.dg/tree-ssa/ivopts-lt-2.c scan-tree-dump-times ivopts "p_[0-9]* <" 1
FAIL: gcc.dg/tree-ssa/sra-12.c scan-tree-dump-times release_ssa "l;" 0
FAIL: gcc.dg/vect/costmodel/ppc/costmodel-vect-31a.c scan-tree-dump-times vect "vectorization not profitable" 1
FAIL: gcc.dg/vect/costmodel/ppc/costmodel-vect-33.c scan-tree-dump-times vect "vectorization not profitable" 1
FAIL: gcc.dg/vect/costmodel/ppc/costmodel-bb-slp-9a.c scan-tree-dump-times slp2 "basic block vectorized using SLP" 1
FAIL: gcc.dg/vect/vect-31.c scan-tree-dump-times vect "vectorized 4 loops" 1
FAIL: gcc.dg/vect/vect-31.c -flto -ffat-lto-objects  scan-tree-dump-times vect "vectorized 4 loops" 1
FAIL: gcc.dg/vect/no-vfa-vect-depend-2.c scan-tree-dump-times vect "vectorized 1 loops" 1
FAIL: gcc.dg/vect/no-vfa-vect-depend-3.c scan-tree-dump-times vect "vectorized 1 loops" 4
FAIL: gcc.target/powerpc/darwin-bool-1.c (test for excess errors)
UNRESOLVED: gcc.target/powerpc/darwin-bool-1.c compilation failed to produce executable
UNRESOLVED: gcc.target/powerpc/dfmode_off.c object-size text == 320
UNRESOLVED: gcc.target/powerpc/dimode_off.c object-size text <= 640
FAIL: gcc.target/powerpc/pr64205.c (test for excess errors)
UNRESOLVED: gcc.target/powerpc/tfmode_off.c object-size text == 544

		=== gcc Summary for unix/-m32 ===

# of expected passes		92486
# of unexpected failures	35
# of expected failures		226
# of unresolved testcases	5
# of unsupported tests		2156

Running target unix/-m64
FAIL: gcc.c-torture/execute/struct-ret-1.c   -O2 -flto -flto-partition=none  (test for excess errors)
UNRESOLVED: gcc.c-torture/execute/struct-ret-1.c   -O2 -flto -flto-partition=none  compilation failed to produce executable
FAIL: gcc.c-torture/execute/struct-ret-1.c   -O2 -flto  (test for excess errors)
UNRESOLVED: gcc.c-torture/execute/struct-ret-1.c   -O2 -flto  compilation failed to produce executable
FAIL: gcc.dg/debug/dwarf2/pr53948.c scan-assembler .loc 1 8 0|[#/!][ \\t]+line 8
FAIL: gcc.dg/array-init-2.c execution test
FAIL: gcc.dg/darwin-segaddr.c execution test
FAIL: gcc.dg/ira-shrinkwrap-prep-2.c scan-rtl-dump pro_and_epilogue "Performing shrink-wrapping"
FAIL: gcc.dg/pr56228.c (test for excess errors)
FAIL: gcc.dg/sms-4.c scan-rtl-dump-times sms "SMS succeeded" 1
FAIL: gcc.dg/graphite/vect-pr43423.c scan-tree-dump-times vect "vectorized 2 loops" 1
FAIL: gcc.dg/lto/pr61526 c_lto_pr61526_0.o-c_lto_pr61526_1.o link,  -fPIC -flto -flto-partition=1to1 
UNRESOLVED: gcc.dg/lto/pr61526 c_lto_pr61526_0.o-c_lto_pr61526_1.o execute  -fPIC -flto -flto-partition=1to1 
FAIL: gcc.dg/simulate-thread/atomic-other-int.c   -O0 -g  thread simulation test
FAIL: gcc.dg/simulate-thread/atomic-other-int.c   -O2 -g  thread simulation test
FAIL: gcc.dg/simulate-thread/atomic-other-int.c   -O3 -g  thread simulation test
FAIL: gcc.dg/simulate-thread/atomic-other-longlong.c   -O0 -g  thread simulation test
FAIL: gcc.dg/simulate-thread/atomic-other-longlong.c   -O2 -g  thread simulation test
FAIL: gcc.dg/simulate-thread/atomic-other-longlong.c   -O3 -g  thread simulation test
FAIL: gcc.dg/simulate-thread/atomic-other-short.c   -O0 -g  thread simulation test
FAIL: gcc.dg/simulate-thread/atomic-other-short.c   -O2 -g  thread simulation test
FAIL: gcc.dg/simulate-thread/atomic-other-short.c   -O3 -g  thread simulation test
FAIL: gcc.dg/tree-ssa/ivopts-lt-2.c scan-tree-dump-times ivopts "PHI" 1
FAIL: gcc.dg/tree-ssa/ivopts-lt-2.c scan-tree-dump-times ivopts "PHI <p_" 1
FAIL: gcc.dg/tree-ssa/ivopts-lt-2.c scan-tree-dump-times ivopts "p_[0-9]* <" 1
FAIL: gcc.dg/vect/costmodel/ppc/costmodel-pr37194.c scan-tree-dump-times vect "vectorization not profitable" 1
FAIL: gcc.dg/vect/costmodel/ppc/costmodel-pr37194.c scan-tree-dump-times vect "vectorized 1 loops" 1
FAIL: gcc.dg/vect/costmodel/ppc/costmodel-vect-31a.c scan-tree-dump-times vect "vectorization not profitable" 1
FAIL: gcc.dg/vect/costmodel/ppc/costmodel-bb-slp-9a.c scan-tree-dump-times slp2 "basic block vectorized using SLP" 1
FAIL: gcc.dg/vect/vect-31.c scan-tree-dump-times vect "vectorized 4 loops" 1
FAIL: gcc.dg/vect/vect-31.c -flto -ffat-lto-objects  scan-tree-dump-times vect "vectorized 4 loops" 1
FAIL: gcc.dg/vect/no-vfa-vect-depend-2.c scan-tree-dump-times vect "vectorized 1 loops" 1
FAIL: gcc.dg/vect/no-vfa-vect-depend-3.c scan-tree-dump-times vect "vectorized 1 loops" 4
UNRESOLVED: gcc.target/powerpc/dfmode_off.c object-size text == 320
UNRESOLVED: gcc.target/powerpc/dimode_off.c object-size text == 440
FAIL: gcc.target/powerpc/optimize-bswapdi-3.c scan-assembler ldbrx
FAIL: gcc.target/powerpc/optimize-bswapdi-3.c scan-assembler stdbrx
UNRESOLVED: gcc.target/powerpc/tfmode_off.c object-size text == 544
UNRESOLVED: gcc.target/powerpc/timode_off.c object-size text <= 700

		=== gcc Summary for unix/-m64 ===

# of expected passes		93162
# of unexpected failures	32
# of expected failures		242
# of unresolved testcases	7
# of unsupported tests		2146

		=== gcc Summary ===

# of expected passes		185648
# of unexpected failures	67
# of expected failures		468
# of unresolved testcases	12
# of unsupported tests		4302
/opt/gcc/darwin_buildw/gcc/xgcc  version 5.0.0 20150209 (experimental) [trunk revision 220529p1] (GCC) 

		=== gfortran tests ===


Running target unix/-m32
FAIL: gfortran.dg/aliasing_array_result_1.f90   -O3 -g  (test for excess errors)
FAIL: gfortran.dg/erf_3.F90   -O0  execution test
FAIL: gfortran.dg/erf_3.F90   -O1  execution test
FAIL: gfortran.dg/erf_3.F90   -O2  execution test
FAIL: gfortran.dg/erf_3.F90   -O3 -fomit-frame-pointer  execution test
FAIL: gfortran.dg/erf_3.F90   -O3 -fomit-frame-pointer -funroll-loops  execution test
FAIL: gfortran.dg/erf_3.F90   -O3 -fomit-frame-pointer -funroll-all-loops -finline-functions  execution test
FAIL: gfortran.dg/erf_3.F90   -O3 -g  execution test
FAIL: gfortran.dg/erf_3.F90   -Os  execution test
FAIL: gfortran.dg/large_real_kind_3.F90   -O0  execution test
FAIL: gfortran.dg/graphite/pr42393.f90   -O  (test for excess errors)
FAIL: gfortran.dg/vect/pr48329.f90   -O   scan-tree-dump-times vect "vectorized 1 loops" 1

		=== gfortran Summary for unix/-m32 ===

# of expected passes		47482
# of unexpected failures	12
# of expected failures		111
# of unsupported tests		257

Running target unix/-m64
FAIL: gfortran.dg/erf_3.F90   -O0  execution test
FAIL: gfortran.dg/erf_3.F90   -O1  execution test
FAIL: gfortran.dg/erf_3.F90   -O2  execution test
FAIL: gfortran.dg/erf_3.F90   -O3 -fomit-frame-pointer  execution test
FAIL: gfortran.dg/erf_3.F90   -O3 -fomit-frame-pointer -funroll-loops  execution test
FAIL: gfortran.dg/erf_3.F90   -O3 -fomit-frame-pointer -funroll-all-loops -finline-functions  execution test
FAIL: gfortran.dg/erf_3.F90   -O3 -g  execution test
FAIL: gfortran.dg/erf_3.F90   -Os  execution test
FAIL: gfortran.dg/intrinsic_pack_1.f90   -O1  execution test
FAIL: gfortran.dg/intrinsic_pack_1.f90   -O2  execution test
FAIL: gfortran.dg/intrinsic_unpack_1.f90   -O1  execution test
FAIL: gfortran.dg/intrinsic_unpack_1.f90   -O2  execution test
FAIL: gfortran.dg/intrinsic_unpack_1.f90   -O3 -fomit-frame-pointer  execution test
FAIL: gfortran.dg/intrinsic_unpack_1.f90   -O3 -fomit-frame-pointer -funroll-loops  execution test
FAIL: gfortran.dg/intrinsic_unpack_1.f90   -O3 -fomit-frame-pointer -funroll-all-loops -finline-functions  execution test
FAIL: gfortran.dg/intrinsic_unpack_1.f90   -O3 -g  execution test
FAIL: gfortran.dg/large_real_kind_3.F90   -O0  execution test
FAIL: gfortran.dg/graphite/id-4.f90   -O  (internal compiler error)
FAIL: gfortran.dg/graphite/id-4.f90   -O  (test for excess errors)
FAIL: gfortran.dg/graphite/pr42393.f90   -O  (test for excess errors)
FAIL: gfortran.dg/vect/pr48329.f90   -O   scan-tree-dump-times vect "vectorized 1 loops" 1

		=== gfortran Summary for unix/-m64 ===

# of expected passes		47801
# of unexpected failures	21
# of expected failures		116
# of unsupported tests		96

		=== gfortran Summary ===

# of expected passes		95283
# of unexpected failures	33
# of expected failures		227
# of unsupported tests		353
/opt/gcc/darwin_buildw/gcc/testsuite/gfortran/../../gfortran  version 5.0.0 20150209 (experimental) [trunk revision 220529p1] (GCC) 

		=== gnat tests ===


Running target unix/-m32
FAIL: gnat.dg/alignment8.adb execution test
FAIL: gnat.dg/array3.adb execution test
FAIL: gnat.dg/conv_real.adb (test for excess errors)
FAIL: gnat.dg/curr_task.adb (test for excess errors)
FAIL: gnat.dg/derived_type3.adb execution test
FAIL: gnat.dg/interface2.adb (test for excess errors)
FAIL: gnat.dg/lto13.adb (test for excess errors)
FAIL: gnat.dg/lto8.adb (test for excess errors)
FAIL: gnat.dg/null_pointer_deref2.adb (test for excess errors)
FAIL: gnat.dg/opt41.adb execution test
FAIL: gnat.dg/requeue1.adb (test for excess errors)
FAIL: gnat.dg/stack_check1.adb (test for excess errors)
FAIL: gnat.dg/stack_check2.adb (test for excess errors)
FAIL: gnat.dg/tagged_alloc_free.adb execution test
FAIL: gnat.dg/task_stack_align.adb (test for excess errors)
FAIL: gnat.dg/test_delay.adb (test for excess errors)
FAIL: gnat.dg/test_fixed_io.adb (test for excess errors)
FAIL: gnat.dg/test_image.adb (test for excess errors)
FAIL: gnat.dg/test_prio.adb (test for excess errors)
FAIL: gnat.dg/timer_cancel.adb (test for excess errors)

		=== gnat Summary for unix/-m32 ===

# of expected passes		1271
# of unexpected failures	20
# of expected failures		20
# of unsupported tests		19

Running target unix/-m64
FAIL: gnat.dg/array3.adb execution test
FAIL: gnat.dg/conv_real.adb (test for excess errors)
FAIL: gnat.dg/curr_task.adb (test for excess errors)
FAIL: gnat.dg/derived_type3.adb execution test
FAIL: gnat.dg/interface2.adb (test for excess errors)
FAIL: gnat.dg/lto13.adb (test for excess errors)
FAIL: gnat.dg/lto8.adb (test for excess errors)
FAIL: gnat.dg/null_pointer_deref2.adb (test for excess errors)
FAIL: gnat.dg/opt41.adb execution test
FAIL: gnat.dg/requeue1.adb (test for excess errors)
FAIL: gnat.dg/socket1.adb execution test
FAIL: gnat.dg/stack_check1.adb (test for excess errors)
FAIL: gnat.dg/stack_check2.adb (test for excess errors)
FAIL: gnat.dg/tagged_alloc_free.adb execution test
FAIL: gnat.dg/task_stack_align.adb (test for excess errors)
FAIL: gnat.dg/test_8bitlong_overflow.adb (test for excess errors)
FAIL: gnat.dg/test_delay.adb (test for excess errors)
FAIL: gnat.dg/test_fixed_io.adb (test for excess errors)
FAIL: gnat.dg/test_image.adb (test for excess errors)
FAIL: gnat.dg/test_prio.adb (test for excess errors)
FAIL: gnat.dg/timer_cancel.adb (test for excess errors)

		=== gnat Summary for unix/-m64 ===

# of expected passes		1270
# of unexpected failures	21
# of expected failures		20
# of unsupported tests		19

		=== gnat Summary ===

# of expected passes		2541
# of unexpected failures	41
# of expected failures		40
# of unsupported tests		38
/opt/gcc/darwin_buildw/gcc/gnatmake version 5.0.0 20150209 (experimental) [trunk revision 220529p1]

		=== obj-c++ tests ===


Running target unix/-m32

		=== obj-c++ Summary for unix/-m32 ===

# of expected passes		3165
# of expected failures		2
# of unsupported tests		68

Running target unix/-m64

		=== obj-c++ Summary for unix/-m64 ===

# of expected passes		3115
# of expected failures		19
# of unsupported tests		73

		=== obj-c++ Summary ===

# of expected passes		6280
# of expected failures		21
# of unsupported tests		141
/opt/gcc/darwin_buildw/gcc/testsuite/obj-c++/../../xg++  version 5.0.0 20150209 (experimental) [trunk revision 220529p1] (GCC) 

		=== objc tests ===


Running target unix/-m32
FAIL: objc.dg/ivar-scope-4.m -fnext-runtime execution test

		=== objc Summary for unix/-m32 ===

# of expected passes		6149
# of unexpected failures	1
# of expected failures		4
# of unsupported tests		84

Running target unix/-m64
FAIL: objc.dg/ivar-scope-4.m -fnext-runtime execution test

		=== objc Summary for unix/-m64 ===

# of expected passes		6103
# of unexpected failures	1
# of expected failures		8
# of unsupported tests		91

		=== objc Summary ===

# of expected passes		12252
# of unexpected failures	2
# of expected failures		12
# of unsupported tests		175
/opt/gcc/darwin_buildw/gcc/xgcc  version 5.0.0 20150209 (experimental) [trunk revision 220529p1] (GCC) 

		=== boehm-gc tests ===


Running target unix/-m32

		=== boehm-gc Summary for unix/-m32 ===

# of expected passes		12
# of unsupported tests		1

Running target unix/-m64

		=== boehm-gc Summary for unix/-m64 ===

# of expected passes		12
# of unsupported tests		1

		=== boehm-gc Summary ===

# of expected passes		24
# of unsupported tests		2
		=== libatomic tests ===


Running target unix/-m32

		=== libatomic Summary for unix/-m32 ===

# of expected passes		44
# of unsupported tests		5

Running target unix/-m64

		=== libatomic Summary for unix/-m64 ===

# of expected passes		54

		=== libatomic Summary ===

# of expected passes		98
# of unsupported tests		5
		=== libffi tests ===


Running target unix/-m32
FAIL: libffi.call/cls_longdouble.c -W -Wall -Wno-psabi -O0 output pattern test, is 1 2 3 4 5 6 7 8: 36
FAIL: libffi.call/cls_longdouble.c -W -Wall -Wno-psabi -O2 output pattern test, is 1 2 3 4 5 6 7 8: 36
FAIL: libffi.call/cls_longdouble.c -W -Wall -Wno-psabi -O3 output pattern test, is 1 2 3 4 5 6 7 8: 36
FAIL: libffi.call/cls_longdouble.c -W -Wall -Wno-psabi -Os output pattern test, is 1 2 3 4 5 6 7 8: 36
FAIL: libffi.call/cls_longdouble.c -W -Wall -Wno-psabi -O2 -fomit-frame-pointer output pattern test, is 1 2 3 4 5 6 7 8: 36
FAIL: libffi.call/nested_struct5.c -W -Wall -Wno-psabi -O0 execution test
FAIL: libffi.call/nested_struct5.c -W -Wall -Wno-psabi -Os execution test
ERROR: tcl error sourcing /opt/gcc/work/libffi/testsuite/libffi.complex/complex.exp.
ERROR: list element in braces followed by ";" instead of space
ERROR: tcl error sourcing /opt/gcc/work/libffi/testsuite/libffi.go/go.exp.
ERROR: list element in braces followed by ";" instead of space

		=== libffi Summary for unix/-m32 ===

# of expected passes		1905
# of unexpected failures	7

Running target unix/-m64
ERROR: tcl error sourcing /opt/gcc/work/libffi/testsuite/libffi.complex/complex.exp.
ERROR: list element in braces followed by ";" instead of space
ERROR: tcl error sourcing /opt/gcc/work/libffi/testsuite/libffi.go/go.exp.
ERROR: list element in braces followed by ";" instead of space

		=== libffi Summary for unix/-m64 ===

# of expected passes		1914

		=== libffi Summary ===

# of expected passes		3819
# of unexpected failures	7
		=== libgomp tests ===


Running target unix/-m32

		=== libgomp Summary for unix/-m32 ===

# of expected passes		5733
# of unsupported tests		281

Running target unix/-m64
FAIL: libgomp.fortran/nestedfn5.f90   -O1  (internal compiler error)
FAIL: libgomp.fortran/nestedfn5.f90   -O1  (test for excess errors)
UNRESOLVED: libgomp.fortran/nestedfn5.f90   -O1  compilation failed to produce executable
FAIL: libgomp.fortran/nestedfn5.f90   -O3 -fomit-frame-pointer  (internal compiler error)
FAIL: libgomp.fortran/nestedfn5.f90   -O3 -fomit-frame-pointer  (test for excess errors)
UNRESOLVED: libgomp.fortran/nestedfn5.f90   -O3 -fomit-frame-pointer  compilation failed to produce executable
FAIL: libgomp.fortran/nestedfn5.f90   -O3 -fomit-frame-pointer -funroll-loops  (internal compiler error)
FAIL: libgomp.fortran/nestedfn5.f90   -O3 -fomit-frame-pointer -funroll-loops  (test for excess errors)
UNRESOLVED: libgomp.fortran/nestedfn5.f90   -O3 -fomit-frame-pointer -funroll-loops  compilation failed to produce executable
FAIL: libgomp.fortran/nestedfn5.f90   -O3 -fomit-frame-pointer -funroll-all-loops -finline-functions  (internal compiler error)
FAIL: libgomp.fortran/nestedfn5.f90   -O3 -fomit-frame-pointer -funroll-all-loops -finline-functions  (test for excess errors)
UNRESOLVED: libgomp.fortran/nestedfn5.f90   -O3 -fomit-frame-pointer -funroll-all-loops -finline-functions  compilation failed to produce executable
FAIL: libgomp.fortran/nestedfn5.f90   -O3 -g  (internal compiler error)
FAIL: libgomp.fortran/nestedfn5.f90   -O3 -g  (test for excess errors)
UNRESOLVED: libgomp.fortran/nestedfn5.f90   -O3 -g  compilation failed to produce executable

		=== libgomp Summary for unix/-m64 ===

# of expected passes		5723
# of unexpected failures	10
# of unresolved testcases	5
# of unsupported tests		281

		=== libgomp Summary ===

# of expected passes		11456
# of unexpected failures	10
# of unresolved testcases	5
# of unsupported tests		562
		=== libitm tests ===


Running target unix/-m32

		=== libitm Summary for unix/-m32 ===

# of expected passes		26
# of expected failures		3
# of unsupported tests		1

Running target unix/-m64

		=== libitm Summary for unix/-m64 ===

# of expected passes		26
# of expected failures		3
# of unsupported tests		1

		=== libitm Summary ===

# of expected passes		52
# of expected failures		6
# of unsupported tests		2
		=== libjava tests ===


Running target unix/-m32
WARNING: program timed out.
FAIL: LargeFile execution - source compiled test
WARNING: program timed out.
FAIL: LargeFile -O3 execution - source compiled test
FAIL: Thread_Sleep_2 output - source compiled test
FAIL: Thread_Sleep_2 -findirect-dispatch output - source compiled test
FAIL: Thread_Sleep_2 -O3 output - source compiled test
FAIL: Thread_Sleep_2 -O3 -findirect-dispatch output - source compiled test

		=== libjava Summary for unix/-m32 ===

# of expected passes		2574
# of unexpected failures	6
# of expected failures		4
# of untested testcases		2

Running target unix/-m64
FAIL: PR16923 output
WARNING: program timed out.
FAIL: LargeFile execution - source compiled test
WARNING: program timed out.
FAIL: LargeFile -O3 execution - source compiled test
FAIL: Thread_Sleep_2 output - source compiled test
FAIL: Thread_Sleep_2 -findirect-dispatch output - source compiled test
FAIL: Thread_Sleep_2 -O3 output - source compiled test
FAIL: Thread_Sleep_2 -O3 -findirect-dispatch output - source compiled test

		=== libjava Summary for unix/-m64 ===

# of expected passes		2573
# of unexpected failures	7
# of expected failures		4
# of untested testcases		2

		=== libjava Summary ===

# of expected passes		5147
# of unexpected failures	13
# of expected failures		8
# of untested testcases		4
		=== libstdc++ tests ===


Running target unix/-m32
FAIL: 17_intro/headers/c++1998/all_attributes.cc (test for excess errors)
FAIL: 17_intro/headers/c++200x/all_attributes.cc (test for excess errors)
FAIL: 17_intro/headers/c++2014/all_attributes.cc (test for excess errors)
FAIL: 22_locale/conversions/string/2.cc execution test
FAIL: 23_containers/unordered_map/requirements/explicit_instantiation/2.cc (test for excess errors)
FAIL: 23_containers/unordered_map/requirements/explicit_instantiation/4.cc (test for excess errors)
FAIL: 23_containers/vector/ext_pointer/types/2.cc execution test
FAIL: ext/mt_allocator/deallocate_global_thread-1.cc execution test
FAIL: ext/mt_allocator/deallocate_global_thread-3.cc execution test

		=== libstdc++ Summary for unix/-m32 ===

# of expected passes		9110
# of unexpected failures	9
# of expected failures		65
# of unsupported tests		694

Running target unix/-m64
FAIL: 17_intro/headers/c++1998/all_attributes.cc (test for excess errors)
FAIL: 17_intro/headers/c++200x/all_attributes.cc (test for excess errors)
FAIL: 17_intro/headers/c++2014/all_attributes.cc (test for excess errors)
FAIL: 22_locale/conversions/string/2.cc execution test
FAIL: 23_containers/unordered_map/requirements/explicit_instantiation/2.cc (test for excess errors)
FAIL: 23_containers/unordered_map/requirements/explicit_instantiation/4.cc (test for excess errors)
WARNING: program timed out.
FAIL: 23_containers/vector/ext_pointer/types/2.cc execution test
FAIL: 26_numerics/complex/50880.cc execution test
FAIL: ext/mt_allocator/deallocate_global_thread-1.cc execution test
FAIL: ext/mt_allocator/deallocate_global_thread-3.cc execution test

		=== libstdc++ Summary for unix/-m64 ===

# of expected passes		9107
# of unexpected failures	10
# of expected failures		65
# of unsupported tests		695

		=== libstdc++ Summary ===

# of expected passes		18217
# of unexpected failures	19
# of expected failures		130
# of unsupported tests		1389

Compiler version: 5.0.0 20150209 (experimental) [trunk revision 220529p1] (GCC) 
Platform: powerpc-apple-darwin9.8.0
configure flags: --prefix=/opt/gcc/gcc4.10w --enable-languages=c,c++,fortran,objc,obj-c++,java,ada,lto --with-gmp=/opt/mp --with-system-zlib --with-isl=/opt/mp --enable-lto --enable-plugin



More information about the Gcc-testresults mailing list