Results for 5.0.0 20150208 (experimental) [trunk revision 220514] (GCC) testsuite on x86_64-apple-darwin10.8.0

Dominique Dhumieres dominiq@lps.ens.fr
Mon Feb 9 09:48:00 GMT 2015


LAST_UPDATED: Updated Sun Feb  8 12:10:05 CET 2015 to revision 220514.

		=== acats tests ===
FAIL:	cc70003

		=== acats Summary ===
# of expected passes		2319
# of unexpected failures	1
Native configuration is x86_64-apple-darwin10.8.0

		=== g++ tests ===


Running target unix/-m32
FAIL: g++.dg/debug/dwarf2/imported-decl-2.C  -std=gnu++98  scan-assembler-times ascii "AAAA\\\\\\\\0".*ascii "BBBB\\\\\\\\0".*DIE .0x[0-9a-f]*. DW_TAG_imported_declaration 1
FAIL: g++.dg/debug/dwarf2/imported-decl-2.C  -std=gnu++11  scan-assembler-times ascii "AAAA\\\\\\\\0".*ascii "BBBB\\\\\\\\0".*DIE .0x[0-9a-f]*. DW_TAG_imported_declaration 1
FAIL: g++.dg/debug/dwarf2/imported-decl-2.C  -std=gnu++14  scan-assembler-times ascii "AAAA\\\\\\\\0".*ascii "BBBB\\\\\\\\0".*DIE .0x[0-9a-f]*. DW_TAG_imported_declaration 1
FAIL: g++.dg/ext/sync-4.C  -std=gnu++98 execution test
FAIL: g++.dg/ext/sync-4.C  -std=gnu++11 execution test
FAIL: g++.dg/ext/sync-4.C  -std=gnu++14 execution test
FAIL: g++.dg/tm/pr47573.C  -std=gnu++98 (test for excess errors)
FAIL: g++.dg/tm/pr47573.C  -std=gnu++11 (test for excess errors)
FAIL: g++.dg/tm/pr47573.C  -std=gnu++14 (test for excess errors)

		=== g++ Summary for unix/-m32 ===

# of expected passes		88126
# of unexpected failures	9
# of expected failures		320
# of unsupported tests		3658

Running target unix/-m64
FAIL: g++.dg/debug/dwarf2/imported-decl-2.C  -std=gnu++98  scan-assembler-times ascii "AAAA\\\\\\\\0".*ascii "BBBB\\\\\\\\0".*DIE .0x[0-9a-f]*. DW_TAG_imported_declaration 1
FAIL: g++.dg/debug/dwarf2/imported-decl-2.C  -std=gnu++11  scan-assembler-times ascii "AAAA\\\\\\\\0".*ascii "BBBB\\\\\\\\0".*DIE .0x[0-9a-f]*. DW_TAG_imported_declaration 1
FAIL: g++.dg/debug/dwarf2/imported-decl-2.C  -std=gnu++14  scan-assembler-times ascii "AAAA\\\\\\\\0".*ascii "BBBB\\\\\\\\0".*DIE .0x[0-9a-f]*. DW_TAG_imported_declaration 1
FAIL: g++.dg/ext/sync-4.C  -std=gnu++98 execution test
FAIL: g++.dg/ext/sync-4.C  -std=gnu++11 execution test
FAIL: g++.dg/ext/sync-4.C  -std=gnu++14 execution test
FAIL: g++.dg/tm/pr47573.C  -std=gnu++98 (test for excess errors)
FAIL: g++.dg/tm/pr47573.C  -std=gnu++11 (test for excess errors)
FAIL: g++.dg/tm/pr47573.C  -std=gnu++14 (test for excess errors)

		=== g++ Summary for unix/-m64 ===

# of expected passes		89528
# of unexpected failures	9
# of expected failures		320
# of unsupported tests		3899

		=== g++ Summary ===

# of expected passes		177654
# of unexpected failures	18
# of expected failures		640
# of unsupported tests		7557
/opt/gcc/build_c/gcc/testsuite/g++/../../xg++  version 5.0.0 20150208 (experimental) [trunk revision 220514] (GCC) 

		=== gcc tests ===


Running target unix/-m32
WARNING: program timed out.
FAIL: gcc.dg/atomic/c11-atomic-exec-5.c   -O0  execution test
WARNING: program timed out.
FAIL: gcc.dg/atomic/c11-atomic-exec-5.c   -O1  execution test
FAIL: gcc.dg/20021014-1.c execution test
FAIL: gcc.dg/aru-2.c execution test
FAIL: gcc.dg/darwin-weakimport-3.c scan-assembler-not coalesced
FAIL: gcc.dg/pr43643.c execution test
FAIL: gcc.dg/pr61053.c (test for excess errors)
FAIL: gcc.dg/sibcall-3.c execution test
FAIL: gcc.dg/graphite/vect-pr43423.c scan-tree-dump-times vect "vectorized 2 loops" 1
FAIL: gcc.dg/lto/pr61526 c_lto_pr61526_0.o-c_lto_pr61526_1.o link,  -fPIC -flto -flto-partition=1to1 
UNRESOLVED: gcc.dg/lto/pr61526 c_lto_pr61526_0.o-c_lto_pr61526_1.o execute  -fPIC -flto -flto-partition=1to1 
FAIL: gcc.dg/torture/builtin-self.c   -O0   scan-assembler-not \\tcall
FAIL: gcc.target/i386/avx512f-kandnw-1.c scan-assembler-times kandnw[ \\\\t]+[^{\\n]*%k[0-7](?:\\n|[ \\\\t]+#) 1
FAIL: gcc.target/i386/memcpy-strategy-3.c scan-assembler-times memcpy 2
FAIL: gcc.target/i386/memset-strategy-1.c scan-assembler-times memset 2

		=== gcc Summary for unix/-m32 ===

# of expected passes		106646
# of unexpected failures	14
# of expected failures		307
# of unresolved testcases	1
# of unsupported tests		3727

Running target unix/-m64
FAIL: gcc.dg/graphite/vect-pr43423.c scan-tree-dump-times vect "vectorized 2 loops" 1
FAIL: gcc.dg/lto/pr61526 c_lto_pr61526_0.o-c_lto_pr61526_1.o link,  -fPIC -flto -flto-partition=1to1 
UNRESOLVED: gcc.dg/lto/pr61526 c_lto_pr61526_0.o-c_lto_pr61526_1.o execute  -fPIC -flto -flto-partition=1to1 
FAIL: gcc.target/i386/memcpy-strategy-3.c scan-assembler-times memcpy 2
FAIL: gcc.target/i386/memset-strategy-1.c scan-assembler-times memset 2
FAIL: gcc.target/i386/pr49866.c (test for excess errors)
FAIL: gcc.target/i386/pr61599-1.c (test for excess errors)
UNRESOLVED: gcc.target/i386/pr61599-1.c compilation failed to produce executable
FAIL: gcc.target/i386/pr63538.c scan-assembler movabs

		=== gcc Summary for unix/-m64 ===

# of expected passes		107502
# of unexpected failures	7
# of expected failures		309
# of unresolved testcases	2
# of unsupported tests		3924

		=== gcc Summary ===

# of expected passes		214148
# of unexpected failures	21
# of expected failures		616
# of unresolved testcases	3
# of unsupported tests		7651
/opt/gcc/build_c/gcc/xgcc  version 5.0.0 20150208 (experimental) [trunk revision 220514] (GCC) 

		=== gfortran tests ===


Running target unix/-m32
FAIL: gfortran.dg/graphite/pr42393.f90   -O  (internal compiler error)
FAIL: gfortran.dg/graphite/pr42393.f90   -O  (test for excess errors)

		=== gfortran Summary for unix/-m32 ===

# of expected passes		47755
# of unexpected failures	2
# of expected failures		78
# of unsupported tests		218

Running target unix/-m64
FAIL: gfortran.dg/graphite/pr42393.f90   -O  (internal compiler error)
FAIL: gfortran.dg/graphite/pr42393.f90   -O  (test for excess errors)

		=== gfortran Summary for unix/-m64 ===

# of expected passes		48042
# of unexpected failures	2
# of expected failures		78
# of unsupported tests		80

		=== gfortran Summary ===

# of expected passes		95797
# of unexpected failures	4
# of expected failures		156
# of unsupported tests		298
/opt/gcc/build_c/gcc/testsuite/gfortran/../../gfortran  version 5.0.0 20150208 (experimental) [trunk revision 220514] (GCC) 

		=== gnat tests ===


Running target unix/-m32

		=== gnat Summary for unix/-m32 ===

# of expected passes		1318
# of expected failures		20
# of unsupported tests		7

Running target unix/-m64

		=== gnat Summary for unix/-m64 ===

# of expected passes		1318
# of expected failures		20
# of unsupported tests		7

		=== gnat Summary ===

# of expected passes		2636
# of expected failures		40
# of unsupported tests		14
/opt/gcc/build_c/gcc/gnatmake version 5.0.0 20150208 (experimental) [trunk revision 220514]

		=== obj-c++ tests ===


Running target unix/-m32

		=== obj-c++ Summary for unix/-m32 ===

# of expected passes		3165
# of expected failures		2
# of unsupported tests		68

Running target unix/-m64

		=== obj-c++ Summary for unix/-m64 ===

# of expected passes		3106
# of expected failures		19
# of unsupported tests		74

		=== obj-c++ Summary ===

# of expected passes		6271
# of expected failures		21
# of unsupported tests		142
/opt/gcc/build_c/gcc/testsuite/obj-c++/../../xg++  version 5.0.0 20150208 (experimental) [trunk revision 220514] (GCC) 

		=== objc tests ===


Running target unix/-m32
FAIL: objc.dg/ivar-scope-4.m -fnext-runtime execution test

		=== objc Summary for unix/-m32 ===

# of expected passes		6143
# of unexpected failures	1
# of expected failures		6
# of unsupported tests		85

Running target unix/-m64
FAIL: objc.dg/ivar-scope-4.m -fnext-runtime execution test

		=== objc Summary for unix/-m64 ===

# of expected passes		6095
# of unexpected failures	1
# of expected failures		14
# of unsupported tests		91

		=== objc Summary ===

# of expected passes		12238
# of unexpected failures	2
# of expected failures		20
# of unsupported tests		176
/opt/gcc/build_c/gcc/xgcc  version 5.0.0 20150208 (experimental) [trunk revision 220514] (GCC) 

		=== boehm-gc tests ===


Running target unix/-m32

		=== boehm-gc Summary for unix/-m32 ===

# of expected passes		12
# of unsupported tests		1

Running target unix/-m64

		=== boehm-gc Summary for unix/-m64 ===

# of expected passes		12
# of unsupported tests		1

		=== boehm-gc Summary ===

# of expected passes		24
# of unsupported tests		2
		=== libatomic tests ===


Running target unix/-m32

		=== libatomic Summary for unix/-m32 ===

# of expected passes		44
# of unsupported tests		5

Running target unix/-m64

		=== libatomic Summary for unix/-m64 ===

# of expected passes		54

		=== libatomic Summary ===

# of expected passes		98
# of unsupported tests		5
		=== libffi tests ===


Running target unix/-m32

		=== libffi Summary for unix/-m32 ===

# of expected passes		1914
# of unsupported tests		30

Running target unix/-m64

		=== libffi Summary for unix/-m64 ===

# of expected passes		1914
# of unsupported tests		30

		=== libffi Summary ===

# of expected passes		3828
# of unsupported tests		60
		=== libgomp tests ===


Running target unix/-m32

		=== libgomp Summary for unix/-m32 ===

# of expected passes		5733
# of unsupported tests		281

Running target unix/-m64

		=== libgomp Summary for unix/-m64 ===

# of expected passes		5733
# of unsupported tests		281

		=== libgomp Summary ===

# of expected passes		11466
# of unsupported tests		562
		=== libitm tests ===


Running target unix/-m32

		=== libitm Summary for unix/-m32 ===

# of expected passes		26
# of expected failures		3
# of unsupported tests		1

Running target unix/-m64

		=== libitm Summary for unix/-m64 ===

# of expected passes		26
# of expected failures		3
# of unsupported tests		1

		=== libitm Summary ===

# of expected passes		52
# of expected failures		6
# of unsupported tests		2
		=== libjava tests ===


Running target unix/-m32

		=== libjava Summary for unix/-m32 ===

# of expected passes		2582
# of expected failures		4

Running target unix/-m64
FAIL: Throw_2 execution - source compiled test
FAIL: Throw_2 -findirect-dispatch execution - source compiled test
FAIL: Throw_2 -O3 execution - source compiled test
FAIL: Throw_2 -O3 -findirect-dispatch execution - source compiled test

		=== libjava Summary for unix/-m64 ===

# of expected passes		2574
# of unexpected failures	4
# of expected failures		4
# of untested testcases		4

		=== libjava Summary ===

# of expected passes		5156
# of unexpected failures	4
# of expected failures		8
# of untested testcases		4
		=== libstdc++ tests ===


Running target unix/-m32
FAIL: 17_intro/headers/c++1998/all_attributes.cc (test for excess errors)
FAIL: 17_intro/headers/c++200x/all_attributes.cc (test for excess errors)
FAIL: 17_intro/headers/c++2014/all_attributes.cc (test for excess errors)
FAIL: 22_locale/conversions/string/2.cc execution test
FAIL: 23_containers/unordered_map/requirements/explicit_instantiation/2.cc (test for excess errors)
FAIL: 23_containers/unordered_map/requirements/explicit_instantiation/4.cc (test for excess errors)

		=== libstdc++ Summary for unix/-m32 ===

# of expected passes		9132
# of unexpected failures	6
# of expected failures		65
# of unsupported tests		685

Running target unix/-m64
FAIL: 17_intro/headers/c++1998/all_attributes.cc (test for excess errors)
FAIL: 17_intro/headers/c++200x/all_attributes.cc (test for excess errors)
FAIL: 17_intro/headers/c++2014/all_attributes.cc (test for excess errors)
FAIL: 22_locale/conversions/string/2.cc execution test
FAIL: 23_containers/unordered_map/requirements/explicit_instantiation/2.cc (test for excess errors)
FAIL: 23_containers/unordered_map/requirements/explicit_instantiation/4.cc (test for excess errors)

		=== libstdc++ Summary for unix/-m64 ===

# of expected passes		9130
# of unexpected failures	6
# of expected failures		65
# of unsupported tests		686

		=== libstdc++ Summary ===

# of expected passes		18262
# of unexpected failures	12
# of expected failures		130
# of unsupported tests		1371

Compiler version: 5.0.0 20150208 (experimental) [trunk revision 220514] (GCC) 
Platform: x86_64-apple-darwin10.8.0
configure flags: --prefix=/opt/gcc/gcc4.10c --enable-languages=c,c++,fortran,objc,obj-c++,java,ada,lto --with-gmp=/opt/mp --with-system-zlib --with-isl=/opt/mp --enable-lto --enable-plugin



More information about the Gcc-testresults mailing list