Results for 5.0.0 20150203 (experimental) [trunk revision 220375] (GCC) testsuite on hppa2.0w-hp-hpux11.11

John David Anglin dave@hiauly3.hia.nrc.ca
Fri Feb 6 02:57:00 GMT 2015


		=== acats tests ===
FAIL:	c974013
FAIL:	c9a011b

		=== acats Summary ===
# of expected passes		2318
# of unexpected failures	2
Native configuration is hppa2.0w-hp-hpux11.11

		=== g++ tests ===


Running target unix
FAIL: g++.dg/abi/anon3.C  -std=c++98  scan-assembler .weak(_definition)?[ \\t]_?_ZTI4Heya
FAIL: g++.dg/abi/anon3.C  -std=c++98  scan-assembler .weak(_definition)?[ \\t]_?_ZTIN4Heya1AE
FAIL: g++.dg/abi/anon3.C  -std=c++11  scan-assembler .weak(_definition)?[ \\t]_?_ZTI4Heya
FAIL: g++.dg/abi/anon3.C  -std=c++11  scan-assembler .weak(_definition)?[ \\t]_?_ZTIN4Heya1AE
FAIL: g++.dg/abi/anon3.C  -std=c++14  scan-assembler .weak(_definition)?[ \\t]_?_ZTI4Heya
FAIL: g++.dg/abi/anon3.C  -std=c++14  scan-assembler .weak(_definition)?[ \\t]_?_ZTIN4Heya1AE
FAIL: g++.dg/abi/rtti3.C  -std=c++98  scan-assembler .weak[ \\t]_?_ZTSPP1A
FAIL: g++.dg/abi/rtti3.C  -std=c++11  scan-assembler .weak[ \\t]_?_ZTSPP1A
FAIL: g++.dg/abi/rtti3.C  -std=c++14  scan-assembler .weak[ \\t]_?_ZTSPP1A
FAIL: c-c++-common/goacc/acc_on_device-2-off.c  -std=c++98  scan-rtl-dump-times expand "\\\\(call [^\\\\n]*\\\\"acc_on_device" 1
FAIL: c-c++-common/goacc/acc_on_device-2-off.c  -std=c++11  scan-rtl-dump-times expand "\\\\(call [^\\\\n]*\\\\"acc_on_device" 1
FAIL: c-c++-common/goacc/acc_on_device-2-off.c  -std=c++14  scan-rtl-dump-times expand "\\\\(call [^\\\\n]*\\\\"acc_on_device" 1
XPASS: c-c++-common/goacc/acc_on_device-2.c  -std=c++98  scan-rtl-dump-times expand "\\\\(call [^\\\\n]*\\\\"acc_on_device" 0
XPASS: c-c++-common/goacc/acc_on_device-2.c  -std=c++11  scan-rtl-dump-times expand "\\\\(call [^\\\\n]*\\\\"acc_on_device" 0
XPASS: c-c++-common/goacc/acc_on_device-2.c  -std=c++14  scan-rtl-dump-times expand "\\\\(call [^\\\\n]*\\\\"acc_on_device" 0
WARNING: program timed out.
FAIL: g++.dg/tm/pr47573.C  -std=gnu++98 (test for excess errors)
FAIL: g++.dg/tm/pr47573.C  -std=gnu++11 (test for excess errors)
FAIL: g++.dg/tm/pr47573.C  -std=gnu++14 (test for excess errors)

		=== g++ Summary ===

# of expected passes		74794
# of unexpected failures	15
# of unexpected successes	3
# of expected failures		265
# of unsupported tests		3978
/test/gnu/gcc/objdir/gcc/testsuite/g++/../../xg++  version 5.0.0 20150203 (experimental) [trunk revision 220375] (GCC) 

		=== gcc tests ===


Running target unix
FAIL: gcc.dg/atomic/c11-atomic-exec-5.c   -O0  execution test
FAIL: gcc.dg/atomic/c11-atomic-exec-5.c   -O1  execution test
FAIL: gcc.dg/atomic/c11-atomic-exec-5.c   -O2  execution test
FAIL: gcc.dg/atomic/c11-atomic-exec-5.c   -O3 -fomit-frame-pointer  execution test
FAIL: gcc.dg/atomic/c11-atomic-exec-5.c   -O3 -fomit-frame-pointer -funroll-loops  execution test
FAIL: gcc.dg/atomic/c11-atomic-exec-5.c   -O3 -fomit-frame-pointer -funroll-all-loops -finline-functions  execution test
FAIL: gcc.dg/atomic/c11-atomic-exec-5.c   -O3 -g  execution test
FAIL: gcc.dg/atomic/c11-atomic-exec-5.c   -Os  execution test
FAIL: gcc.dg/pr64434.c scan-rtl-dump-times expand "Swap operands" 1
FAIL: c-c++-common/goacc/acc_on_device-2-off.c scan-rtl-dump-times expand "\\\\(call [^\\\\n]*\\\\"acc_on_device" 1
FAIL: gcc.dg/goacc/acc_on_device-1.c scan-rtl-dump-times expand "\\\\(call [^\\\\n]*\\\\"acc_on_device" 4
WARNING: program timed out.
FAIL: gcc.dg/tree-ssa/ivopts-lt-2.c scan-tree-dump-times ivopts "PHI <p_" 1
FAIL: gcc.dg/tree-ssa/ivopts-lt-2.c scan-tree-dump-times ivopts "p_[0-9]* <" 1

		=== gcc Summary ===

# of expected passes		69242
# of unexpected failures	13
# of expected failures		123
# of unsupported tests		1845
/test/gnu/gcc/objdir/gcc/xgcc  version 5.0.0 20150203 (experimental) [trunk revision 220375] (GCC) 

		=== gfortran tests ===


Running target unix
FAIL: gfortran.dg/quad_2.f90   -O0  execution test
FAIL: gfortran.dg/quad_2.f90   -O1  execution test
FAIL: gfortran.dg/quad_2.f90   -O2  execution test
FAIL: gfortran.dg/quad_2.f90   -O3 -fomit-frame-pointer  execution test
FAIL: gfortran.dg/quad_2.f90   -O3 -fomit-frame-pointer -funroll-loops  execution test
FAIL: gfortran.dg/quad_2.f90   -O3 -fomit-frame-pointer -funroll-all-loops -finline-functions  execution test
FAIL: gfortran.dg/quad_2.f90   -O3 -g  execution test
FAIL: gfortran.dg/quad_2.f90   -Os  execution test
FAIL: gfortran.dg/goacc/acc_on_device-1.f95   -O   scan-rtl-dump-times expand "\\\\(call [^\\\\n]*\\\\"acc_on_device" 4
FAIL: gfortran.dg/goacc/acc_on_device-2-off.f95   -O   scan-rtl-dump-times expand "\\\\(call [^\\\\n]*\\\\"acc_on_device" 1
XPASS: gfortran.dg/goacc/acc_on_device-2.f95   -O   scan-rtl-dump-times expand "\\\\(call [^\\\\n]*\\\\"acc_on_device" 0

		=== gfortran Summary ===

# of expected passes		46076
# of unexpected failures	10
# of unexpected successes	1
# of expected failures		72
# of unsupported tests		437
/test/gnu/gcc/objdir/gcc/testsuite/gfortran/../../gfortran  version 5.0.0 20150203 (experimental) [trunk revision 220375] (GCC) 

		=== gnat tests ===


Running target unix

		=== gnat Summary ===

# of expected passes		1288
# of expected failures		20
# of unsupported tests		21
/test/gnu/gcc/objdir/gcc/gnatmake version 5.0.0 20150203 (experimental) [trunk revision 220375]

		=== obj-c++ tests ===


Running target unix

		=== obj-c++ Summary ===

# of expected passes		1411
# of expected failures		2
# of unsupported tests		69
/test/gnu/gcc/objdir/gcc/testsuite/obj-c++/../../xg++  version 5.0.0 20150203 (experimental) [trunk revision 220375] (GCC) 

		=== objc tests ===


Running target unix

		=== objc Summary ===

# of expected passes		2934
# of unsupported tests		67
/test/gnu/gcc/objdir/gcc/xgcc  version 5.0.0 20150203 (experimental) [trunk revision 220375] (GCC) 

		=== boehm-gc tests ===


Running target unix

		=== boehm-gc Summary ===

# of expected passes		12
# of unsupported tests		1
		=== libatomic tests ===


Running target unix

		=== libatomic Summary ===

# of expected passes		44
# of unsupported tests		5
		=== libffi tests ===


Running target unix
FAIL: libffi.call/float2.c -W -Wall -Wno-psabi -O0 (test for excess errors)
FAIL: libffi.call/float2.c -W -Wall -Wno-psabi -O2 (test for excess errors)
FAIL: libffi.call/float2.c -W -Wall -Wno-psabi -O3 (test for excess errors)
FAIL: libffi.call/float2.c -W -Wall -Wno-psabi -Os (test for excess errors)
FAIL: libffi.call/float2.c -W -Wall -Wno-psabi -O2 -fomit-frame-pointer (test for excess errors)
ERROR: tcl error sourcing /test/gnu/gcc/gcc/libffi/testsuite/libffi.complex/complex.exp.
ERROR: list element in braces followed by ";" instead of space
ERROR: tcl error sourcing /test/gnu/gcc/gcc/libffi/testsuite/libffi.go/go.exp.
ERROR: list element in braces followed by ";" instead of space

		=== libffi Summary ===

# of expected passes		1909
# of unexpected failures	5
		=== libgomp tests ===


Running target unix
FAIL: libgomp.oacc-c/../libgomp.oacc-c-c++-common/reduction-4.c -DACC_DEVICE_TYPE_host=1 -DACC_MEM_SHARED=1 (test for excess errors)
UNRESOLVED: libgomp.oacc-c/../libgomp.oacc-c-c++-common/reduction-4.c -DACC_DEVICE_TYPE_host=1 -DACC_MEM_SHARED=1 compilation failed to produce executable
FAIL: libgomp.oacc-c++/../libgomp.oacc-c-c++-common/reduction-4.c -DACC_DEVICE_TYPE_host=1 -DACC_MEM_SHARED=1 (test for excess errors)
UNRESOLVED: libgomp.oacc-c++/../libgomp.oacc-c-c++-common/reduction-4.c -DACC_DEVICE_TYPE_host=1 -DACC_MEM_SHARED=1 compilation failed to produce executable

		=== libgomp Summary ===

# of expected passes		4560
# of unexpected failures	2
# of unresolved testcases	2
# of unsupported tests		238
		=== libjava tests ===


Running target unix
FAIL: LargeFile execution - source compiled test
FAIL: LargeFile -findirect-dispatch execution - source compiled test
FAIL: LargeFile -O3 execution - source compiled test
FAIL: LargeFile -O3 -findirect-dispatch execution - source compiled test
XPASS: sourcelocation output - source compiled test
XPASS: sourcelocation -findirect-dispatch output - source compiled test
XPASS: sourcelocation -O3 output - source compiled test
XPASS: sourcelocation -O3 -findirect-dispatch output - source compiled test

		=== libjava Summary ===

# of expected passes		2574
# of unexpected failures	4
# of unexpected successes	4
# of untested testcases		4
		=== libstdc++ tests ===


Running target unix
FAIL: 22_locale/conversions/string/2.cc execution test
FAIL: 23_containers/unordered_map/requirements/explicit_instantiation/2.cc (test for excess errors)
FAIL: 23_containers/unordered_map/requirements/explicit_instantiation/4.cc (test for excess errors)
FAIL: 23_containers/vector/ext_pointer/types/2.cc execution test

		=== libstdc++ Summary ===

# of expected passes		8613
# of unexpected failures	4
# of expected failures		65
# of unsupported tests		974

Compiler version: 5.0.0 20150203 (experimental) [trunk revision 220375] (GCC) 
Platform: hppa2.0w-hp-hpux11.11
configure flags:Test Run By dave on Wed Feb  4 13:52:39 EST 2015



More information about the Gcc-testresults mailing list