Results for 5.0.0 20150203 (experimental) (GCC) testsuite on arm-none-linux-gnueabi

CodeSourcery Automatic Testing System gcc@codesourcery.com
Wed Feb 4 21:31:00 GMT 2015


LAST_UPDATED: Tue Feb  3 08:09:41 UTC 2015 (/trunk revision 220364)

Target is arm-none-linux-gnueabi
Host   is i686-pc-linux-gnu

		=== g++ tests ===


Running target qemu-wheezy
FAIL: c-c++-common/asan/heap-overflow-1.c   -O1  output pattern test, is =================================================================
FAIL: c-c++-common/asan/sanity-check-pure-c-1.c   -O1  output pattern test, is =================================================================
FAIL: c-c++-common/asan/strncpy-overflow-1.c   -O1  output pattern test, is =================================================================
FAIL: c-c++-common/asan/use-after-free-1.c   -O1  output pattern test, is =================================================================
FAIL: c-c++-common/ubsan/object-size-1.c   -O2  output pattern test, is c-c++-common/ubsan/object-size-1.c:16:15: runtime error: load of address 0x018fbf24 with insufficient space for an object of type 'char'
FAIL: c-c++-common/ubsan/object-size-1.c   -O2 -flto -fno-use-linker-plugin -flto-partition=none  output pattern test, is c-c++-common/ubsan/object-size-1.c:16:15: runtime error: load of address 0x0055af24 with insufficient space for an object of type 'char'
FAIL: c-c++-common/ubsan/object-size-1.c   -O2 -flto -fuse-linker-plugin -fno-fat-lto-objects  output pattern test, is c-c++-common/ubsan/object-size-1.c:16:15: runtime error: load of address 0x012d3f24 with insufficient space for an object of type 'char'
FAIL: c-c++-common/ubsan/object-size-10.c   -O2  output pattern test, is c-c++-common/ubsan/object-size-10.c:19:19: runtime error: index 128 out of bounds for type 'char [128]'
FAIL: c-c++-common/ubsan/object-size-10.c   -O2 -flto -fno-use-linker-plugin -flto-partition=none  output pattern test, is c-c++-common/ubsan/object-size-10.c:19:19: runtime error: index 128 out of bounds for type 'char [128]'
FAIL: c-c++-common/ubsan/object-size-10.c   -O2 -flto -fuse-linker-plugin -fno-fat-lto-objects  output pattern test, is c-c++-common/ubsan/object-size-10.c:19:19: runtime error: index 128 out of bounds for type 'char [128]'
FAIL: c-c++-common/ubsan/object-size-4.c   -O2  output pattern test, is c-c++-common/ubsan/object-size-4.c:16:13: runtime error: load of address 0x01653f18 with insufficient space for an object of type 'int'
FAIL: c-c++-common/ubsan/object-size-4.c   -O2 -flto -fno-use-linker-plugin -flto-partition=none  output pattern test, is c-c++-common/ubsan/object-size-4.c:16:13: runtime error: load of address 0x0170ef18 with insufficient space for an object of type 'int'
FAIL: c-c++-common/ubsan/object-size-4.c   -O2 -flto -fuse-linker-plugin -fno-fat-lto-objects  output pattern test, is c-c++-common/ubsan/object-size-4.c:16:13: runtime error: load of address 0x00566f18 with insufficient space for an object of type 'int'
FAIL: c-c++-common/ubsan/object-size-5.c   -O2  output pattern test, is c-c++-common/ubsan/object-size-5.c:18:12: runtime error: load of address 0x00805f24 with insufficient space for an object of type 'char'
FAIL: c-c++-common/ubsan/object-size-5.c   -O2 -flto -fno-use-linker-plugin -flto-partition=none  output pattern test, is c-c++-common/ubsan/object-size-5.c:18:12: runtime error: load of address 0x00725f24 with insufficient space for an object of type 'char'
FAIL: c-c++-common/ubsan/object-size-5.c   -O2 -flto -fuse-linker-plugin -fno-fat-lto-objects  output pattern test, is c-c++-common/ubsan/object-size-5.c:18:12: runtime error: load of address 0x006a5f24 with insufficient space for an object of type 'char'
FAIL: c-c++-common/ubsan/object-size-7.c   -O2  output pattern test, is c-c++-common/ubsan/object-size-7.c:15:11: runtime error: load of address 0xbe93ba08 with insufficient space for an object of type 'const struct S'
FAIL: c-c++-common/ubsan/object-size-7.c   -O2 -flto -fno-use-linker-plugin -flto-partition=none  output pattern test, is c-c++-common/ubsan/object-size-7.c:15:11: runtime error: load of address 0xbe9fda08 with insufficient space for an object of type 'const struct S'
FAIL: c-c++-common/ubsan/object-size-7.c   -O2 -flto -fuse-linker-plugin -fno-fat-lto-objects  output pattern test, is c-c++-common/ubsan/object-size-7.c:15:11: runtime error: load of address 0xbec7aa08 with insufficient space for an object of type 'const struct S'
FAIL: c-c++-common/ubsan/object-size-8.c   -O2  output pattern test, is c-c++-common/ubsan/object-size-8.c:12:13: runtime error: load of address 0x01a7ef14 with insufficient space for an object of type 'int'
FAIL: c-c++-common/ubsan/object-size-8.c   -O2 -flto -fno-use-linker-plugin -flto-partition=none  output pattern test, is c-c++-common/ubsan/object-size-8.c:12:13: runtime error: load of address 0x009c9f14 with insufficient space for an object of type 'int'
FAIL: c-c++-common/ubsan/object-size-8.c   -O2 -flto -fuse-linker-plugin -fno-fat-lto-objects  output pattern test, is c-c++-common/ubsan/object-size-8.c:12:13: runtime error: load of address 0x018cff14 with insufficient space for an object of type 'int'
FAIL: c-c++-common/ubsan/object-size-9.c   -O2  output pattern test, is c-c++-common/ubsan/object-size-9.c:21:11: runtime error: load of address 0xbed849f8 with insufficient space for an object of type 'char'
FAIL: c-c++-common/ubsan/object-size-9.c   -O2 -flto -fno-use-linker-plugin -flto-partition=none  output pattern test, is c-c++-common/ubsan/object-size-9.c:21:11: runtime error: load of address 0xbec8e9f8 with insufficient space for an object of type 'char'
FAIL: c-c++-common/ubsan/object-size-9.c   -O2 -flto -fuse-linker-plugin -fno-fat-lto-objects  output pattern test, is c-c++-common/ubsan/object-size-9.c:21:11: runtime error: load of address 0xbec859f8 with insufficient space for an object of type 'char'
FAIL: g++.dg/ubsan/null-1.C   -O0  output pattern test, is g++.dg/ubsan/null-1.C:12:13: runtime error: reference binding to null pointer of type 'int'
FAIL: g++.dg/ubsan/null-1.C   -O1  output pattern test, is g++.dg/ubsan/null-1.C:12:13: runtime error: reference binding to null pointer of type 'int'
FAIL: g++.dg/ubsan/null-1.C   -O2  output pattern test, is g++.dg/ubsan/null-1.C:12:13: runtime error: reference binding to null pointer of type 'int'
FAIL: g++.dg/ubsan/null-1.C   -O3 -fomit-frame-pointer  output pattern test, is g++.dg/ubsan/null-1.C:12:13: runtime error: reference binding to null pointer of type 'int'
FAIL: g++.dg/ubsan/null-1.C   -O3 -g  output pattern test, is g++.dg/ubsan/null-1.C:12:13: runtime error: reference binding to null pointer of type 'int'
FAIL: g++.dg/ubsan/null-1.C   -Os  output pattern test, is g++.dg/ubsan/null-1.C:12:13: runtime error: reference binding to null pointer of type 'int'
FAIL: g++.dg/ubsan/null-1.C   -O2 -flto -fno-use-linker-plugin -flto-partition=none  output pattern test, is g++.dg/ubsan/null-1.C:12:13: runtime error: reference binding to null pointer of type 'int'
FAIL: g++.dg/ubsan/null-1.C   -O2 -flto -fuse-linker-plugin -fno-fat-lto-objects  output pattern test, is g++.dg/ubsan/null-1.C:12:13: runtime error: reference binding to null pointer of type 'int'
FAIL: g++.dg/ubsan/null-3.C   -O0  output pattern test, is g++.dg/ubsan/null-3.C:9:14: runtime error: reference binding to null pointer of type 'int'
FAIL: g++.dg/ubsan/null-3.C   -O1  output pattern test, is g++.dg/ubsan/null-3.C:9:14: runtime error: reference binding to null pointer of type 'int'
FAIL: g++.dg/ubsan/null-3.C   -O2  output pattern test, is g++.dg/ubsan/null-3.C:9:14: runtime error: reference binding to null pointer of type 'int'
FAIL: g++.dg/ubsan/null-3.C   -O3 -fomit-frame-pointer  output pattern test, is g++.dg/ubsan/null-3.C:9:14: runtime error: reference binding to null pointer of type 'int'
FAIL: g++.dg/ubsan/null-3.C   -O3 -g  output pattern test, is g++.dg/ubsan/null-3.C:9:14: runtime error: reference binding to null pointer of type 'int'
FAIL: g++.dg/ubsan/null-3.C   -Os  output pattern test, is g++.dg/ubsan/null-3.C:9:14: runtime error: reference binding to null pointer of type 'int'
FAIL: g++.dg/ubsan/null-3.C   -O2 -flto -fno-use-linker-plugin -flto-partition=none  output pattern test, is g++.dg/ubsan/null-3.C:9:14: runtime error: reference binding to null pointer of type 'int'
FAIL: g++.dg/ubsan/null-3.C   -O2 -flto -fuse-linker-plugin -fno-fat-lto-objects  output pattern test, is g++.dg/ubsan/null-3.C:9:14: runtime error: reference binding to null pointer of type 'int'
FAIL: g++.dg/ubsan/null-4.C   -O0  output pattern test, is g++.dg/ubsan/null-4.C:11:14: runtime error: reference binding to null pointer of type 'int'
FAIL: g++.dg/ubsan/null-4.C   -O1  output pattern test, is g++.dg/ubsan/null-4.C:11:14: runtime error: reference binding to null pointer of type 'int'
FAIL: g++.dg/ubsan/null-4.C   -O2  output pattern test, is g++.dg/ubsan/null-4.C:11:14: runtime error: reference binding to null pointer of type 'int'
FAIL: g++.dg/ubsan/null-4.C   -O3 -fomit-frame-pointer  output pattern test, is g++.dg/ubsan/null-4.C:11:14: runtime error: reference binding to null pointer of type 'int'
FAIL: g++.dg/ubsan/null-4.C   -O3 -g  output pattern test, is g++.dg/ubsan/null-4.C:11:14: runtime error: reference binding to null pointer of type 'int'
FAIL: g++.dg/ubsan/null-4.C   -Os  output pattern test, is g++.dg/ubsan/null-4.C:11:14: runtime error: reference binding to null pointer of type 'int'
FAIL: g++.dg/ubsan/null-4.C   -O2 -flto -fno-use-linker-plugin -flto-partition=none  output pattern test, is g++.dg/ubsan/null-4.C:11:14: runtime error: reference binding to null pointer of type 'int'
FAIL: g++.dg/ubsan/vptr-1.C   -O0  output pattern test, is g++.dg/ubsan/vptr-1.C:75:17: runtime error: member access within address 0x019f8f10 which does not point to an object of type 'T'
FAIL: g++.dg/ubsan/vptr-1.C   -O1  output pattern test, is g++.dg/ubsan/vptr-1.C:75:17: runtime error: member access within address 0x00774f10 which does not point to an object of type 'T'
FAIL: g++.dg/ubsan/vptr-1.C   -O2  output pattern test, is g++.dg/ubsan/vptr-1.C:75:17: runtime error: member access within address 0x01facf10 which does not point to an object of type 'T'
FAIL: g++.dg/ubsan/vptr-1.C   -O3 -fomit-frame-pointer  output pattern test, is g++.dg/ubsan/vptr-1.C:75:17: runtime error: member access within address 0x010faf10 which does not point to an object of type 'T'
FAIL: g++.dg/ubsan/vptr-1.C   -O3 -fomit-frame-pointer -funroll-loops  output pattern test, is g++.dg/ubsan/vptr-1.C:75:17: runtime error: member access within address 0x005ccf10 which does not point to an object of type 'T'
FAIL: g++.dg/ubsan/vptr-1.C   -O3 -fomit-frame-pointer -funroll-all-loops -finline-functions  output pattern test, is g++.dg/ubsan/vptr-1.C:75:17: runtime error: member access within address 0x018d4f10 which does not point to an object of type 'T'
FAIL: g++.dg/ubsan/vptr-1.C   -O3 -g  output pattern test, is g++.dg/ubsan/vptr-1.C:75:17: runtime error: member access within address 0x01709f10 which does not point to an object of type 'T'
FAIL: g++.dg/ubsan/vptr-1.C   -Os  output pattern test, is g++.dg/ubsan/vptr-1.C:75:17: runtime error: member access within address 0x01f14f10 which does not point to an object of type 'T'
FAIL: g++.dg/ubsan/vptr-1.C   -O2 -flto -fno-use-linker-plugin -flto-partition=none  output pattern test, is g++.dg/ubsan/vptr-1.C:75:17: runtime error: member access within address 0x003eff10 which does not point to an object of type 'T'
FAIL: g++.dg/ubsan/vptr-1.C   -O2 -flto -fuse-linker-plugin -fno-fat-lto-objects  output pattern test, is g++.dg/ubsan/vptr-1.C:75:17: runtime error: member access within address 0x001cef10 which does not point to an object of type 'T'
FAIL: g++.dg/ubsan/vptr-2.C   -O0  output pattern test, is g++.dg/ubsan/vptr-2.C:75:17: runtime error: member access within address 0x014aef10 which does not point to an object of type 'T'
FAIL: g++.dg/ubsan/vptr-2.C   -O1  output pattern test, is g++.dg/ubsan/vptr-2.C:75:17: runtime error: member access within address 0x002c9f10 which does not point to an object of type 'T'
FAIL: g++.dg/ubsan/vptr-2.C   -O2  output pattern test, is g++.dg/ubsan/vptr-2.C:75:17: runtime error: member access within address 0x00838f10 which does not point to an object of type 'T'
FAIL: g++.dg/ubsan/vptr-2.C   -O3 -fomit-frame-pointer  output pattern test, is g++.dg/ubsan/vptr-2.C:75:17: runtime error: member access within address 0x01ed9f10 which does not point to an object of type 'T'
FAIL: g++.dg/ubsan/vptr-2.C   -O3 -fomit-frame-pointer -funroll-loops  output pattern test, is g++.dg/ubsan/vptr-2.C:75:17: runtime error: member access within address 0x00081f10 which does not point to an object of type 'T'
FAIL: g++.dg/ubsan/vptr-2.C   -O3 -fomit-frame-pointer -funroll-all-loops -finline-functions  output pattern test, is g++.dg/ubsan/vptr-2.C:75:17: runtime error: member access within address 0x01a18f10 which does not point to an object of type 'T'
FAIL: g++.dg/ubsan/vptr-2.C   -O3 -g  output pattern test, is g++.dg/ubsan/vptr-2.C:75:17: runtime error: member access within address 0x00961f10 which does not point to an object of type 'T'
FAIL: g++.dg/ubsan/vptr-2.C   -Os  output pattern test, is g++.dg/ubsan/vptr-2.C:75:17: runtime error: member access within address 0x01fc3f10 which does not point to an object of type 'T'
FAIL: g++.dg/ubsan/vptr-2.C   -O2 -flto -fno-use-linker-plugin -flto-partition=none  output pattern test, is g++.dg/ubsan/vptr-2.C:75:17: runtime error: member access within address 0x007caf10 which does not point to an object of type 'T'
FAIL: g++.dg/ubsan/vptr-2.C   -O2 -flto -fuse-linker-plugin -fno-fat-lto-objects  output pattern test, is g++.dg/ubsan/vptr-2.C:75:17: runtime error: member access within address 0x012f3f10 which does not point to an object of type 'T'
FAIL: g++.dg/ubsan/vptr-3.C   -O0  output pattern test, is g++.dg/ubsan/vptr-3.C:75:17: runtime error: member access within address 0x00b03f10 which does not point to an object of type 'T'
FAIL: g++.dg/ubsan/vptr-3.C   -O1  output pattern test, is g++.dg/ubsan/vptr-3.C:75:17: runtime error: member access within address 0x01bedf10 which does not point to an object of type 'T'
FAIL: g++.dg/ubsan/vptr-3.C   -O2  output pattern test, is g++.dg/ubsan/vptr-3.C:75:17: runtime error: member access within address 0x0078ff10 which does not point to an object of type 'T'
FAIL: g++.dg/ubsan/vptr-3.C   -O3 -fomit-frame-pointer  output pattern test, is g++.dg/ubsan/vptr-3.C:75:17: runtime error: member access within address 0x01366f10 which does not point to an object of type 'T'
FAIL: g++.dg/ubsan/vptr-3.C   -O3 -fomit-frame-pointer -funroll-loops  output pattern test, is g++.dg/ubsan/vptr-3.C:75:17: runtime error: member access within address 0x01fe3f10 which does not point to an object of type 'T'
FAIL: g++.dg/ubsan/vptr-3.C   -O3 -fomit-frame-pointer -funroll-all-loops -finline-functions  output pattern test, is g++.dg/ubsan/vptr-3.C:75:17: runtime error: member access within address 0x01211f10 which does not point to an object of type 'T'
FAIL: g++.dg/ubsan/vptr-3.C   -O3 -g  output pattern test, is g++.dg/ubsan/vptr-3.C:75:17: runtime error: member access within address 0x013a6f10 which does not point to an object of type 'T'
FAIL: g++.dg/ubsan/vptr-3.C   -Os  output pattern test, is g++.dg/ubsan/vptr-3.C:75:17: runtime error: member access within address 0x00c6bf10 which does not point to an object of type 'T'
FAIL: g++.dg/ubsan/vptr-3.C   -O2 -flto -fno-use-linker-plugin -flto-partition=none  output pattern test, is g++.dg/ubsan/vptr-3.C:75:17: runtime error: member access within address 0x012b2f10 which does not point to an object of type 'T'
FAIL: g++.dg/ubsan/vptr-3.C   -O2 -flto -fuse-linker-plugin -fno-fat-lto-objects  output pattern test, is g++.dg/ubsan/vptr-3.C:75:17: runtime error: member access within address 0x019b1f10 which does not point to an object of type 'T'
FAIL: g++.dg/ubsan/vptr-8.C   -O0  output pattern test, is g++.dg/ubsan/vptr-8.C:24:13: runtime error: cast to virtual base of address 0xbe924a10 which does not point to an object of type 'V'
FAIL: g++.dg/ubsan/vptr-8.C   -O1  output pattern test, is g++.dg/ubsan/vptr-8.C:24:13: runtime error: cast to virtual base of address 0xbeea3a18 which does not point to an object of type 'V'
FAIL: g++.dg/ubsan/vptr-8.C   -O2  output pattern test, is g++.dg/ubsan/vptr-8.C:24:13: runtime error: cast to virtual base of address 0xbef54a10 which does not point to an object of type 'V'
FAIL: g++.dg/ubsan/vptr-8.C   -O3 -fomit-frame-pointer  output pattern test, is g++.dg/ubsan/vptr-8.C:24:13: runtime error: cast to virtual base of address 0xbe957a10 which does not point to an object of type 'V'
FAIL: g++.dg/ubsan/vptr-8.C   -O3 -fomit-frame-pointer -funroll-loops  output pattern test, is g++.dg/ubsan/vptr-8.C:24:13: runtime error: cast to virtual base of address 0xbe841a10 which does not point to an object of type 'V'
FAIL: g++.dg/ubsan/vptr-8.C   -O3 -fomit-frame-pointer -funroll-all-loops -finline-functions  output pattern test, is g++.dg/ubsan/vptr-8.C:24:13: runtime error: cast to virtual base of address 0xbefdfa10 which does not point to an object of type 'V'
FAIL: g++.dg/ubsan/vptr-8.C   -O3 -g  output pattern test, is g++.dg/ubsan/vptr-8.C:24:13: runtime error: cast to virtual base of address 0xbe8bea10 which does not point to an object of type 'V'
FAIL: g++.dg/ubsan/vptr-8.C   -Os  output pattern test, is g++.dg/ubsan/vptr-8.C:24:13: runtime error: cast to virtual base of address 0xbea92a18 which does not point to an object of type 'V'
FAIL: g++.dg/ubsan/vptr-8.C   -O2 -flto -fno-use-linker-plugin -flto-partition=none  output pattern test, is g++.dg/ubsan/vptr-8.C:24:13: runtime error: cast to virtual base of address 0xbefe6a10 which does not point to an object of type 'V'
FAIL: g++.dg/ubsan/vptr-8.C   -O2 -flto -fuse-linker-plugin -fno-fat-lto-objects  output pattern test, is g++.dg/ubsan/vptr-8.C:24:13: runtime error: cast to virtual base of address 0xbe918a10 which does not point to an object of type 'V'
FAIL: g++.dg/ubsan/vptr-9.C   -O0  output pattern test, is g++.dg/ubsan/vptr-9.C:14:10: runtime error: cast to virtual base of address 0xbee27a04 which does not point to an object of type 'T'
FAIL: g++.dg/ubsan/vptr-9.C   -O1  output pattern test, is g++.dg/ubsan/vptr-9.C:14:10: runtime error: cast to virtual base of address 0xbede2a1c which does not point to an object of type 'T'
FAIL: g++.dg/ubsan/vptr-9.C   -O2  output pattern test, is g++.dg/ubsan/vptr-9.C:14:10: runtime error: cast to virtual base of address 0xbeb97a14 which does not point to an object of type 'T'
FAIL: g++.dg/ubsan/vptr-9.C   -O3 -fomit-frame-pointer  output pattern test, is g++.dg/ubsan/vptr-9.C:14:10: runtime error: cast to virtual base of address 0xbed77a14 which does not point to an object of type 'T'
FAIL: g++.dg/ubsan/vptr-9.C   -O3 -fomit-frame-pointer -funroll-loops  output pattern test, is g++.dg/ubsan/vptr-9.C:14:10: runtime error: cast to virtual base of address 0xbee11a14 which does not point to an object of type 'T'
FAIL: g++.dg/ubsan/vptr-9.C   -O3 -fomit-frame-pointer -funroll-all-loops -finline-functions  output pattern test, is g++.dg/ubsan/vptr-9.C:14:10: runtime error: cast to virtual base of address 0xbe88ba14 which does not point to an object of type 'T'
FAIL: g++.dg/ubsan/vptr-9.C   -O3 -g  output pattern test, is g++.dg/ubsan/vptr-9.C:14:10: runtime error: cast to virtual base of address 0xbe9a2a14 which does not point to an object of type 'T'
FAIL: g++.dg/ubsan/vptr-9.C   -Os  output pattern test, is g++.dg/ubsan/vptr-9.C:14:10: runtime error: cast to virtual base of address 0xbeeb0a14 which does not point to an object of type 'T'
FAIL: g++.dg/ubsan/vptr-9.C   -O2 -flto -fno-use-linker-plugin -flto-partition=none  output pattern test, is g++.dg/ubsan/vptr-9.C:14:10: runtime error: cast to virtual base of address 0xbecfea2c which does not point to an object of type 'T'
FAIL: g++.dg/ubsan/vptr-9.C   -O2 -flto -fuse-linker-plugin -fno-fat-lto-objects  output pattern test, is g++.dg/ubsan/vptr-9.C:14:10: runtime error: cast to virtual base of address 0xbe9e9a2c which does not point to an object of type 'T'

		=== g++ Summary ===

# of expected passes		84704
# of unexpected failures	98
# of expected failures		322
# of unsupported tests		3938
/scratch/gcc/nightly-2015-02-03-mainline/arm-none-linux-gnueabi/obj/test-mainline-0-arm-none-linux-gnueabi/host-i686-pc-linux-gnu/fsf-mainline/bin/arm-none-linux-gnueabi-g++  version 5.0.0 20150203 (experimental) (GCC) 


		=== Summary adjusted for local xfails ===

# of unexpected failures        98
# of expected passes            84704
# of expected failures          322
# of unsupported tests          3938
Host   is i686-pc-linux-gnu

		=== gcc tests ===


Running target qemu-wheezy
FAIL: c-c++-common/asan/heap-overflow-1.c   -O1  output pattern test, is =================================================================
FAIL: c-c++-common/asan/sanity-check-pure-c-1.c   -O1  output pattern test, is =================================================================
FAIL: c-c++-common/asan/strncpy-overflow-1.c   -O1  output pattern test, is =================================================================
FAIL: c-c++-common/asan/use-after-free-1.c   -O1  output pattern test, is =================================================================
FAIL: gcc.dg/uninit-13.c unconditional (test for warnings, line 9)
FAIL: gcc.dg/uninit-13.c (test for excess errors)
FAIL: gcc.dg/uninit-17.c unconditional (test for warnings, line 14)
FAIL: gcc.dg/uninit-17.c (test for excess errors)
FAIL: gcc.dg/tree-ssa/sra-12.c scan-tree-dump-times release_ssa "l;" 0
FAIL: gcc.dg/tree-ssa/ssa-dom-cse-2.c scan-tree-dump optimized "return 28;"
FAIL: c-c++-common/ubsan/object-size-1.c   -O2  output pattern test, is c-c++-common/ubsan/object-size-1.c:16:7: runtime error: load of address 0x0161df24 with insufficient space for an object of type 'char'
FAIL: c-c++-common/ubsan/object-size-1.c   -O2 -flto -fno-use-linker-plugin -flto-partition=none  output pattern test, is c-c++-common/ubsan/object-size-1.c:16:7: runtime error: load of address 0x004adf24 with insufficient space for an object of type 'char'
FAIL: c-c++-common/ubsan/object-size-1.c   -O2 -flto -fuse-linker-plugin -fno-fat-lto-objects  output pattern test, is c-c++-common/ubsan/object-size-1.c:16:7: runtime error: load of address 0x001caf24 with insufficient space for an object of type 'char'
FAIL: c-c++-common/ubsan/object-size-10.c   -O2  output pattern test, is c-c++-common/ubsan/object-size-10.c:19:11: runtime error: index 128 out of bounds for type 'char [128]'
FAIL: c-c++-common/ubsan/object-size-10.c   -O2 -flto -fno-use-linker-plugin -flto-partition=none  output pattern test, is c-c++-common/ubsan/object-size-10.c:19:11: runtime error: index 128 out of bounds for type 'char [128]'
FAIL: c-c++-common/ubsan/object-size-10.c   -O2 -flto -fuse-linker-plugin -fno-fat-lto-objects  output pattern test, is c-c++-common/ubsan/object-size-10.c:19:11: runtime error: index 128 out of bounds for type 'char [128]'
FAIL: c-c++-common/ubsan/object-size-4.c   -O2  output pattern test, is c-c++-common/ubsan/object-size-4.c:16:11: runtime error: load of address 0x0189af18 with insufficient space for an object of type 'int'
FAIL: c-c++-common/ubsan/object-size-4.c   -O2 -flto -fno-use-linker-plugin -flto-partition=none  output pattern test, is c-c++-common/ubsan/object-size-4.c:16:11: runtime error: load of address 0x008b2f18 with insufficient space for an object of type 'int'
FAIL: c-c++-common/ubsan/object-size-4.c   -O2 -flto -fuse-linker-plugin -fno-fat-lto-objects  output pattern test, is c-c++-common/ubsan/object-size-4.c:16:11: runtime error: load of address 0x00721f18 with insufficient space for an object of type 'int'
FAIL: c-c++-common/ubsan/object-size-5.c   -O2  output pattern test, is c-c++-common/ubsan/object-size-5.c:18:10: runtime error: load of address 0x0151cf24 with insufficient space for an object of type 'char'
FAIL: c-c++-common/ubsan/object-size-5.c   -O2 -flto -fno-use-linker-plugin -flto-partition=none  output pattern test, is c-c++-common/ubsan/object-size-5.c:18:10: runtime error: load of address 0x01130f24 with insufficient space for an object of type 'char'
FAIL: c-c++-common/ubsan/object-size-5.c   -O2 -flto -fuse-linker-plugin -fno-fat-lto-objects  output pattern test, is c-c++-common/ubsan/object-size-5.c:18:10: runtime error: load of address 0x014d3f24 with insufficient space for an object of type 'char'
FAIL: c-c++-common/ubsan/object-size-7.c   -O2  output pattern test, is c-c++-common/ubsan/object-size-7.c:15:5: runtime error: load of address 0xbea54a08 with insufficient space for an object of type 'struct S'
FAIL: c-c++-common/ubsan/object-size-7.c   -O2 -flto -fno-use-linker-plugin -flto-partition=none  output pattern test, is c-c++-common/ubsan/object-size-7.c:15:5: runtime error: load of address 0xbe959a08 with insufficient space for an object of type 'struct S'
FAIL: c-c++-common/ubsan/object-size-7.c   -O2 -flto -fuse-linker-plugin -fno-fat-lto-objects  output pattern test, is c-c++-common/ubsan/object-size-7.c:15:5: runtime error: load of address 0xbea82a08 with insufficient space for an object of type 'struct S'
FAIL: c-c++-common/ubsan/object-size-8.c   -O2  output pattern test, is c-c++-common/ubsan/object-size-8.c:12:10: runtime error: load of address 0x00d30f14 with insufficient space for an object of type 'int'
FAIL: c-c++-common/ubsan/object-size-8.c   -O2 -flto -fno-use-linker-plugin -flto-partition=none  output pattern test, is c-c++-common/ubsan/object-size-8.c:12:10: runtime error: load of address 0x018def14 with insufficient space for an object of type 'int'
FAIL: c-c++-common/ubsan/object-size-8.c   -O2 -flto -fuse-linker-plugin -fno-fat-lto-objects  output pattern test, is c-c++-common/ubsan/object-size-8.c:12:10: runtime error: load of address 0x017def14 with insufficient space for an object of type 'int'
FAIL: c-c++-common/ubsan/object-size-9.c   -O2  output pattern test, is c-c++-common/ubsan/object-size-9.c:21:10: runtime error: load of address 0xbed24a08 with insufficient space for an object of type 'char'
FAIL: c-c++-common/ubsan/object-size-9.c   -O2 -flto -fno-use-linker-plugin -flto-partition=none  output pattern test, is c-c++-common/ubsan/object-size-9.c:21:10: runtime error: load of address 0xbef99a08 with insufficient space for an object of type 'char'
FAIL: c-c++-common/ubsan/object-size-9.c   -O2 -flto -fuse-linker-plugin -fno-fat-lto-objects  output pattern test, is c-c++-common/ubsan/object-size-9.c:21:10: runtime error: load of address 0xbee40a08 with insufficient space for an object of type 'char'
FAIL: gcc.dg/ubsan/object-size-9.c   -O2  output pattern test, is gcc.dg/ubsan/object-size-9.c:11:13: runtime error: load of address 0x00020a4a with insufficient space for an object of type 'char'
FAIL: gcc.dg/ubsan/object-size-9.c   -O2 -flto -fno-use-linker-plugin -flto-partition=none  output pattern test, is gcc.dg/ubsan/object-size-9.c:11:13: runtime error: load of address 0x00020a4a with insufficient space for an object of type 'char'
FAIL: gcc.dg/ubsan/object-size-9.c   -O2 -flto -fuse-linker-plugin -fno-fat-lto-objects  output pattern test, is gcc.dg/ubsan/object-size-9.c:11:13: runtime error: load of address 0x00020a0a with insufficient space for an object of type 'char'
FAIL: gcc.target/arm/neon-vfma-1.c scan-assembler vfma\\\\.f32[\\t]+[dDqQ]
FAIL: gcc.target/arm/neon-vfms-1.c scan-assembler vfms\\\\.f32[\\t]+[dDqQ]
FAIL: gcc.target/arm/pr42172-1.c scan-assembler-times ldr 1
FAIL: gcc.target/arm/pr42575.c scan-assembler-not mov
FAIL: gcc.target/arm/pr45701-1.c scan-assembler push\\t{r3
FAIL: gcc.target/arm/pr45701-2.c scan-assembler push\\t{r3
FAIL: gcc.target/arm/thumb-bitfld1.c (test for excess errors)
FAIL: gcc.target/arm/thumb-ltu.c (test for excess errors)
FAIL: gcc.target/arm/thumb-ltu.c scan-assembler-not uxtb
FAIL: gcc.target/arm/simd/vextQp64_1.c execution test
FAIL: gcc.target/arm/simd/vextp64_1.c execution test

		=== gcc Summary ===

# of expected passes		91354
# of unexpected failures	45
# of expected failures		157
# of unsupported tests		4065
/scratch/gcc/nightly-2015-02-03-mainline/arm-none-linux-gnueabi/obj/test-mainline-0-arm-none-linux-gnueabi/host-i686-pc-linux-gnu/fsf-mainline/bin/arm-none-linux-gnueabi-gcc  version 5.0.0 20150203 (experimental) (GCC) 


		=== Summary adjusted for local xfails ===

# of unexpected failures        45
# of expected passes            91354
# of expected failures          157
# of unsupported tests          4065
Host   is i686-pc-linux-gnu

		=== gfortran tests ===


Running target qemu-wheezy
FAIL: gfortran.dg/ieee/ieee_1.F90   -O0  execution test
FAIL: gfortran.dg/ieee/ieee_1.F90   -O1  execution test
FAIL: gfortran.dg/ieee/ieee_1.F90   -O2  execution test
FAIL: gfortran.dg/ieee/ieee_1.F90   -O3 -fomit-frame-pointer  execution test
FAIL: gfortran.dg/ieee/ieee_1.F90   -O3 -fomit-frame-pointer -funroll-loops  execution test
FAIL: gfortran.dg/ieee/ieee_1.F90   -O3 -fomit-frame-pointer -funroll-all-loops -finline-functions  execution test
FAIL: gfortran.dg/ieee/ieee_1.F90   -O3 -g  execution test
FAIL: gfortran.dg/ieee/ieee_1.F90   -Os  execution test
FAIL: gfortran.dg/ieee/ieee_2.f90   -O0  execution test
FAIL: gfortran.dg/ieee/ieee_2.f90   -O1  execution test
FAIL: gfortran.dg/ieee/ieee_2.f90   -O2  execution test
FAIL: gfortran.dg/ieee/ieee_2.f90   -O3 -fomit-frame-pointer  execution test
FAIL: gfortran.dg/ieee/ieee_2.f90   -O3 -fomit-frame-pointer -funroll-loops  execution test
FAIL: gfortran.dg/ieee/ieee_2.f90   -O3 -fomit-frame-pointer -funroll-all-loops -finline-functions  execution test
FAIL: gfortran.dg/ieee/ieee_2.f90   -O3 -g  execution test
FAIL: gfortran.dg/ieee/ieee_2.f90   -Os  execution test
FAIL: gfortran.dg/ieee/ieee_6.f90   -O0  execution test
FAIL: gfortran.dg/ieee/ieee_6.f90   -O1  execution test
FAIL: gfortran.dg/ieee/ieee_6.f90   -O2  execution test
FAIL: gfortran.dg/ieee/ieee_6.f90   -O3 -fomit-frame-pointer  execution test
FAIL: gfortran.dg/ieee/ieee_6.f90   -O3 -fomit-frame-pointer -funroll-loops  execution test
FAIL: gfortran.dg/ieee/ieee_6.f90   -O3 -fomit-frame-pointer -funroll-all-loops -finline-functions  execution test
FAIL: gfortran.dg/ieee/ieee_6.f90   -O3 -g  execution test
FAIL: gfortran.dg/ieee/ieee_6.f90   -Os  execution test
FAIL: gfortran.dg/ieee/rounding_1.f90   -O0  execution test
FAIL: gfortran.dg/ieee/rounding_1.f90   -O1  execution test
FAIL: gfortran.dg/ieee/rounding_1.f90   -O2  execution test
FAIL: gfortran.dg/ieee/rounding_1.f90   -O3 -fomit-frame-pointer  execution test
FAIL: gfortran.dg/ieee/rounding_1.f90   -O3 -fomit-frame-pointer -funroll-loops  execution test
FAIL: gfortran.dg/ieee/rounding_1.f90   -O3 -fomit-frame-pointer -funroll-all-loops -finline-functions  execution test
FAIL: gfortran.dg/ieee/rounding_1.f90   -O3 -g  execution test
FAIL: gfortran.dg/ieee/rounding_1.f90   -Os  execution test

		=== gfortran Summary ===

# of expected passes		46689
# of unexpected failures	32
# of expected failures		78
# of unsupported tests		410
/scratch/gcc/nightly-2015-02-03-mainline/arm-none-linux-gnueabi/obj/test-mainline-0-arm-none-linux-gnueabi/host-i686-pc-linux-gnu/fsf-mainline/bin/arm-none-linux-gnueabi-gfortran  version 5.0.0 20150203 (experimental) (GCC) 


		=== Summary adjusted for local xfails ===

# of unexpected failures        32
# of expected passes            46689
# of expected failures          78
# of unsupported tests          410
Host   is i686-pc-linux-gnu

		=== libatomic tests ===


Running target qemu-wheezy

		=== libatomic Summary ===

# of expected passes		44
# of unsupported tests		5

		=== Summary adjusted for local xfails ===

# of expected passes            44
# of unsupported tests          5
Host   is i686-pc-linux-gnu

		=== libgomp tests ===


Running target qemu-wheezy
WARNING: program timed out.
FAIL: libgomp.fortran/strassen.f90   -O  execution test
FAIL: libgomp.graphite/force-parallel-7.c execution test
FAIL: libgomp.oacc-c/../libgomp.oacc-c-c++-common/acc_on_device-1.c -DACC_DEVICE_TYPE_host_nonshm=1 -DACC_MEM_SHARED=0 execution test
FAIL: libgomp.oacc-c/../libgomp.oacc-c-c++-common/clauses-1.c -DACC_DEVICE_TYPE_host_nonshm=1 -DACC_MEM_SHARED=0 execution test
FAIL: libgomp.oacc-c/../libgomp.oacc-c-c++-common/data-1.c -DACC_DEVICE_TYPE_host_nonshm=1 -DACC_MEM_SHARED=0 execution test
FAIL: libgomp.oacc-c/../libgomp.oacc-c-c++-common/data-already-1.c -DACC_DEVICE_TYPE_host_nonshm=1 -DACC_MEM_SHARED=0 execution test
FAIL: libgomp.oacc-c/../libgomp.oacc-c-c++-common/data-already-2.c -DACC_DEVICE_TYPE_host_nonshm=1 -DACC_MEM_SHARED=0 execution test
FAIL: libgomp.oacc-c/../libgomp.oacc-c-c++-common/data-already-3.c -DACC_DEVICE_TYPE_host_nonshm=1 -DACC_MEM_SHARED=0 execution test
FAIL: libgomp.oacc-c/../libgomp.oacc-c-c++-common/data-already-5.c -DACC_DEVICE_TYPE_host_nonshm=1 -DACC_MEM_SHARED=0 execution test
FAIL: libgomp.oacc-c/../libgomp.oacc-c-c++-common/data-already-6.c -DACC_DEVICE_TYPE_host_nonshm=1 -DACC_MEM_SHARED=0 execution test
FAIL: libgomp.oacc-c/../libgomp.oacc-c-c++-common/data-already-7.c -DACC_DEVICE_TYPE_host_nonshm=1 -DACC_MEM_SHARED=0 execution test
FAIL: libgomp.oacc-c/../libgomp.oacc-c-c++-common/data-already-8.c -DACC_DEVICE_TYPE_host_nonshm=1 -DACC_MEM_SHARED=0 execution test
FAIL: libgomp.oacc-c/../libgomp.oacc-c-c++-common/deviceptr-1.c -DACC_DEVICE_TYPE_host_nonshm=1 -DACC_MEM_SHARED=0 execution test
FAIL: libgomp.oacc-c/../libgomp.oacc-c-c++-common/if-1.c -DACC_DEVICE_TYPE_host_nonshm=1 -DACC_MEM_SHARED=0 execution test
FAIL: libgomp.oacc-c/../libgomp.oacc-c-c++-common/kernels-1.c -DACC_DEVICE_TYPE_host_nonshm=1 -DACC_MEM_SHARED=0 execution test
FAIL: libgomp.oacc-c/../libgomp.oacc-c-c++-common/lib-12.c -DACC_DEVICE_TYPE_host_nonshm=1 -DACC_MEM_SHARED=0 execution test
FAIL: libgomp.oacc-c/../libgomp.oacc-c-c++-common/lib-19.c -DACC_DEVICE_TYPE_host_nonshm=1 -DACC_MEM_SHARED=0 execution test
FAIL: libgomp.oacc-c/../libgomp.oacc-c-c++-common/lib-37.c -DACC_DEVICE_TYPE_host_nonshm=1 -DACC_MEM_SHARED=0 execution test
FAIL: libgomp.oacc-c/../libgomp.oacc-c-c++-common/lib-38.c -DACC_DEVICE_TYPE_host_nonshm=1 -DACC_MEM_SHARED=0 execution test
FAIL: libgomp.oacc-c/../libgomp.oacc-c-c++-common/lib-45.c -DACC_DEVICE_TYPE_host_nonshm=1 -DACC_MEM_SHARED=0 execution test
FAIL: libgomp.oacc-c/../libgomp.oacc-c-c++-common/lib-46.c -DACC_DEVICE_TYPE_host_nonshm=1 -DACC_MEM_SHARED=0 execution test
FAIL: libgomp.oacc-c/../libgomp.oacc-c-c++-common/lib-49.c -DACC_DEVICE_TYPE_host_nonshm=1 -DACC_MEM_SHARED=0 execution test
FAIL: libgomp.oacc-c/../libgomp.oacc-c-c++-common/lib-50.c -DACC_DEVICE_TYPE_host_nonshm=1 -DACC_MEM_SHARED=0 execution test
FAIL: libgomp.oacc-c/../libgomp.oacc-c-c++-common/lib-51.c -DACC_DEVICE_TYPE_host_nonshm=1 -DACC_MEM_SHARED=0 execution test
FAIL: libgomp.oacc-c/../libgomp.oacc-c-c++-common/lib-55.c -DACC_DEVICE_TYPE_host_nonshm=1 -DACC_MEM_SHARED=0 execution test
FAIL: libgomp.oacc-c/../libgomp.oacc-c-c++-common/lib-56.c -DACC_DEVICE_TYPE_host_nonshm=1 -DACC_MEM_SHARED=0 execution test
FAIL: libgomp.oacc-c/../libgomp.oacc-c-c++-common/lib-59.c -DACC_DEVICE_TYPE_host_nonshm=1 -DACC_MEM_SHARED=0 execution test
FAIL: libgomp.oacc-c/../libgomp.oacc-c-c++-common/lib-60.c -DACC_DEVICE_TYPE_host_nonshm=1 -DACC_MEM_SHARED=0 execution test
FAIL: libgomp.oacc-c/../libgomp.oacc-c-c++-common/lib-61.c -DACC_DEVICE_TYPE_host_nonshm=1 -DACC_MEM_SHARED=0 execution test
FAIL: libgomp.oacc-c/../libgomp.oacc-c-c++-common/lib-66.c -DACC_DEVICE_TYPE_host_nonshm=1 -DACC_MEM_SHARED=0 execution test
FAIL: libgomp.oacc-c/../libgomp.oacc-c-c++-common/nested-1.c -DACC_DEVICE_TYPE_host_nonshm=1 -DACC_MEM_SHARED=0 execution test
FAIL: libgomp.oacc-c/../libgomp.oacc-c-c++-common/parallel-1.c -DACC_DEVICE_TYPE_host_nonshm=1 -DACC_MEM_SHARED=0 execution test
FAIL: libgomp.oacc-c/../libgomp.oacc-c-c++-common/update-1-2.c -DACC_DEVICE_TYPE_host_nonshm=1 -DACC_MEM_SHARED=0 execution test
FAIL: libgomp.oacc-c/../libgomp.oacc-c-c++-common/update-1.c -DACC_DEVICE_TYPE_host_nonshm=1 -DACC_MEM_SHARED=0 execution test
FAIL: libgomp.oacc-c++/../libgomp.oacc-c-c++-common/acc_on_device-1.c -DACC_DEVICE_TYPE_host_nonshm=1 -DACC_MEM_SHARED=0 execution test
FAIL: libgomp.oacc-c++/../libgomp.oacc-c-c++-common/clauses-1.c -DACC_DEVICE_TYPE_host_nonshm=1 -DACC_MEM_SHARED=0 execution test
FAIL: libgomp.oacc-c++/../libgomp.oacc-c-c++-common/data-1.c -DACC_DEVICE_TYPE_host_nonshm=1 -DACC_MEM_SHARED=0 execution test
FAIL: libgomp.oacc-c++/../libgomp.oacc-c-c++-common/data-already-1.c -DACC_DEVICE_TYPE_host_nonshm=1 -DACC_MEM_SHARED=0 execution test
FAIL: libgomp.oacc-c++/../libgomp.oacc-c-c++-common/data-already-2.c -DACC_DEVICE_TYPE_host_nonshm=1 -DACC_MEM_SHARED=0 execution test
FAIL: libgomp.oacc-c++/../libgomp.oacc-c-c++-common/data-already-3.c -DACC_DEVICE_TYPE_host_nonshm=1 -DACC_MEM_SHARED=0 execution test
FAIL: libgomp.oacc-c++/../libgomp.oacc-c-c++-common/data-already-5.c -DACC_DEVICE_TYPE_host_nonshm=1 -DACC_MEM_SHARED=0 execution test
FAIL: libgomp.oacc-c++/../libgomp.oacc-c-c++-common/data-already-6.c -DACC_DEVICE_TYPE_host_nonshm=1 -DACC_MEM_SHARED=0 execution test
FAIL: libgomp.oacc-c++/../libgomp.oacc-c-c++-common/data-already-7.c -DACC_DEVICE_TYPE_host_nonshm=1 -DACC_MEM_SHARED=0 execution test
FAIL: libgomp.oacc-c++/../libgomp.oacc-c-c++-common/data-already-8.c -DACC_DEVICE_TYPE_host_nonshm=1 -DACC_MEM_SHARED=0 execution test
FAIL: libgomp.oacc-c++/../libgomp.oacc-c-c++-common/deviceptr-1.c -DACC_DEVICE_TYPE_host_nonshm=1 -DACC_MEM_SHARED=0 execution test
FAIL: libgomp.oacc-c++/../libgomp.oacc-c-c++-common/if-1.c -DACC_DEVICE_TYPE_host_nonshm=1 -DACC_MEM_SHARED=0 execution test
FAIL: libgomp.oacc-c++/../libgomp.oacc-c-c++-common/kernels-1.c -DACC_DEVICE_TYPE_host_nonshm=1 -DACC_MEM_SHARED=0 execution test
FAIL: libgomp.oacc-c++/../libgomp.oacc-c-c++-common/lib-12.c -DACC_DEVICE_TYPE_host_nonshm=1 -DACC_MEM_SHARED=0 execution test
FAIL: libgomp.oacc-c++/../libgomp.oacc-c-c++-common/lib-19.c -DACC_DEVICE_TYPE_host_nonshm=1 -DACC_MEM_SHARED=0 execution test
FAIL: libgomp.oacc-c++/../libgomp.oacc-c-c++-common/lib-37.c -DACC_DEVICE_TYPE_host_nonshm=1 -DACC_MEM_SHARED=0 execution test
FAIL: libgomp.oacc-c++/../libgomp.oacc-c-c++-common/lib-38.c -DACC_DEVICE_TYPE_host_nonshm=1 -DACC_MEM_SHARED=0 execution test
FAIL: libgomp.oacc-c++/../libgomp.oacc-c-c++-common/lib-45.c -DACC_DEVICE_TYPE_host_nonshm=1 -DACC_MEM_SHARED=0 execution test
FAIL: libgomp.oacc-c++/../libgomp.oacc-c-c++-common/lib-46.c -DACC_DEVICE_TYPE_host_nonshm=1 -DACC_MEM_SHARED=0 execution test
FAIL: libgomp.oacc-c++/../libgomp.oacc-c-c++-common/lib-49.c -DACC_DEVICE_TYPE_host_nonshm=1 -DACC_MEM_SHARED=0 execution test
FAIL: libgomp.oacc-c++/../libgomp.oacc-c-c++-common/lib-50.c -DACC_DEVICE_TYPE_host_nonshm=1 -DACC_MEM_SHARED=0 execution test
FAIL: libgomp.oacc-c++/../libgomp.oacc-c-c++-common/lib-51.c -DACC_DEVICE_TYPE_host_nonshm=1 -DACC_MEM_SHARED=0 execution test
FAIL: libgomp.oacc-c++/../libgomp.oacc-c-c++-common/lib-55.c -DACC_DEVICE_TYPE_host_nonshm=1 -DACC_MEM_SHARED=0 execution test
FAIL: libgomp.oacc-c++/../libgomp.oacc-c-c++-common/lib-56.c -DACC_DEVICE_TYPE_host_nonshm=1 -DACC_MEM_SHARED=0 execution test
FAIL: libgomp.oacc-c++/../libgomp.oacc-c-c++-common/lib-59.c -DACC_DEVICE_TYPE_host_nonshm=1 -DACC_MEM_SHARED=0 execution test
FAIL: libgomp.oacc-c++/../libgomp.oacc-c-c++-common/lib-60.c -DACC_DEVICE_TYPE_host_nonshm=1 -DACC_MEM_SHARED=0 execution test
FAIL: libgomp.oacc-c++/../libgomp.oacc-c-c++-common/lib-61.c -DACC_DEVICE_TYPE_host_nonshm=1 -DACC_MEM_SHARED=0 execution test
FAIL: libgomp.oacc-c++/../libgomp.oacc-c-c++-common/lib-66.c -DACC_DEVICE_TYPE_host_nonshm=1 -DACC_MEM_SHARED=0 execution test
FAIL: libgomp.oacc-c++/../libgomp.oacc-c-c++-common/nested-1.c -DACC_DEVICE_TYPE_host_nonshm=1 -DACC_MEM_SHARED=0 execution test
FAIL: libgomp.oacc-c++/../libgomp.oacc-c-c++-common/parallel-1.c -DACC_DEVICE_TYPE_host_nonshm=1 -DACC_MEM_SHARED=0 execution test
FAIL: libgomp.oacc-c++/../libgomp.oacc-c-c++-common/update-1-2.c -DACC_DEVICE_TYPE_host_nonshm=1 -DACC_MEM_SHARED=0 execution test
FAIL: libgomp.oacc-c++/../libgomp.oacc-c-c++-common/update-1.c -DACC_DEVICE_TYPE_host_nonshm=1 -DACC_MEM_SHARED=0 execution test
FAIL: libgomp.oacc-fortran/acc_on_device-1-1.f90 -DACC_DEVICE_TYPE_host_nonshm=1 -DACC_MEM_SHARED=0  -O  execution test
FAIL: libgomp.oacc-fortran/acc_on_device-1-2.f -DACC_DEVICE_TYPE_host_nonshm=1 -DACC_MEM_SHARED=0  -O  execution test
FAIL: libgomp.oacc-fortran/acc_on_device-1-3.f -DACC_DEVICE_TYPE_host_nonshm=1 -DACC_MEM_SHARED=0  -O  execution test
FAIL: libgomp.oacc-fortran/data-already-1.f -DACC_DEVICE_TYPE_host_nonshm=1 -DACC_MEM_SHARED=0  -O  execution test
FAIL: libgomp.oacc-fortran/data-already-2.f -DACC_DEVICE_TYPE_host_nonshm=1 -DACC_MEM_SHARED=0  -O  execution test
FAIL: libgomp.oacc-fortran/data-already-3.f -DACC_DEVICE_TYPE_host_nonshm=1 -DACC_MEM_SHARED=0  -O  execution test
FAIL: libgomp.oacc-fortran/data-already-5.f -DACC_DEVICE_TYPE_host_nonshm=1 -DACC_MEM_SHARED=0  -O  execution test
FAIL: libgomp.oacc-fortran/data-already-6.f -DACC_DEVICE_TYPE_host_nonshm=1 -DACC_MEM_SHARED=0  -O  execution test
FAIL: libgomp.oacc-fortran/data-already-7.f -DACC_DEVICE_TYPE_host_nonshm=1 -DACC_MEM_SHARED=0  -O  execution test
FAIL: libgomp.oacc-fortran/data-already-8.f -DACC_DEVICE_TYPE_host_nonshm=1 -DACC_MEM_SHARED=0  -O  execution test

		=== libgomp Summary ===

# of expected passes		5558
# of unexpected failures	76
# of unsupported tests		353

		=== Summary adjusted for local xfails ===

# of unexpected failures        76
# of expected passes            5558
# of unsupported tests          353
Host   is i686-pc-linux-gnu

		=== libitm tests ===


Running target qemu-wheezy

		=== libitm Summary ===

# of expected passes		26
# of expected failures		3
# of unsupported tests		1

		=== Summary adjusted for local xfails ===

# of expected passes            26
# of expected failures          3
# of unsupported tests          1
Host   is i686-pc-linux-gnu

		=== libstdc++ tests ===


Running target qemu-wheezy
FAIL: 17_intro/headers/c++1998/all_attributes.cc (test for excess errors)
FAIL: 17_intro/headers/c++200x/all_attributes.cc (test for excess errors)
FAIL: 17_intro/headers/c++2014/all_attributes.cc (test for excess errors)
FAIL: 21_strings/basic_string/inserters_extractors/wchar_t/28277.cc execution test
FAIL: 22_locale/messages/13631.cc execution test
FAIL: 22_locale/messages/members/char/1.cc execution test
FAIL: 22_locale/messages/members/char/2.cc execution test
FAIL: 22_locale/messages/members/char/wrapped_locale.cc execution test
FAIL: 22_locale/messages_byname/named_equivalence.cc execution test
FAIL: 27_io/basic_ostream/inserters_character/wchar_t/28277-3.cc execution test
FAIL: 27_io/basic_ostream/inserters_character/wchar_t/28277-4.cc execution test
FAIL: ext/vstring/inserters_extractors/wchar_t/28277.cc execution test

		=== libstdc++ Summary ===

# of expected passes		9834
# of unexpected failures	12
# of expected failures		65
# of unsupported tests		372

		=== Summary adjusted for local xfails ===

# of unexpected failures        12
# of expected passes            9834
# of expected failures          65
# of unsupported tests          372
Host   is i686-pc-linux-gnu

		=== g++ tests ===


Running target qemu-wheezy-thumb/-mthumb
FAIL: c-c++-common/asan/heap-overflow-1.c   -O1  output pattern test, is =================================================================
FAIL: c-c++-common/asan/null-deref-1.c   -O2  output pattern test, is ASAN:SIGSEGV
FAIL: c-c++-common/asan/null-deref-1.c   -O3 -fomit-frame-pointer  output pattern test, is ASAN:SIGSEGV
FAIL: c-c++-common/asan/null-deref-1.c   -O3 -g  output pattern test, is ASAN:SIGSEGV
FAIL: c-c++-common/asan/null-deref-1.c   -Os  output pattern test, is ASAN:SIGSEGV
FAIL: c-c++-common/asan/null-deref-1.c   -O2 -flto -fno-use-linker-plugin -flto-partition=none  output pattern test, is ASAN:SIGSEGV
FAIL: c-c++-common/asan/null-deref-1.c   -O2 -flto -fuse-linker-plugin -fno-fat-lto-objects  output pattern test, is ASAN:SIGSEGV
FAIL: c-c++-common/asan/sanity-check-pure-c-1.c   -O0  output pattern test, is =================================================================
FAIL: c-c++-common/asan/sanity-check-pure-c-1.c   -O1  output pattern test, is =================================================================
FAIL: c-c++-common/asan/strncpy-overflow-1.c   -O1  output pattern test, is =================================================================
FAIL: c-c++-common/asan/use-after-free-1.c   -O0  output pattern test, is =================================================================
FAIL: c-c++-common/asan/use-after-free-1.c   -O1  output pattern test, is =================================================================
FAIL: g++.dg/ipa/pr60640-3.C  -std=gnu++98 execution test
FAIL: g++.dg/ipa/pr60640-3.C  -std=gnu++11 execution test
FAIL: g++.dg/ipa/pr60640-3.C  -std=gnu++14 execution test
FAIL: g++.dg/ipa/pr60640-4.C  -std=gnu++98 execution test
FAIL: g++.dg/ipa/pr60640-4.C  -std=gnu++11 execution test
FAIL: g++.dg/ipa/pr60640-4.C  -std=gnu++14 execution test
FAIL: g++.dg/ipa/pr61160-2.C  -std=gnu++98 execution test
FAIL: g++.dg/ipa/pr61160-2.C  -std=gnu++11 execution test
FAIL: g++.dg/ipa/pr61160-2.C  -std=gnu++14 execution test
FAIL: g++.dg/ipa/pr61160-3.C  -std=gnu++98 execution test
FAIL: g++.dg/ipa/pr61160-3.C  -std=gnu++11 execution test
FAIL: g++.dg/ipa/pr61160-3.C  -std=gnu++14 execution test
FAIL: g++.dg/torture/covariant-1.C   -O2 -flto -fno-use-linker-plugin -flto-partition=none  execution test
FAIL: g++.dg/torture/covariant-1.C   -O2 -flto -fuse-linker-plugin -fno-fat-lto-objects  execution test
FAIL: g++.dg/torture/pr45699.C   -O2 -flto -fuse-linker-plugin -fno-fat-lto-objects  execution test
FAIL: g++.dg/torture/pr46287.C   -O2 -flto -fuse-linker-plugin -fno-fat-lto-objects  execution test
FAIL: c-c++-common/ubsan/object-size-1.c   -O2  output pattern test, is c-c++-common/ubsan/object-size-1.c:16:15: runtime error: load of address 0x008e6f24 with insufficient space for an object of type 'char'
FAIL: c-c++-common/ubsan/object-size-1.c   -O2 -flto -fno-use-linker-plugin -flto-partition=none  output pattern test, is c-c++-common/ubsan/object-size-1.c:16:15: runtime error: load of address 0x00d1ff24 with insufficient space for an object of type 'char'
FAIL: c-c++-common/ubsan/object-size-1.c   -O2 -flto -fuse-linker-plugin -fno-fat-lto-objects  output pattern test, is c-c++-common/ubsan/object-size-1.c:16:15: runtime error: load of address 0x0043cf24 with insufficient space for an object of type 'char'
FAIL: c-c++-common/ubsan/object-size-10.c   -O2  output pattern test, is c-c++-common/ubsan/object-size-10.c:19:19: runtime error: index 128 out of bounds for type 'char [128]'
FAIL: c-c++-common/ubsan/object-size-10.c   -O2 -flto -fno-use-linker-plugin -flto-partition=none  output pattern test, is c-c++-common/ubsan/object-size-10.c:19:19: runtime error: index 128 out of bounds for type 'char [128]'
FAIL: c-c++-common/ubsan/object-size-10.c   -O2 -flto -fuse-linker-plugin -fno-fat-lto-objects  output pattern test, is c-c++-common/ubsan/object-size-10.c:19:19: runtime error: index 128 out of bounds for type 'char [128]'
FAIL: c-c++-common/ubsan/object-size-4.c   -O2  output pattern test, is c-c++-common/ubsan/object-size-4.c:16:13: runtime error: load of address 0x0152ff18 with insufficient space for an object of type 'int'
FAIL: c-c++-common/ubsan/object-size-4.c   -O2 -flto -fno-use-linker-plugin -flto-partition=none  output pattern test, is c-c++-common/ubsan/object-size-4.c:16:13: runtime error: load of address 0x00445f18 with insufficient space for an object of type 'int'
FAIL: c-c++-common/ubsan/object-size-4.c   -O2 -flto -fuse-linker-plugin -fno-fat-lto-objects  output pattern test, is c-c++-common/ubsan/object-size-4.c:16:13: runtime error: load of address 0x01b42f18 with insufficient space for an object of type 'int'
FAIL: c-c++-common/ubsan/object-size-5.c   -O2  output pattern test, is c-c++-common/ubsan/object-size-5.c:18:12: runtime error: load of address 0x0050ef24 with insufficient space for an object of type 'char'
FAIL: c-c++-common/ubsan/object-size-5.c   -O2 -flto -fno-use-linker-plugin -flto-partition=none  output pattern test, is c-c++-common/ubsan/object-size-5.c:18:12: runtime error: load of address 0x008b0f24 with insufficient space for an object of type 'char'
FAIL: c-c++-common/ubsan/object-size-5.c   -O2 -flto -fuse-linker-plugin -fno-fat-lto-objects  output pattern test, is c-c++-common/ubsan/object-size-5.c:18:12: runtime error: load of address 0x00f3ef24 with insufficient space for an object of type 'char'
FAIL: c-c++-common/ubsan/object-size-7.c   -O2  output pattern test, is c-c++-common/ubsan/object-size-7.c:15:11: runtime error: load of address 0xbea1ba08 with insufficient space for an object of type 'const struct S'
FAIL: c-c++-common/ubsan/object-size-7.c   -O2 -flto -fno-use-linker-plugin -flto-partition=none  output pattern test, is c-c++-common/ubsan/object-size-7.c:15:11: runtime error: load of address 0xbec63a08 with insufficient space for an object of type 'const struct S'
FAIL: c-c++-common/ubsan/object-size-7.c   -O2 -flto -fuse-linker-plugin -fno-fat-lto-objects  output pattern test, is c-c++-common/ubsan/object-size-7.c:15:11: runtime error: load of address 0xbe854a08 with insufficient space for an object of type 'const struct S'
FAIL: c-c++-common/ubsan/object-size-8.c   -O2  output pattern test, is c-c++-common/ubsan/object-size-8.c:12:13: runtime error: load of address 0x018daf14 with insufficient space for an object of type 'int'
FAIL: c-c++-common/ubsan/object-size-8.c   -O2 -flto -fno-use-linker-plugin -flto-partition=none  output pattern test, is c-c++-common/ubsan/object-size-8.c:12:13: runtime error: load of address 0x01865f14 with insufficient space for an object of type 'int'
FAIL: c-c++-common/ubsan/object-size-8.c   -O2 -flto -fuse-linker-plugin -fno-fat-lto-objects  output pattern test, is c-c++-common/ubsan/object-size-8.c:12:13: runtime error: load of address 0x013cbf14 with insufficient space for an object of type 'int'
FAIL: c-c++-common/ubsan/object-size-9.c   -O2  output pattern test, is c-c++-common/ubsan/object-size-9.c:21:11: runtime error: load of address 0xbeeaf9f8 with insufficient space for an object of type 'char'
FAIL: c-c++-common/ubsan/object-size-9.c   -O2 -flto -fno-use-linker-plugin -flto-partition=none  output pattern test, is c-c++-common/ubsan/object-size-9.c:21:11: runtime error: load of address 0xbee14a00 with insufficient space for an object of type 'char'
FAIL: c-c++-common/ubsan/object-size-9.c   -O2 -flto -fuse-linker-plugin -fno-fat-lto-objects  output pattern test, is c-c++-common/ubsan/object-size-9.c:21:11: runtime error: load of address 0xbeb769f8 with insufficient space for an object of type 'char'
FAIL: g++.dg/ubsan/null-1.C   -O0  output pattern test, is g++.dg/ubsan/null-1.C:12:13: runtime error: reference binding to null pointer of type 'int'
FAIL: g++.dg/ubsan/null-1.C   -O1  output pattern test, is g++.dg/ubsan/null-1.C:12:13: runtime error: reference binding to null pointer of type 'int'
FAIL: g++.dg/ubsan/null-1.C   -O2  output pattern test, is g++.dg/ubsan/null-1.C:12:13: runtime error: reference binding to null pointer of type 'int'
FAIL: g++.dg/ubsan/null-1.C   -O3 -fomit-frame-pointer  output pattern test, is g++.dg/ubsan/null-1.C:12:13: runtime error: reference binding to null pointer of type 'int'
FAIL: g++.dg/ubsan/null-1.C   -O3 -g  output pattern test, is g++.dg/ubsan/null-1.C:12:13: runtime error: reference binding to null pointer of type 'int'
FAIL: g++.dg/ubsan/null-1.C   -Os  output pattern test, is g++.dg/ubsan/null-1.C:12:13: runtime error: reference binding to null pointer of type 'int'
FAIL: g++.dg/ubsan/null-1.C   -O2 -flto -fno-use-linker-plugin -flto-partition=none  output pattern test, is g++.dg/ubsan/null-1.C:12:13: runtime error: reference binding to null pointer of type 'int'
FAIL: g++.dg/ubsan/null-1.C   -O2 -flto -fuse-linker-plugin -fno-fat-lto-objects  output pattern test, is g++.dg/ubsan/null-1.C:12:13: runtime error: reference binding to null pointer of type 'int'
FAIL: g++.dg/ubsan/null-3.C   -O0  output pattern test, is g++.dg/ubsan/null-3.C:9:14: runtime error: reference binding to null pointer of type 'int'
FAIL: g++.dg/ubsan/null-3.C   -O1  output pattern test, is g++.dg/ubsan/null-3.C:9:14: runtime error: reference binding to null pointer of type 'int'
FAIL: g++.dg/ubsan/null-3.C   -O2  output pattern test, is g++.dg/ubsan/null-3.C:9:14: runtime error: reference binding to null pointer of type 'int'
FAIL: g++.dg/ubsan/null-3.C   -O3 -fomit-frame-pointer  output pattern test, is g++.dg/ubsan/null-3.C:9:14: runtime error: reference binding to null pointer of type 'int'
FAIL: g++.dg/ubsan/null-3.C   -O3 -g  output pattern test, is g++.dg/ubsan/null-3.C:9:14: runtime error: reference binding to null pointer of type 'int'
FAIL: g++.dg/ubsan/null-3.C   -Os  output pattern test, is g++.dg/ubsan/null-3.C:9:14: runtime error: reference binding to null pointer of type 'int'
FAIL: g++.dg/ubsan/null-3.C   -O2 -flto -fno-use-linker-plugin -flto-partition=none  output pattern test, is g++.dg/ubsan/null-3.C:9:14: runtime error: reference binding to null pointer of type 'int'
FAIL: g++.dg/ubsan/null-3.C   -O2 -flto -fuse-linker-plugin -fno-fat-lto-objects  output pattern test, is g++.dg/ubsan/null-3.C:9:14: runtime error: reference binding to null pointer of type 'int'
FAIL: g++.dg/ubsan/null-4.C   -O0  output pattern test, is g++.dg/ubsan/null-4.C:11:14: runtime error: reference binding to null pointer of type 'int'
FAIL: g++.dg/ubsan/null-4.C   -O1  output pattern test, is g++.dg/ubsan/null-4.C:11:14: runtime error: reference binding to null pointer of type 'int'
FAIL: g++.dg/ubsan/null-4.C   -O2  output pattern test, is g++.dg/ubsan/null-4.C:11:14: runtime error: reference binding to null pointer of type 'int'
FAIL: g++.dg/ubsan/null-4.C   -O3 -fomit-frame-pointer  output pattern test, is g++.dg/ubsan/null-4.C:11:14: runtime error: reference binding to null pointer of type 'int'
FAIL: g++.dg/ubsan/null-4.C   -O3 -g  output pattern test, is g++.dg/ubsan/null-4.C:11:14: runtime error: reference binding to null pointer of type 'int'
FAIL: g++.dg/ubsan/null-4.C   -Os  output pattern test, is g++.dg/ubsan/null-4.C:11:14: runtime error: reference binding to null pointer of type 'int'
FAIL: g++.dg/ubsan/null-4.C   -O2 -flto -fno-use-linker-plugin -flto-partition=none  output pattern test, is g++.dg/ubsan/null-4.C:11:14: runtime error: reference binding to null pointer of type 'int'
FAIL: g++.dg/ubsan/vptr-1.C   -O0  output pattern test, is g++.dg/ubsan/vptr-1.C:75:17: runtime error: member access within address 0x01673f10 which does not point to an object of type 'T'
FAIL: g++.dg/ubsan/vptr-1.C   -O1  output pattern test, is g++.dg/ubsan/vptr-1.C:75:17: runtime error: member access within address 0x0093ff10 which does not point to an object of type 'T'
FAIL: g++.dg/ubsan/vptr-1.C   -O2  output pattern test, is g++.dg/ubsan/vptr-1.C:75:17: runtime error: member access within address 0x01555f10 which does not point to an object of type 'T'
FAIL: g++.dg/ubsan/vptr-1.C   -O3 -fomit-frame-pointer  output pattern test, is g++.dg/ubsan/vptr-1.C:75:17: runtime error: member access within address 0x01e9af10 which does not point to an object of type 'T'
FAIL: g++.dg/ubsan/vptr-1.C   -O3 -fomit-frame-pointer -funroll-loops  output pattern test, is g++.dg/ubsan/vptr-1.C:75:17: runtime error: member access within address 0x017e9f10 which does not point to an object of type 'T'
FAIL: g++.dg/ubsan/vptr-1.C   -O3 -fomit-frame-pointer -funroll-all-loops -finline-functions  output pattern test, is g++.dg/ubsan/vptr-1.C:75:17: runtime error: member access within address 0x01f38f10 which does not point to an object of type 'T'
FAIL: g++.dg/ubsan/vptr-1.C   -O3 -g  output pattern test, is g++.dg/ubsan/vptr-1.C:75:17: runtime error: member access within address 0x01632f10 which does not point to an object of type 'T'
FAIL: g++.dg/ubsan/vptr-1.C   -Os  output pattern test, is g++.dg/ubsan/vptr-1.C:75:17: runtime error: member access within address 0x00875f10 which does not point to an object of type 'T'
FAIL: g++.dg/ubsan/vptr-1.C   -O2 -flto -fno-use-linker-plugin -flto-partition=none  output pattern test, is g++.dg/ubsan/vptr-1.C:75:17: runtime error: member access within address 0x00f02f10 which does not point to an object of type 'T'
FAIL: g++.dg/ubsan/vptr-1.C   -O2 -flto -fuse-linker-plugin -fno-fat-lto-objects  output pattern test, is g++.dg/ubsan/vptr-1.C:75:17: runtime error: member access within address 0x006e4f10 which does not point to an object of type 'T'
FAIL: g++.dg/ubsan/vptr-2.C   -O0  output pattern test, is g++.dg/ubsan/vptr-2.C:75:17: runtime error: member access within address 0x009fef10 which does not point to an object of type 'T'
FAIL: g++.dg/ubsan/vptr-2.C   -O1  output pattern test, is g++.dg/ubsan/vptr-2.C:75:17: runtime error: member access within address 0x0126ef10 which does not point to an object of type 'T'
FAIL: g++.dg/ubsan/vptr-2.C   -O2  output pattern test, is g++.dg/ubsan/vptr-2.C:75:17: runtime error: member access within address 0x01e83f10 which does not point to an object of type 'T'
FAIL: g++.dg/ubsan/vptr-2.C   -O3 -fomit-frame-pointer  output pattern test, is g++.dg/ubsan/vptr-2.C:75:17: runtime error: member access within address 0x01f7cf10 which does not point to an object of type 'T'
FAIL: g++.dg/ubsan/vptr-2.C   -O3 -fomit-frame-pointer -funroll-loops  output pattern test, is g++.dg/ubsan/vptr-2.C:75:17: runtime error: member access within address 0x009b8f10 which does not point to an object of type 'T'
FAIL: g++.dg/ubsan/vptr-2.C   -O3 -fomit-frame-pointer -funroll-all-loops -finline-functions  output pattern test, is g++.dg/ubsan/vptr-2.C:75:17: runtime error: member access within address 0x00c06f10 which does not point to an object of type 'T'
FAIL: g++.dg/ubsan/vptr-2.C   -O3 -g  output pattern test, is g++.dg/ubsan/vptr-2.C:75:17: runtime error: member access within address 0x0101cf10 which does not point to an object of type 'T'
FAIL: g++.dg/ubsan/vptr-2.C   -Os  output pattern test, is g++.dg/ubsan/vptr-2.C:75:17: runtime error: member access within address 0x00dbbf10 which does not point to an object of type 'T'
FAIL: g++.dg/ubsan/vptr-2.C   -O2 -flto -fno-use-linker-plugin -flto-partition=none  output pattern test, is g++.dg/ubsan/vptr-2.C:75:17: runtime error: member access within address 0x01d4ff10 which does not point to an object of type 'T'
FAIL: g++.dg/ubsan/vptr-2.C   -O2 -flto -fuse-linker-plugin -fno-fat-lto-objects  output pattern test, is g++.dg/ubsan/vptr-2.C:75:17: runtime error: member access within address 0x01fccf10 which does not point to an object of type 'T'
FAIL: g++.dg/ubsan/vptr-3.C   -O0  output pattern test, is g++.dg/ubsan/vptr-3.C:75:17: runtime error: member access within address 0x00750f10 which does not point to an object of type 'T'
FAIL: g++.dg/ubsan/vptr-3.C   -O1  output pattern test, is g++.dg/ubsan/vptr-3.C:75:17: runtime error: member access within address 0x003f5f10 which does not point to an object of type 'T'
FAIL: g++.dg/ubsan/vptr-3.C   -O2  output pattern test, is g++.dg/ubsan/vptr-3.C:75:17: runtime error: member access within address 0x01790f10 which does not point to an object of type 'T'
FAIL: g++.dg/ubsan/vptr-3.C   -O3 -fomit-frame-pointer  output pattern test, is g++.dg/ubsan/vptr-3.C:75:17: runtime error: member access within address 0x009d8f10 which does not point to an object of type 'T'
FAIL: g++.dg/ubsan/vptr-3.C   -O3 -fomit-frame-pointer -funroll-loops  output pattern test, is g++.dg/ubsan/vptr-3.C:75:17: runtime error: member access within address 0x00534f10 which does not point to an object of type 'T'
FAIL: g++.dg/ubsan/vptr-3.C   -O3 -fomit-frame-pointer -funroll-all-loops -finline-functions  output pattern test, is g++.dg/ubsan/vptr-3.C:75:17: runtime error: member access within address 0x0062bf10 which does not point to an object of type 'T'
FAIL: g++.dg/ubsan/vptr-3.C   -O3 -g  output pattern test, is g++.dg/ubsan/vptr-3.C:75:17: runtime error: member access within address 0x00188f10 which does not point to an object of type 'T'
FAIL: g++.dg/ubsan/vptr-3.C   -Os  output pattern test, is g++.dg/ubsan/vptr-3.C:75:17: runtime error: member access within address 0x0017df10 which does not point to an object of type 'T'
FAIL: g++.dg/ubsan/vptr-3.C   -O2 -flto -fno-use-linker-plugin -flto-partition=none  output pattern test, is g++.dg/ubsan/vptr-3.C:75:17: runtime error: member access within address 0x01832f10 which does not point to an object of type 'T'
FAIL: g++.dg/ubsan/vptr-3.C   -O2 -flto -fuse-linker-plugin -fno-fat-lto-objects  output pattern test, is g++.dg/ubsan/vptr-3.C:75:17: runtime error: member access within address 0x0073bf10 which does not point to an object of type 'T'
FAIL: g++.dg/ubsan/vptr-8.C   -O0  output pattern test, is g++.dg/ubsan/vptr-8.C:24:13: runtime error: cast to virtual base of address 0xbea2ca18 which does not point to an object of type 'V'
FAIL: g++.dg/ubsan/vptr-8.C   -O1  output pattern test, is g++.dg/ubsan/vptr-8.C:24:13: runtime error: cast to virtual base of address 0xbeb4da28 which does not point to an object of type 'V'
FAIL: g++.dg/ubsan/vptr-8.C   -O2  output pattern test, is g++.dg/ubsan/vptr-8.C:24:13: runtime error: cast to virtual base of address 0xbed5ea20 which does not point to an object of type 'V'
FAIL: g++.dg/ubsan/vptr-8.C   -O3 -fomit-frame-pointer  output pattern test, is g++.dg/ubsan/vptr-8.C:24:13: runtime error: cast to virtual base of address 0xbee01a20 which does not point to an object of type 'V'
FAIL: g++.dg/ubsan/vptr-8.C   -O3 -fomit-frame-pointer -funroll-loops  output pattern test, is g++.dg/ubsan/vptr-8.C:24:13: runtime error: cast to virtual base of address 0xbec51a20 which does not point to an object of type 'V'
FAIL: g++.dg/ubsan/vptr-8.C   -O3 -fomit-frame-pointer -funroll-all-loops -finline-functions  output pattern test, is g++.dg/ubsan/vptr-8.C:24:13: runtime error: cast to virtual base of address 0xbec14a20 which does not point to an object of type 'V'
FAIL: g++.dg/ubsan/vptr-8.C   -O3 -g  output pattern test, is g++.dg/ubsan/vptr-8.C:24:13: runtime error: cast to virtual base of address 0xbea0ca20 which does not point to an object of type 'V'
FAIL: g++.dg/ubsan/vptr-8.C   -Os  output pattern test, is g++.dg/ubsan/vptr-8.C:24:13: runtime error: cast to virtual base of address 0xbed17a20 which does not point to an object of type 'V'
FAIL: g++.dg/ubsan/vptr-8.C   -O2 -flto -fno-use-linker-plugin -flto-partition=none  output pattern test, is g++.dg/ubsan/vptr-8.C:24:13: runtime error: cast to virtual base of address 0xbe95da20 which does not point to an object of type 'V'
FAIL: g++.dg/ubsan/vptr-8.C   -O2 -flto -fuse-linker-plugin -fno-fat-lto-objects  output pattern test, is g++.dg/ubsan/vptr-8.C:24:13: runtime error: cast to virtual base of address 0xbeeb6a18 which does not point to an object of type 'V'
FAIL: g++.dg/ubsan/vptr-9.C   -O0  output pattern test, is g++.dg/ubsan/vptr-9.C:14:10: runtime error: cast to virtual base of address 0xbeec6a14 which does not point to an object of type 'T'
FAIL: g++.dg/ubsan/vptr-9.C   -O1  output pattern test, is g++.dg/ubsan/vptr-9.C:14:10: runtime error: cast to virtual base of address 0xbe928a2c which does not point to an object of type 'T'
FAIL: g++.dg/ubsan/vptr-9.C   -O2  output pattern test, is g++.dg/ubsan/vptr-9.C:14:10: runtime error: cast to virtual base of address 0xbea3ea24 which does not point to an object of type 'T'
FAIL: g++.dg/ubsan/vptr-9.C   -O3 -fomit-frame-pointer  output pattern test, is g++.dg/ubsan/vptr-9.C:14:10: runtime error: cast to virtual base of address 0xbefc9a24 which does not point to an object of type 'T'
FAIL: g++.dg/ubsan/vptr-9.C   -O3 -fomit-frame-pointer -funroll-loops  output pattern test, is g++.dg/ubsan/vptr-9.C:14:10: runtime error: cast to virtual base of address 0xbeb6ba24 which does not point to an object of type 'T'
FAIL: g++.dg/ubsan/vptr-9.C   -O3 -fomit-frame-pointer -funroll-all-loops -finline-functions  output pattern test, is g++.dg/ubsan/vptr-9.C:14:10: runtime error: cast to virtual base of address 0xbedbda24 which does not point to an object of type 'T'
FAIL: g++.dg/ubsan/vptr-9.C   -O3 -g  output pattern test, is g++.dg/ubsan/vptr-9.C:14:10: runtime error: cast to virtual base of address 0xbe9c0a24 which does not point to an object of type 'T'
FAIL: g++.dg/ubsan/vptr-9.C   -Os  output pattern test, is g++.dg/ubsan/vptr-9.C:14:10: runtime error: cast to virtual base of address 0xbed8da24 which does not point to an object of type 'T'
FAIL: g++.dg/ubsan/vptr-9.C   -O2 -flto -fno-use-linker-plugin -flto-partition=none  output pattern test, is g++.dg/ubsan/vptr-9.C:14:10: runtime error: cast to virtual base of address 0xbef25a24 which does not point to an object of type 'T'
FAIL: g++.dg/ubsan/vptr-9.C   -O2 -flto -fuse-linker-plugin -fno-fat-lto-objects  output pattern test, is g++.dg/ubsan/vptr-9.C:14:10: runtime error: cast to virtual base of address 0xbec0ca24 which does not point to an object of type 'T'

		=== g++ Summary ===

# of expected passes		84620
# of unexpected failures	122
# of expected failures		322
# of unsupported tests		3953
/scratch/gcc/nightly-2015-02-03-mainline/arm-none-linux-gnueabi/obj/test-mainline-0-arm-none-linux-gnueabi/host-i686-pc-linux-gnu/fsf-mainline/bin/arm-none-linux-gnueabi-g++  version 5.0.0 20150203 (experimental) (GCC) 


		=== Summary adjusted for local xfails ===

# of unexpected failures        122
# of expected passes            84620
# of expected failures          322
# of unsupported tests          3953
Host   is i686-pc-linux-gnu

		=== gcc tests ===


Running target qemu-wheezy-thumb/-mthumb
FAIL: c-c++-common/asan/heap-overflow-1.c   -O1  output pattern test, is =================================================================
FAIL: c-c++-common/asan/null-deref-1.c   -O2  output pattern test, is ASAN:SIGSEGV
FAIL: c-c++-common/asan/null-deref-1.c   -O3 -fomit-frame-pointer  output pattern test, is ASAN:SIGSEGV
FAIL: c-c++-common/asan/null-deref-1.c   -O3 -g  output pattern test, is ASAN:SIGSEGV
FAIL: c-c++-common/asan/null-deref-1.c   -Os  output pattern test, is ASAN:SIGSEGV
FAIL: c-c++-common/asan/null-deref-1.c   -O2 -flto -fno-use-linker-plugin -flto-partition=none  output pattern test, is ASAN:SIGSEGV
FAIL: c-c++-common/asan/null-deref-1.c   -O2 -flto -fuse-linker-plugin -fno-fat-lto-objects  output pattern test, is ASAN:SIGSEGV
FAIL: c-c++-common/asan/sanity-check-pure-c-1.c   -O0  output pattern test, is =================================================================
FAIL: c-c++-common/asan/sanity-check-pure-c-1.c   -O1  output pattern test, is =================================================================
FAIL: c-c++-common/asan/strncpy-overflow-1.c   -O1  output pattern test, is =================================================================
FAIL: c-c++-common/asan/use-after-free-1.c   -O0  output pattern test, is =================================================================
FAIL: c-c++-common/asan/use-after-free-1.c   -O1  output pattern test, is =================================================================
WARNING: program timed out.
FAIL: gcc.dg/atomic/c11-atomic-exec-4.c   -O0  execution test
WARNING: program timed out.
FAIL: gcc.dg/atomic/c11-atomic-exec-4.c   -O1  execution test
WARNING: program timed out.
FAIL: gcc.dg/atomic/c11-atomic-exec-4.c   -O2  execution test
WARNING: program timed out.
FAIL: gcc.dg/atomic/c11-atomic-exec-4.c   -O2 -flto -fno-use-linker-plugin -flto-partition=none  execution test
FAIL: gcc.dg/atomic/stdatomic-compare-exchange-4.c   -O0  execution test
FAIL: gcc.dg/atomic/stdatomic-compare-exchange-4.c   -O1  execution test
FAIL: gcc.dg/atomic/stdatomic-compare-exchange-4.c   -O2  execution test
FAIL: gcc.dg/atomic/stdatomic-compare-exchange-4.c   -O3 -fomit-frame-pointer  execution test
FAIL: gcc.dg/atomic/stdatomic-compare-exchange-4.c   -O3 -g  execution test
FAIL: gcc.dg/atomic/stdatomic-compare-exchange-4.c   -Os  execution test
FAIL: gcc.dg/atomic/stdatomic-compare-exchange-4.c   -O2 -flto -fno-use-linker-plugin -flto-partition=none  execution test
FAIL: gcc.dg/atomic/stdatomic-compare-exchange-4.c   -O2 -flto -fuse-linker-plugin -fno-fat-lto-objects  execution test
XPASS: gcc.dg/sibcall-3.c execution test
XPASS: gcc.dg/sibcall-4.c execution test
FAIL: gcc.dg/uninit-13.c unconditional (test for warnings, line 9)
FAIL: gcc.dg/uninit-13.c (test for excess errors)
FAIL: gcc.dg/uninit-17.c unconditional (test for warnings, line 14)
FAIL: gcc.dg/uninit-17.c (test for excess errors)
FAIL: gcc.dg/tree-ssa/sra-12.c scan-tree-dump-times release_ssa "l;" 0
FAIL: gcc.dg/tree-ssa/ssa-dom-cse-2.c scan-tree-dump optimized "return 28;"
FAIL: c-c++-common/ubsan/object-size-1.c   -O2  output pattern test, is c-c++-common/ubsan/object-size-1.c:16:7: runtime error: load of address 0x01cebf24 with insufficient space for an object of type 'char'
FAIL: c-c++-common/ubsan/object-size-1.c   -O2 -flto -fno-use-linker-plugin -flto-partition=none  output pattern test, is c-c++-common/ubsan/object-size-1.c:16:7: runtime error: load of address 0x01ec7f24 with insufficient space for an object of type 'char'
FAIL: c-c++-common/ubsan/object-size-1.c   -O2 -flto -fuse-linker-plugin -fno-fat-lto-objects  output pattern test, is c-c++-common/ubsan/object-size-1.c:16:7: runtime error: load of address 0x00144f24 with insufficient space for an object of type 'char'
FAIL: c-c++-common/ubsan/object-size-10.c   -O2  output pattern test, is c-c++-common/ubsan/object-size-10.c:19:11: runtime error: index 128 out of bounds for type 'char [128]'
FAIL: c-c++-common/ubsan/object-size-10.c   -O2 -flto -fno-use-linker-plugin -flto-partition=none  output pattern test, is c-c++-common/ubsan/object-size-10.c:19:11: runtime error: index 128 out of bounds for type 'char [128]'
FAIL: c-c++-common/ubsan/object-size-10.c   -O2 -flto -fuse-linker-plugin -fno-fat-lto-objects  output pattern test, is c-c++-common/ubsan/object-size-10.c:19:11: runtime error: index 128 out of bounds for type 'char [128]'
FAIL: c-c++-common/ubsan/object-size-4.c   -O2  output pattern test, is c-c++-common/ubsan/object-size-4.c:16:11: runtime error: load of address 0x00b2bf18 with insufficient space for an object of type 'int'
FAIL: c-c++-common/ubsan/object-size-4.c   -O2 -flto -fno-use-linker-plugin -flto-partition=none  output pattern test, is c-c++-common/ubsan/object-size-4.c:16:11: runtime error: load of address 0x00d6ef18 with insufficient space for an object of type 'int'
FAIL: c-c++-common/ubsan/object-size-4.c   -O2 -flto -fuse-linker-plugin -fno-fat-lto-objects  output pattern test, is c-c++-common/ubsan/object-size-4.c:16:11: runtime error: load of address 0x01f41f18 with insufficient space for an object of type 'int'
FAIL: c-c++-common/ubsan/object-size-5.c   -O2  output pattern test, is c-c++-common/ubsan/object-size-5.c:18:10: runtime error: load of address 0x005b5f24 with insufficient space for an object of type 'char'
FAIL: c-c++-common/ubsan/object-size-5.c   -O2 -flto -fno-use-linker-plugin -flto-partition=none  output pattern test, is c-c++-common/ubsan/object-size-5.c:18:10: runtime error: load of address 0x00fcaf24 with insufficient space for an object of type 'char'
FAIL: c-c++-common/ubsan/object-size-5.c   -O2 -flto -fuse-linker-plugin -fno-fat-lto-objects  output pattern test, is c-c++-common/ubsan/object-size-5.c:18:10: runtime error: load of address 0x0120ff24 with insufficient space for an object of type 'char'
FAIL: c-c++-common/ubsan/object-size-7.c   -O2  output pattern test, is c-c++-common/ubsan/object-size-7.c:15:5: runtime error: load of address 0xbe8f4a08 with insufficient space for an object of type 'struct S'
FAIL: c-c++-common/ubsan/object-size-7.c   -O2 -flto -fno-use-linker-plugin -flto-partition=none  output pattern test, is c-c++-common/ubsan/object-size-7.c:15:5: runtime error: load of address 0xbec23a08 with insufficient space for an object of type 'struct S'
FAIL: c-c++-common/ubsan/object-size-7.c   -O2 -flto -fuse-linker-plugin -fno-fat-lto-objects  output pattern test, is c-c++-common/ubsan/object-size-7.c:15:5: runtime error: load of address 0xbeba2a08 with insufficient space for an object of type 'struct S'
FAIL: c-c++-common/ubsan/object-size-8.c   -O2  output pattern test, is c-c++-common/ubsan/object-size-8.c:12:10: runtime error: load of address 0x00ae3f14 with insufficient space for an object of type 'int'
FAIL: c-c++-common/ubsan/object-size-8.c   -O2 -flto -fno-use-linker-plugin -flto-partition=none  output pattern test, is c-c++-common/ubsan/object-size-8.c:12:10: runtime error: load of address 0x0163cf14 with insufficient space for an object of type 'int'
FAIL: c-c++-common/ubsan/object-size-8.c   -O2 -flto -fuse-linker-plugin -fno-fat-lto-objects  output pattern test, is c-c++-common/ubsan/object-size-8.c:12:10: runtime error: load of address 0x00719f14 with insufficient space for an object of type 'int'
FAIL: c-c++-common/ubsan/object-size-9.c   -O2  output pattern test, is c-c++-common/ubsan/object-size-9.c:21:10: runtime error: load of address 0xbed24a08 with insufficient space for an object of type 'char'
FAIL: c-c++-common/ubsan/object-size-9.c   -O2 -flto -fno-use-linker-plugin -flto-partition=none  output pattern test, is c-c++-common/ubsan/object-size-9.c:21:10: runtime error: load of address 0xbe9c9a08 with insufficient space for an object of type 'char'
FAIL: c-c++-common/ubsan/object-size-9.c   -O2 -flto -fuse-linker-plugin -fno-fat-lto-objects  output pattern test, is c-c++-common/ubsan/object-size-9.c:21:10: runtime error: load of address 0xbeb9fa08 with insufficient space for an object of type 'char'
FAIL: gcc.dg/ubsan/object-size-9.c   -O2  output pattern test, is gcc.dg/ubsan/object-size-9.c:11:13: runtime error: load of address 0x00020a2a with insufficient space for an object of type 'char'
FAIL: gcc.dg/ubsan/object-size-9.c   -O2 -flto -fno-use-linker-plugin -flto-partition=none  output pattern test, is gcc.dg/ubsan/object-size-9.c:11:13: runtime error: load of address 0x00020a2a with insufficient space for an object of type 'char'
FAIL: gcc.dg/ubsan/object-size-9.c   -O2 -flto -fuse-linker-plugin -fno-fat-lto-objects  output pattern test, is gcc.dg/ubsan/object-size-9.c:11:13: runtime error: load of address 0x00020a02 with insufficient space for an object of type 'char'
FAIL: gcc.target/arm/pr42172-1.c scan-assembler-times ldr 1
FAIL: gcc.target/arm/pr45701-1.c scan-assembler push\\t{r3
FAIL: gcc.target/arm/pr45701-2.c scan-assembler push\\t{r3
FAIL: gcc.target/arm/thumb-bitfld1.c (test for excess errors)
FAIL: gcc.target/arm/thumb-ltu.c (test for excess errors)
FAIL: gcc.target/arm/thumb-ltu.c scan-assembler-not uxtb
FAIL: gcc.target/arm/thumb1-far-jump-2.c (test for excess errors)

		=== gcc Summary ===

# of expected passes		90527
# of unexpected failures	61
# of unexpected successes	2
# of expected failures		157
# of unsupported tests		4324
/scratch/gcc/nightly-2015-02-03-mainline/arm-none-linux-gnueabi/obj/test-mainline-0-arm-none-linux-gnueabi/host-i686-pc-linux-gnu/fsf-mainline/bin/arm-none-linux-gnueabi-gcc  version 5.0.0 20150203 (experimental) (GCC) 


		=== Summary adjusted for local xfails ===

# of unexpected failures        61
# of expected passes            90527
# of unexpected successes       2
# of expected failures          157
# of unsupported tests          4324
Host   is i686-pc-linux-gnu

		=== gfortran tests ===


Running target qemu-wheezy-thumb/-mthumb
FAIL: gfortran.dg/transpose_2.f90   -Os  output pattern test, is Fortran runtime error: Integer overflow when calculating the amount of memory to allocate
FAIL: gfortran.dg/typebound_operator_9.f03   -Os  execution test
FAIL: gfortran.dg/ieee/ieee_1.F90   -O0  execution test
FAIL: gfortran.dg/ieee/ieee_1.F90   -O1  execution test
FAIL: gfortran.dg/ieee/ieee_1.F90   -O2  execution test
FAIL: gfortran.dg/ieee/ieee_1.F90   -O3 -fomit-frame-pointer  execution test
FAIL: gfortran.dg/ieee/ieee_1.F90   -O3 -fomit-frame-pointer -funroll-loops  execution test
FAIL: gfortran.dg/ieee/ieee_1.F90   -O3 -fomit-frame-pointer -funroll-all-loops -finline-functions  execution test
FAIL: gfortran.dg/ieee/ieee_1.F90   -O3 -g  execution test
FAIL: gfortran.dg/ieee/ieee_1.F90   -Os  execution test
FAIL: gfortran.dg/ieee/ieee_2.f90   -O0  execution test
FAIL: gfortran.dg/ieee/ieee_2.f90   -O1  execution test
FAIL: gfortran.dg/ieee/ieee_2.f90   -O2  execution test
FAIL: gfortran.dg/ieee/ieee_2.f90   -O3 -fomit-frame-pointer  execution test
FAIL: gfortran.dg/ieee/ieee_2.f90   -O3 -fomit-frame-pointer -funroll-loops  execution test
FAIL: gfortran.dg/ieee/ieee_2.f90   -O3 -fomit-frame-pointer -funroll-all-loops -finline-functions  execution test
FAIL: gfortran.dg/ieee/ieee_2.f90   -O3 -g  execution test
FAIL: gfortran.dg/ieee/ieee_2.f90   -Os  execution test
FAIL: gfortran.dg/ieee/ieee_6.f90   -O0  execution test
FAIL: gfortran.dg/ieee/ieee_6.f90   -O1  execution test
FAIL: gfortran.dg/ieee/ieee_6.f90   -O2  execution test
FAIL: gfortran.dg/ieee/ieee_6.f90   -O3 -fomit-frame-pointer  execution test
FAIL: gfortran.dg/ieee/ieee_6.f90   -O3 -fomit-frame-pointer -funroll-loops  execution test
FAIL: gfortran.dg/ieee/ieee_6.f90   -O3 -fomit-frame-pointer -funroll-all-loops -finline-functions  execution test
FAIL: gfortran.dg/ieee/ieee_6.f90   -O3 -g  execution test
FAIL: gfortran.dg/ieee/ieee_6.f90   -Os  execution test
FAIL: gfortran.dg/ieee/rounding_1.f90   -O0  execution test
FAIL: gfortran.dg/ieee/rounding_1.f90   -O1  execution test
FAIL: gfortran.dg/ieee/rounding_1.f90   -O2  execution test
FAIL: gfortran.dg/ieee/rounding_1.f90   -O3 -fomit-frame-pointer  execution test
FAIL: gfortran.dg/ieee/rounding_1.f90   -O3 -fomit-frame-pointer -funroll-loops  execution test
FAIL: gfortran.dg/ieee/rounding_1.f90   -O3 -fomit-frame-pointer -funroll-all-loops -finline-functions  execution test
FAIL: gfortran.dg/ieee/rounding_1.f90   -O3 -g  execution test
FAIL: gfortran.dg/ieee/rounding_1.f90   -Os  execution test

		=== gfortran Summary ===

# of expected passes		46687
# of unexpected failures	34
# of expected failures		78
# of unsupported tests		410
/scratch/gcc/nightly-2015-02-03-mainline/arm-none-linux-gnueabi/obj/test-mainline-0-arm-none-linux-gnueabi/host-i686-pc-linux-gnu/fsf-mainline/bin/arm-none-linux-gnueabi-gfortran  version 5.0.0 20150203 (experimental) (GCC) 


		=== Summary adjusted for local xfails ===

# of unexpected failures        34
# of expected passes            46687
# of expected failures          78
# of unsupported tests          410
Host   is i686-pc-linux-gnu

		=== libatomic tests ===


Running target qemu-wheezy-thumb/-mthumb

		=== libatomic Summary ===

# of expected passes		44
# of unsupported tests		5

		=== Summary adjusted for local xfails ===

# of expected passes            44
# of unsupported tests          5
Host   is i686-pc-linux-gnu

		=== libgomp tests ===


Running target qemu-wheezy-thumb/-mthumb
WARNING: program timed out.
FAIL: libgomp.fortran/strassen.f90   -O  execution test
FAIL: libgomp.graphite/force-parallel-7.c execution test
FAIL: libgomp.oacc-c/../libgomp.oacc-c-c++-common/acc_on_device-1.c -DACC_DEVICE_TYPE_host_nonshm=1 -DACC_MEM_SHARED=0 execution test
FAIL: libgomp.oacc-c/../libgomp.oacc-c-c++-common/clauses-1.c -DACC_DEVICE_TYPE_host_nonshm=1 -DACC_MEM_SHARED=0 execution test
FAIL: libgomp.oacc-c/../libgomp.oacc-c-c++-common/data-1.c -DACC_DEVICE_TYPE_host_nonshm=1 -DACC_MEM_SHARED=0 execution test
FAIL: libgomp.oacc-c/../libgomp.oacc-c-c++-common/data-already-1.c -DACC_DEVICE_TYPE_host_nonshm=1 -DACC_MEM_SHARED=0 execution test
FAIL: libgomp.oacc-c/../libgomp.oacc-c-c++-common/data-already-2.c -DACC_DEVICE_TYPE_host_nonshm=1 -DACC_MEM_SHARED=0 execution test
FAIL: libgomp.oacc-c/../libgomp.oacc-c-c++-common/data-already-3.c -DACC_DEVICE_TYPE_host_nonshm=1 -DACC_MEM_SHARED=0 execution test
FAIL: libgomp.oacc-c/../libgomp.oacc-c-c++-common/data-already-5.c -DACC_DEVICE_TYPE_host_nonshm=1 -DACC_MEM_SHARED=0 execution test
FAIL: libgomp.oacc-c/../libgomp.oacc-c-c++-common/data-already-6.c -DACC_DEVICE_TYPE_host_nonshm=1 -DACC_MEM_SHARED=0 execution test
FAIL: libgomp.oacc-c/../libgomp.oacc-c-c++-common/data-already-7.c -DACC_DEVICE_TYPE_host_nonshm=1 -DACC_MEM_SHARED=0 execution test
FAIL: libgomp.oacc-c/../libgomp.oacc-c-c++-common/data-already-8.c -DACC_DEVICE_TYPE_host_nonshm=1 -DACC_MEM_SHARED=0 execution test
FAIL: libgomp.oacc-c/../libgomp.oacc-c-c++-common/deviceptr-1.c -DACC_DEVICE_TYPE_host_nonshm=1 -DACC_MEM_SHARED=0 execution test
FAIL: libgomp.oacc-c/../libgomp.oacc-c-c++-common/if-1.c -DACC_DEVICE_TYPE_host_nonshm=1 -DACC_MEM_SHARED=0 execution test
FAIL: libgomp.oacc-c/../libgomp.oacc-c-c++-common/kernels-1.c -DACC_DEVICE_TYPE_host_nonshm=1 -DACC_MEM_SHARED=0 execution test
FAIL: libgomp.oacc-c/../libgomp.oacc-c-c++-common/lib-12.c -DACC_DEVICE_TYPE_host_nonshm=1 -DACC_MEM_SHARED=0 execution test
FAIL: libgomp.oacc-c/../libgomp.oacc-c-c++-common/lib-19.c -DACC_DEVICE_TYPE_host_nonshm=1 -DACC_MEM_SHARED=0 execution test
FAIL: libgomp.oacc-c/../libgomp.oacc-c-c++-common/lib-37.c -DACC_DEVICE_TYPE_host_nonshm=1 -DACC_MEM_SHARED=0 execution test
FAIL: libgomp.oacc-c/../libgomp.oacc-c-c++-common/lib-38.c -DACC_DEVICE_TYPE_host_nonshm=1 -DACC_MEM_SHARED=0 execution test
FAIL: libgomp.oacc-c/../libgomp.oacc-c-c++-common/lib-45.c -DACC_DEVICE_TYPE_host_nonshm=1 -DACC_MEM_SHARED=0 execution test
FAIL: libgomp.oacc-c/../libgomp.oacc-c-c++-common/lib-46.c -DACC_DEVICE_TYPE_host_nonshm=1 -DACC_MEM_SHARED=0 execution test
FAIL: libgomp.oacc-c/../libgomp.oacc-c-c++-common/lib-49.c -DACC_DEVICE_TYPE_host_nonshm=1 -DACC_MEM_SHARED=0 execution test
FAIL: libgomp.oacc-c/../libgomp.oacc-c-c++-common/lib-50.c -DACC_DEVICE_TYPE_host_nonshm=1 -DACC_MEM_SHARED=0 execution test
FAIL: libgomp.oacc-c/../libgomp.oacc-c-c++-common/lib-51.c -DACC_DEVICE_TYPE_host_nonshm=1 -DACC_MEM_SHARED=0 execution test
FAIL: libgomp.oacc-c/../libgomp.oacc-c-c++-common/lib-55.c -DACC_DEVICE_TYPE_host_nonshm=1 -DACC_MEM_SHARED=0 execution test
FAIL: libgomp.oacc-c/../libgomp.oacc-c-c++-common/lib-56.c -DACC_DEVICE_TYPE_host_nonshm=1 -DACC_MEM_SHARED=0 execution test
FAIL: libgomp.oacc-c/../libgomp.oacc-c-c++-common/lib-59.c -DACC_DEVICE_TYPE_host_nonshm=1 -DACC_MEM_SHARED=0 execution test
FAIL: libgomp.oacc-c/../libgomp.oacc-c-c++-common/lib-60.c -DACC_DEVICE_TYPE_host_nonshm=1 -DACC_MEM_SHARED=0 execution test
FAIL: libgomp.oacc-c/../libgomp.oacc-c-c++-common/lib-61.c -DACC_DEVICE_TYPE_host_nonshm=1 -DACC_MEM_SHARED=0 execution test
FAIL: libgomp.oacc-c/../libgomp.oacc-c-c++-common/lib-66.c -DACC_DEVICE_TYPE_host_nonshm=1 -DACC_MEM_SHARED=0 execution test
FAIL: libgomp.oacc-c/../libgomp.oacc-c-c++-common/nested-1.c -DACC_DEVICE_TYPE_host_nonshm=1 -DACC_MEM_SHARED=0 execution test
FAIL: libgomp.oacc-c/../libgomp.oacc-c-c++-common/parallel-1.c -DACC_DEVICE_TYPE_host_nonshm=1 -DACC_MEM_SHARED=0 execution test
FAIL: libgomp.oacc-c/../libgomp.oacc-c-c++-common/update-1-2.c -DACC_DEVICE_TYPE_host_nonshm=1 -DACC_MEM_SHARED=0 execution test
FAIL: libgomp.oacc-c/../libgomp.oacc-c-c++-common/update-1.c -DACC_DEVICE_TYPE_host_nonshm=1 -DACC_MEM_SHARED=0 execution test
FAIL: libgomp.oacc-c++/../libgomp.oacc-c-c++-common/acc_on_device-1.c -DACC_DEVICE_TYPE_host_nonshm=1 -DACC_MEM_SHARED=0 execution test
FAIL: libgomp.oacc-c++/../libgomp.oacc-c-c++-common/clauses-1.c -DACC_DEVICE_TYPE_host_nonshm=1 -DACC_MEM_SHARED=0 execution test
FAIL: libgomp.oacc-c++/../libgomp.oacc-c-c++-common/data-1.c -DACC_DEVICE_TYPE_host_nonshm=1 -DACC_MEM_SHARED=0 execution test
FAIL: libgomp.oacc-c++/../libgomp.oacc-c-c++-common/data-already-1.c -DACC_DEVICE_TYPE_host_nonshm=1 -DACC_MEM_SHARED=0 execution test
FAIL: libgomp.oacc-c++/../libgomp.oacc-c-c++-common/data-already-2.c -DACC_DEVICE_TYPE_host_nonshm=1 -DACC_MEM_SHARED=0 execution test
FAIL: libgomp.oacc-c++/../libgomp.oacc-c-c++-common/data-already-3.c -DACC_DEVICE_TYPE_host_nonshm=1 -DACC_MEM_SHARED=0 execution test
FAIL: libgomp.oacc-c++/../libgomp.oacc-c-c++-common/data-already-5.c -DACC_DEVICE_TYPE_host_nonshm=1 -DACC_MEM_SHARED=0 execution test
FAIL: libgomp.oacc-c++/../libgomp.oacc-c-c++-common/data-already-6.c -DACC_DEVICE_TYPE_host_nonshm=1 -DACC_MEM_SHARED=0 execution test
FAIL: libgomp.oacc-c++/../libgomp.oacc-c-c++-common/data-already-7.c -DACC_DEVICE_TYPE_host_nonshm=1 -DACC_MEM_SHARED=0 execution test
FAIL: libgomp.oacc-c++/../libgomp.oacc-c-c++-common/data-already-8.c -DACC_DEVICE_TYPE_host_nonshm=1 -DACC_MEM_SHARED=0 execution test
FAIL: libgomp.oacc-c++/../libgomp.oacc-c-c++-common/deviceptr-1.c -DACC_DEVICE_TYPE_host_nonshm=1 -DACC_MEM_SHARED=0 execution test
FAIL: libgomp.oacc-c++/../libgomp.oacc-c-c++-common/if-1.c -DACC_DEVICE_TYPE_host_nonshm=1 -DACC_MEM_SHARED=0 execution test
FAIL: libgomp.oacc-c++/../libgomp.oacc-c-c++-common/kernels-1.c -DACC_DEVICE_TYPE_host_nonshm=1 -DACC_MEM_SHARED=0 execution test
FAIL: libgomp.oacc-c++/../libgomp.oacc-c-c++-common/lib-12.c -DACC_DEVICE_TYPE_host_nonshm=1 -DACC_MEM_SHARED=0 execution test
FAIL: libgomp.oacc-c++/../libgomp.oacc-c-c++-common/lib-19.c -DACC_DEVICE_TYPE_host_nonshm=1 -DACC_MEM_SHARED=0 execution test
FAIL: libgomp.oacc-c++/../libgomp.oacc-c-c++-common/lib-37.c -DACC_DEVICE_TYPE_host_nonshm=1 -DACC_MEM_SHARED=0 execution test
FAIL: libgomp.oacc-c++/../libgomp.oacc-c-c++-common/lib-38.c -DACC_DEVICE_TYPE_host_nonshm=1 -DACC_MEM_SHARED=0 execution test
FAIL: libgomp.oacc-c++/../libgomp.oacc-c-c++-common/lib-45.c -DACC_DEVICE_TYPE_host_nonshm=1 -DACC_MEM_SHARED=0 execution test
FAIL: libgomp.oacc-c++/../libgomp.oacc-c-c++-common/lib-46.c -DACC_DEVICE_TYPE_host_nonshm=1 -DACC_MEM_SHARED=0 execution test
FAIL: libgomp.oacc-c++/../libgomp.oacc-c-c++-common/lib-49.c -DACC_DEVICE_TYPE_host_nonshm=1 -DACC_MEM_SHARED=0 execution test
FAIL: libgomp.oacc-c++/../libgomp.oacc-c-c++-common/lib-50.c -DACC_DEVICE_TYPE_host_nonshm=1 -DACC_MEM_SHARED=0 execution test
FAIL: libgomp.oacc-c++/../libgomp.oacc-c-c++-common/lib-51.c -DACC_DEVICE_TYPE_host_nonshm=1 -DACC_MEM_SHARED=0 execution test
FAIL: libgomp.oacc-c++/../libgomp.oacc-c-c++-common/lib-55.c -DACC_DEVICE_TYPE_host_nonshm=1 -DACC_MEM_SHARED=0 execution test
FAIL: libgomp.oacc-c++/../libgomp.oacc-c-c++-common/lib-56.c -DACC_DEVICE_TYPE_host_nonshm=1 -DACC_MEM_SHARED=0 execution test
FAIL: libgomp.oacc-c++/../libgomp.oacc-c-c++-common/lib-59.c -DACC_DEVICE_TYPE_host_nonshm=1 -DACC_MEM_SHARED=0 execution test
FAIL: libgomp.oacc-c++/../libgomp.oacc-c-c++-common/lib-60.c -DACC_DEVICE_TYPE_host_nonshm=1 -DACC_MEM_SHARED=0 execution test
FAIL: libgomp.oacc-c++/../libgomp.oacc-c-c++-common/lib-61.c -DACC_DEVICE_TYPE_host_nonshm=1 -DACC_MEM_SHARED=0 execution test
FAIL: libgomp.oacc-c++/../libgomp.oacc-c-c++-common/lib-66.c -DACC_DEVICE_TYPE_host_nonshm=1 -DACC_MEM_SHARED=0 execution test
FAIL: libgomp.oacc-c++/../libgomp.oacc-c-c++-common/nested-1.c -DACC_DEVICE_TYPE_host_nonshm=1 -DACC_MEM_SHARED=0 execution test
FAIL: libgomp.oacc-c++/../libgomp.oacc-c-c++-common/parallel-1.c -DACC_DEVICE_TYPE_host_nonshm=1 -DACC_MEM_SHARED=0 execution test
FAIL: libgomp.oacc-c++/../libgomp.oacc-c-c++-common/update-1-2.c -DACC_DEVICE_TYPE_host_nonshm=1 -DACC_MEM_SHARED=0 execution test
FAIL: libgomp.oacc-c++/../libgomp.oacc-c-c++-common/update-1.c -DACC_DEVICE_TYPE_host_nonshm=1 -DACC_MEM_SHARED=0 execution test
FAIL: libgomp.oacc-fortran/acc_on_device-1-1.f90 -DACC_DEVICE_TYPE_host_nonshm=1 -DACC_MEM_SHARED=0  -O  execution test
FAIL: libgomp.oacc-fortran/acc_on_device-1-2.f -DACC_DEVICE_TYPE_host_nonshm=1 -DACC_MEM_SHARED=0  -O  execution test
FAIL: libgomp.oacc-fortran/acc_on_device-1-3.f -DACC_DEVICE_TYPE_host_nonshm=1 -DACC_MEM_SHARED=0  -O  execution test
FAIL: libgomp.oacc-fortran/data-already-1.f -DACC_DEVICE_TYPE_host_nonshm=1 -DACC_MEM_SHARED=0  -O  execution test
FAIL: libgomp.oacc-fortran/data-already-2.f -DACC_DEVICE_TYPE_host_nonshm=1 -DACC_MEM_SHARED=0  -O  execution test
FAIL: libgomp.oacc-fortran/data-already-3.f -DACC_DEVICE_TYPE_host_nonshm=1 -DACC_MEM_SHARED=0  -O  execution test
FAIL: libgomp.oacc-fortran/data-already-5.f -DACC_DEVICE_TYPE_host_nonshm=1 -DACC_MEM_SHARED=0  -O  execution test
FAIL: libgomp.oacc-fortran/data-already-6.f -DACC_DEVICE_TYPE_host_nonshm=1 -DACC_MEM_SHARED=0  -O  execution test
FAIL: libgomp.oacc-fortran/data-already-7.f -DACC_DEVICE_TYPE_host_nonshm=1 -DACC_MEM_SHARED=0  -O  execution test
FAIL: libgomp.oacc-fortran/data-already-8.f -DACC_DEVICE_TYPE_host_nonshm=1 -DACC_MEM_SHARED=0  -O  execution test

		=== libgomp Summary ===

# of expected passes		5558
# of unexpected failures	76
# of unsupported tests		353

		=== Summary adjusted for local xfails ===

# of unexpected failures        76
# of expected passes            5558
# of unsupported tests          353
Host   is i686-pc-linux-gnu

		=== libitm tests ===


Running target qemu-wheezy-thumb/-mthumb

		=== libitm Summary ===

# of expected passes		26
# of expected failures		3
# of unsupported tests		1

		=== Summary adjusted for local xfails ===

# of expected passes            26
# of expected failures          3
# of unsupported tests          1
Host   is i686-pc-linux-gnu

		=== libstdc++ tests ===


Running target qemu-wheezy-thumb/-mthumb
FAIL: 17_intro/headers/c++1998/all_attributes.cc (test for excess errors)
FAIL: 17_intro/headers/c++200x/all_attributes.cc (test for excess errors)
FAIL: 17_intro/headers/c++2014/all_attributes.cc (test for excess errors)
FAIL: 21_strings/basic_string/inserters_extractors/wchar_t/28277.cc execution test
FAIL: 22_locale/messages/13631.cc execution test
FAIL: 22_locale/messages/members/char/1.cc execution test
FAIL: 22_locale/messages/members/char/2.cc execution test
FAIL: 22_locale/messages/members/char/wrapped_locale.cc execution test
FAIL: 22_locale/messages_byname/named_equivalence.cc execution test
FAIL: 27_io/basic_ostream/inserters_character/wchar_t/28277-3.cc execution test
FAIL: 27_io/basic_ostream/inserters_character/wchar_t/28277-4.cc execution test
FAIL: ext/vstring/inserters_extractors/wchar_t/28277.cc execution test

		=== libstdc++ Summary ===

# of expected passes		9834
# of unexpected failures	12
# of expected failures		65
# of unsupported tests		372

		=== Summary adjusted for local xfails ===

# of unexpected failures        12
# of expected passes            9834
# of expected failures          65
# of unsupported tests          372

Compiler version: 5.0.0 20150203 (experimental) (GCC) 
Platform: arm-none-linux-gnueabi
configure flags: --build=i686-pc-linux-gnu --host=i686-pc-linux-gnu --target=arm-none-linux-gnueabi --enable-threads --disable-libmudflap --disable-libssp --disable-libstdcxx-pch --with-gnu-as --with-gnu-ld --enable-languages=c,c++,fortran --enable-shared --enable-lto --enable-symvers=gnu --enable-__cxa_atexit --with-glibc-version=2.21 --disable-nls --prefix=/scratch/gcc/nightly-2015-02-03-mainline/arm-none-linux-gnueabi/install --with-sysroot=/scratch/gcc/nightly-2015-02-03-mainline/arm-none-linux-gnueabi/install/arm-none-linux-gnueabi/libc --with-gmp=/scratch/gcc/nightly-2015-02-03-mainline/arm-none-linux-gnueabi/obj/pkg-mainline-0-arm-none-linux-gnueabi/fsf-mainline-0-arm-none-linux-gnueabi.extras/host-libs-i686-pc-linux-gnu/usr --with-mpfr=/scratch/gcc/nightly-2015-02-03-mainline/arm-none-linux-gnueabi/obj/pkg-mainline-0-arm-none-linux-gnueabi/fsf-mainline-0-arm-none-linux-gnueabi.extras/host-libs-i686-pc-linux-gnu/usr --with-mpc=/scratch/gcc/nightly-2015-02-03-mainline/a
 rm-none-linux-gnueabi/obj/pkg-mainline-0-arm-none-linux-gnueabi/fsf-mainline-0-arm-none-linux-gnueabi.extras/host-libs-i686-pc-linux-gnu/usr --with-host-libstdcxx='-static-libgcc -Wl,-Bstatic,-lstdc++,-Bdynamic -lm' --with-isl=/scratch/gcc/nightly-2015-02-03-mainline/arm-none-linux-gnueabi/obj/pkg-mainline-0-arm-none-linux-gnueabi/fsf-mainline-0-arm-none-linux-gnueabi.extras/host-libs-i686-pc-linux-gnu/usr --enable-libgomp --enable-libitm --enable-libatomic --disable-libssp --enable-poison-system-directories --with-build-time-tools=/scratch/gcc/nightly-2015-02-03-mainline/arm-none-linux-gnueabi/install/arm-none-linux-gnueabi/bin --with-build-time-tools=/scratch/gcc/nightly-2015-02-03-mainline/arm-none-linux-gnueabi/install/arm-none-linux-gnueabi/bin SED=sed



More information about the Gcc-testresults mailing list