Results for 5.0.0 20150203 (experimental) [trunk revision 220375] (GCC) testsuite on x86_64-unknown-linux-gnu

H.J. Lu Intel64 -fpic -mcmodel=medium -mcmodel=large intel64@gnu-5.sc.intel.com
Wed Feb 4 05:33:00 GMT 2015


Native configuration is x86_64-unknown-linux-gnu

		=== g++ tests ===


Running target unix/-fpic
FAIL: g++.dg/ipa/devirt-40.C  -std=gnu++11  scan-tree-dump-not fre2 "\\\\n  OBJ_TYPE_REF"
FAIL: g++.dg/ipa/devirt-40.C  -std=gnu++14  scan-tree-dump-not fre2 "\\\\n  OBJ_TYPE_REF"
FAIL: g++.dg/ipa/devirt-40.C  -std=gnu++98  scan-tree-dump-not fre2 "\\\\n  OBJ_TYPE_REF"
FAIL: g++.dg/ipa/devirt-42.C  -std=gnu++11  scan-ipa-dump-times inline "Discovered a virtual call to a known target" 2
FAIL: g++.dg/ipa/devirt-42.C  -std=gnu++11  scan-tree-dump-times optimized "return 2" 3
FAIL: g++.dg/ipa/devirt-42.C  -std=gnu++14  scan-ipa-dump-times inline "Discovered a virtual call to a known target" 2
FAIL: g++.dg/ipa/devirt-42.C  -std=gnu++14  scan-tree-dump-times optimized "return 2" 3
FAIL: g++.dg/ipa/devirt-42.C  -std=gnu++98  scan-ipa-dump-times inline "Discovered a virtual call to a known target" 2
FAIL: g++.dg/ipa/devirt-42.C  -std=gnu++98  scan-tree-dump-times optimized "return 2" 3
FAIL: g++.dg/ipa/devirt-c-8.C  -std=gnu++11  scan-ipa-dump cp "Discovered a virtual call to a known target.*A::foo"
FAIL: g++.dg/ipa/devirt-c-8.C  -std=gnu++11  scan-tree-dump-times optimized "OBJ_TYPE_REF" 0
FAIL: g++.dg/ipa/devirt-c-8.C  -std=gnu++14  scan-ipa-dump cp "Discovered a virtual call to a known target.*A::foo"
FAIL: g++.dg/ipa/devirt-c-8.C  -std=gnu++14  scan-tree-dump-times optimized "OBJ_TYPE_REF" 0
FAIL: g++.dg/ipa/devirt-c-8.C  -std=gnu++98  scan-ipa-dump cp "Discovered a virtual call to a known target.*A::foo"
FAIL: g++.dg/ipa/devirt-c-8.C  -std=gnu++98  scan-tree-dump-times optimized "OBJ_TYPE_REF" 0
XPASS: g++.dg/tls/thread_local-order2.C  -std=c++11 execution test
XPASS: g++.dg/tls/thread_local-order2.C  -std=c++14 execution test
FAIL: c-c++-common/ubsan/object-size-9.c   -O2  output pattern test, is c-c++-common/ubsan/object-size-9.c:21:11: runtime error: load of address 0x7fff0260624c with insufficient space for an object of type 'char'
FAIL: c-c++-common/ubsan/object-size-9.c   -O2 -flto -fno-use-linker-plugin -flto-partition=none  output pattern test, is c-c++-common/ubsan/object-size-9.c:21:11: runtime error: load of address 0x7fff6e62dcec with insufficient space for an object of type 'char'

		=== g++ Summary for unix/-fpic ===

# of expected passes		20200
# of expected failures		61
# of unsupported tests		74

Running target unix/-fpic -mcmodel=large
FAIL: c-c++-common/asan/global-overflow-1.c   -O2  output pattern test, is =================================================================
FAIL: c-c++-common/asan/global-overflow-1.c   -O2 -flto -fno-use-linker-plugin -flto-partition=none  output pattern test, is =================================================================
FAIL: c-c++-common/asan/global-overflow-1.c   -O2 -flto -fuse-linker-plugin -fno-fat-lto-objects  output pattern test, is =================================================================
FAIL: c-c++-common/asan/global-overflow-1.c   -O3 -fomit-frame-pointer  output pattern test, is =================================================================
FAIL: c-c++-common/asan/global-overflow-1.c   -O3 -g  output pattern test, is =================================================================
FAIL: c-c++-common/asan/global-overflow-1.c   -Os  output pattern test, is =================================================================
FAIL: g++.dg/asan/large-func-test-1.C   -Os  output pattern test, is =================================================================
FAIL: g++.dg/ext/attr-ifunc-1.C  -std=gnu++11 (test for excess errors)
UNRESOLVED: g++.dg/ext/attr-ifunc-1.C  -std=gnu++11 compilation failed to produce executable
FAIL: g++.dg/ext/attr-ifunc-1.C  -std=gnu++14 (test for excess errors)
UNRESOLVED: g++.dg/ext/attr-ifunc-1.C  -std=gnu++14 compilation failed to produce executable
FAIL: g++.dg/ext/attr-ifunc-1.C  -std=gnu++98 (test for excess errors)
UNRESOLVED: g++.dg/ext/attr-ifunc-1.C  -std=gnu++98 compilation failed to produce executable
FAIL: g++.dg/ext/attr-ifunc-2.C  -std=gnu++11 (test for excess errors)
UNRESOLVED: g++.dg/ext/attr-ifunc-2.C  -std=gnu++11 compilation failed to produce executable
FAIL: g++.dg/ext/attr-ifunc-2.C  -std=gnu++14 (test for excess errors)
UNRESOLVED: g++.dg/ext/attr-ifunc-2.C  -std=gnu++14 compilation failed to produce executable
FAIL: g++.dg/ext/attr-ifunc-2.C  -std=gnu++98 (test for excess errors)
UNRESOLVED: g++.dg/ext/attr-ifunc-2.C  -std=gnu++98 compilation failed to produce executable
FAIL: g++.dg/ext/attr-ifunc-3.C  -std=gnu++11 (test for excess errors)
UNRESOLVED: g++.dg/ext/attr-ifunc-3.C  -std=gnu++11 compilation failed to produce executable
FAIL: g++.dg/ext/attr-ifunc-3.C  -std=gnu++14 (test for excess errors)
UNRESOLVED: g++.dg/ext/attr-ifunc-3.C  -std=gnu++14 compilation failed to produce executable
FAIL: g++.dg/ext/attr-ifunc-3.C  -std=gnu++98 (test for excess errors)
UNRESOLVED: g++.dg/ext/attr-ifunc-3.C  -std=gnu++98 compilation failed to produce executable
FAIL: g++.dg/ext/mv1.C  -std=gnu++11 (test for excess errors)
UNRESOLVED: g++.dg/ext/mv1.C  -std=gnu++11 compilation failed to produce executable
FAIL: g++.dg/ext/mv1.C  -std=gnu++14 (test for excess errors)
UNRESOLVED: g++.dg/ext/mv1.C  -std=gnu++14 compilation failed to produce executable
FAIL: g++.dg/ext/mv1.C  -std=gnu++98 (test for excess errors)
UNRESOLVED: g++.dg/ext/mv1.C  -std=gnu++98 compilation failed to produce executable
FAIL: g++.dg/ext/mv12.C  -std=gnu++11 (test for excess errors)
UNRESOLVED: g++.dg/ext/mv12.C  -std=gnu++11 compilation failed to produce executable
FAIL: g++.dg/ext/mv12.C  -std=gnu++14 (test for excess errors)
UNRESOLVED: g++.dg/ext/mv12.C  -std=gnu++14 compilation failed to produce executable
FAIL: g++.dg/ext/mv12.C  -std=gnu++98 (test for excess errors)
UNRESOLVED: g++.dg/ext/mv12.C  -std=gnu++98 compilation failed to produce executable
FAIL: g++.dg/ext/mv14.C  -std=gnu++11 (test for excess errors)
UNRESOLVED: g++.dg/ext/mv14.C  -std=gnu++11 compilation failed to produce executable
FAIL: g++.dg/ext/mv14.C  -std=gnu++14 (test for excess errors)
UNRESOLVED: g++.dg/ext/mv14.C  -std=gnu++14 compilation failed to produce executable
FAIL: g++.dg/ext/mv14.C  -std=gnu++98 (test for excess errors)
UNRESOLVED: g++.dg/ext/mv14.C  -std=gnu++98 compilation failed to produce executable
FAIL: g++.dg/ext/mv15.C  -std=gnu++11 (test for excess errors)
UNRESOLVED: g++.dg/ext/mv15.C  -std=gnu++11 compilation failed to produce executable
FAIL: g++.dg/ext/mv15.C  -std=gnu++14 (test for excess errors)
UNRESOLVED: g++.dg/ext/mv15.C  -std=gnu++14 compilation failed to produce executable
FAIL: g++.dg/ext/mv15.C  -std=gnu++98 (test for excess errors)
UNRESOLVED: g++.dg/ext/mv15.C  -std=gnu++98 compilation failed to produce executable
FAIL: g++.dg/ext/mv16.C  -std=gnu++11 (test for excess errors)
UNRESOLVED: g++.dg/ext/mv16.C  -std=gnu++11 compilation failed to produce executable
FAIL: g++.dg/ext/mv16.C  -std=gnu++14 (test for excess errors)
UNRESOLVED: g++.dg/ext/mv16.C  -std=gnu++14 compilation failed to produce executable
FAIL: g++.dg/ext/mv16.C  -std=gnu++98 (test for excess errors)
UNRESOLVED: g++.dg/ext/mv16.C  -std=gnu++98 compilation failed to produce executable
FAIL: g++.dg/ext/mv17.C  -std=gnu++11 (test for excess errors)
UNRESOLVED: g++.dg/ext/mv17.C  -std=gnu++11 compilation failed to produce executable
FAIL: g++.dg/ext/mv17.C  -std=gnu++14 (test for excess errors)
UNRESOLVED: g++.dg/ext/mv17.C  -std=gnu++14 compilation failed to produce executable
FAIL: g++.dg/ext/mv17.C  -std=gnu++98 (test for excess errors)
UNRESOLVED: g++.dg/ext/mv17.C  -std=gnu++98 compilation failed to produce executable
FAIL: g++.dg/ext/mv2.C  -std=gnu++11 (test for excess errors)
UNRESOLVED: g++.dg/ext/mv2.C  -std=gnu++11 compilation failed to produce executable
FAIL: g++.dg/ext/mv2.C  -std=gnu++14 (test for excess errors)
UNRESOLVED: g++.dg/ext/mv2.C  -std=gnu++14 compilation failed to produce executable
FAIL: g++.dg/ext/mv2.C  -std=gnu++98 (test for excess errors)
UNRESOLVED: g++.dg/ext/mv2.C  -std=gnu++98 compilation failed to produce executable
FAIL: g++.dg/ext/mv5.C  -std=gnu++11 (test for excess errors)
UNRESOLVED: g++.dg/ext/mv5.C  -std=gnu++11 compilation failed to produce executable
FAIL: g++.dg/ext/mv5.C  -std=gnu++14 (test for excess errors)
UNRESOLVED: g++.dg/ext/mv5.C  -std=gnu++14 compilation failed to produce executable
FAIL: g++.dg/ext/mv5.C  -std=gnu++98 (test for excess errors)
UNRESOLVED: g++.dg/ext/mv5.C  -std=gnu++98 compilation failed to produce executable
FAIL: g++.dg/ext/mv6.C  -std=gnu++11 (test for excess errors)
UNRESOLVED: g++.dg/ext/mv6.C  -std=gnu++11 compilation failed to produce executable
FAIL: g++.dg/ext/mv6.C  -std=gnu++14 (test for excess errors)
UNRESOLVED: g++.dg/ext/mv6.C  -std=gnu++14 compilation failed to produce executable
FAIL: g++.dg/ext/mv6.C  -std=gnu++98 (test for excess errors)
UNRESOLVED: g++.dg/ext/mv6.C  -std=gnu++98 compilation failed to produce executable
FAIL: g++.dg/ipa/devirt-40.C  -std=gnu++11  scan-tree-dump-not fre2 "\\\\n  OBJ_TYPE_REF"
FAIL: g++.dg/ipa/devirt-40.C  -std=gnu++14  scan-tree-dump-not fre2 "\\\\n  OBJ_TYPE_REF"
FAIL: g++.dg/ipa/devirt-40.C  -std=gnu++98  scan-tree-dump-not fre2 "\\\\n  OBJ_TYPE_REF"
FAIL: g++.dg/ipa/devirt-42.C  -std=gnu++11  scan-ipa-dump-times inline "Discovered a virtual call to a known target" 2
FAIL: g++.dg/ipa/devirt-42.C  -std=gnu++11  scan-tree-dump-times optimized "return 2" 3
FAIL: g++.dg/ipa/devirt-42.C  -std=gnu++14  scan-ipa-dump-times inline "Discovered a virtual call to a known target" 2
FAIL: g++.dg/ipa/devirt-42.C  -std=gnu++14  scan-tree-dump-times optimized "return 2" 3
FAIL: g++.dg/ipa/devirt-42.C  -std=gnu++98  scan-ipa-dump-times inline "Discovered a virtual call to a known target" 2
FAIL: g++.dg/ipa/devirt-42.C  -std=gnu++98  scan-tree-dump-times optimized "return 2" 3
FAIL: g++.dg/ipa/devirt-c-8.C  -std=gnu++11  scan-ipa-dump cp "Discovered a virtual call to a known target.*A::foo"
FAIL: g++.dg/ipa/devirt-c-8.C  -std=gnu++11  scan-tree-dump-times optimized "OBJ_TYPE_REF" 0
FAIL: g++.dg/ipa/devirt-c-8.C  -std=gnu++14  scan-ipa-dump cp "Discovered a virtual call to a known target.*A::foo"
FAIL: g++.dg/ipa/devirt-c-8.C  -std=gnu++14  scan-tree-dump-times optimized "OBJ_TYPE_REF" 0
FAIL: g++.dg/ipa/devirt-c-8.C  -std=gnu++98  scan-ipa-dump cp "Discovered a virtual call to a known target.*A::foo"
FAIL: g++.dg/ipa/devirt-c-8.C  -std=gnu++98  scan-tree-dump-times optimized "OBJ_TYPE_REF" 0
FAIL: g++.dg/lookup/extern-c-redecl3.C  -std=gnu++11  scan-assembler call[\\t ]+_?fork
FAIL: g++.dg/lookup/extern-c-redecl3.C  -std=gnu++14  scan-assembler call[\\t ]+_?fork
FAIL: g++.dg/lookup/extern-c-redecl3.C  -std=gnu++98  scan-assembler call[\\t ]+_?fork
FAIL: g++.dg/lookup/extern-c-redecl4.C  -std=gnu++11  scan-assembler call[\\t ]+[^\$]*?_Z4forkv
FAIL: g++.dg/lookup/extern-c-redecl4.C  -std=gnu++14  scan-assembler call[\\t ]+[^\$]*?_Z4forkv
FAIL: g++.dg/lookup/extern-c-redecl4.C  -std=gnu++98  scan-assembler call[\\t ]+[^\$]*?_Z4forkv
FAIL: g++.dg/opt/pr51396.C  -std=gnu++11 (internal compiler error)
FAIL: g++.dg/opt/pr51396.C  -std=gnu++11 (test for excess errors)
FAIL: g++.dg/opt/pr51396.C  -std=gnu++14 (internal compiler error)
FAIL: g++.dg/opt/pr51396.C  -std=gnu++14 (test for excess errors)
FAIL: g++.dg/opt/pr51396.C  -std=gnu++98 (internal compiler error)
FAIL: g++.dg/opt/pr51396.C  -std=gnu++98 (test for excess errors)
FAIL: c-c++-common/goacc/acc_on_device-2-off.c  -std=c++11  scan-rtl-dump-times expand "\\\\(call [^\\\\n]*\\\\"acc_on_device" 1
FAIL: c-c++-common/goacc/acc_on_device-2-off.c  -std=c++14  scan-rtl-dump-times expand "\\\\(call [^\\\\n]*\\\\"acc_on_device" 1
FAIL: c-c++-common/goacc/acc_on_device-2-off.c  -std=c++98  scan-rtl-dump-times expand "\\\\(call [^\\\\n]*\\\\"acc_on_device" 1
XPASS: c-c++-common/goacc/acc_on_device-2.c  -std=c++11  scan-rtl-dump-times expand "\\\\(call [^\\\\n]*\\\\"acc_on_device" 0
XPASS: c-c++-common/goacc/acc_on_device-2.c  -std=c++14  scan-rtl-dump-times expand "\\\\(call [^\\\\n]*\\\\"acc_on_device" 0
XPASS: c-c++-common/goacc/acc_on_device-2.c  -std=c++98  scan-rtl-dump-times expand "\\\\(call [^\\\\n]*\\\\"acc_on_device" 0
XPASS: g++.dg/tls/thread_local-order2.C  -std=c++11 execution test
XPASS: g++.dg/tls/thread_local-order2.C  -std=c++14 execution test
FAIL: c-c++-common/ubsan/object-size-9.c   -O2  output pattern test, is c-c++-common/ubsan/object-size-9.c:21:11: runtime error: load of address 0x7ffffcd46a4c with insufficient space for an object of type 'char'
FAIL: c-c++-common/ubsan/object-size-9.c   -O2 -flto -fno-use-linker-plugin -flto-partition=none  output pattern test, is c-c++-common/ubsan/object-size-9.c:21:11: runtime error: load of address 0x7fffae5e655c with insufficient space for an object of type 'char'
FAIL: g++.dg/vect/pr60023.cc   (internal compiler error)
FAIL: g++.dg/vect/pr60023.cc   (test for excess errors)
FAIL: g++.dg/vect/pr60559.cc   (internal compiler error)
FAIL: g++.dg/vect/pr60559.cc   (test for excess errors)

		=== g++ Summary for unix/-fpic -mcmodel=large ===

# of expected passes		20200
# of expected failures		61
# of unsupported tests		74

Running target unix/-fpic -mcmodel=medium
FAIL: g++.dg/ipa/devirt-40.C  -std=gnu++11  scan-tree-dump-not fre2 "\\\\n  OBJ_TYPE_REF"
FAIL: g++.dg/ipa/devirt-40.C  -std=gnu++14  scan-tree-dump-not fre2 "\\\\n  OBJ_TYPE_REF"
FAIL: g++.dg/ipa/devirt-40.C  -std=gnu++98  scan-tree-dump-not fre2 "\\\\n  OBJ_TYPE_REF"
FAIL: g++.dg/ipa/devirt-42.C  -std=gnu++11  scan-ipa-dump-times inline "Discovered a virtual call to a known target" 2
FAIL: g++.dg/ipa/devirt-42.C  -std=gnu++11  scan-tree-dump-times optimized "return 2" 3
FAIL: g++.dg/ipa/devirt-42.C  -std=gnu++14  scan-ipa-dump-times inline "Discovered a virtual call to a known target" 2
FAIL: g++.dg/ipa/devirt-42.C  -std=gnu++14  scan-tree-dump-times optimized "return 2" 3
FAIL: g++.dg/ipa/devirt-42.C  -std=gnu++98  scan-ipa-dump-times inline "Discovered a virtual call to a known target" 2
FAIL: g++.dg/ipa/devirt-42.C  -std=gnu++98  scan-tree-dump-times optimized "return 2" 3
FAIL: g++.dg/ipa/devirt-c-8.C  -std=gnu++11  scan-ipa-dump cp "Discovered a virtual call to a known target.*A::foo"
FAIL: g++.dg/ipa/devirt-c-8.C  -std=gnu++11  scan-tree-dump-times optimized "OBJ_TYPE_REF" 0
FAIL: g++.dg/ipa/devirt-c-8.C  -std=gnu++14  scan-ipa-dump cp "Discovered a virtual call to a known target.*A::foo"
FAIL: g++.dg/ipa/devirt-c-8.C  -std=gnu++14  scan-tree-dump-times optimized "OBJ_TYPE_REF" 0
FAIL: g++.dg/ipa/devirt-c-8.C  -std=gnu++98  scan-ipa-dump cp "Discovered a virtual call to a known target.*A::foo"
FAIL: g++.dg/ipa/devirt-c-8.C  -std=gnu++98  scan-tree-dump-times optimized "OBJ_TYPE_REF" 0
XPASS: g++.dg/tls/thread_local-order2.C  -std=c++11 execution test
XPASS: g++.dg/tls/thread_local-order2.C  -std=c++14 execution test
FAIL: c-c++-common/ubsan/object-size-9.c   -O2  output pattern test, is c-c++-common/ubsan/object-size-9.c:21:11: runtime error: load of address 0x7ffff9d37aac with insufficient space for an object of type 'char'
FAIL: c-c++-common/ubsan/object-size-9.c   -O2 -flto -fno-use-linker-plugin -flto-partition=none  output pattern test, is c-c++-common/ubsan/object-size-9.c:21:11: runtime error: load of address 0x7fffb766954c with insufficient space for an object of type 'char'

		=== g++ Summary for unix/-fpic -mcmodel=medium ===

# of expected passes		20200
# of expected failures		61
# of unsupported tests		74

Running target unix/-mcmodel=large
FAIL: c-c++-common/asan/global-overflow-1.c   -O2  output pattern test, is =================================================================
FAIL: c-c++-common/asan/global-overflow-1.c   -O2 -flto -fno-use-linker-plugin -flto-partition=none  output pattern test, is =================================================================
FAIL: c-c++-common/asan/global-overflow-1.c   -O2 -flto -fuse-linker-plugin -fno-fat-lto-objects  output pattern test, is =================================================================
FAIL: c-c++-common/asan/global-overflow-1.c   -O3 -fomit-frame-pointer  output pattern test, is =================================================================
FAIL: c-c++-common/asan/global-overflow-1.c   -O3 -g  output pattern test, is =================================================================
FAIL: c-c++-common/asan/global-overflow-1.c   -Os  output pattern test, is =================================================================
FAIL: g++.dg/asan/large-func-test-1.C   -Os  output pattern test, is =================================================================
FAIL: c-c++-common/cxxbitfields-3.c  -std=gnu++11  scan-assembler movl.*, _?var
FAIL: c-c++-common/cxxbitfields-3.c  -std=gnu++14  scan-assembler movl.*, _?var
FAIL: c-c++-common/cxxbitfields-3.c  -std=gnu++98  scan-assembler movl.*, _?var
FAIL: g++.dg/ext/mv1.C  -std=gnu++11 (test for excess errors)
UNRESOLVED: g++.dg/ext/mv1.C  -std=gnu++11 compilation failed to produce executable
FAIL: g++.dg/ext/mv1.C  -std=gnu++14 (test for excess errors)
UNRESOLVED: g++.dg/ext/mv1.C  -std=gnu++14 compilation failed to produce executable
FAIL: g++.dg/ext/mv1.C  -std=gnu++98 (test for excess errors)
UNRESOLVED: g++.dg/ext/mv1.C  -std=gnu++98 compilation failed to produce executable
FAIL: g++.dg/ext/mv14.C  -std=gnu++11 (test for excess errors)
UNRESOLVED: g++.dg/ext/mv14.C  -std=gnu++11 compilation failed to produce executable
FAIL: g++.dg/ext/mv14.C  -std=gnu++14 (test for excess errors)
UNRESOLVED: g++.dg/ext/mv14.C  -std=gnu++14 compilation failed to produce executable
FAIL: g++.dg/ext/mv14.C  -std=gnu++98 (test for excess errors)
UNRESOLVED: g++.dg/ext/mv14.C  -std=gnu++98 compilation failed to produce executable
FAIL: g++.dg/ext/mv15.C  -std=gnu++11 (test for excess errors)
UNRESOLVED: g++.dg/ext/mv15.C  -std=gnu++11 compilation failed to produce executable
FAIL: g++.dg/ext/mv15.C  -std=gnu++14 (test for excess errors)
UNRESOLVED: g++.dg/ext/mv15.C  -std=gnu++14 compilation failed to produce executable
FAIL: g++.dg/ext/mv15.C  -std=gnu++98 (test for excess errors)
UNRESOLVED: g++.dg/ext/mv15.C  -std=gnu++98 compilation failed to produce executable
FAIL: g++.dg/lookup/extern-c-redecl3.C  -std=gnu++11  scan-assembler call[\\t ]+_?fork
FAIL: g++.dg/lookup/extern-c-redecl3.C  -std=gnu++14  scan-assembler call[\\t ]+_?fork
FAIL: g++.dg/lookup/extern-c-redecl3.C  -std=gnu++98  scan-assembler call[\\t ]+_?fork
FAIL: g++.dg/lookup/extern-c-redecl4.C  -std=gnu++11  scan-assembler call[\\t ]+[^\$]*?_Z4forkv
FAIL: g++.dg/lookup/extern-c-redecl4.C  -std=gnu++14  scan-assembler call[\\t ]+[^\$]*?_Z4forkv
FAIL: g++.dg/lookup/extern-c-redecl4.C  -std=gnu++98  scan-assembler call[\\t ]+[^\$]*?_Z4forkv
FAIL: c-c++-common/goacc/acc_on_device-2-off.c  -std=c++11  scan-rtl-dump-times expand "\\\\(call [^\\\\n]*\\\\"acc_on_device" 1
FAIL: c-c++-common/goacc/acc_on_device-2-off.c  -std=c++14  scan-rtl-dump-times expand "\\\\(call [^\\\\n]*\\\\"acc_on_device" 1
FAIL: c-c++-common/goacc/acc_on_device-2-off.c  -std=c++98  scan-rtl-dump-times expand "\\\\(call [^\\\\n]*\\\\"acc_on_device" 1
XPASS: c-c++-common/goacc/acc_on_device-2.c  -std=c++11  scan-rtl-dump-times expand "\\\\(call [^\\\\n]*\\\\"acc_on_device" 0
XPASS: c-c++-common/goacc/acc_on_device-2.c  -std=c++14  scan-rtl-dump-times expand "\\\\(call [^\\\\n]*\\\\"acc_on_device" 0
XPASS: c-c++-common/goacc/acc_on_device-2.c  -std=c++98  scan-rtl-dump-times expand "\\\\(call [^\\\\n]*\\\\"acc_on_device" 0
FAIL: g++.dg/guality/pr55665.C   -O2  line 23 p == 40
FAIL: g++.dg/guality/pr55665.C   -O3 -fomit-frame-pointer  line 23 p == 40
FAIL: g++.dg/guality/pr55665.C   -O3 -g  line 23 p == 40
XPASS: g++.dg/tls/thread_local-order2.C  -std=c++11 execution test
XPASS: g++.dg/tls/thread_local-order2.C  -std=c++14 execution test

		=== g++ Summary for unix/-mcmodel=large ===

# of expected passes		20200
# of expected failures		61
# of unsupported tests		74

Running target unix/-mcmodel=medium
FAIL: g++.dg/guality/pr55665.C   -O2  line 23 p == 40
FAIL: g++.dg/guality/pr55665.C   -O3 -fomit-frame-pointer  line 23 p == 40
FAIL: g++.dg/guality/pr55665.C   -O3 -g  line 23 p == 40
XPASS: g++.dg/tls/thread_local-order2.C  -std=c++11 execution test
XPASS: g++.dg/tls/thread_local-order2.C  -std=c++14 execution test

		=== g++ Summary for unix/-mcmodel=medium ===

# of expected passes		20200
# of expected failures		61
# of unsupported tests		74

		=== g++ Summary ===

# of expected passes		101000
# of expected failures		305
# of unsupported tests		370
/export/gnu/import/git/gcc-test-intel64/bld/gcc/testsuite/g++/../../xg++  version 5.0.0 20150203 (experimental) [trunk revision 220375] (GCC) 

		=== gcc tests ===


Running target unix/-fpic
FAIL: gcc.dg/uninit-19.c  (test for warnings, line 13)
FAIL: gcc.dg/uninit-19.c (test for excess errors)
XPASS: gcc.dg/guality/example.c   -O0  execution test
XPASS: gcc.dg/guality/example.c   -O1  execution test
XPASS: gcc.dg/guality/guality.c   -O0  execution test
XPASS: gcc.dg/guality/guality.c   -O1  execution test
XPASS: gcc.dg/guality/guality.c   -O2  execution test
XPASS: gcc.dg/guality/guality.c   -O2 -flto -fno-use-linker-plugin -flto-partition=none  execution test
XPASS: gcc.dg/guality/guality.c   -O2 -flto -fuse-linker-plugin -fno-fat-lto-objects  execution test
XPASS: gcc.dg/guality/guality.c   -O3 -fomit-frame-pointer  execution test
XPASS: gcc.dg/guality/guality.c   -O3 -g  execution test
XPASS: gcc.dg/guality/guality.c   -Os  execution test
XPASS: gcc.dg/guality/inline-params.c   -O2  execution test
XPASS: gcc.dg/guality/inline-params.c   -O2 -flto -fno-use-linker-plugin -flto-partition=none  execution test
XPASS: gcc.dg/guality/inline-params.c   -O3 -fomit-frame-pointer  execution test
XPASS: gcc.dg/guality/inline-params.c   -O3 -g  execution test
XPASS: gcc.dg/guality/inline-params.c   -Os  execution test
FAIL: gcc.dg/guality/pr36728-1.c   -O1  line 18 arg3 == 3
FAIL: gcc.dg/guality/pr36728-1.c   -O2  line 18 arg3 == 3
FAIL: gcc.dg/guality/pr36728-1.c   -O2 -flto -fno-use-linker-plugin -flto-partition=none  line 18 arg3 == 3
FAIL: gcc.dg/guality/pr36728-1.c   -O3 -fomit-frame-pointer  line 18 arg3 == 3
FAIL: gcc.dg/guality/pr36728-1.c   -O3 -g  line 18 arg3 == 3
FAIL: gcc.dg/guality/pr36728-1.c   -Os  line 18 arg3 == 3
FAIL: gcc.dg/guality/pr36728-2.c   -O1  line 18 *x == (char) 25
FAIL: gcc.dg/guality/pr36728-2.c   -O2  line 18 *x == (char) 25
FAIL: gcc.dg/guality/pr36728-2.c   -O2 -flto -fno-use-linker-plugin -flto-partition=none  line 18 *x == (char) 25
FAIL: gcc.dg/guality/pr36728-2.c   -O3 -fomit-frame-pointer  line 18 *x == (char) 25
FAIL: gcc.dg/guality/pr36728-2.c   -O3 -g  line 18 *x == (char) 25
FAIL: gcc.dg/guality/pr36728-2.c   -Os  line 18 *x == (char) 25
XPASS: gcc.dg/guality/pr41353-1.c   -O0  line 28 j == 28 + 37
XPASS: gcc.dg/guality/pr41447-1.c   -O0  execution test
XPASS: gcc.dg/guality/pr41447-1.c   -O1  execution test
XPASS: gcc.dg/guality/pr41447-1.c   -O2 -flto -fuse-linker-plugin -fno-fat-lto-objects  execution test
XPASS: gcc.dg/guality/pr41616-1.c   -O0  execution test
XPASS: gcc.dg/guality/pr41616-1.c   -O1  execution test
XPASS: gcc.dg/guality/pr41616-1.c   -O2  execution test
XPASS: gcc.dg/guality/pr41616-1.c   -O2 -flto -fno-use-linker-plugin -flto-partition=none  execution test
XPASS: gcc.dg/guality/pr41616-1.c   -O3 -fomit-frame-pointer  execution test
XPASS: gcc.dg/guality/pr41616-1.c   -O3 -g  execution test
XPASS: gcc.dg/guality/pr41616-1.c   -Os  execution test
FAIL: gcc.dg/guality/pr43051-1.c   -O2  line 35 v == 1
FAIL: gcc.dg/guality/pr43051-1.c   -O2  line 36 e == &a[1]
FAIL: gcc.dg/guality/pr43051-1.c   -O2  line 39 c == &a[0]
FAIL: gcc.dg/guality/pr43051-1.c   -O2  line 40 v == 1
FAIL: gcc.dg/guality/pr43051-1.c   -O2  line 41 e == &a[1]
FAIL: gcc.dg/guality/pr43051-1.c   -O2 -flto -fno-use-linker-plugin -flto-partition=none  line 35 v == 1
FAIL: gcc.dg/guality/pr43051-1.c   -O2 -flto -fno-use-linker-plugin -flto-partition=none  line 36 e == &a[1]
FAIL: gcc.dg/guality/pr43051-1.c   -O2 -flto -fno-use-linker-plugin -flto-partition=none  line 39 c == &a[0]
FAIL: gcc.dg/guality/pr43051-1.c   -O2 -flto -fno-use-linker-plugin -flto-partition=none  line 40 v == 1
FAIL: gcc.dg/guality/pr43051-1.c   -O2 -flto -fno-use-linker-plugin -flto-partition=none  line 41 e == &a[1]
FAIL: gcc.dg/guality/pr43051-1.c   -O2 -flto -fuse-linker-plugin -fno-fat-lto-objects  line 35 v == 1
FAIL: gcc.dg/guality/pr43051-1.c   -O2 -flto -fuse-linker-plugin -fno-fat-lto-objects  line 36 e == &a[1]
FAIL: gcc.dg/guality/pr43051-1.c   -O2 -flto -fuse-linker-plugin -fno-fat-lto-objects  line 39 c == &a[0]
FAIL: gcc.dg/guality/pr43051-1.c   -O2 -flto -fuse-linker-plugin -fno-fat-lto-objects  line 40 v == 1
FAIL: gcc.dg/guality/pr43051-1.c   -O2 -flto -fuse-linker-plugin -fno-fat-lto-objects  line 41 e == &a[1]
FAIL: gcc.dg/guality/pr43051-1.c   -O3 -fomit-frame-pointer  line 35 v == 1
FAIL: gcc.dg/guality/pr43051-1.c   -O3 -fomit-frame-pointer  line 36 e == &a[1]
FAIL: gcc.dg/guality/pr43051-1.c   -O3 -fomit-frame-pointer  line 39 c == &a[0]
FAIL: gcc.dg/guality/pr43051-1.c   -O3 -fomit-frame-pointer  line 40 v == 1
FAIL: gcc.dg/guality/pr43051-1.c   -O3 -fomit-frame-pointer  line 41 e == &a[1]
FAIL: gcc.dg/guality/pr43051-1.c   -O3 -fomit-frame-pointer -funroll-all-loops -finline-functions  line 35 v == 1
FAIL: gcc.dg/guality/pr43051-1.c   -O3 -fomit-frame-pointer -funroll-all-loops -finline-functions  line 36 e == &a[1]
FAIL: gcc.dg/guality/pr43051-1.c   -O3 -fomit-frame-pointer -funroll-all-loops -finline-functions  line 39 c == &a[0]
FAIL: gcc.dg/guality/pr43051-1.c   -O3 -fomit-frame-pointer -funroll-all-loops -finline-functions  line 40 v == 1
FAIL: gcc.dg/guality/pr43051-1.c   -O3 -fomit-frame-pointer -funroll-all-loops -finline-functions  line 41 e == &a[1]
FAIL: gcc.dg/guality/pr43051-1.c   -O3 -fomit-frame-pointer -funroll-loops  line 35 v == 1
FAIL: gcc.dg/guality/pr43051-1.c   -O3 -fomit-frame-pointer -funroll-loops  line 36 e == &a[1]
FAIL: gcc.dg/guality/pr43051-1.c   -O3 -fomit-frame-pointer -funroll-loops  line 39 c == &a[0]
FAIL: gcc.dg/guality/pr43051-1.c   -O3 -fomit-frame-pointer -funroll-loops  line 40 v == 1
FAIL: gcc.dg/guality/pr43051-1.c   -O3 -fomit-frame-pointer -funroll-loops  line 41 e == &a[1]
FAIL: gcc.dg/guality/pr43051-1.c   -O3 -g  line 35 v == 1
FAIL: gcc.dg/guality/pr43051-1.c   -O3 -g  line 36 e == &a[1]
FAIL: gcc.dg/guality/pr43051-1.c   -O3 -g  line 39 c == &a[0]
FAIL: gcc.dg/guality/pr43051-1.c   -O3 -g  line 40 v == 1
FAIL: gcc.dg/guality/pr43051-1.c   -O3 -g  line 41 e == &a[1]
FAIL: gcc.dg/guality/pr43051-1.c   -Os  line 35 v == 1
FAIL: gcc.dg/guality/pr43051-1.c   -Os  line 36 e == &a[1]
FAIL: gcc.dg/guality/pr43051-1.c   -Os  line 39 c == &a[0]
FAIL: gcc.dg/guality/pr43051-1.c   -Os  line 40 v == 1
FAIL: gcc.dg/guality/pr43051-1.c   -Os  line 41 e == &a[1]
FAIL: gcc.dg/guality/pr43177.c   -O2 -flto -fuse-linker-plugin -fno-fat-lto-objects  line 15 l == 10
FAIL: gcc.dg/guality/pr43177.c   -O2 -flto -fuse-linker-plugin -fno-fat-lto-objects  line 15 x == 7
FAIL: gcc.dg/guality/pr43177.c   -O2 -flto -fuse-linker-plugin -fno-fat-lto-objects  line 24 l == 10
FAIL: gcc.dg/guality/pr43177.c   -O2 -flto -fuse-linker-plugin -fno-fat-lto-objects  line 24 x == 7
FAIL: gcc.dg/guality/pr43479.c   -O1  line 13 h == 9
FAIL: gcc.dg/guality/pr43479.c   -O1  line 18 h == 9
FAIL: gcc.dg/guality/pr43479.c   -O2  line 13 h == 9
FAIL: gcc.dg/guality/pr43479.c   -O2  line 18 h == 9
FAIL: gcc.dg/guality/pr43479.c   -O2 -flto -fno-use-linker-plugin -flto-partition=none  line 13 h == 9
FAIL: gcc.dg/guality/pr43479.c   -O2 -flto -fno-use-linker-plugin -flto-partition=none  line 18 h == 9
FAIL: gcc.dg/guality/pr43479.c   -O2 -flto -fuse-linker-plugin -fno-fat-lto-objects  line 13 h == 9
FAIL: gcc.dg/guality/pr43479.c   -O2 -flto -fuse-linker-plugin -fno-fat-lto-objects  line 18 h == 9
FAIL: gcc.dg/guality/pr43479.c   -O3 -fomit-frame-pointer  line 13 h == 9
FAIL: gcc.dg/guality/pr43479.c   -O3 -fomit-frame-pointer  line 18 h == 9
FAIL: gcc.dg/guality/pr43479.c   -O3 -g  line 13 h == 9
FAIL: gcc.dg/guality/pr43479.c   -O3 -g  line 18 h == 9
FAIL: gcc.dg/guality/pr43479.c   -Os  line 13 h == 9
FAIL: gcc.dg/guality/pr43479.c   -Os  line 18 h == 9
FAIL: gcc.dg/guality/pr45003-2.c   -O2 -flto -fuse-linker-plugin -fno-fat-lto-objects  line 10 a == 0x8078
FAIL: gcc.dg/guality/pr45882.c   -O2 -flto -fuse-linker-plugin -fno-fat-lto-objects  line 16 d == 112
FAIL: gcc.dg/guality/pr45882.c   -O2 -flto -fuse-linker-plugin -fno-fat-lto-objects  line 16 e == 142
FAIL: gcc.dg/guality/pr54200.c   -Os  line 20 z == 3
FAIL: gcc.dg/guality/pr54519-1.c   -O2 -flto -fno-use-linker-plugin -flto-partition=none  line 20 y == 25
FAIL: gcc.dg/guality/pr54519-1.c   -O2 -flto -fno-use-linker-plugin -flto-partition=none  line 20 z == 6
FAIL: gcc.dg/guality/pr54519-1.c   -O2 -flto -fno-use-linker-plugin -flto-partition=none  line 23 y == 117
FAIL: gcc.dg/guality/pr54519-1.c   -O2 -flto -fno-use-linker-plugin -flto-partition=none  line 23 z == 8
FAIL: gcc.dg/guality/pr54519-2.c   -O2 -flto -fno-use-linker-plugin -flto-partition=none  line 17 y == 25
FAIL: gcc.dg/guality/pr54519-2.c   -O2 -flto -fuse-linker-plugin -fno-fat-lto-objects  line 17 x == 6
FAIL: gcc.dg/guality/pr54519-2.c   -O2 -flto -fuse-linker-plugin -fno-fat-lto-objects  line 17 y == 25
FAIL: gcc.dg/guality/pr54519-3.c   -O2 -flto -fno-use-linker-plugin -flto-partition=none  line 20 y == 25
FAIL: gcc.dg/guality/pr54519-3.c   -O2 -flto -fno-use-linker-plugin -flto-partition=none  line 20 z == 6
FAIL: gcc.dg/guality/pr54519-3.c   -O2 -flto -fno-use-linker-plugin -flto-partition=none  line 23 y == 117
FAIL: gcc.dg/guality/pr54519-3.c   -O2 -flto -fno-use-linker-plugin -flto-partition=none  line 23 z == 8
FAIL: gcc.dg/guality/pr54519-3.c   -O2 -flto -fuse-linker-plugin -fno-fat-lto-objects  line 20 x == 36
FAIL: gcc.dg/guality/pr54519-3.c   -O2 -flto -fuse-linker-plugin -fno-fat-lto-objects  line 20 y == 25
FAIL: gcc.dg/guality/pr54519-3.c   -O2 -flto -fuse-linker-plugin -fno-fat-lto-objects  line 20 z == 6
FAIL: gcc.dg/guality/pr54519-3.c   -O2 -flto -fuse-linker-plugin -fno-fat-lto-objects  line 23 x == 98
FAIL: gcc.dg/guality/pr54519-3.c   -O2 -flto -fuse-linker-plugin -fno-fat-lto-objects  line 23 y == 117
FAIL: gcc.dg/guality/pr54519-3.c   -O2 -flto -fuse-linker-plugin -fno-fat-lto-objects  line 23 z == 8
FAIL: gcc.dg/guality/pr54519-4.c   -O2 -flto -fno-use-linker-plugin -flto-partition=none  line 17 y == 25
FAIL: gcc.dg/guality/pr54519-4.c   -O2 -flto -fuse-linker-plugin -fno-fat-lto-objects  line 17 x == 6
FAIL: gcc.dg/guality/pr54519-4.c   -O2 -flto -fuse-linker-plugin -fno-fat-lto-objects  line 17 y == 25
FAIL: gcc.dg/guality/pr54519-5.c   -O2  line 17 y == 25
FAIL: gcc.dg/guality/pr54519-5.c   -O2 -flto -fno-use-linker-plugin -flto-partition=none  line 17 y == 25
FAIL: gcc.dg/guality/pr54519-5.c   -O2 -flto -fuse-linker-plugin -fno-fat-lto-objects  line 17 x == 6
FAIL: gcc.dg/guality/pr54519-5.c   -O2 -flto -fuse-linker-plugin -fno-fat-lto-objects  line 17 y == 25
FAIL: gcc.dg/guality/pr54519-5.c   -O3 -fomit-frame-pointer  line 17 y == 25
FAIL: gcc.dg/guality/pr54519-5.c   -O3 -g  line 17 y == 25
FAIL: gcc.dg/guality/pr54519-5.c   -Os  line 17 y == 25
FAIL: gcc.dg/guality/sra-1.c   -O2  line 43 a.j == 14
FAIL: gcc.dg/guality/sra-1.c   -O2 -flto -fno-use-linker-plugin -flto-partition=none  line 43 a.j == 14
FAIL: gcc.dg/guality/sra-1.c   -O2 -flto -fuse-linker-plugin -fno-fat-lto-objects  line 21 a.i == 4
FAIL: gcc.dg/guality/sra-1.c   -O2 -flto -fuse-linker-plugin -fno-fat-lto-objects  line 43 a.i == 4
FAIL: gcc.dg/guality/sra-1.c   -O3 -fomit-frame-pointer  line 43 a.j == 14
FAIL: gcc.dg/guality/sra-1.c   -O3 -g  line 43 a.j == 14
FAIL: gcc.dg/guality/sra-1.c   -Os  line 43 a.j == 14
FAIL: gcc.dg/guality/vla-1.c   -O0  line 17 sizeof (a) == 6
FAIL: gcc.dg/guality/vla-1.c   -O0  line 24 sizeof (a) == 17 * sizeof (short)
FAIL: gcc.dg/guality/vla-1.c   -O1  line 17 sizeof (a) == 6
FAIL: gcc.dg/guality/vla-1.c   -O1  line 24 sizeof (a) == 17 * sizeof (short)
FAIL: gcc.dg/guality/vla-1.c   -O2  line 17 sizeof (a) == 6
FAIL: gcc.dg/guality/vla-1.c   -O2  line 24 sizeof (a) == 17 * sizeof (short)
FAIL: gcc.dg/guality/vla-1.c   -O2 -flto -fno-use-linker-plugin -flto-partition=none  line 17 sizeof (a) == 6
FAIL: gcc.dg/guality/vla-1.c   -O2 -flto -fno-use-linker-plugin -flto-partition=none  line 24 sizeof (a) == 17 * sizeof (short)
FAIL: gcc.dg/guality/vla-1.c   -O2 -flto -fuse-linker-plugin -fno-fat-lto-objects  line 17 sizeof (a) == 6
FAIL: gcc.dg/guality/vla-1.c   -O2 -flto -fuse-linker-plugin -fno-fat-lto-objects  line 24 sizeof (a) == 17 * sizeof (short)
FAIL: gcc.dg/guality/vla-1.c   -O3 -fomit-frame-pointer  line 17 sizeof (a) == 6
FAIL: gcc.dg/guality/vla-1.c   -O3 -fomit-frame-pointer  line 24 sizeof (a) == 17 * sizeof (short)
FAIL: gcc.dg/guality/vla-1.c   -O3 -g  line 17 sizeof (a) == 6
FAIL: gcc.dg/guality/vla-1.c   -O3 -g  line 24 sizeof (a) == 17 * sizeof (short)
FAIL: gcc.dg/guality/vla-1.c   -Os  line 17 sizeof (a) == 6
FAIL: gcc.dg/guality/vla-1.c   -Os  line 24 sizeof (a) == 17 * sizeof (short)
FAIL: gcc.dg/guality/vla-2.c   -O0  line 16 sizeof (a) == 5 * sizeof (int)
FAIL: gcc.dg/guality/vla-2.c   -O0  line 25 sizeof (a) == 6 * sizeof (int)
FAIL: gcc.dg/guality/vla-2.c   -O1  line 16 sizeof (a) == 5 * sizeof (int)
FAIL: gcc.dg/guality/vla-2.c   -O1  line 25 sizeof (a) == 6 * sizeof (int)
FAIL: gcc.dg/guality/vla-2.c   -O2  line 16 sizeof (a) == 5 * sizeof (int)
FAIL: gcc.dg/guality/vla-2.c   -O2  line 25 sizeof (a) == 6 * sizeof (int)
FAIL: gcc.dg/guality/vla-2.c   -O2 -flto -fno-use-linker-plugin -flto-partition=none  line 16 sizeof (a) == 5 * sizeof (int)
FAIL: gcc.dg/guality/vla-2.c   -O2 -flto -fno-use-linker-plugin -flto-partition=none  line 25 sizeof (a) == 6 * sizeof (int)
FAIL: gcc.dg/guality/vla-2.c   -O2 -flto -fuse-linker-plugin -fno-fat-lto-objects  line 16 sizeof (a) == 5 * sizeof (int)
FAIL: gcc.dg/guality/vla-2.c   -O2 -flto -fuse-linker-plugin -fno-fat-lto-objects  line 25 sizeof (a) == 6 * sizeof (int)
FAIL: gcc.dg/guality/vla-2.c   -O3 -fomit-frame-pointer  line 16 sizeof (a) == 5 * sizeof (int)
FAIL: gcc.dg/guality/vla-2.c   -O3 -fomit-frame-pointer  line 25 sizeof (a) == 6 * sizeof (int)
FAIL: gcc.dg/guality/vla-2.c   -O3 -g  line 16 sizeof (a) == 5 * sizeof (int)
FAIL: gcc.dg/guality/vla-2.c   -O3 -g  line 25 sizeof (a) == 6 * sizeof (int)
FAIL: gcc.dg/guality/vla-2.c   -Os  line 16 sizeof (a) == 5 * sizeof (int)
FAIL: gcc.dg/guality/vla-2.c   -Os  line 25 sizeof (a) == 6 * sizeof (int)
FAIL: gcc.dg/ipa/inline-7.c scan-tree-dump-times einline "Inlining a into m" 1
FAIL: gcc.dg/tree-prof/inliner-1.c scan-tree-dump optimized "cold_function ..;"
FAIL: gcc.dg/tree-ssa/inline-10.c scan-tree-dump-not optimized "do_something \\\\(70\\\\)"
FAIL: gcc.dg/tree-ssa/inline-10.c scan-tree-dump-times optimized "do_something2" 1
FAIL: gcc.dg/tree-ssa/inline-10.c scan-tree-dump-times optimized "do_something3" 1
FAIL: gcc.dg/tree-ssa/inline-8.c scan-tree-dump-times einline "Inlining" 5
FAIL: gcc.dg/tree-ssa/inline-9.c scan-tree-dump-times optimized "q \\\\(15\\\\)" 1
FAIL: gcc.dg/tree-ssa/ipa-split-6.c scan-tree-dump optimized "part"
FAIL: gcc.dg/vect/costmodel/i386/costmodel-vect-31.c scan-tree-dump-times vect "vectorized 4 loops" 1
FAIL: gcc.dg/vect/costmodel/x86_64/costmodel-vect-31.c scan-tree-dump-times vect "vectorized 4 loops" 1
FAIL: gcc.target/i386/avx256-unaligned-load-4.c scan-assembler (avx_loadups256|vmovups[^\\n\\r]*movv8sf_internal)
FAIL: gcc.target/i386/pie-copyrelocs-1.c scan-assembler-not glob_a@GOTPCREL
FAIL: gcc.target/i386/pie-copyrelocs-2.c scan-assembler-not glob_a@GOTPCREL
FAIL: gcc.target/i386/pr54445-2.c scan-assembler mov(b|zbl)[ \\t](%fs:)?(-1\\\\+)?tls_array@tpoff(-1)?\\\\(%
FAIL: gcc.target/i386/pr56564-2.c scan-tree-dump-times optimized "&s" 0
FAIL: gcc.target/i386/pr56564-2.c scan-tree-dump-times optimized "return 0" 2
FAIL: gcc.target/i386/pr61599-1.c (test for excess errors)
UNRESOLVED: gcc.target/i386/pr61599-1.c compilation failed to produce executable

		=== gcc Summary for unix/-fpic ===


Running target unix/-fpic -mcmodel=large
FAIL: c-c++-common/asan/global-overflow-1.c   -O2  output pattern test, is =================================================================
FAIL: c-c++-common/asan/global-overflow-1.c   -O2 -flto -fno-use-linker-plugin -flto-partition=none  output pattern test, is =================================================================
FAIL: c-c++-common/asan/global-overflow-1.c   -O2 -flto -fuse-linker-plugin -fno-fat-lto-objects  output pattern test, is =================================================================
FAIL: c-c++-common/asan/global-overflow-1.c   -O3 -fomit-frame-pointer  output pattern test, is =================================================================
FAIL: c-c++-common/asan/global-overflow-1.c   -O3 -g  output pattern test, is =================================================================
FAIL: c-c++-common/asan/global-overflow-1.c   -Os  output pattern test, is =================================================================
FAIL: gcc.dg/attr-ifunc-1.c (test for excess errors)
UNRESOLVED: gcc.dg/attr-ifunc-1.c compilation failed to produce executable
FAIL: gcc.dg/attr-ifunc-3.c (test for excess errors)
UNRESOLVED: gcc.dg/attr-ifunc-3.c compilation failed to produce executable
FAIL: gcc.dg/attr-ifunc-4.c (test for excess errors)
UNRESOLVED: gcc.dg/attr-ifunc-4.c compilation failed to produce executable
FAIL: gcc.dg/attr-ifunc-5.c (test for excess errors)
UNRESOLVED: gcc.dg/attr-ifunc-5.c compilation failed to produce executable
FAIL: gcc.dg/ira-loop-pressure.c scan-rtl-dump loop2_invariant "Decided to move invariant"
FAIL: gcc.dg/ira-shrinkwrap-prep-1.c scan-rtl-dump pro_and_epilogue "Performing shrink-wrapping"
FAIL: gcc.dg/ira-shrinkwrap-prep-2.c scan-rtl-dump pro_and_epilogue "Performing shrink-wrapping"
FAIL: gcc.dg/pr44974.c scan-assembler call[^\\n]*_Exit
FAIL: gcc.dg/shrink-wrap-loop.c scan-rtl-dump pro_and_epilogue "Performing shrink-wrapping"
FAIL: gcc.dg/split-3.c execution test
FAIL: gcc.dg/split-6.c execution test
FAIL: gcc.dg/uninit-19.c  (test for warnings, line 13)
FAIL: gcc.dg/uninit-19.c (test for excess errors)
FAIL: c-c++-common/goacc/acc_on_device-2-off.c scan-rtl-dump-times expand "\\\\(call [^\\\\n]*\\\\"acc_on_device" 1
FAIL: gcc.dg/goacc/acc_on_device-1.c scan-rtl-dump-times expand "\\\\(call [^\\\\n]*\\\\"acc_on_device" 4
XPASS: gcc.dg/guality/example.c   -O0  execution test
XPASS: gcc.dg/guality/example.c   -O1  execution test
XPASS: gcc.dg/guality/example.c   -O2  execution test
XPASS: gcc.dg/guality/example.c   -O2 -flto -fno-use-linker-plugin -flto-partition=none  execution test
XPASS: gcc.dg/guality/guality.c   -O0  execution test
XPASS: gcc.dg/guality/guality.c   -O1  execution test
XPASS: gcc.dg/guality/guality.c   -O2  execution test
XPASS: gcc.dg/guality/guality.c   -O2 -flto -fno-use-linker-plugin -flto-partition=none  execution test
XPASS: gcc.dg/guality/guality.c   -O2 -flto -fuse-linker-plugin -fno-fat-lto-objects  execution test
XPASS: gcc.dg/guality/guality.c   -O3 -fomit-frame-pointer  execution test
XPASS: gcc.dg/guality/guality.c   -O3 -g  execution test
XPASS: gcc.dg/guality/guality.c   -Os  execution test
XPASS: gcc.dg/guality/inline-params.c   -O2  execution test
XPASS: gcc.dg/guality/inline-params.c   -O2 -flto -fno-use-linker-plugin -flto-partition=none  execution test
XPASS: gcc.dg/guality/inline-params.c   -O3 -fomit-frame-pointer  execution test
XPASS: gcc.dg/guality/inline-params.c   -O3 -g  execution test
XPASS: gcc.dg/guality/inline-params.c   -Os  execution test
FAIL: gcc.dg/guality/pr36728-1.c   -O1  line 16 arg3 == 3
FAIL: gcc.dg/guality/pr36728-1.c   -O1  line 18 arg3 == 3
FAIL: gcc.dg/guality/pr36728-1.c   -O1  line 18 arg4 == 4
FAIL: gcc.dg/guality/pr36728-1.c   -O2  line 16 arg3 == 3
FAIL: gcc.dg/guality/pr36728-1.c   -O2  line 16 y == 2
FAIL: gcc.dg/guality/pr36728-1.c   -O2  line 18 arg3 == 3
FAIL: gcc.dg/guality/pr36728-1.c   -O2  line 18 arg4 == 4
FAIL: gcc.dg/guality/pr36728-1.c   -O2  line 18 y == 2
FAIL: gcc.dg/guality/pr36728-1.c   -O2 -flto -fno-use-linker-plugin -flto-partition=none  line 16 arg3 == 3
FAIL: gcc.dg/guality/pr36728-1.c   -O2 -flto -fno-use-linker-plugin -flto-partition=none  line 16 y == 2
FAIL: gcc.dg/guality/pr36728-1.c   -O2 -flto -fno-use-linker-plugin -flto-partition=none  line 18 arg3 == 3
FAIL: gcc.dg/guality/pr36728-1.c   -O2 -flto -fno-use-linker-plugin -flto-partition=none  line 18 arg4 == 4
FAIL: gcc.dg/guality/pr36728-1.c   -O2 -flto -fno-use-linker-plugin -flto-partition=none  line 18 y == 2
FAIL: gcc.dg/guality/pr36728-1.c   -O2 -flto -fuse-linker-plugin -fno-fat-lto-objects  line 16 arg3 == 3
FAIL: gcc.dg/guality/pr36728-1.c   -O2 -flto -fuse-linker-plugin -fno-fat-lto-objects  line 16 y == 2
FAIL: gcc.dg/guality/pr36728-1.c   -O2 -flto -fuse-linker-plugin -fno-fat-lto-objects  line 18 arg3 == 3
FAIL: gcc.dg/guality/pr36728-1.c   -O2 -flto -fuse-linker-plugin -fno-fat-lto-objects  line 18 arg4 == 4
FAIL: gcc.dg/guality/pr36728-1.c   -O2 -flto -fuse-linker-plugin -fno-fat-lto-objects  line 18 y == 2
FAIL: gcc.dg/guality/pr36728-1.c   -O3 -fomit-frame-pointer  line 16 arg3 == 3
FAIL: gcc.dg/guality/pr36728-1.c   -O3 -fomit-frame-pointer  line 16 y == 2
FAIL: gcc.dg/guality/pr36728-1.c   -O3 -fomit-frame-pointer  line 18 arg3 == 3
FAIL: gcc.dg/guality/pr36728-1.c   -O3 -fomit-frame-pointer  line 18 arg4 == 4
FAIL: gcc.dg/guality/pr36728-1.c   -O3 -fomit-frame-pointer  line 18 y == 2
FAIL: gcc.dg/guality/pr36728-1.c   -O3 -g  line 16 arg3 == 3
FAIL: gcc.dg/guality/pr36728-1.c   -O3 -g  line 16 y == 2
FAIL: gcc.dg/guality/pr36728-1.c   -O3 -g  line 18 arg3 == 3
FAIL: gcc.dg/guality/pr36728-1.c   -O3 -g  line 18 arg4 == 4
FAIL: gcc.dg/guality/pr36728-1.c   -O3 -g  line 18 y == 2
FAIL: gcc.dg/guality/pr36728-1.c   -Os  line 16 arg3 == 3
FAIL: gcc.dg/guality/pr36728-1.c   -Os  line 16 y == 2
FAIL: gcc.dg/guality/pr36728-1.c   -Os  line 18 arg3 == 3
FAIL: gcc.dg/guality/pr36728-1.c   -Os  line 18 arg4 == 4
FAIL: gcc.dg/guality/pr36728-1.c   -Os  line 18 y == 2
FAIL: gcc.dg/guality/pr36728-2.c   -O1  line 18 arg3 == 3
FAIL: gcc.dg/guality/pr36728-2.c   -O2  line 16 y == 2
FAIL: gcc.dg/guality/pr36728-2.c   -O2  line 18 *x == (char) 25
FAIL: gcc.dg/guality/pr36728-2.c   -O2  line 18 arg3 == 3
FAIL: gcc.dg/guality/pr36728-2.c   -O2  line 18 y == 2
FAIL: gcc.dg/guality/pr36728-2.c   -O2 -flto -fno-use-linker-plugin -flto-partition=none  line 16 y == 2
FAIL: gcc.dg/guality/pr36728-2.c   -O2 -flto -fno-use-linker-plugin -flto-partition=none  line 18 *x == (char) 25
FAIL: gcc.dg/guality/pr36728-2.c   -O2 -flto -fno-use-linker-plugin -flto-partition=none  line 18 arg3 == 3
FAIL: gcc.dg/guality/pr36728-2.c   -O2 -flto -fno-use-linker-plugin -flto-partition=none  line 18 y == 2
FAIL: gcc.dg/guality/pr36728-2.c   -O2 -flto -fuse-linker-plugin -fno-fat-lto-objects  line 16 y == 2
FAIL: gcc.dg/guality/pr36728-2.c   -O2 -flto -fuse-linker-plugin -fno-fat-lto-objects  line 18 *x == (char) 25
FAIL: gcc.dg/guality/pr36728-2.c   -O2 -flto -fuse-linker-plugin -fno-fat-lto-objects  line 18 arg3 == 3
FAIL: gcc.dg/guality/pr36728-2.c   -O2 -flto -fuse-linker-plugin -fno-fat-lto-objects  line 18 y == 2
FAIL: gcc.dg/guality/pr36728-2.c   -O3 -fomit-frame-pointer  line 16 y == 2
FAIL: gcc.dg/guality/pr36728-2.c   -O3 -fomit-frame-pointer  line 18 *x == (char) 25
FAIL: gcc.dg/guality/pr36728-2.c   -O3 -fomit-frame-pointer  line 18 arg3 == 3
FAIL: gcc.dg/guality/pr36728-2.c   -O3 -fomit-frame-pointer  line 18 y == 2
FAIL: gcc.dg/guality/pr36728-2.c   -O3 -g  line 16 y == 2
FAIL: gcc.dg/guality/pr36728-2.c   -O3 -g  line 18 *x == (char) 25
FAIL: gcc.dg/guality/pr36728-2.c   -O3 -g  line 18 arg3 == 3
FAIL: gcc.dg/guality/pr36728-2.c   -O3 -g  line 18 y == 2
FAIL: gcc.dg/guality/pr36728-2.c   -Os  line 16 y == 2
FAIL: gcc.dg/guality/pr36728-2.c   -Os  line 18 *x == (char) 25
FAIL: gcc.dg/guality/pr36728-2.c   -Os  line 18 arg3 == 3
FAIL: gcc.dg/guality/pr36728-2.c   -Os  line 18 y == 2
XPASS: gcc.dg/guality/pr41353-1.c   -O0  line 28 j == 28 + 37
XPASS: gcc.dg/guality/pr41447-1.c   -O0  execution test
XPASS: gcc.dg/guality/pr41447-1.c   -O1  execution test
XPASS: gcc.dg/guality/pr41447-1.c   -O2 -flto -fuse-linker-plugin -fno-fat-lto-objects  execution test
XPASS: gcc.dg/guality/pr41616-1.c   -O0  execution test
XPASS: gcc.dg/guality/pr41616-1.c   -O1  execution test
XPASS: gcc.dg/guality/pr41616-1.c   -O2  execution test
XPASS: gcc.dg/guality/pr41616-1.c   -O2 -flto -fno-use-linker-plugin -flto-partition=none  execution test
XPASS: gcc.dg/guality/pr41616-1.c   -O3 -fomit-frame-pointer  execution test
XPASS: gcc.dg/guality/pr41616-1.c   -O3 -g  execution test
XPASS: gcc.dg/guality/pr41616-1.c   -Os  execution test
FAIL: gcc.dg/guality/pr43051-1.c   -O1  line 34 c == &a[0]
FAIL: gcc.dg/guality/pr43051-1.c   -O3 -fomit-frame-pointer -funroll-all-loops -finline-functions  line 34 c == &a[0]
FAIL: gcc.dg/guality/pr43051-1.c   -O3 -fomit-frame-pointer -funroll-loops  line 34 c == &a[0]
FAIL: gcc.dg/guality/pr43479.c   -O1  line 13 h == 9
FAIL: gcc.dg/guality/pr43479.c   -O1  line 18 h == 9
FAIL: gcc.dg/guality/pr43479.c   -O2  line 13 h == 9
FAIL: gcc.dg/guality/pr43479.c   -O2  line 18 h == 9
FAIL: gcc.dg/guality/pr43479.c   -O2 -flto -fno-use-linker-plugin -flto-partition=none  line 13 h == 9
FAIL: gcc.dg/guality/pr43479.c   -O2 -flto -fno-use-linker-plugin -flto-partition=none  line 18 h == 9
FAIL: gcc.dg/guality/pr43479.c   -O2 -flto -fuse-linker-plugin -fno-fat-lto-objects  line 13 h == 9
FAIL: gcc.dg/guality/pr43479.c   -O2 -flto -fuse-linker-plugin -fno-fat-lto-objects  line 18 h == 9
FAIL: gcc.dg/guality/pr43479.c   -O3 -fomit-frame-pointer  line 13 h == 9
FAIL: gcc.dg/guality/pr43479.c   -O3 -fomit-frame-pointer  line 18 h == 9
FAIL: gcc.dg/guality/pr43479.c   -O3 -g  line 13 h == 9
FAIL: gcc.dg/guality/pr43479.c   -O3 -g  line 18 h == 9
FAIL: gcc.dg/guality/pr43479.c   -Os  line 13 h == 9
FAIL: gcc.dg/guality/pr43479.c   -Os  line 18 h == 9
FAIL: gcc.dg/guality/pr45003-2.c   -O2 -flto -fuse-linker-plugin -fno-fat-lto-objects  line 10 a == 0x8078
FAIL: gcc.dg/guality/pr45882.c   -O2 -flto -fuse-linker-plugin -fno-fat-lto-objects  line 16 d == 112
FAIL: gcc.dg/guality/pr45882.c   -O2 -flto -fuse-linker-plugin -fno-fat-lto-objects  line 16 e == 142
FAIL: gcc.dg/guality/pr54200.c   -Os  line 20 z == 3
FAIL: gcc.dg/guality/pr54519-1.c   -O1  line 20 z == 6
FAIL: gcc.dg/guality/pr54519-1.c   -O1  line 23 z == 8
FAIL: gcc.dg/guality/pr54519-1.c   -O2  line 20 y == 25
FAIL: gcc.dg/guality/pr54519-1.c   -O2  line 20 z == 6
FAIL: gcc.dg/guality/pr54519-1.c   -O2  line 23 y == 117
FAIL: gcc.dg/guality/pr54519-1.c   -O2  line 23 z == 8
FAIL: gcc.dg/guality/pr54519-1.c   -O2 -flto -fno-use-linker-plugin -flto-partition=none  line 20 y == 25
FAIL: gcc.dg/guality/pr54519-1.c   -O2 -flto -fno-use-linker-plugin -flto-partition=none  line 20 z == 6
FAIL: gcc.dg/guality/pr54519-1.c   -O2 -flto -fno-use-linker-plugin -flto-partition=none  line 23 y == 117
FAIL: gcc.dg/guality/pr54519-1.c   -O2 -flto -fno-use-linker-plugin -flto-partition=none  line 23 z == 8
FAIL: gcc.dg/guality/pr54519-1.c   -Os  line 20 y == 25
FAIL: gcc.dg/guality/pr54519-1.c   -Os  line 20 z == 6
FAIL: gcc.dg/guality/pr54519-1.c   -Os  line 23 y == 117
FAIL: gcc.dg/guality/pr54519-1.c   -Os  line 23 z == 8
FAIL: gcc.dg/guality/pr54519-2.c   -O1  line 17 y == 25
FAIL: gcc.dg/guality/pr54519-2.c   -O2  line 17 y == 25
FAIL: gcc.dg/guality/pr54519-2.c   -O2 -flto -fno-use-linker-plugin -flto-partition=none  line 17 y == 25
FAIL: gcc.dg/guality/pr54519-2.c   -O2 -flto -fuse-linker-plugin -fno-fat-lto-objects  line 17 y == 25
FAIL: gcc.dg/guality/pr54519-2.c   -Os  line 17 y == 25
FAIL: gcc.dg/guality/pr54519-3.c   -O2 -flto -fno-use-linker-plugin -flto-partition=none  line 20 y == 25
FAIL: gcc.dg/guality/pr54519-3.c   -O2 -flto -fno-use-linker-plugin -flto-partition=none  line 20 z == 6
FAIL: gcc.dg/guality/pr54519-3.c   -O2 -flto -fno-use-linker-plugin -flto-partition=none  line 23 y == 117
FAIL: gcc.dg/guality/pr54519-3.c   -O2 -flto -fno-use-linker-plugin -flto-partition=none  line 23 z == 8
FAIL: gcc.dg/guality/pr54519-3.c   -O2 -flto -fuse-linker-plugin -fno-fat-lto-objects  line 20 y == 25
FAIL: gcc.dg/guality/pr54519-3.c   -O2 -flto -fuse-linker-plugin -fno-fat-lto-objects  line 20 z == 6
FAIL: gcc.dg/guality/pr54519-3.c   -O2 -flto -fuse-linker-plugin -fno-fat-lto-objects  line 23 y == 117
FAIL: gcc.dg/guality/pr54519-3.c   -O2 -flto -fuse-linker-plugin -fno-fat-lto-objects  line 23 z == 8
FAIL: gcc.dg/guality/pr54519-4.c   -O2 -flto -fno-use-linker-plugin -flto-partition=none  line 17 y == 25
FAIL: gcc.dg/guality/pr54519-4.c   -O2 -flto -fuse-linker-plugin -fno-fat-lto-objects  line 17 y == 25
FAIL: gcc.dg/guality/pr54519-5.c   -O1  line 17 y == 25
FAIL: gcc.dg/guality/pr54519-5.c   -O2  line 17 y == 25
FAIL: gcc.dg/guality/pr54519-5.c   -O2 -flto -fno-use-linker-plugin -flto-partition=none  line 17 y == 25
FAIL: gcc.dg/guality/pr54519-5.c   -O2 -flto -fuse-linker-plugin -fno-fat-lto-objects  line 17 y == 25
FAIL: gcc.dg/guality/pr54519-5.c   -O3 -fomit-frame-pointer  line 17 y == 25
FAIL: gcc.dg/guality/pr54519-5.c   -O3 -g  line 17 y == 25
FAIL: gcc.dg/guality/pr54519-5.c   -Os  line 17 y == 25
FAIL: gcc.dg/guality/pr54551.c   -O1  line 18 a == 4
FAIL: gcc.dg/guality/pr54551.c   -O1  line 18 z == 3
FAIL: gcc.dg/guality/pr54551.c   -O2  line 18 a == 4
FAIL: gcc.dg/guality/pr54551.c   -O2  line 18 z == 3
FAIL: gcc.dg/guality/pr54551.c   -O2 -flto -fno-use-linker-plugin -flto-partition=none  line 18 a == 4
FAIL: gcc.dg/guality/pr54551.c   -O2 -flto -fno-use-linker-plugin -flto-partition=none  line 18 z == 3
FAIL: gcc.dg/guality/pr54551.c   -O3 -fomit-frame-pointer  line 18 a == 4
FAIL: gcc.dg/guality/pr54551.c   -O3 -fomit-frame-pointer  line 18 z == 3
FAIL: gcc.dg/guality/pr54551.c   -O3 -g  line 18 a == 4
FAIL: gcc.dg/guality/pr54551.c   -O3 -g  line 18 z == 3
FAIL: gcc.dg/guality/pr54551.c   -Os  line 18 a == 4
FAIL: gcc.dg/guality/pr54551.c   -Os  line 18 z == 3
FAIL: gcc.dg/guality/pr54796.c   -O1  line 17 a == 5
FAIL: gcc.dg/guality/pr54796.c   -O1  line 17 b == 6
FAIL: gcc.dg/guality/pr54796.c   -O1  line 17 c == 5
FAIL: gcc.dg/guality/pr54796.c   -O2  line 17 a == 5
FAIL: gcc.dg/guality/pr54796.c   -O2  line 17 b == 6
FAIL: gcc.dg/guality/pr54796.c   -O2  line 17 c == 5
FAIL: gcc.dg/guality/pr54796.c   -O2 -flto -fno-use-linker-plugin -flto-partition=none  line 17 a == 5
FAIL: gcc.dg/guality/pr54796.c   -O2 -flto -fno-use-linker-plugin -flto-partition=none  line 17 b == 6
FAIL: gcc.dg/guality/pr54796.c   -O2 -flto -fno-use-linker-plugin -flto-partition=none  line 17 c == 5
FAIL: gcc.dg/guality/pr54796.c   -O2 -flto -fuse-linker-plugin -fno-fat-lto-objects  line 17 a == 5
FAIL: gcc.dg/guality/pr54796.c   -O2 -flto -fuse-linker-plugin -fno-fat-lto-objects  line 17 b == 6
FAIL: gcc.dg/guality/pr54796.c   -O2 -flto -fuse-linker-plugin -fno-fat-lto-objects  line 17 c == 5
FAIL: gcc.dg/guality/pr54796.c   -O3 -fomit-frame-pointer  line 17 a == 5
FAIL: gcc.dg/guality/pr54796.c   -O3 -fomit-frame-pointer  line 17 b == 6
FAIL: gcc.dg/guality/pr54796.c   -O3 -fomit-frame-pointer  line 17 c == 5
FAIL: gcc.dg/guality/pr54796.c   -O3 -g  line 17 a == 5
FAIL: gcc.dg/guality/pr54796.c   -O3 -g  line 17 b == 6
FAIL: gcc.dg/guality/pr54796.c   -O3 -g  line 17 c == 5
FAIL: gcc.dg/guality/pr54796.c   -Os  line 17 a == 5
FAIL: gcc.dg/guality/pr54796.c   -Os  line 17 b == 6
FAIL: gcc.dg/guality/pr54796.c   -Os  line 17 c == 5
FAIL: gcc.dg/guality/sra-1.c   -O2  line 43 a.j == 14
FAIL: gcc.dg/guality/sra-1.c   -O2 -flto -fno-use-linker-plugin -flto-partition=none  line 43 a.j == 14
FAIL: gcc.dg/guality/sra-1.c   -O3 -fomit-frame-pointer  line 43 a.j == 14
FAIL: gcc.dg/guality/sra-1.c   -O3 -g  line 43 a.j == 14
FAIL: gcc.dg/guality/sra-1.c   -Os  line 43 a.j == 14
FAIL: gcc.dg/guality/vla-1.c   -O0  line 17 sizeof (a) == 6
FAIL: gcc.dg/guality/vla-1.c   -O0  line 24 sizeof (a) == 17 * sizeof (short)
FAIL: gcc.dg/guality/vla-1.c   -O1  line 17 sizeof (a) == 6
FAIL: gcc.dg/guality/vla-1.c   -O1  line 24 sizeof (a) == 17 * sizeof (short)
FAIL: gcc.dg/guality/vla-1.c   -O2  line 17 sizeof (a) == 6
FAIL: gcc.dg/guality/vla-1.c   -O2  line 24 sizeof (a) == 17 * sizeof (short)
FAIL: gcc.dg/guality/vla-1.c   -O2 -flto -fno-use-linker-plugin -flto-partition=none  line 17 sizeof (a) == 6
FAIL: gcc.dg/guality/vla-1.c   -O2 -flto -fno-use-linker-plugin -flto-partition=none  line 24 sizeof (a) == 17 * sizeof (short)
FAIL: gcc.dg/guality/vla-1.c   -O2 -flto -fuse-linker-plugin -fno-fat-lto-objects  line 17 sizeof (a) == 6
FAIL: gcc.dg/guality/vla-1.c   -O2 -flto -fuse-linker-plugin -fno-fat-lto-objects  line 24 sizeof (a) == 17 * sizeof (short)
FAIL: gcc.dg/guality/vla-1.c   -O3 -fomit-frame-pointer  line 17 sizeof (a) == 6
FAIL: gcc.dg/guality/vla-1.c   -O3 -fomit-frame-pointer  line 24 sizeof (a) == 17 * sizeof (short)
FAIL: gcc.dg/guality/vla-1.c   -O3 -g  line 17 sizeof (a) == 6
FAIL: gcc.dg/guality/vla-1.c   -O3 -g  line 24 sizeof (a) == 17 * sizeof (short)
FAIL: gcc.dg/guality/vla-1.c   -Os  line 17 sizeof (a) == 6
FAIL: gcc.dg/guality/vla-1.c   -Os  line 24 sizeof (a) == 17 * sizeof (short)
FAIL: gcc.dg/guality/vla-2.c   -O0  line 16 sizeof (a) == 5 * sizeof (int)
FAIL: gcc.dg/guality/vla-2.c   -O0  line 25 sizeof (a) == 6 * sizeof (int)
FAIL: gcc.dg/guality/vla-2.c   -O1  line 16 sizeof (a) == 5 * sizeof (int)
FAIL: gcc.dg/guality/vla-2.c   -O1  line 25 sizeof (a) == 6 * sizeof (int)
FAIL: gcc.dg/guality/vla-2.c   -O2  line 16 sizeof (a) == 5 * sizeof (int)
FAIL: gcc.dg/guality/vla-2.c   -O2  line 25 sizeof (a) == 6 * sizeof (int)
FAIL: gcc.dg/guality/vla-2.c   -O2 -flto -fno-use-linker-plugin -flto-partition=none  line 16 sizeof (a) == 5 * sizeof (int)
FAIL: gcc.dg/guality/vla-2.c   -O2 -flto -fno-use-linker-plugin -flto-partition=none  line 25 sizeof (a) == 6 * sizeof (int)
FAIL: gcc.dg/guality/vla-2.c   -O2 -flto -fuse-linker-plugin -fno-fat-lto-objects  line 16 sizeof (a) == 5 * sizeof (int)
FAIL: gcc.dg/guality/vla-2.c   -O2 -flto -fuse-linker-plugin -fno-fat-lto-objects  line 25 sizeof (a) == 6 * sizeof (int)
FAIL: gcc.dg/guality/vla-2.c   -O3 -fomit-frame-pointer  line 16 sizeof (a) == 5 * sizeof (int)
FAIL: gcc.dg/guality/vla-2.c   -O3 -fomit-frame-pointer  line 25 sizeof (a) == 6 * sizeof (int)
FAIL: gcc.dg/guality/vla-2.c   -O3 -g  line 16 sizeof (a) == 5 * sizeof (int)
FAIL: gcc.dg/guality/vla-2.c   -O3 -g  line 25 sizeof (a) == 6 * sizeof (int)
FAIL: gcc.dg/guality/vla-2.c   -Os  line 16 sizeof (a) == 5 * sizeof (int)
FAIL: gcc.dg/guality/vla-2.c   -Os  line 25 sizeof (a) == 6 * sizeof (int)
FAIL: gcc.dg/ipa/inline-7.c scan-tree-dump-times einline "Inlining a into m" 1
FAIL: gcc.dg/tree-prof/inliner-1.c scan-tree-dump optimized "cold_function ..;"
FAIL: gcc.dg/tree-ssa/inline-10.c scan-tree-dump-not optimized "do_something \\\\(70\\\\)"
FAIL: gcc.dg/tree-ssa/inline-10.c scan-tree-dump-times optimized "do_something2" 1
FAIL: gcc.dg/tree-ssa/inline-10.c scan-tree-dump-times optimized "do_something3" 1
FAIL: gcc.dg/tree-ssa/inline-8.c scan-tree-dump-times einline "Inlining" 5
FAIL: gcc.dg/tree-ssa/inline-9.c scan-tree-dump-times optimized "q \\\\(15\\\\)" 1
FAIL: gcc.dg/tree-ssa/ipa-split-6.c scan-tree-dump optimized "part"
FAIL: gcc.dg/vect/costmodel/i386/costmodel-vect-31.c scan-tree-dump-times vect "vectorized 4 loops" 1
FAIL: gcc.dg/vect/costmodel/x86_64/costmodel-vect-31.c scan-tree-dump-times vect "vectorized 4 loops" 1
FAIL: gcc.target/i386/amd64-abi-3.c scan-assembler subq[\\\\t ]*\\\\\$88,[\\\\t ]*%rsp
FAIL: gcc.target/i386/avx256-unaligned-load-4.c scan-assembler (avx_loadups256|vmovups[^\\n\\r]*movv8sf_internal)
FAIL: gcc.target/i386/avx512f-kandnw-1.c scan-assembler-times kandnw[ \\\\t]+[^{\\n]*%k[0-7](?:\\n|[ \\\\t]+#) 1
FAIL: gcc.target/i386/cmov7.c scan-assembler fcmov
FAIL: gcc.target/i386/funcspec-2.c scan-assembler call\\t(.*)flt_mul_add
FAIL: gcc.target/i386/funcspec-3.c scan-assembler call\\t(.*)sse4a_pop_i
FAIL: gcc.target/i386/long-double-128-1.c scan-assembler call[\\\\t ]*_?__multf3
FAIL: gcc.target/i386/long-double-128-2.c scan-assembler call[\\\\t ]*_?__multf3
FAIL: gcc.target/i386/long-double-128-3.c scan-assembler call[\\\\t ]*_?__multf3
FAIL: gcc.target/i386/long-double-128-4.c scan-assembler call[\\\\t ]*_?__multf3
FAIL: gcc.target/i386/long-double-128-5.c scan-assembler call[\\\\t ]*_?__multf3
FAIL: gcc.target/i386/long-double-128-6.c scan-assembler call[\\\\t ]*_?__multf3
FAIL: gcc.target/i386/long-double-128-7.c scan-assembler call[\\\\t ]*_?__multf3
FAIL: gcc.target/i386/movti.c scan-assembler-not movabs
FAIL: gcc.target/i386/pad-9.c scan-assembler-times nop 4
FAIL: gcc.target/i386/pie-copyrelocs-4.c scan-assembler glob_a@GOTPCREL
FAIL: gcc.target/i386/pr34256.c scan-assembler-times mov 4
FAIL: gcc.target/i386/pr45670.c scan-assembler-not lea[lq]
FAIL: gcc.target/i386/pr45852.c scan-assembler-times globvar.%?rip 2
FAIL: gcc.target/i386/pr49095.c scan-assembler-not test[lq]
FAIL: gcc.target/i386/pr49781-1.c scan-assembler-not lea[lq]?[ \\t]\\\\((%|)r[a-z0-9]*
FAIL: gcc.target/i386/pr50603.c scan-assembler-not lea[lq]
FAIL: gcc.target/i386/pr52146.c (test for excess errors)
UNRESOLVED: gcc.target/i386/pr52146.c scan-assembler-not [,\\\\t ]+-18874240
FAIL: gcc.target/i386/pr52698.c (test for excess errors)
FAIL: gcc.target/i386/pr52857-1.c (test for excess errors)
FAIL: gcc.target/i386/pr52857-2.c (test for excess errors)
FAIL: gcc.target/i386/pr53698.c (test for excess errors)
FAIL: gcc.target/i386/pr54157.c (test for excess errors)
FAIL: gcc.target/i386/pr54445-2.c scan-assembler mov(b|zbl)[ \\t](%fs:)?(-1\\\\+)?tls_array@tpoff(-1)?\\\\(%
FAIL: gcc.target/i386/pr55049-1.c (test for excess errors)
FAIL: gcc.target/i386/pr55093.c (test for excess errors)
FAIL: gcc.target/i386/pr55116-1.c (test for excess errors)
FAIL: gcc.target/i386/pr55116-2.c (test for excess errors)
FAIL: gcc.target/i386/pr55597.c (test for excess errors)
FAIL: gcc.target/i386/pr55981.c scan-assembler-times movabs 2
FAIL: gcc.target/i386/pr56028.c scan-assembler-times movabs 2
FAIL: gcc.target/i386/pr56564-2.c scan-tree-dump-times optimized "&s" 0
FAIL: gcc.target/i386/pr56564-2.c scan-tree-dump-times optimized "return 0" 2
FAIL: gcc.target/i386/pr58066.c scan-rtl-dump final "Function foo.*set[^\\r\\n]*sp\\\\)[\\r\\n][^\\r\\n]*plus[^\\r\\n]*sp\\\\)[\\r\\n][^\\r\\n]*const_int -8.*UNSPEC_TLS.*Function goo"
FAIL: gcc.target/i386/pr58066.c scan-rtl-dump final "Function goo.*set[^\\r\\n]*sp\\\\)[\\r\\n][^\\r\\n]*plus[^\\r\\n]*sp\\\\)[\\r\\n][^\\r\\n]*const_int -8.*UNSPEC_TLS"
FAIL: gcc.target/i386/shrink_wrap_1.c scan-rtl-dump pro_and_epilogue "Performing shrink-wrapping"

		=== gcc Summary for unix/-fpic -mcmodel=large ===


Running target unix/-fpic -mcmodel=medium
FAIL: gcc.dg/ira-shrinkwrap-prep-2.c scan-rtl-dump pro_and_epilogue "Performing shrink-wrapping"
FAIL: gcc.dg/uninit-19.c  (test for warnings, line 13)
FAIL: gcc.dg/uninit-19.c (test for excess errors)
XPASS: gcc.dg/guality/example.c   -O0  execution test
XPASS: gcc.dg/guality/example.c   -O1  execution test
XPASS: gcc.dg/guality/guality.c   -O0  execution test
XPASS: gcc.dg/guality/guality.c   -O1  execution test
XPASS: gcc.dg/guality/guality.c   -O2  execution test
XPASS: gcc.dg/guality/guality.c   -O2 -flto -fno-use-linker-plugin -flto-partition=none  execution test
XPASS: gcc.dg/guality/guality.c   -O2 -flto -fuse-linker-plugin -fno-fat-lto-objects  execution test
XPASS: gcc.dg/guality/guality.c   -O3 -fomit-frame-pointer  execution test
XPASS: gcc.dg/guality/guality.c   -O3 -g  execution test
XPASS: gcc.dg/guality/guality.c   -Os  execution test
XPASS: gcc.dg/guality/inline-params.c   -O2  execution test
XPASS: gcc.dg/guality/inline-params.c   -O2 -flto -fno-use-linker-plugin -flto-partition=none  execution test
XPASS: gcc.dg/guality/inline-params.c   -O3 -fomit-frame-pointer  execution test
XPASS: gcc.dg/guality/inline-params.c   -O3 -g  execution test
XPASS: gcc.dg/guality/inline-params.c   -Os  execution test
FAIL: gcc.dg/guality/pr36728-1.c   -O1  line 18 arg3 == 3
FAIL: gcc.dg/guality/pr36728-1.c   -O2  line 18 arg3 == 3
FAIL: gcc.dg/guality/pr36728-1.c   -O2 -flto -fno-use-linker-plugin -flto-partition=none  line 18 arg3 == 3
FAIL: gcc.dg/guality/pr36728-1.c   -O3 -fomit-frame-pointer  line 18 arg3 == 3
FAIL: gcc.dg/guality/pr36728-1.c   -O3 -g  line 18 arg3 == 3
FAIL: gcc.dg/guality/pr36728-1.c   -Os  line 18 arg3 == 3
FAIL: gcc.dg/guality/pr36728-2.c   -O1  line 18 *x == (char) 25
FAIL: gcc.dg/guality/pr36728-2.c   -O2  line 18 *x == (char) 25
FAIL: gcc.dg/guality/pr36728-2.c   -O2 -flto -fno-use-linker-plugin -flto-partition=none  line 18 *x == (char) 25
FAIL: gcc.dg/guality/pr36728-2.c   -O3 -fomit-frame-pointer  line 18 *x == (char) 25
FAIL: gcc.dg/guality/pr36728-2.c   -O3 -g  line 18 *x == (char) 25
FAIL: gcc.dg/guality/pr36728-2.c   -Os  line 18 *x == (char) 25
XPASS: gcc.dg/guality/pr41353-1.c   -O0  line 28 j == 28 + 37
XPASS: gcc.dg/guality/pr41447-1.c   -O0  execution test
XPASS: gcc.dg/guality/pr41447-1.c   -O1  execution test
XPASS: gcc.dg/guality/pr41447-1.c   -O2 -flto -fuse-linker-plugin -fno-fat-lto-objects  execution test
XPASS: gcc.dg/guality/pr41616-1.c   -O0  execution test
XPASS: gcc.dg/guality/pr41616-1.c   -O1  execution test
XPASS: gcc.dg/guality/pr41616-1.c   -O2  execution test
XPASS: gcc.dg/guality/pr41616-1.c   -O2 -flto -fno-use-linker-plugin -flto-partition=none  execution test
XPASS: gcc.dg/guality/pr41616-1.c   -O3 -fomit-frame-pointer  execution test
XPASS: gcc.dg/guality/pr41616-1.c   -O3 -g  execution test
XPASS: gcc.dg/guality/pr41616-1.c   -Os  execution test
FAIL: gcc.dg/guality/pr43051-1.c   -O3 -fomit-frame-pointer -funroll-all-loops -finline-functions  line 34 c == &a[0]
FAIL: gcc.dg/guality/pr43051-1.c   -O3 -fomit-frame-pointer -funroll-loops  line 34 c == &a[0]
FAIL: gcc.dg/guality/pr43479.c   -O1  line 13 h == 9
FAIL: gcc.dg/guality/pr43479.c   -O1  line 18 h == 9
FAIL: gcc.dg/guality/pr43479.c   -O2  line 13 h == 9
FAIL: gcc.dg/guality/pr43479.c   -O2  line 18 h == 9
FAIL: gcc.dg/guality/pr43479.c   -O2 -flto -fno-use-linker-plugin -flto-partition=none  line 13 h == 9
FAIL: gcc.dg/guality/pr43479.c   -O2 -flto -fno-use-linker-plugin -flto-partition=none  line 18 h == 9
FAIL: gcc.dg/guality/pr43479.c   -O2 -flto -fuse-linker-plugin -fno-fat-lto-objects  line 13 h == 9
FAIL: gcc.dg/guality/pr43479.c   -O2 -flto -fuse-linker-plugin -fno-fat-lto-objects  line 18 h == 9
FAIL: gcc.dg/guality/pr43479.c   -O3 -fomit-frame-pointer  line 13 h == 9
FAIL: gcc.dg/guality/pr43479.c   -O3 -fomit-frame-pointer  line 18 h == 9
FAIL: gcc.dg/guality/pr43479.c   -O3 -g  line 13 h == 9
FAIL: gcc.dg/guality/pr43479.c   -O3 -g  line 18 h == 9
FAIL: gcc.dg/guality/pr43479.c   -Os  line 13 h == 9
FAIL: gcc.dg/guality/pr43479.c   -Os  line 18 h == 9
FAIL: gcc.dg/guality/pr45003-2.c   -O2 -flto -fuse-linker-plugin -fno-fat-lto-objects  line 10 a == 0x8078
FAIL: gcc.dg/guality/pr45882.c   -O2 -flto -fuse-linker-plugin -fno-fat-lto-objects  line 16 d == 112
FAIL: gcc.dg/guality/pr45882.c   -O2 -flto -fuse-linker-plugin -fno-fat-lto-objects  line 16 e == 142
FAIL: gcc.dg/guality/pr54200.c   -Os  line 20 z == 3
FAIL: gcc.dg/guality/pr54519-1.c   -O2 -flto -fno-use-linker-plugin -flto-partition=none  line 20 y == 25
FAIL: gcc.dg/guality/pr54519-1.c   -O2 -flto -fno-use-linker-plugin -flto-partition=none  line 20 z == 6
FAIL: gcc.dg/guality/pr54519-1.c   -O2 -flto -fno-use-linker-plugin -flto-partition=none  line 23 y == 117
FAIL: gcc.dg/guality/pr54519-1.c   -O2 -flto -fno-use-linker-plugin -flto-partition=none  line 23 z == 8
FAIL: gcc.dg/guality/pr54519-2.c   -O2 -flto -fno-use-linker-plugin -flto-partition=none  line 17 y == 25
FAIL: gcc.dg/guality/pr54519-2.c   -O2 -flto -fuse-linker-plugin -fno-fat-lto-objects  line 17 y == 25
FAIL: gcc.dg/guality/pr54519-3.c   -O2 -flto -fno-use-linker-plugin -flto-partition=none  line 20 y == 25
FAIL: gcc.dg/guality/pr54519-3.c   -O2 -flto -fno-use-linker-plugin -flto-partition=none  line 20 z == 6
FAIL: gcc.dg/guality/pr54519-3.c   -O2 -flto -fno-use-linker-plugin -flto-partition=none  line 23 y == 117
FAIL: gcc.dg/guality/pr54519-3.c   -O2 -flto -fno-use-linker-plugin -flto-partition=none  line 23 z == 8
FAIL: gcc.dg/guality/pr54519-3.c   -O2 -flto -fuse-linker-plugin -fno-fat-lto-objects  line 20 y == 25
FAIL: gcc.dg/guality/pr54519-3.c   -O2 -flto -fuse-linker-plugin -fno-fat-lto-objects  line 20 z == 6
FAIL: gcc.dg/guality/pr54519-3.c   -O2 -flto -fuse-linker-plugin -fno-fat-lto-objects  line 23 y == 117
FAIL: gcc.dg/guality/pr54519-3.c   -O2 -flto -fuse-linker-plugin -fno-fat-lto-objects  line 23 z == 8
FAIL: gcc.dg/guality/pr54519-4.c   -O2 -flto -fno-use-linker-plugin -flto-partition=none  line 17 y == 25
FAIL: gcc.dg/guality/pr54519-4.c   -O2 -flto -fuse-linker-plugin -fno-fat-lto-objects  line 17 y == 25
FAIL: gcc.dg/guality/pr54519-5.c   -O2  line 17 y == 25
FAIL: gcc.dg/guality/pr54519-5.c   -O2 -flto -fno-use-linker-plugin -flto-partition=none  line 17 y == 25
FAIL: gcc.dg/guality/pr54519-5.c   -O2 -flto -fuse-linker-plugin -fno-fat-lto-objects  line 17 y == 25
FAIL: gcc.dg/guality/pr54519-5.c   -O3 -fomit-frame-pointer  line 17 y == 25
FAIL: gcc.dg/guality/pr54519-5.c   -O3 -g  line 17 y == 25
FAIL: gcc.dg/guality/pr54519-5.c   -Os  line 17 y == 25
FAIL: gcc.dg/guality/sra-1.c   -O2  line 43 a.j == 14
FAIL: gcc.dg/guality/sra-1.c   -O2 -flto -fno-use-linker-plugin -flto-partition=none  line 43 a.j == 14
FAIL: gcc.dg/guality/sra-1.c   -O3 -fomit-frame-pointer  line 43 a.j == 14
FAIL: gcc.dg/guality/sra-1.c   -O3 -g  line 43 a.j == 14
FAIL: gcc.dg/guality/sra-1.c   -Os  line 43 a.j == 14
FAIL: gcc.dg/guality/vla-1.c   -O0  line 17 sizeof (a) == 6
FAIL: gcc.dg/guality/vla-1.c   -O0  line 24 sizeof (a) == 17 * sizeof (short)
FAIL: gcc.dg/guality/vla-1.c   -O1  line 17 sizeof (a) == 6
FAIL: gcc.dg/guality/vla-1.c   -O1  line 24 sizeof (a) == 17 * sizeof (short)
FAIL: gcc.dg/guality/vla-1.c   -O2  line 17 sizeof (a) == 6
FAIL: gcc.dg/guality/vla-1.c   -O2  line 24 sizeof (a) == 17 * sizeof (short)
FAIL: gcc.dg/guality/vla-1.c   -O2 -flto -fno-use-linker-plugin -flto-partition=none  line 17 sizeof (a) == 6
FAIL: gcc.dg/guality/vla-1.c   -O2 -flto -fno-use-linker-plugin -flto-partition=none  line 24 sizeof (a) == 17 * sizeof (short)
FAIL: gcc.dg/guality/vla-1.c   -O2 -flto -fuse-linker-plugin -fno-fat-lto-objects  line 17 sizeof (a) == 6
FAIL: gcc.dg/guality/vla-1.c   -O2 -flto -fuse-linker-plugin -fno-fat-lto-objects  line 24 sizeof (a) == 17 * sizeof (short)
FAIL: gcc.dg/guality/vla-1.c   -O3 -fomit-frame-pointer  line 17 sizeof (a) == 6
FAIL: gcc.dg/guality/vla-1.c   -O3 -fomit-frame-pointer  line 24 sizeof (a) == 17 * sizeof (short)
FAIL: gcc.dg/guality/vla-1.c   -O3 -g  line 17 sizeof (a) == 6
FAIL: gcc.dg/guality/vla-1.c   -O3 -g  line 24 sizeof (a) == 17 * sizeof (short)
FAIL: gcc.dg/guality/vla-1.c   -Os  line 17 sizeof (a) == 6
FAIL: gcc.dg/guality/vla-1.c   -Os  line 24 sizeof (a) == 17 * sizeof (short)
FAIL: gcc.dg/guality/vla-2.c   -O0  line 16 sizeof (a) == 5 * sizeof (int)
FAIL: gcc.dg/guality/vla-2.c   -O0  line 25 sizeof (a) == 6 * sizeof (int)
FAIL: gcc.dg/guality/vla-2.c   -O1  line 16 sizeof (a) == 5 * sizeof (int)
FAIL: gcc.dg/guality/vla-2.c   -O1  line 25 sizeof (a) == 6 * sizeof (int)
FAIL: gcc.dg/guality/vla-2.c   -O2  line 16 sizeof (a) == 5 * sizeof (int)
FAIL: gcc.dg/guality/vla-2.c   -O2  line 25 sizeof (a) == 6 * sizeof (int)
FAIL: gcc.dg/guality/vla-2.c   -O2 -flto -fno-use-linker-plugin -flto-partition=none  line 16 sizeof (a) == 5 * sizeof (int)
FAIL: gcc.dg/guality/vla-2.c   -O2 -flto -fno-use-linker-plugin -flto-partition=none  line 25 sizeof (a) == 6 * sizeof (int)
FAIL: gcc.dg/guality/vla-2.c   -O2 -flto -fuse-linker-plugin -fno-fat-lto-objects  line 16 sizeof (a) == 5 * sizeof (int)
FAIL: gcc.dg/guality/vla-2.c   -O2 -flto -fuse-linker-plugin -fno-fat-lto-objects  line 25 sizeof (a) == 6 * sizeof (int)
FAIL: gcc.dg/guality/vla-2.c   -O3 -fomit-frame-pointer  line 16 sizeof (a) == 5 * sizeof (int)
FAIL: gcc.dg/guality/vla-2.c   -O3 -fomit-frame-pointer  line 25 sizeof (a) == 6 * sizeof (int)
FAIL: gcc.dg/guality/vla-2.c   -O3 -g  line 16 sizeof (a) == 5 * sizeof (int)
FAIL: gcc.dg/guality/vla-2.c   -O3 -g  line 25 sizeof (a) == 6 * sizeof (int)
FAIL: gcc.dg/guality/vla-2.c   -Os  line 16 sizeof (a) == 5 * sizeof (int)
FAIL: gcc.dg/guality/vla-2.c   -Os  line 25 sizeof (a) == 6 * sizeof (int)
FAIL: gcc.dg/ipa/inline-7.c scan-tree-dump-times einline "Inlining a into m" 1
FAIL: gcc.dg/tree-prof/inliner-1.c scan-tree-dump optimized "cold_function ..;"
FAIL: gcc.dg/tree-ssa/inline-10.c scan-tree-dump-not optimized "do_something \\\\(70\\\\)"
FAIL: gcc.dg/tree-ssa/inline-10.c scan-tree-dump-times optimized "do_something2" 1
FAIL: gcc.dg/tree-ssa/inline-10.c scan-tree-dump-times optimized "do_something3" 1
FAIL: gcc.dg/tree-ssa/inline-8.c scan-tree-dump-times einline "Inlining" 5
FAIL: gcc.dg/tree-ssa/inline-9.c scan-tree-dump-times optimized "q \\\\(15\\\\)" 1
FAIL: gcc.dg/tree-ssa/ipa-split-6.c scan-tree-dump optimized "part"
FAIL: gcc.dg/vect/costmodel/i386/costmodel-vect-31.c scan-tree-dump-times vect "vectorized 4 loops" 1
FAIL: gcc.dg/vect/costmodel/x86_64/costmodel-vect-31.c scan-tree-dump-times vect "vectorized 4 loops" 1
FAIL: gcc.target/i386/avx256-unaligned-load-4.c scan-assembler (avx_loadups256|vmovups[^\\n\\r]*movv8sf_internal)
FAIL: gcc.target/i386/avx512f-kandnw-1.c scan-assembler-times kandnw[ \\\\t]+[^{\\n]*%k[0-7](?:\\n|[ \\\\t]+#) 1
FAIL: gcc.target/i386/pie-copyrelocs-1.c scan-assembler-not glob_a@GOTPCREL
FAIL: gcc.target/i386/pie-copyrelocs-2.c scan-assembler-not glob_a@GOTPCREL
FAIL: gcc.target/i386/pr52146.c (test for excess errors)
UNRESOLVED: gcc.target/i386/pr52146.c scan-assembler-not [,\\\\t ]+-18874240
FAIL: gcc.target/i386/pr52698.c (test for excess errors)
FAIL: gcc.target/i386/pr52857-1.c (test for excess errors)
FAIL: gcc.target/i386/pr52857-2.c (test for excess errors)
FAIL: gcc.target/i386/pr53698.c (test for excess errors)
FAIL: gcc.target/i386/pr54157.c (test for excess errors)
FAIL: gcc.target/i386/pr54445-2.c scan-assembler mov(b|zbl)[ \\t](%fs:)?(-1\\\\+)?tls_array@tpoff(-1)?\\\\(%
FAIL: gcc.target/i386/pr55049-1.c (test for excess errors)
FAIL: gcc.target/i386/pr55093.c (test for excess errors)
FAIL: gcc.target/i386/pr55116-1.c (test for excess errors)
FAIL: gcc.target/i386/pr55116-2.c (test for excess errors)
FAIL: gcc.target/i386/pr55597.c (test for excess errors)
FAIL: gcc.target/i386/pr56564-2.c scan-tree-dump-times optimized "&s" 0
FAIL: gcc.target/i386/pr56564-2.c scan-tree-dump-times optimized "return 0" 2
FAIL: gcc.target/i386/pr61599-1.c (test for excess errors)
UNRESOLVED: gcc.target/i386/pr61599-1.c compilation failed to produce executable

		=== gcc Summary for unix/-fpic -mcmodel=medium ===


Running target unix/-mcmodel=large
FAIL: c-c++-common/asan/global-overflow-1.c   -O2  output pattern test, is =================================================================
FAIL: c-c++-common/asan/global-overflow-1.c   -O2 -flto -fno-use-linker-plugin -flto-partition=none  output pattern test, is =================================================================
FAIL: c-c++-common/asan/global-overflow-1.c   -O2 -flto -fuse-linker-plugin -fno-fat-lto-objects  output pattern test, is =================================================================
FAIL: c-c++-common/asan/global-overflow-1.c   -O3 -fomit-frame-pointer  output pattern test, is =================================================================
FAIL: c-c++-common/asan/global-overflow-1.c   -O3 -g  output pattern test, is =================================================================
FAIL: c-c++-common/asan/global-overflow-1.c   -Os  output pattern test, is =================================================================
FAIL: c-c++-common/cxxbitfields-3.c  -Wc++-compat   scan-assembler movl.*, _?var
FAIL: gcc.dg/20111227-2.c scan-rtl-dump ree "Elimination opportunities = 3 realized = 3"
FAIL: gcc.dg/20111227-3.c scan-rtl-dump ree "Elimination opportunities = 3 realized = 3"
FAIL: gcc.dg/pr44974.c scan-assembler call[^\\n]*_Exit
FAIL: gcc.dg/pr50078.c scan-assembler-times movl[^\\n\\r]*nonvolvar 2
FAIL: c-c++-common/goacc/acc_on_device-2-off.c scan-rtl-dump-times expand "\\\\(call [^\\\\n]*\\\\"acc_on_device" 1
FAIL: gcc.dg/goacc/acc_on_device-1.c scan-rtl-dump-times expand "\\\\(call [^\\\\n]*\\\\"acc_on_device" 4
XPASS: gcc.dg/guality/example.c   -O0  execution test
XPASS: gcc.dg/guality/example.c   -O1  execution test
XPASS: gcc.dg/guality/example.c   -O2  execution test
XPASS: gcc.dg/guality/example.c   -O2 -flto -fno-use-linker-plugin -flto-partition=none  execution test
XPASS: gcc.dg/guality/guality.c   -O0  execution test
XPASS: gcc.dg/guality/guality.c   -O1  execution test
XPASS: gcc.dg/guality/guality.c   -O2  execution test
XPASS: gcc.dg/guality/guality.c   -O2 -flto -fno-use-linker-plugin -flto-partition=none  execution test
XPASS: gcc.dg/guality/guality.c   -O2 -flto -fuse-linker-plugin -fno-fat-lto-objects  execution test
XPASS: gcc.dg/guality/guality.c   -O3 -fomit-frame-pointer  execution test
XPASS: gcc.dg/guality/guality.c   -O3 -g  execution test
XPASS: gcc.dg/guality/guality.c   -Os  execution test
XPASS: gcc.dg/guality/inline-params.c   -O2  execution test
XPASS: gcc.dg/guality/inline-params.c   -O2 -flto -fno-use-linker-plugin -flto-partition=none  execution test
XPASS: gcc.dg/guality/inline-params.c   -O3 -fomit-frame-pointer  execution test
XPASS: gcc.dg/guality/inline-params.c   -O3 -g  execution test
XPASS: gcc.dg/guality/inline-params.c   -Os  execution test
FAIL: gcc.dg/guality/pr36728-1.c   -O1  line 18 arg3 == 3
FAIL: gcc.dg/guality/pr36728-1.c   -O2  line 16 y == 2
FAIL: gcc.dg/guality/pr36728-1.c   -O2  line 18 arg3 == 3
FAIL: gcc.dg/guality/pr36728-1.c   -O2  line 18 y == 2
FAIL: gcc.dg/guality/pr36728-1.c   -O2 -flto -fno-use-linker-plugin -flto-partition=none  line 16 y == 2
FAIL: gcc.dg/guality/pr36728-1.c   -O2 -flto -fno-use-linker-plugin -flto-partition=none  line 18 arg3 == 3
FAIL: gcc.dg/guality/pr36728-1.c   -O2 -flto -fno-use-linker-plugin -flto-partition=none  line 18 y == 2
FAIL: gcc.dg/guality/pr36728-1.c   -O2 -flto -fuse-linker-plugin -fno-fat-lto-objects  line 16 y == 2
FAIL: gcc.dg/guality/pr36728-1.c   -O2 -flto -fuse-linker-plugin -fno-fat-lto-objects  line 18 arg3 == 3
FAIL: gcc.dg/guality/pr36728-1.c   -O2 -flto -fuse-linker-plugin -fno-fat-lto-objects  line 18 y == 2
FAIL: gcc.dg/guality/pr36728-1.c   -O3 -fomit-frame-pointer  line 16 y == 2
FAIL: gcc.dg/guality/pr36728-1.c   -O3 -fomit-frame-pointer  line 18 arg3 == 3
FAIL: gcc.dg/guality/pr36728-1.c   -O3 -fomit-frame-pointer  line 18 y == 2
FAIL: gcc.dg/guality/pr36728-1.c   -O3 -g  line 16 y == 2
FAIL: gcc.dg/guality/pr36728-1.c   -O3 -g  line 18 arg3 == 3
FAIL: gcc.dg/guality/pr36728-1.c   -O3 -g  line 18 y == 2
FAIL: gcc.dg/guality/pr36728-1.c   -Os  line 16 y == 2
FAIL: gcc.dg/guality/pr36728-1.c   -Os  line 18 arg3 == 3
FAIL: gcc.dg/guality/pr36728-1.c   -Os  line 18 y == 2
FAIL: gcc.dg/guality/pr36728-2.c   -O2  line 16 y == 2
FAIL: gcc.dg/guality/pr36728-2.c   -O2  line 18 *x == (char) 25
FAIL: gcc.dg/guality/pr36728-2.c   -O2  line 18 y == 2
FAIL: gcc.dg/guality/pr36728-2.c   -O2 -flto -fno-use-linker-plugin -flto-partition=none  line 16 y == 2
FAIL: gcc.dg/guality/pr36728-2.c   -O2 -flto -fno-use-linker-plugin -flto-partition=none  line 18 *x == (char) 25
FAIL: gcc.dg/guality/pr36728-2.c   -O2 -flto -fno-use-linker-plugin -flto-partition=none  line 18 y == 2
FAIL: gcc.dg/guality/pr36728-2.c   -O2 -flto -fuse-linker-plugin -fno-fat-lto-objects  line 16 y == 2
FAIL: gcc.dg/guality/pr36728-2.c   -O2 -flto -fuse-linker-plugin -fno-fat-lto-objects  line 18 *x == (char) 25
FAIL: gcc.dg/guality/pr36728-2.c   -O2 -flto -fuse-linker-plugin -fno-fat-lto-objects  line 18 y == 2
FAIL: gcc.dg/guality/pr36728-2.c   -O3 -fomit-frame-pointer  line 16 y == 2
FAIL: gcc.dg/guality/pr36728-2.c   -O3 -fomit-frame-pointer  line 18 *x == (char) 25
FAIL: gcc.dg/guality/pr36728-2.c   -O3 -fomit-frame-pointer  line 18 y == 2
FAIL: gcc.dg/guality/pr36728-2.c   -O3 -g  line 16 y == 2
FAIL: gcc.dg/guality/pr36728-2.c   -O3 -g  line 18 *x == (char) 25
FAIL: gcc.dg/guality/pr36728-2.c   -O3 -g  line 18 y == 2
FAIL: gcc.dg/guality/pr36728-2.c   -Os  line 16 y == 2
FAIL: gcc.dg/guality/pr36728-2.c   -Os  line 18 *x == (char) 25
FAIL: gcc.dg/guality/pr36728-2.c   -Os  line 18 y == 2
XPASS: gcc.dg/guality/pr41353-1.c   -O0  line 28 j == 28 + 37
XPASS: gcc.dg/guality/pr41447-1.c   -O0  execution test
XPASS: gcc.dg/guality/pr41447-1.c   -O1  execution test
XPASS: gcc.dg/guality/pr41447-1.c   -O2  execution test
XPASS: gcc.dg/guality/pr41447-1.c   -O2 -flto -fno-use-linker-plugin -flto-partition=none  execution test
XPASS: gcc.dg/guality/pr41447-1.c   -O2 -flto -fuse-linker-plugin -fno-fat-lto-objects  execution test
XPASS: gcc.dg/guality/pr41447-1.c   -O3 -fomit-frame-pointer  execution test
XPASS: gcc.dg/guality/pr41447-1.c   -O3 -g  execution test
XPASS: gcc.dg/guality/pr41447-1.c   -Os  execution test
XPASS: gcc.dg/guality/pr41616-1.c   -O0  execution test
XPASS: gcc.dg/guality/pr41616-1.c   -O1  execution test
XPASS: gcc.dg/guality/pr41616-1.c   -O2  execution test
XPASS: gcc.dg/guality/pr41616-1.c   -O2 -flto -fno-use-linker-plugin -flto-partition=none  execution test
XPASS: gcc.dg/guality/pr41616-1.c   -O3 -fomit-frame-pointer  execution test
XPASS: gcc.dg/guality/pr41616-1.c   -O3 -g  execution test
XPASS: gcc.dg/guality/pr41616-1.c   -Os  execution test
FAIL: gcc.dg/guality/pr43051-1.c   -O1  line 34 c == &a[0]
FAIL: gcc.dg/guality/pr43051-1.c   -O2  line 35 v == 1
FAIL: gcc.dg/guality/pr43051-1.c   -O2  line 36 e == &a[1]
FAIL: gcc.dg/guality/pr43051-1.c   -O2  line 39 c == &a[0]
FAIL: gcc.dg/guality/pr43051-1.c   -O2  line 40 v == 1
FAIL: gcc.dg/guality/pr43051-1.c   -O2  line 41 e == &a[1]
FAIL: gcc.dg/guality/pr43051-1.c   -O2 -flto -fno-use-linker-plugin -flto-partition=none  line 35 v == 1
FAIL: gcc.dg/guality/pr43051-1.c   -O2 -flto -fno-use-linker-plugin -flto-partition=none  line 36 e == &a[1]
FAIL: gcc.dg/guality/pr43051-1.c   -O2 -flto -fno-use-linker-plugin -flto-partition=none  line 39 c == &a[0]
FAIL: gcc.dg/guality/pr43051-1.c   -O2 -flto -fno-use-linker-plugin -flto-partition=none  line 40 v == 1
FAIL: gcc.dg/guality/pr43051-1.c   -O2 -flto -fno-use-linker-plugin -flto-partition=none  line 41 e == &a[1]
FAIL: gcc.dg/guality/pr43051-1.c   -O2 -flto -fuse-linker-plugin -fno-fat-lto-objects  line 35 v == 1
FAIL: gcc.dg/guality/pr43051-1.c   -O2 -flto -fuse-linker-plugin -fno-fat-lto-objects  line 36 e == &a[1]
FAIL: gcc.dg/guality/pr43051-1.c   -O2 -flto -fuse-linker-plugin -fno-fat-lto-objects  line 39 c == &a[0]
FAIL: gcc.dg/guality/pr43051-1.c   -O2 -flto -fuse-linker-plugin -fno-fat-lto-objects  line 40 v == 1
FAIL: gcc.dg/guality/pr43051-1.c   -O2 -flto -fuse-linker-plugin -fno-fat-lto-objects  line 41 e == &a[1]
FAIL: gcc.dg/guality/pr43051-1.c   -O3 -fomit-frame-pointer  line 34 c == &a[0]
FAIL: gcc.dg/guality/pr43051-1.c   -O3 -fomit-frame-pointer  line 39 c == &a[0]
FAIL: gcc.dg/guality/pr43051-1.c   -O3 -fomit-frame-pointer  line 40 v == 1
FAIL: gcc.dg/guality/pr43051-1.c   -O3 -fomit-frame-pointer  line 41 e == &a[1]
FAIL: gcc.dg/guality/pr43051-1.c   -O3 -fomit-frame-pointer -funroll-all-loops -finline-functions  line 39 c == &a[0]
FAIL: gcc.dg/guality/pr43051-1.c   -O3 -fomit-frame-pointer -funroll-all-loops -finline-functions  line 41 e == &a[1]
FAIL: gcc.dg/guality/pr43051-1.c   -O3 -fomit-frame-pointer -funroll-loops  line 39 c == &a[0]
FAIL: gcc.dg/guality/pr43051-1.c   -O3 -fomit-frame-pointer -funroll-loops  line 41 e == &a[1]
FAIL: gcc.dg/guality/pr43051-1.c   -O3 -g  line 34 c == &a[0]
FAIL: gcc.dg/guality/pr43051-1.c   -O3 -g  line 39 c == &a[0]
FAIL: gcc.dg/guality/pr43051-1.c   -O3 -g  line 40 v == 1
FAIL: gcc.dg/guality/pr43051-1.c   -O3 -g  line 41 e == &a[1]
FAIL: gcc.dg/guality/pr43051-1.c   -Os  line 35 v == 1
FAIL: gcc.dg/guality/pr43051-1.c   -Os  line 36 e == &a[1]
FAIL: gcc.dg/guality/pr43051-1.c   -Os  line 39 c == &a[0]
FAIL: gcc.dg/guality/pr43051-1.c   -Os  line 40 v == 1
FAIL: gcc.dg/guality/pr43051-1.c   -Os  line 41 e == &a[1]
FAIL: gcc.dg/guality/pr43177.c   -O2  line 15 l == 10
FAIL: gcc.dg/guality/pr43177.c   -O2  line 15 x == 7
FAIL: gcc.dg/guality/pr43177.c   -O2  line 24 l == 10
FAIL: gcc.dg/guality/pr43177.c   -O2  line 24 x == 7
FAIL: gcc.dg/guality/pr43177.c   -O2 -flto -fno-use-linker-plugin -flto-partition=none  line 15 l == 10
FAIL: gcc.dg/guality/pr43177.c   -O2 -flto -fno-use-linker-plugin -flto-partition=none  line 15 x == 7
FAIL: gcc.dg/guality/pr43177.c   -O2 -flto -fno-use-linker-plugin -flto-partition=none  line 24 l == 10
FAIL: gcc.dg/guality/pr43177.c   -O2 -flto -fno-use-linker-plugin -flto-partition=none  line 24 x == 7
FAIL: gcc.dg/guality/pr43177.c   -O2 -flto -fuse-linker-plugin -fno-fat-lto-objects  line 15 l == 10
FAIL: gcc.dg/guality/pr43177.c   -O2 -flto -fuse-linker-plugin -fno-fat-lto-objects  line 15 x == 7
FAIL: gcc.dg/guality/pr43177.c   -O2 -flto -fuse-linker-plugin -fno-fat-lto-objects  line 24 l == 10
FAIL: gcc.dg/guality/pr43177.c   -O2 -flto -fuse-linker-plugin -fno-fat-lto-objects  line 24 x == 7
FAIL: gcc.dg/guality/pr43177.c   -O3 -fomit-frame-pointer  line 15 l == 10
FAIL: gcc.dg/guality/pr43177.c   -O3 -fomit-frame-pointer  line 15 x == 7
FAIL: gcc.dg/guality/pr43177.c   -O3 -fomit-frame-pointer  line 24 l == 10
FAIL: gcc.dg/guality/pr43177.c   -O3 -fomit-frame-pointer  line 24 x == 7
FAIL: gcc.dg/guality/pr43177.c   -O3 -g  line 15 l == 10
FAIL: gcc.dg/guality/pr43177.c   -O3 -g  line 15 x == 7
FAIL: gcc.dg/guality/pr43177.c   -O3 -g  line 24 l == 10
FAIL: gcc.dg/guality/pr43177.c   -O3 -g  line 24 x == 7
FAIL: gcc.dg/guality/pr43177.c   -Os  line 15 l == 10
FAIL: gcc.dg/guality/pr43177.c   -Os  line 15 x == 7
FAIL: gcc.dg/guality/pr43177.c   -Os  line 24 l == 10
FAIL: gcc.dg/guality/pr43177.c   -Os  line 24 x == 7
FAIL: gcc.dg/guality/pr43479.c   -O1  line 13 h == 9
FAIL: gcc.dg/guality/pr43479.c   -O1  line 18 h == 9
FAIL: gcc.dg/guality/pr43479.c   -O2  line 13 h == 9
FAIL: gcc.dg/guality/pr43479.c   -O2  line 18 h == 9
FAIL: gcc.dg/guality/pr43479.c   -O2 -flto -fno-use-linker-plugin -flto-partition=none  line 13 h == 9
FAIL: gcc.dg/guality/pr43479.c   -O2 -flto -fno-use-linker-plugin -flto-partition=none  line 18 h == 9
FAIL: gcc.dg/guality/pr43479.c   -O2 -flto -fuse-linker-plugin -fno-fat-lto-objects  line 13 h == 9
FAIL: gcc.dg/guality/pr43479.c   -O2 -flto -fuse-linker-plugin -fno-fat-lto-objects  line 18 h == 9
FAIL: gcc.dg/guality/pr43479.c   -O3 -fomit-frame-pointer  line 13 h == 9
FAIL: gcc.dg/guality/pr43479.c   -O3 -fomit-frame-pointer  line 18 h == 9
FAIL: gcc.dg/guality/pr43479.c   -O3 -g  line 13 h == 9
FAIL: gcc.dg/guality/pr43479.c   -O3 -g  line 18 h == 9
FAIL: gcc.dg/guality/pr43479.c   -Os  line 13 h == 9
FAIL: gcc.dg/guality/pr43479.c   -Os  line 18 h == 9
FAIL: gcc.dg/guality/pr45003-2.c   -O2 -flto -fuse-linker-plugin -fno-fat-lto-objects  line 10 a == 0x8078
FAIL: gcc.dg/guality/pr45882.c   -O2 -flto -fuse-linker-plugin -fno-fat-lto-objects  line 16 d == 112
FAIL: gcc.dg/guality/pr45882.c   -O2 -flto -fuse-linker-plugin -fno-fat-lto-objects  line 16 e == 142
FAIL: gcc.dg/guality/pr54200.c   -Os  line 20 z == 3
FAIL: gcc.dg/guality/pr54519-1.c   -O2  line 20 x == 36
FAIL: gcc.dg/guality/pr54519-1.c   -O2  line 20 y == 25
FAIL: gcc.dg/guality/pr54519-1.c   -O2  line 23 x == 98
FAIL: gcc.dg/guality/pr54519-1.c   -O2  line 23 y == 117
FAIL: gcc.dg/guality/pr54519-1.c   -O2 -flto -fno-use-linker-plugin -flto-partition=none  line 20 x == 36
FAIL: gcc.dg/guality/pr54519-1.c   -O2 -flto -fno-use-linker-plugin -flto-partition=none  line 20 y == 25
FAIL: gcc.dg/guality/pr54519-1.c   -O2 -flto -fno-use-linker-plugin -flto-partition=none  line 20 z == 6
FAIL: gcc.dg/guality/pr54519-1.c   -O2 -flto -fno-use-linker-plugin -flto-partition=none  line 23 x == 98
FAIL: gcc.dg/guality/pr54519-1.c   -O2 -flto -fno-use-linker-plugin -flto-partition=none  line 23 y == 117
FAIL: gcc.dg/guality/pr54519-1.c   -O2 -flto -fno-use-linker-plugin -flto-partition=none  line 23 z == 8
FAIL: gcc.dg/guality/pr54519-1.c   -O3 -fomit-frame-pointer  line 20 x == 36
FAIL: gcc.dg/guality/pr54519-1.c   -O3 -fomit-frame-pointer  line 20 y == 25
FAIL: gcc.dg/guality/pr54519-1.c   -O3 -g  line 20 x == 36
FAIL: gcc.dg/guality/pr54519-1.c   -O3 -g  line 20 y == 25
FAIL: gcc.dg/guality/pr54519-1.c   -Os  line 20 x == 36
FAIL: gcc.dg/guality/pr54519-1.c   -Os  line 20 y == 25
FAIL: gcc.dg/guality/pr54519-1.c   -Os  line 23 x == 98
FAIL: gcc.dg/guality/pr54519-1.c   -Os  line 23 y == 117
FAIL: gcc.dg/guality/pr54519-2.c   -O2  line 17 x == 6
FAIL: gcc.dg/guality/pr54519-2.c   -O2  line 17 y == 25
FAIL: gcc.dg/guality/pr54519-2.c   -O2 -flto -fno-use-linker-plugin -flto-partition=none  line 17 x == 6
FAIL: gcc.dg/guality/pr54519-2.c   -O2 -flto -fno-use-linker-plugin -flto-partition=none  line 17 y == 25
FAIL: gcc.dg/guality/pr54519-2.c   -O2 -flto -fuse-linker-plugin -fno-fat-lto-objects  line 17 x == 6
FAIL: gcc.dg/guality/pr54519-2.c   -O2 -flto -fuse-linker-plugin -fno-fat-lto-objects  line 17 y == 25
FAIL: gcc.dg/guality/pr54519-2.c   -O3 -fomit-frame-pointer  line 17 x == 6
FAIL: gcc.dg/guality/pr54519-2.c   -O3 -fomit-frame-pointer  line 17 y == 25
FAIL: gcc.dg/guality/pr54519-2.c   -O3 -g  line 17 x == 6
FAIL: gcc.dg/guality/pr54519-2.c   -O3 -g  line 17 y == 25
FAIL: gcc.dg/guality/pr54519-2.c   -Os  line 17 x == 6
FAIL: gcc.dg/guality/pr54519-2.c   -Os  line 17 y == 25
FAIL: gcc.dg/guality/pr54519-3.c   -O2 -flto -fno-use-linker-plugin -flto-partition=none  line 20 y == 25
FAIL: gcc.dg/guality/pr54519-3.c   -O2 -flto -fno-use-linker-plugin -flto-partition=none  line 20 z == 6
FAIL: gcc.dg/guality/pr54519-3.c   -O2 -flto -fno-use-linker-plugin -flto-partition=none  line 23 y == 117
FAIL: gcc.dg/guality/pr54519-3.c   -O2 -flto -fno-use-linker-plugin -flto-partition=none  line 23 z == 8
FAIL: gcc.dg/guality/pr54519-3.c   -O2 -flto -fuse-linker-plugin -fno-fat-lto-objects  line 20 y == 25
FAIL: gcc.dg/guality/pr54519-3.c   -O2 -flto -fuse-linker-plugin -fno-fat-lto-objects  line 20 z == 6
FAIL: gcc.dg/guality/pr54519-3.c   -O2 -flto -fuse-linker-plugin -fno-fat-lto-objects  line 23 x == 98
FAIL: gcc.dg/guality/pr54519-3.c   -O2 -flto -fuse-linker-plugin -fno-fat-lto-objects  line 23 y == 117
FAIL: gcc.dg/guality/pr54519-3.c   -O2 -flto -fuse-linker-plugin -fno-fat-lto-objects  line 23 z == 8
FAIL: gcc.dg/guality/pr54519-4.c   -O2 -flto -fno-use-linker-plugin -flto-partition=none  line 17 y == 25
FAIL: gcc.dg/guality/pr54519-4.c   -O2 -flto -fuse-linker-plugin -fno-fat-lto-objects  line 17 y == 25
FAIL: gcc.dg/guality/pr54519-5.c   -O2  line 17 x == 6
FAIL: gcc.dg/guality/pr54519-5.c   -O2  line 17 y == 25
FAIL: gcc.dg/guality/pr54519-5.c   -O2 -flto -fno-use-linker-plugin -flto-partition=none  line 17 x == 6
FAIL: gcc.dg/guality/pr54519-5.c   -O2 -flto -fno-use-linker-plugin -flto-partition=none  line 17 y == 25
FAIL: gcc.dg/guality/pr54519-5.c   -O2 -flto -fuse-linker-plugin -fno-fat-lto-objects  line 17 x == 6
FAIL: gcc.dg/guality/pr54519-5.c   -O2 -flto -fuse-linker-plugin -fno-fat-lto-objects  line 17 y == 25
FAIL: gcc.dg/guality/pr54519-5.c   -O3 -fomit-frame-pointer  line 17 x == 6
FAIL: gcc.dg/guality/pr54519-5.c   -O3 -fomit-frame-pointer  line 17 y == 25
FAIL: gcc.dg/guality/pr54519-5.c   -O3 -g  line 17 x == 6
FAIL: gcc.dg/guality/pr54519-5.c   -O3 -g  line 17 y == 25
FAIL: gcc.dg/guality/pr54519-5.c   -Os  line 17 x == 6
FAIL: gcc.dg/guality/pr54519-5.c   -Os  line 17 y == 25
FAIL: gcc.dg/guality/pr54693-2.c   -O1  line 21 x == 10 - i
FAIL: gcc.dg/guality/pr54693-2.c   -O1  line 21 y == 20 - 2 * i
FAIL: gcc.dg/guality/sra-1.c   -O2  line 43 a.i == 4
FAIL: gcc.dg/guality/sra-1.c   -O2  line 43 a.j == 14
FAIL: gcc.dg/guality/sra-1.c   -O2 -flto -fno-use-linker-plugin -flto-partition=none  line 21 a.i == 4
FAIL: gcc.dg/guality/sra-1.c   -O2 -flto -fno-use-linker-plugin -flto-partition=none  line 21 a.j == 14
FAIL: gcc.dg/guality/sra-1.c   -O2 -flto -fno-use-linker-plugin -flto-partition=none  line 43 a.i == 4
FAIL: gcc.dg/guality/sra-1.c   -O2 -flto -fno-use-linker-plugin -flto-partition=none  line 43 a.j == 14
FAIL: gcc.dg/guality/sra-1.c   -O2 -flto -fuse-linker-plugin -fno-fat-lto-objects  line 21 a.i == 4
FAIL: gcc.dg/guality/sra-1.c   -O2 -flto -fuse-linker-plugin -fno-fat-lto-objects  line 43 a.i == 4
FAIL: gcc.dg/guality/sra-1.c   -O3 -fomit-frame-pointer  line 43 a.i == 4
FAIL: gcc.dg/guality/sra-1.c   -O3 -fomit-frame-pointer  line 43 a.j == 14
FAIL: gcc.dg/guality/sra-1.c   -O3 -g  line 43 a.i == 4
FAIL: gcc.dg/guality/sra-1.c   -O3 -g  line 43 a.j == 14
FAIL: gcc.dg/guality/sra-1.c   -Os  line 43 a.i == 4
FAIL: gcc.dg/guality/sra-1.c   -Os  line 43 a.j == 14
FAIL: gcc.dg/guality/vla-1.c   -O0  line 17 sizeof (a) == 6
FAIL: gcc.dg/guality/vla-1.c   -O0  line 24 sizeof (a) == 17 * sizeof (short)
FAIL: gcc.dg/guality/vla-1.c   -O1  line 17 sizeof (a) == 6
FAIL: gcc.dg/guality/vla-1.c   -O1  line 24 sizeof (a) == 17 * sizeof (short)
FAIL: gcc.dg/guality/vla-1.c   -O2  line 17 sizeof (a) == 6
FAIL: gcc.dg/guality/vla-1.c   -O2  line 24 sizeof (a) == 17 * sizeof (short)
FAIL: gcc.dg/guality/vla-1.c   -O2 -flto -fno-use-linker-plugin -flto-partition=none  line 17 sizeof (a) == 6
FAIL: gcc.dg/guality/vla-1.c   -O2 -flto -fno-use-linker-plugin -flto-partition=none  line 24 sizeof (a) == 17 * sizeof (short)
FAIL: gcc.dg/guality/vla-1.c   -O2 -flto -fuse-linker-plugin -fno-fat-lto-objects  line 17 sizeof (a) == 6
FAIL: gcc.dg/guality/vla-1.c   -O2 -flto -fuse-linker-plugin -fno-fat-lto-objects  line 24 sizeof (a) == 17 * sizeof (short)
FAIL: gcc.dg/guality/vla-1.c   -O3 -fomit-frame-pointer  line 17 sizeof (a) == 6
FAIL: gcc.dg/guality/vla-1.c   -O3 -fomit-frame-pointer  line 24 sizeof (a) == 17 * sizeof (short)
FAIL: gcc.dg/guality/vla-1.c   -O3 -g  line 17 sizeof (a) == 6
FAIL: gcc.dg/guality/vla-1.c   -O3 -g  line 24 sizeof (a) == 17 * sizeof (short)
FAIL: gcc.dg/guality/vla-1.c   -Os  line 17 sizeof (a) == 6
FAIL: gcc.dg/guality/vla-1.c   -Os  line 24 sizeof (a) == 17 * sizeof (short)
FAIL: gcc.dg/guality/vla-2.c   -O0  line 16 sizeof (a) == 5 * sizeof (int)
FAIL: gcc.dg/guality/vla-2.c   -O0  line 25 sizeof (a) == 6 * sizeof (int)
FAIL: gcc.dg/guality/vla-2.c   -O1  line 16 sizeof (a) == 5 * sizeof (int)
FAIL: gcc.dg/guality/vla-2.c   -O1  line 25 sizeof (a) == 6 * sizeof (int)
FAIL: gcc.dg/guality/vla-2.c   -O2  line 16 sizeof (a) == 5 * sizeof (int)
FAIL: gcc.dg/guality/vla-2.c   -O2  line 25 sizeof (a) == 6 * sizeof (int)
FAIL: gcc.dg/guality/vla-2.c   -O2 -flto -fno-use-linker-plugin -flto-partition=none  line 16 sizeof (a) == 5 * sizeof (int)
FAIL: gcc.dg/guality/vla-2.c   -O2 -flto -fno-use-linker-plugin -flto-partition=none  line 25 sizeof (a) == 6 * sizeof (int)
FAIL: gcc.dg/guality/vla-2.c   -O2 -flto -fuse-linker-plugin -fno-fat-lto-objects  line 16 sizeof (a) == 5 * sizeof (int)
FAIL: gcc.dg/guality/vla-2.c   -O2 -flto -fuse-linker-plugin -fno-fat-lto-objects  line 25 sizeof (a) == 6 * sizeof (int)
FAIL: gcc.dg/guality/vla-2.c   -O3 -fomit-frame-pointer  line 16 sizeof (a) == 5 * sizeof (int)
FAIL: gcc.dg/guality/vla-2.c   -O3 -fomit-frame-pointer  line 25 sizeof (a) == 6 * sizeof (int)
FAIL: gcc.dg/guality/vla-2.c   -O3 -g  line 16 sizeof (a) == 5 * sizeof (int)
FAIL: gcc.dg/guality/vla-2.c   -O3 -g  line 25 sizeof (a) == 6 * sizeof (int)
FAIL: gcc.dg/guality/vla-2.c   -Os  line 16 sizeof (a) == 5 * sizeof (int)
FAIL: gcc.dg/guality/vla-2.c   -Os  line 25 sizeof (a) == 6 * sizeof (int)
FAIL: gcc.dg/torture/tls/run-gd.c   -O0  (internal compiler error)
FAIL: gcc.dg/torture/tls/run-gd.c   -O0  (test for excess errors)
UNRESOLVED: gcc.dg/torture/tls/run-gd.c   -O0  compilation failed to produce executable
FAIL: gcc.dg/torture/tls/run-gd.c   -O1  (internal compiler error)
FAIL: gcc.dg/torture/tls/run-gd.c   -O1  (test for excess errors)
UNRESOLVED: gcc.dg/torture/tls/run-gd.c   -O1  compilation failed to produce executable
FAIL: gcc.dg/torture/tls/run-gd.c   -O2  (internal compiler error)
FAIL: gcc.dg/torture/tls/run-gd.c   -O2  (test for excess errors)
UNRESOLVED: gcc.dg/torture/tls/run-gd.c   -O2  compilation failed to produce executable
FAIL: gcc.dg/torture/tls/run-gd.c   -O2 -flto -fno-use-linker-plugin -flto-partition=none  (internal compiler error)
FAIL: gcc.dg/torture/tls/run-gd.c   -O2 -flto -fno-use-linker-plugin -flto-partition=none  (test for excess errors)
UNRESOLVED: gcc.dg/torture/tls/run-gd.c   -O2 -flto -fno-use-linker-plugin -flto-partition=none  compilation failed to produce executable
FAIL: gcc.dg/torture/tls/run-gd.c   -O2 -flto -fuse-linker-plugin -fno-fat-lto-objects  (internal compiler error)
FAIL: gcc.dg/torture/tls/run-gd.c   -O2 -flto -fuse-linker-plugin -fno-fat-lto-objects  (test for excess errors)
UNRESOLVED: gcc.dg/torture/tls/run-gd.c   -O2 -flto -fuse-linker-plugin -fno-fat-lto-objects  compilation failed to produce executable
FAIL: gcc.dg/torture/tls/run-gd.c   -O3 -fomit-frame-pointer  (internal compiler error)
FAIL: gcc.dg/torture/tls/run-gd.c   -O3 -fomit-frame-pointer  (test for excess errors)
UNRESOLVED: gcc.dg/torture/tls/run-gd.c   -O3 -fomit-frame-pointer  compilation failed to produce executable
FAIL: gcc.dg/torture/tls/run-gd.c   -O3 -g  (internal compiler error)
FAIL: gcc.dg/torture/tls/run-gd.c   -O3 -g  (test for excess errors)
UNRESOLVED: gcc.dg/torture/tls/run-gd.c   -O3 -g  compilation failed to produce executable
FAIL: gcc.dg/torture/tls/run-gd.c   -Os  (internal compiler error)
FAIL: gcc.dg/torture/tls/run-gd.c   -Os  (test for excess errors)
UNRESOLVED: gcc.dg/torture/tls/run-gd.c   -Os  compilation failed to produce executable
FAIL: gcc.dg/torture/tls/run-ld.c   -O0  (internal compiler error)
FAIL: gcc.dg/torture/tls/run-ld.c   -O0  (test for excess errors)
UNRESOLVED: gcc.dg/torture/tls/run-ld.c   -O0  compilation failed to produce executable
FAIL: gcc.dg/torture/tls/run-ld.c   -O1  (internal compiler error)
FAIL: gcc.dg/torture/tls/run-ld.c   -O1  (test for excess errors)
UNRESOLVED: gcc.dg/torture/tls/run-ld.c   -O1  compilation failed to produce executable
FAIL: gcc.dg/torture/tls/run-ld.c   -O2  (internal compiler error)
FAIL: gcc.dg/torture/tls/run-ld.c   -O2  (test for excess errors)
UNRESOLVED: gcc.dg/torture/tls/run-ld.c   -O2  compilation failed to produce executable
FAIL: gcc.dg/torture/tls/run-ld.c   -O2 -flto -fno-use-linker-plugin -flto-partition=none  (internal compiler error)
FAIL: gcc.dg/torture/tls/run-ld.c   -O2 -flto -fno-use-linker-plugin -flto-partition=none  (test for excess errors)
UNRESOLVED: gcc.dg/torture/tls/run-ld.c   -O2 -flto -fno-use-linker-plugin -flto-partition=none  compilation failed to produce executable
FAIL: gcc.dg/torture/tls/run-ld.c   -O2 -flto -fuse-linker-plugin -fno-fat-lto-objects  (internal compiler error)
FAIL: gcc.dg/torture/tls/run-ld.c   -O2 -flto -fuse-linker-plugin -fno-fat-lto-objects  (test for excess errors)
UNRESOLVED: gcc.dg/torture/tls/run-ld.c   -O2 -flto -fuse-linker-plugin -fno-fat-lto-objects  compilation failed to produce executable
FAIL: gcc.dg/torture/tls/run-ld.c   -O3 -fomit-frame-pointer  (internal compiler error)
FAIL: gcc.dg/torture/tls/run-ld.c   -O3 -fomit-frame-pointer  (test for excess errors)
UNRESOLVED: gcc.dg/torture/tls/run-ld.c   -O3 -fomit-frame-pointer  compilation failed to produce executable
FAIL: gcc.dg/torture/tls/run-ld.c   -O3 -g  (internal compiler error)
FAIL: gcc.dg/torture/tls/run-ld.c   -O3 -g  (test for excess errors)
UNRESOLVED: gcc.dg/torture/tls/run-ld.c   -O3 -g  compilation failed to produce executable
FAIL: gcc.dg/torture/tls/run-ld.c   -Os  (internal compiler error)
FAIL: gcc.dg/torture/tls/run-ld.c   -Os  (test for excess errors)
UNRESOLVED: gcc.dg/torture/tls/run-ld.c   -Os  compilation failed to produce executable
FAIL: gcc.dg/tree-ssa/loop-1.c scan-assembler-times foo 5
FAIL: gcc.dg/tree-ssa/loop-3.c scan-tree-dump-times optimized "step:" 1
FAIL: gcc.dg/ubsan/object-size-9.c   -O2  output pattern test, is gcc.dg/ubsan/object-size-9.c:11:13: runtime error: load of address 0x000000600ffa with insufficient space for an object of type 'char'
FAIL: gcc.dg/ubsan/object-size-9.c   -O2 -flto -fno-use-linker-plugin -flto-partition=none  output pattern test, is gcc.dg/ubsan/object-size-9.c:11:13: runtime error: load of address 0x000000600ffa with insufficient space for an object of type 'char'
FAIL: gcc.dg/weak/typeof-2.c scan-assembler baz3.*baz3.*baz3.*baz3.*baz3.*baz3
FAIL: gcc.target/i386/387-12.c scan-assembler fld1
FAIL: gcc.target/i386/387-12.c scan-assembler fldz
FAIL: gcc.target/i386/avx512vl-vmovdqa64-1.c scan-assembler-times vmovdqa64[ \\\\t]+[^{\\n]*%ymm[0-9]+[^\\nxy]*\\\\(.{5}(?:\\n|[ \\\\t]+#) 1
FAIL: gcc.target/i386/avx512vl-vmovdqa64-1.c scan-assembler-times vmovdqa64[ \\\\t]+\\\\([^\\n]*%xmm[0-9]+(?:\\n|[ \\\\t]+#) 1
FAIL: gcc.target/i386/avx512vl-vmovdqa64-1.c scan-assembler-times vmovdqa64[ \\\\t]+\\\\([^\\n]*%ymm[0-9]+(?:\\n|[ \\\\t]+#) 1
FAIL: gcc.target/i386/avxfp-1.c scan-assembler vmaxsd
FAIL: gcc.target/i386/avxfp-1.c scan-assembler vminsd
FAIL: gcc.target/i386/avxfp-2.c scan-assembler vmaxsd
FAIL: gcc.target/i386/avxfp-2.c scan-assembler vminsd
FAIL: gcc.target/i386/cmov1.c scan-assembler sar[^\\\\n]*magic_namea
FAIL: gcc.target/i386/cmov1.c scan-assembler sar[^\\\\n]*magic_nameb
FAIL: gcc.target/i386/cmov1.c scan-assembler sar[^\\\\n]*magic_namec
FAIL: gcc.target/i386/cmov1.c scan-assembler shr[^\\\\n]*magic_named
FAIL: gcc.target/i386/cmov1.c scan-assembler shr[^\\\\n]*magic_namee
FAIL: gcc.target/i386/cmov1.c scan-assembler shr[^\\\\n]*magic_namef
FAIL: gcc.target/i386/funcspec-2.c scan-assembler call\\t(.*)flt_mul_add
FAIL: gcc.target/i386/funcspec-3.c scan-assembler call\\t(.*)sse4a_pop_i
FAIL: gcc.target/i386/fuse-caller-save-rec.c scan-assembler-times call\\t_?bar 2
FAIL: gcc.target/i386/fuse-caller-save-xmm.c scan-assembler-times addpd\\t\\\\.?LC0.*, %xmm0 1
FAIL: gcc.target/i386/long-double-128-1.c scan-assembler call[\\\\t ]*_?__multf3
FAIL: gcc.target/i386/long-double-128-2.c scan-assembler call[\\\\t ]*_?__multf3
FAIL: gcc.target/i386/long-double-128-3.c scan-assembler call[\\\\t ]*_?__multf3
FAIL: gcc.target/i386/long-double-128-4.c scan-assembler call[\\\\t ]*_?__multf3
FAIL: gcc.target/i386/long-double-128-5.c scan-assembler call[\\\\t ]*_?__multf3
FAIL: gcc.target/i386/long-double-128-6.c scan-assembler call[\\\\t ]*_?__multf3
FAIL: gcc.target/i386/long-double-128-7.c scan-assembler call[\\\\t ]*_?__multf3
FAIL: gcc.target/i386/movti.c scan-assembler-not movabs
FAIL: gcc.target/i386/mul.c scan-assembler and[^\\\\n]*magic
FAIL: gcc.target/i386/pie-copyrelocs-4.c scan-assembler glob_a@GOTPCREL
FAIL: gcc.target/i386/pr34256.c scan-assembler-times mov 2
FAIL: gcc.target/i386/pr37843-1.c scan-assembler call[\\\\t ]*_?foo
FAIL: gcc.target/i386/pr37843-2.c scan-assembler jmp[\\\\t ]*_?foo
FAIL: gcc.target/i386/pr45852.c scan-assembler-times globvar.%?rip 2
FAIL: gcc.target/i386/pr49781-1.c scan-assembler-not lea[lq]?[ \\t]\\\\((%|)r[a-z0-9]*
FAIL: gcc.target/i386/pr52146.c (test for excess errors)
UNRESOLVED: gcc.target/i386/pr52146.c scan-assembler-not [,\\\\t ]+-18874240
FAIL: gcc.target/i386/pr52698.c (test for excess errors)
FAIL: gcc.target/i386/pr52857-1.c (test for excess errors)
FAIL: gcc.target/i386/pr52857-2.c (test for excess errors)
FAIL: gcc.target/i386/pr53698.c (test for excess errors)
FAIL: gcc.target/i386/pr54157.c (test for excess errors)
FAIL: gcc.target/i386/pr54445-2.c scan-assembler mov(b|zbl)[ \\t](%fs:)?(-1\\\\+)?tls_array@tpoff(-1)?\\\\(%
FAIL: gcc.target/i386/pr55049-1.c (test for excess errors)
FAIL: gcc.target/i386/pr55093.c (test for excess errors)
FAIL: gcc.target/i386/pr55116-1.c (test for excess errors)
FAIL: gcc.target/i386/pr55116-2.c (test for excess errors)
FAIL: gcc.target/i386/pr55597.c (test for excess errors)
FAIL: gcc.target/i386/pr55981.c scan-assembler-times movabs 2
FAIL: gcc.target/i386/pr56028.c scan-assembler-times movabs 2
FAIL: gcc.target/i386/pr56151.c scan-assembler-not mov[^\\n\\r]*vara
FAIL: gcc.target/i386/pr56151.c scan-assembler-times or[^\\n\\r]*vara 1
FAIL: gcc.target/i386/pr58066.c scan-rtl-dump final "Function foo.*set[^\\r\\n]*sp\\\\)[\\r\\n][^\\r\\n]*plus[^\\r\\n]*sp\\\\)[\\r\\n][^\\r\\n]*const_int -8.*UNSPEC_TLS.*Function goo"
FAIL: gcc.target/i386/pr58066.c scan-rtl-dump final "Function goo.*set[^\\r\\n]*sp\\\\)[\\r\\n][^\\r\\n]*plus[^\\r\\n]*sp\\\\)[\\r\\n][^\\r\\n]*const_int -8.*UNSPEC_TLS"
FAIL: gcc.target/i386/sibcall-1.c scan-assembler-not mov
FAIL: gcc.target/i386/ssefp-1.c scan-assembler maxsd
FAIL: gcc.target/i386/ssefp-1.c scan-assembler minsd
FAIL: gcc.target/i386/ssefp-2.c scan-assembler maxsd
FAIL: gcc.target/i386/ssefp-2.c scan-assembler minsd
FAIL: gcc.target/i386/ssetype-1.c scan-assembler andnpd[^\\\\n]*magic
FAIL: gcc.target/i386/ssetype-1.c scan-assembler andpd[^\\\\n]*magic
FAIL: gcc.target/i386/ssetype-1.c scan-assembler movapd[^\\\\n]*magic
FAIL: gcc.target/i386/ssetype-1.c scan-assembler orpd[^\\\\n]*magic
FAIL: gcc.target/i386/ssetype-1.c scan-assembler xorpd[^\\\\n]*magic
FAIL: gcc.target/i386/ssetype-3.c scan-assembler andnps[^\\\\n]*magic
FAIL: gcc.target/i386/ssetype-3.c scan-assembler andps[^\\\\n]*magic
FAIL: gcc.target/i386/ssetype-3.c scan-assembler movaps[^\\\\n]*magic
FAIL: gcc.target/i386/ssetype-3.c scan-assembler orps[^\\\\n]*magic
FAIL: gcc.target/i386/ssetype-3.c scan-assembler xorps[^\\\\n]*magic
FAIL: gcc.target/i386/ssetype-5.c scan-assembler pand[^\\\\n]*magic
FAIL: gcc.target/i386/ssetype-5.c scan-assembler pandn[^\\\\n]*magic
FAIL: gcc.target/i386/ssetype-5.c scan-assembler por[^\\\\n]*magic
FAIL: gcc.target/i386/ssetype-5.c scan-assembler pxor[^\\\\n]*magic
FAIL: gcc.target/i386/stack-prot-kernel.c scan-assembler-not %fs
FAIL: gcc.target/i386/volatile-2.c scan-assembler movl[ \\t][^,]+, _?obj_0(\\\\(%rip\\\\))?
FAIL: gcc.target/i386/volatile-2.c scan-assembler movl[ \\t][^,]+, _?obj_1(\\\\(%rip\\\\))?
FAIL: gcc.target/i386/volatile-2.c scan-assembler movl[ \\t][^,]+, _?obj_2(\\\\(%rip\\\\))?
FAIL: gcc.target/i386/volatile-2.c scan-assembler movl[ \\t][^,]+, _?obj_3(\\\\(%rip\\\\))?
FAIL: gcc.target/i386/volatile-2.c scan-assembler movl[ \\t][^,]+, _?obj_4(\\\\(%rip\\\\))?
FAIL: gcc.target/i386/volatile-2.c scan-assembler movl[ \\t][^,]+, _?obj_5(\\\\(%rip\\\\))?
FAIL: gcc.target/i386/volatile-2.c scan-assembler movl[ \\t][^,]+, _?obj_6(\\\\(%rip\\\\))?
FAIL: gcc.target/i386/volatile-2.c scan-assembler movl[ \\t][^,]+, _?obj_7(\\\\(%rip\\\\))?
FAIL: gcc.target/i386/volatile-2.c scan-assembler movl[ \\t][^,]+, _?obj_8(\\\\(%rip\\\\))?
FAIL: gcc.target/i386/volatile-2.c scan-assembler movl[ \\t]_?obj_5(\\\\(%rip\\\\))?,
FAIL: gcc.target/i386/volatile-bitfields-1.c scan-assembler mov(b|zbl).*bits
FAIL: gcc.target/i386/volatile-bitfields-2.c scan-assembler movl.*bits

		=== gcc Summary for unix/-mcmodel=large ===


Running target unix/-mcmodel=medium
XPASS: gcc.dg/guality/example.c   -O0  execution test
XPASS: gcc.dg/guality/example.c   -O1  execution test
XPASS: gcc.dg/guality/example.c   -O2  execution test
XPASS: gcc.dg/guality/example.c   -O2 -flto -fno-use-linker-plugin -flto-partition=none  execution test
XPASS: gcc.dg/guality/guality.c   -O0  execution test
XPASS: gcc.dg/guality/guality.c   -O1  execution test
XPASS: gcc.dg/guality/guality.c   -O2  execution test
XPASS: gcc.dg/guality/guality.c   -O2 -flto -fno-use-linker-plugin -flto-partition=none  execution test
XPASS: gcc.dg/guality/guality.c   -O2 -flto -fuse-linker-plugin -fno-fat-lto-objects  execution test
XPASS: gcc.dg/guality/guality.c   -O3 -fomit-frame-pointer  execution test
XPASS: gcc.dg/guality/guality.c   -O3 -g  execution test
XPASS: gcc.dg/guality/guality.c   -Os  execution test
XPASS: gcc.dg/guality/inline-params.c   -O2  execution test
XPASS: gcc.dg/guality/inline-params.c   -O2 -flto -fno-use-linker-plugin -flto-partition=none  execution test
XPASS: gcc.dg/guality/inline-params.c   -O3 -fomit-frame-pointer  execution test
XPASS: gcc.dg/guality/inline-params.c   -O3 -g  execution test
XPASS: gcc.dg/guality/inline-params.c   -Os  execution test
XPASS: gcc.dg/guality/pr41353-1.c   -O0  line 28 j == 28 + 37
XPASS: gcc.dg/guality/pr41447-1.c   -O0  execution test
XPASS: gcc.dg/guality/pr41447-1.c   -O1  execution test
XPASS: gcc.dg/guality/pr41447-1.c   -O2  execution test
XPASS: gcc.dg/guality/pr41447-1.c   -O2 -flto -fno-use-linker-plugin -flto-partition=none  execution test
XPASS: gcc.dg/guality/pr41447-1.c   -O2 -flto -fuse-linker-plugin -fno-fat-lto-objects  execution test
XPASS: gcc.dg/guality/pr41447-1.c   -O3 -fomit-frame-pointer  execution test
XPASS: gcc.dg/guality/pr41447-1.c   -O3 -g  execution test
XPASS: gcc.dg/guality/pr41447-1.c   -Os  execution test
XPASS: gcc.dg/guality/pr41616-1.c   -O0  execution test
XPASS: gcc.dg/guality/pr41616-1.c   -O1  execution test
XPASS: gcc.dg/guality/pr41616-1.c   -O2  execution test
XPASS: gcc.dg/guality/pr41616-1.c   -O2 -flto -fno-use-linker-plugin -flto-partition=none  execution test
XPASS: gcc.dg/guality/pr41616-1.c   -O3 -fomit-frame-pointer  execution test
XPASS: gcc.dg/guality/pr41616-1.c   -O3 -g  execution test
XPASS: gcc.dg/guality/pr41616-1.c   -Os  execution test
FAIL: gcc.dg/guality/pr43051-1.c   -O2  line 35 v == 1
FAIL: gcc.dg/guality/pr43051-1.c   -O2  line 36 e == &a[1]
FAIL: gcc.dg/guality/pr43051-1.c   -O2  line 39 c == &a[0]
FAIL: gcc.dg/guality/pr43051-1.c   -O2  line 40 v == 1
FAIL: gcc.dg/guality/pr43051-1.c   -O2  line 41 e == &a[1]
FAIL: gcc.dg/guality/pr43051-1.c   -O2 -flto -fno-use-linker-plugin -flto-partition=none  line 35 v == 1
FAIL: gcc.dg/guality/pr43051-1.c   -O2 -flto -fno-use-linker-plugin -flto-partition=none  line 36 e == &a[1]
FAIL: gcc.dg/guality/pr43051-1.c   -O2 -flto -fno-use-linker-plugin -flto-partition=none  line 39 c == &a[0]
FAIL: gcc.dg/guality/pr43051-1.c   -O2 -flto -fno-use-linker-plugin -flto-partition=none  line 40 v == 1
FAIL: gcc.dg/guality/pr43051-1.c   -O2 -flto -fno-use-linker-plugin -flto-partition=none  line 41 e == &a[1]
FAIL: gcc.dg/guality/pr43051-1.c   -O2 -flto -fuse-linker-plugin -fno-fat-lto-objects  line 35 v == 1
FAIL: gcc.dg/guality/pr43051-1.c   -O2 -flto -fuse-linker-plugin -fno-fat-lto-objects  line 36 e == &a[1]
FAIL: gcc.dg/guality/pr43051-1.c   -O2 -flto -fuse-linker-plugin -fno-fat-lto-objects  line 39 c == &a[0]
FAIL: gcc.dg/guality/pr43051-1.c   -O2 -flto -fuse-linker-plugin -fno-fat-lto-objects  line 40 v == 1
FAIL: gcc.dg/guality/pr43051-1.c   -O2 -flto -fuse-linker-plugin -fno-fat-lto-objects  line 41 e == &a[1]
FAIL: gcc.dg/guality/pr43051-1.c   -O3 -fomit-frame-pointer  line 35 v == 1
FAIL: gcc.dg/guality/pr43051-1.c   -O3 -fomit-frame-pointer  line 36 e == &a[1]
FAIL: gcc.dg/guality/pr43051-1.c   -O3 -fomit-frame-pointer  line 39 c == &a[0]
FAIL: gcc.dg/guality/pr43051-1.c   -O3 -fomit-frame-pointer  line 40 v == 1
FAIL: gcc.dg/guality/pr43051-1.c   -O3 -fomit-frame-pointer  line 41 e == &a[1]
FAIL: gcc.dg/guality/pr43051-1.c   -O3 -fomit-frame-pointer -funroll-all-loops -finline-functions  line 35 v == 1
FAIL: gcc.dg/guality/pr43051-1.c   -O3 -fomit-frame-pointer -funroll-all-loops -finline-functions  line 36 e == &a[1]
FAIL: gcc.dg/guality/pr43051-1.c   -O3 -fomit-frame-pointer -funroll-all-loops -finline-functions  line 39 c == &a[0]
FAIL: gcc.dg/guality/pr43051-1.c   -O3 -fomit-frame-pointer -funroll-all-loops -finline-functions  line 40 v == 1
FAIL: gcc.dg/guality/pr43051-1.c   -O3 -fomit-frame-pointer -funroll-all-loops -finline-functions  line 41 e == &a[1]
FAIL: gcc.dg/guality/pr43051-1.c   -O3 -fomit-frame-pointer -funroll-loops  line 35 v == 1
FAIL: gcc.dg/guality/pr43051-1.c   -O3 -fomit-frame-pointer -funroll-loops  line 36 e == &a[1]
FAIL: gcc.dg/guality/pr43051-1.c   -O3 -fomit-frame-pointer -funroll-loops  line 39 c == &a[0]
FAIL: gcc.dg/guality/pr43051-1.c   -O3 -fomit-frame-pointer -funroll-loops  line 40 v == 1
FAIL: gcc.dg/guality/pr43051-1.c   -O3 -fomit-frame-pointer -funroll-loops  line 41 e == &a[1]
FAIL: gcc.dg/guality/pr43051-1.c   -O3 -g  line 35 v == 1
FAIL: gcc.dg/guality/pr43051-1.c   -O3 -g  line 36 e == &a[1]
FAIL: gcc.dg/guality/pr43051-1.c   -O3 -g  line 39 c == &a[0]
FAIL: gcc.dg/guality/pr43051-1.c   -O3 -g  line 40 v == 1
FAIL: gcc.dg/guality/pr43051-1.c   -O3 -g  line 41 e == &a[1]
FAIL: gcc.dg/guality/pr43051-1.c   -Os  line 35 v == 1
FAIL: gcc.dg/guality/pr43051-1.c   -Os  line 36 e == &a[1]
FAIL: gcc.dg/guality/pr43051-1.c   -Os  line 39 c == &a[0]
FAIL: gcc.dg/guality/pr43051-1.c   -Os  line 40 v == 1
FAIL: gcc.dg/guality/pr43051-1.c   -Os  line 41 e == &a[1]
FAIL: gcc.dg/guality/pr43177.c   -O2  line 15 l == 10
FAIL: gcc.dg/guality/pr43177.c   -O2  line 15 x == 7
FAIL: gcc.dg/guality/pr43177.c   -O2  line 24 l == 10
FAIL: gcc.dg/guality/pr43177.c   -O2  line 24 x == 7
FAIL: gcc.dg/guality/pr43177.c   -O2 -flto -fno-use-linker-plugin -flto-partition=none  line 15 l == 10
FAIL: gcc.dg/guality/pr43177.c   -O2 -flto -fno-use-linker-plugin -flto-partition=none  line 15 x == 7
FAIL: gcc.dg/guality/pr43177.c   -O2 -flto -fno-use-linker-plugin -flto-partition=none  line 24 l == 10
FAIL: gcc.dg/guality/pr43177.c   -O2 -flto -fno-use-linker-plugin -flto-partition=none  line 24 x == 7
FAIL: gcc.dg/guality/pr43177.c   -O2 -flto -fuse-linker-plugin -fno-fat-lto-objects  line 15 l == 10
FAIL: gcc.dg/guality/pr43177.c   -O2 -flto -fuse-linker-plugin -fno-fat-lto-objects  line 15 x == 7
FAIL: gcc.dg/guality/pr43177.c   -O2 -flto -fuse-linker-plugin -fno-fat-lto-objects  line 24 l == 10
FAIL: gcc.dg/guality/pr43177.c   -O2 -flto -fuse-linker-plugin -fno-fat-lto-objects  line 24 x == 7
FAIL: gcc.dg/guality/pr43177.c   -O3 -fomit-frame-pointer  line 15 l == 10
FAIL: gcc.dg/guality/pr43177.c   -O3 -fomit-frame-pointer  line 15 x == 7
FAIL: gcc.dg/guality/pr43177.c   -O3 -fomit-frame-pointer  line 24 l == 10
FAIL: gcc.dg/guality/pr43177.c   -O3 -fomit-frame-pointer  line 24 x == 7
FAIL: gcc.dg/guality/pr43177.c   -O3 -g  line 15 l == 10
FAIL: gcc.dg/guality/pr43177.c   -O3 -g  line 15 x == 7
FAIL: gcc.dg/guality/pr43177.c   -O3 -g  line 24 l == 10
FAIL: gcc.dg/guality/pr43177.c   -O3 -g  line 24 x == 7
FAIL: gcc.dg/guality/pr43177.c   -Os  line 15 l == 10
FAIL: gcc.dg/guality/pr43177.c   -Os  line 15 x == 7
FAIL: gcc.dg/guality/pr43177.c   -Os  line 24 l == 10
FAIL: gcc.dg/guality/pr43177.c   -Os  line 24 x == 7
FAIL: gcc.dg/guality/pr43479.c   -O1  line 13 h == 9
FAIL: gcc.dg/guality/pr43479.c   -O1  line 18 h == 9
FAIL: gcc.dg/guality/pr43479.c   -O2  line 13 h == 9
FAIL: gcc.dg/guality/pr43479.c   -O2  line 18 h == 9
FAIL: gcc.dg/guality/pr43479.c   -O2 -flto -fno-use-linker-plugin -flto-partition=none  line 13 h == 9
FAIL: gcc.dg/guality/pr43479.c   -O2 -flto -fno-use-linker-plugin -flto-partition=none  line 18 h == 9
FAIL: gcc.dg/guality/pr43479.c   -O2 -flto -fuse-linker-plugin -fno-fat-lto-objects  line 13 h == 9
FAIL: gcc.dg/guality/pr43479.c   -O2 -flto -fuse-linker-plugin -fno-fat-lto-objects  line 18 h == 9
FAIL: gcc.dg/guality/pr43479.c   -O3 -fomit-frame-pointer  line 13 h == 9
FAIL: gcc.dg/guality/pr43479.c   -O3 -fomit-frame-pointer  line 18 h == 9
FAIL: gcc.dg/guality/pr43479.c   -O3 -g  line 13 h == 9
FAIL: gcc.dg/guality/pr43479.c   -O3 -g  line 18 h == 9
FAIL: gcc.dg/guality/pr43479.c   -Os  line 13 h == 9
FAIL: gcc.dg/guality/pr43479.c   -Os  line 18 h == 9
FAIL: gcc.dg/guality/pr45003-2.c   -O2 -flto -fuse-linker-plugin -fno-fat-lto-objects  line 10 a == 0x8078
FAIL: gcc.dg/guality/pr45882.c   -O2 -flto -fuse-linker-plugin -fno-fat-lto-objects  line 16 d == 112
FAIL: gcc.dg/guality/pr45882.c   -O2 -flto -fuse-linker-plugin -fno-fat-lto-objects  line 16 e == 142
FAIL: gcc.dg/guality/pr54200.c   -Os  line 20 z == 3
FAIL: gcc.dg/guality/pr54519-1.c   -O2  line 20 x == 36
FAIL: gcc.dg/guality/pr54519-1.c   -O2  line 20 y == 25
FAIL: gcc.dg/guality/pr54519-1.c   -O2  line 23 x == 98
FAIL: gcc.dg/guality/pr54519-1.c   -O2  line 23 y == 117
FAIL: gcc.dg/guality/pr54519-1.c   -O2 -flto -fno-use-linker-plugin -flto-partition=none  line 20 x == 36
FAIL: gcc.dg/guality/pr54519-1.c   -O2 -flto -fno-use-linker-plugin -flto-partition=none  line 20 y == 25
FAIL: gcc.dg/guality/pr54519-1.c   -O2 -flto -fno-use-linker-plugin -flto-partition=none  line 20 z == 6
FAIL: gcc.dg/guality/pr54519-1.c   -O2 -flto -fno-use-linker-plugin -flto-partition=none  line 23 x == 98
FAIL: gcc.dg/guality/pr54519-1.c   -O2 -flto -fno-use-linker-plugin -flto-partition=none  line 23 y == 117
FAIL: gcc.dg/guality/pr54519-1.c   -O2 -flto -fno-use-linker-plugin -flto-partition=none  line 23 z == 8
FAIL: gcc.dg/guality/pr54519-1.c   -O3 -fomit-frame-pointer  line 20 x == 36
FAIL: gcc.dg/guality/pr54519-1.c   -O3 -fomit-frame-pointer  line 20 y == 25
FAIL: gcc.dg/guality/pr54519-1.c   -O3 -g  line 20 x == 36
FAIL: gcc.dg/guality/pr54519-1.c   -O3 -g  line 20 y == 25
FAIL: gcc.dg/guality/pr54519-1.c   -Os  line 20 x == 36
FAIL: gcc.dg/guality/pr54519-1.c   -Os  line 20 y == 25
FAIL: gcc.dg/guality/pr54519-1.c   -Os  line 23 x == 98
FAIL: gcc.dg/guality/pr54519-1.c   -Os  line 23 y == 117
FAIL: gcc.dg/guality/pr54519-2.c   -O2  line 17 x == 6
FAIL: gcc.dg/guality/pr54519-2.c   -O2  line 17 y == 25
FAIL: gcc.dg/guality/pr54519-2.c   -O2 -flto -fno-use-linker-plugin -flto-partition=none  line 17 x == 6
FAIL: gcc.dg/guality/pr54519-2.c   -O2 -flto -fno-use-linker-plugin -flto-partition=none  line 17 y == 25
FAIL: gcc.dg/guality/pr54519-2.c   -O2 -flto -fuse-linker-plugin -fno-fat-lto-objects  line 17 x == 6
FAIL: gcc.dg/guality/pr54519-2.c   -O2 -flto -fuse-linker-plugin -fno-fat-lto-objects  line 17 y == 25
FAIL: gcc.dg/guality/pr54519-2.c   -O3 -fomit-frame-pointer  line 17 x == 6
FAIL: gcc.dg/guality/pr54519-2.c   -O3 -fomit-frame-pointer  line 17 y == 25
FAIL: gcc.dg/guality/pr54519-2.c   -O3 -g  line 17 x == 6
FAIL: gcc.dg/guality/pr54519-2.c   -O3 -g  line 17 y == 25
FAIL: gcc.dg/guality/pr54519-2.c   -Os  line 17 x == 6
FAIL: gcc.dg/guality/pr54519-2.c   -Os  line 17 y == 25
FAIL: gcc.dg/guality/pr54519-3.c   -O2 -flto -fno-use-linker-plugin -flto-partition=none  line 20 y == 25
FAIL: gcc.dg/guality/pr54519-3.c   -O2 -flto -fno-use-linker-plugin -flto-partition=none  line 20 z == 6
FAIL: gcc.dg/guality/pr54519-3.c   -O2 -flto -fno-use-linker-plugin -flto-partition=none  line 23 y == 117
FAIL: gcc.dg/guality/pr54519-3.c   -O2 -flto -fno-use-linker-plugin -flto-partition=none  line 23 z == 8
FAIL: gcc.dg/guality/pr54519-3.c   -O2 -flto -fuse-linker-plugin -fno-fat-lto-objects  line 20 x == 36
FAIL: gcc.dg/guality/pr54519-3.c   -O2 -flto -fuse-linker-plugin -fno-fat-lto-objects  line 20 y == 25
FAIL: gcc.dg/guality/pr54519-3.c   -O2 -flto -fuse-linker-plugin -fno-fat-lto-objects  line 20 z == 6
FAIL: gcc.dg/guality/pr54519-3.c   -O2 -flto -fuse-linker-plugin -fno-fat-lto-objects  line 23 x == 98
FAIL: gcc.dg/guality/pr54519-3.c   -O2 -flto -fuse-linker-plugin -fno-fat-lto-objects  line 23 y == 117
FAIL: gcc.dg/guality/pr54519-3.c   -O2 -flto -fuse-linker-plugin -fno-fat-lto-objects  line 23 z == 8
FAIL: gcc.dg/guality/pr54519-4.c   -O2 -flto -fno-use-linker-plugin -flto-partition=none  line 17 y == 25
FAIL: gcc.dg/guality/pr54519-4.c   -O2 -flto -fuse-linker-plugin -fno-fat-lto-objects  line 17 x == 6
FAIL: gcc.dg/guality/pr54519-4.c   -O2 -flto -fuse-linker-plugin -fno-fat-lto-objects  line 17 y == 25
FAIL: gcc.dg/guality/pr54519-5.c   -O2  line 17 x == 6
FAIL: gcc.dg/guality/pr54519-5.c   -O2  line 17 y == 25
FAIL: gcc.dg/guality/pr54519-5.c   -O2 -flto -fno-use-linker-plugin -flto-partition=none  line 17 x == 6
FAIL: gcc.dg/guality/pr54519-5.c   -O2 -flto -fno-use-linker-plugin -flto-partition=none  line 17 y == 25
FAIL: gcc.dg/guality/pr54519-5.c   -O2 -flto -fuse-linker-plugin -fno-fat-lto-objects  line 17 x == 6
FAIL: gcc.dg/guality/pr54519-5.c   -O2 -flto -fuse-linker-plugin -fno-fat-lto-objects  line 17 y == 25
FAIL: gcc.dg/guality/pr54519-5.c   -O3 -fomit-frame-pointer  line 17 x == 6
FAIL: gcc.dg/guality/pr54519-5.c   -O3 -fomit-frame-pointer  line 17 y == 25
FAIL: gcc.dg/guality/pr54519-5.c   -O3 -g  line 17 x == 6
FAIL: gcc.dg/guality/pr54519-5.c   -O3 -g  line 17 y == 25
FAIL: gcc.dg/guality/pr54519-5.c   -Os  line 17 x == 6
FAIL: gcc.dg/guality/pr54519-5.c   -Os  line 17 y == 25
FAIL: gcc.dg/guality/sra-1.c   -O2  line 43 a.i == 4
FAIL: gcc.dg/guality/sra-1.c   -O2  line 43 a.j == 14
FAIL: gcc.dg/guality/sra-1.c   -O2 -flto -fno-use-linker-plugin -flto-partition=none  line 21 a.i == 4
FAIL: gcc.dg/guality/sra-1.c   -O2 -flto -fno-use-linker-plugin -flto-partition=none  line 21 a.j == 14
FAIL: gcc.dg/guality/sra-1.c   -O2 -flto -fno-use-linker-plugin -flto-partition=none  line 43 a.i == 4
FAIL: gcc.dg/guality/sra-1.c   -O2 -flto -fno-use-linker-plugin -flto-partition=none  line 43 a.j == 14
FAIL: gcc.dg/guality/sra-1.c   -O2 -flto -fuse-linker-plugin -fno-fat-lto-objects  line 21 a.i == 4
FAIL: gcc.dg/guality/sra-1.c   -O2 -flto -fuse-linker-plugin -fno-fat-lto-objects  line 43 a.i == 4
FAIL: gcc.dg/guality/sra-1.c   -O3 -fomit-frame-pointer  line 43 a.i == 4
FAIL: gcc.dg/guality/sra-1.c   -O3 -fomit-frame-pointer  line 43 a.j == 14
FAIL: gcc.dg/guality/sra-1.c   -O3 -g  line 43 a.i == 4
FAIL: gcc.dg/guality/sra-1.c   -O3 -g  line 43 a.j == 14
FAIL: gcc.dg/guality/sra-1.c   -Os  line 43 a.i == 4
FAIL: gcc.dg/guality/sra-1.c   -Os  line 43 a.j == 14
FAIL: gcc.dg/guality/vla-1.c   -O0  line 17 sizeof (a) == 6
FAIL: gcc.dg/guality/vla-1.c   -O0  line 24 sizeof (a) == 17 * sizeof (short)
FAIL: gcc.dg/guality/vla-1.c   -O1  line 17 sizeof (a) == 6
FAIL: gcc.dg/guality/vla-1.c   -O1  line 24 sizeof (a) == 17 * sizeof (short)
FAIL: gcc.dg/guality/vla-1.c   -O2  line 17 sizeof (a) == 6
FAIL: gcc.dg/guality/vla-1.c   -O2  line 24 sizeof (a) == 17 * sizeof (short)
FAIL: gcc.dg/guality/vla-1.c   -O2 -flto -fno-use-linker-plugin -flto-partition=none  line 17 sizeof (a) == 6
FAIL: gcc.dg/guality/vla-1.c   -O2 -flto -fno-use-linker-plugin -flto-partition=none  line 24 sizeof (a) == 17 * sizeof (short)
FAIL: gcc.dg/guality/vla-1.c   -O2 -flto -fuse-linker-plugin -fno-fat-lto-objects  line 17 sizeof (a) == 6
FAIL: gcc.dg/guality/vla-1.c   -O2 -flto -fuse-linker-plugin -fno-fat-lto-objects  line 24 sizeof (a) == 17 * sizeof (short)
FAIL: gcc.dg/guality/vla-1.c   -O3 -fomit-frame-pointer  line 17 sizeof (a) == 6
FAIL: gcc.dg/guality/vla-1.c   -O3 -fomit-frame-pointer  line 24 sizeof (a) == 17 * sizeof (short)
FAIL: gcc.dg/guality/vla-1.c   -O3 -g  line 17 sizeof (a) == 6
FAIL: gcc.dg/guality/vla-1.c   -O3 -g  line 24 sizeof (a) == 17 * sizeof (short)
FAIL: gcc.dg/guality/vla-1.c   -Os  line 17 sizeof (a) == 6
FAIL: gcc.dg/guality/vla-1.c   -Os  line 24 sizeof (a) == 17 * sizeof (short)
FAIL: gcc.dg/guality/vla-2.c   -O0  line 16 sizeof (a) == 5 * sizeof (int)
FAIL: gcc.dg/guality/vla-2.c   -O0  line 25 sizeof (a) == 6 * sizeof (int)
FAIL: gcc.dg/guality/vla-2.c   -O1  line 16 sizeof (a) == 5 * sizeof (int)
FAIL: gcc.dg/guality/vla-2.c   -O1  line 25 sizeof (a) == 6 * sizeof (int)
FAIL: gcc.dg/guality/vla-2.c   -O2  line 16 sizeof (a) == 5 * sizeof (int)
FAIL: gcc.dg/guality/vla-2.c   -O2  line 25 sizeof (a) == 6 * sizeof (int)
FAIL: gcc.dg/guality/vla-2.c   -O2 -flto -fno-use-linker-plugin -flto-partition=none  line 16 sizeof (a) == 5 * sizeof (int)
FAIL: gcc.dg/guality/vla-2.c   -O2 -flto -fno-use-linker-plugin -flto-partition=none  line 25 sizeof (a) == 6 * sizeof (int)
FAIL: gcc.dg/guality/vla-2.c   -O2 -flto -fuse-linker-plugin -fno-fat-lto-objects  line 16 sizeof (a) == 5 * sizeof (int)
FAIL: gcc.dg/guality/vla-2.c   -O2 -flto -fuse-linker-plugin -fno-fat-lto-objects  line 25 sizeof (a) == 6 * sizeof (int)
FAIL: gcc.dg/guality/vla-2.c   -O3 -fomit-frame-pointer  line 16 sizeof (a) == 5 * sizeof (int)
FAIL: gcc.dg/guality/vla-2.c   -O3 -fomit-frame-pointer  line 25 sizeof (a) == 6 * sizeof (int)
FAIL: gcc.dg/guality/vla-2.c   -O3 -g  line 16 sizeof (a) == 5 * sizeof (int)
FAIL: gcc.dg/guality/vla-2.c   -O3 -g  line 25 sizeof (a) == 6 * sizeof (int)
FAIL: gcc.dg/guality/vla-2.c   -Os  line 16 sizeof (a) == 5 * sizeof (int)
FAIL: gcc.dg/guality/vla-2.c   -Os  line 25 sizeof (a) == 6 * sizeof (int)
FAIL: gcc.target/i386/387-12.c scan-assembler fld1
FAIL: gcc.target/i386/387-12.c scan-assembler fldz
FAIL: gcc.target/i386/avxfp-1.c scan-assembler vmaxsd
FAIL: gcc.target/i386/avxfp-1.c scan-assembler vminsd
FAIL: gcc.target/i386/avxfp-2.c scan-assembler vmaxsd
FAIL: gcc.target/i386/avxfp-2.c scan-assembler vminsd
FAIL: gcc.target/i386/pr52146.c (test for excess errors)
UNRESOLVED: gcc.target/i386/pr52146.c scan-assembler-not [,\\\\t ]+-18874240
FAIL: gcc.target/i386/pr52698.c (test for excess errors)
FAIL: gcc.target/i386/pr52857-1.c (test for excess errors)
FAIL: gcc.target/i386/pr52857-2.c (test for excess errors)
FAIL: gcc.target/i386/pr53698.c (test for excess errors)
FAIL: gcc.target/i386/pr54157.c (test for excess errors)
FAIL: gcc.target/i386/pr55049-1.c (test for excess errors)
FAIL: gcc.target/i386/pr55093.c (test for excess errors)
FAIL: gcc.target/i386/pr55116-1.c (test for excess errors)
FAIL: gcc.target/i386/pr55116-2.c (test for excess errors)
FAIL: gcc.target/i386/pr55597.c (test for excess errors)
FAIL: gcc.target/i386/ssefp-1.c scan-assembler maxsd
FAIL: gcc.target/i386/ssefp-1.c scan-assembler minsd
FAIL: gcc.target/i386/ssefp-2.c scan-assembler maxsd
FAIL: gcc.target/i386/ssefp-2.c scan-assembler minsd
FAIL: gcc.target/i386/stack-prot-kernel.c scan-assembler-not %fs

		=== gcc Summary for unix/-mcmodel=medium ===


		=== gcc Summary ===

/export/gnu/import/git/gcc-test-intel64/bld/gcc/xgcc  version 5.0.0 20150203 (experimental) [trunk revision 220375] (GCC) 

		=== gfortran tests ===


Running target unix/-fpic
FAIL: gfortran.dg/pr48636-2.f90   -O   scan-ipa-dump cp "Creating a specialized node of [^\\n\\r]*bar/[0-9]*\\\\."
FAIL: gfortran.dg/pr48636-2.f90   -O   scan-ipa-dump-times cp "Aggregate replacements[^=]*=[^=]*=[^=]*=[^=]*=[^=]*=[^=]*=[^=]*=[^=]*=[^=]*=" 2
FAIL: gfortran.dg/pr48636.f90   -O   scan-ipa-dump inline "bar[^\\\\n]*inline copy in MAIN"
FAIL: gfortran.dg/pr48636.f90   -O   scan-ipa-dump inline "inline hints: loop_iterations"

		=== gfortran Summary for unix/-fpic ===

# of expected passes		4050

Running target unix/-fpic -mcmodel=large
FAIL: gfortran.dg/pr48636-2.f90   -O   scan-ipa-dump cp "Creating a specialized node of [^\\n\\r]*bar/[0-9]*\\\\."
FAIL: gfortran.dg/pr48636-2.f90   -O   scan-ipa-dump-times cp "Aggregate replacements[^=]*=[^=]*=[^=]*=[^=]*=[^=]*=[^=]*=[^=]*=[^=]*=[^=]*=" 2
FAIL: gfortran.dg/pr48636.f90   -O   scan-ipa-dump inline "bar[^\\\\n]*inline copy in MAIN"
FAIL: gfortran.dg/pr48636.f90   -O   scan-ipa-dump inline "inline hints: loop_iterations"
FAIL: gfortran.dg/goacc/acc_on_device-1.f95   -O   scan-rtl-dump-times expand "\\\\(call [^\\\\n]*\\\\"acc_on_device" 4
FAIL: gfortran.dg/goacc/acc_on_device-2-off.f95   -O   scan-rtl-dump-times expand "\\\\(call [^\\\\n]*\\\\"acc_on_device" 1
XPASS: gfortran.dg/goacc/acc_on_device-2.f95   -O   scan-rtl-dump-times expand "\\\\(call [^\\\\n]*\\\\"acc_on_device" 0
FAIL: gfortran.fortran-torture/compile/nested.f90,  -O3 -g  
FAIL: gfortran.fortran-torture/compile/pr30147.f90,  -O3 -g  
FAIL: gfortran.fortran-torture/compile/pr32663.f,  -O3 -g  
FAIL: gfortran.fortran-torture/compile/pr33276.f90,  -O3 -g  
FAIL: gfortran.fortran-torture/compile/pr42781.f90,  -O3 -g  

		=== gfortran Summary for unix/-fpic -mcmodel=large ===

# of expected passes		4050

Running target unix/-fpic -mcmodel=medium
FAIL: gfortran.dg/pr48636-2.f90   -O   scan-ipa-dump cp "Creating a specialized node of [^\\n\\r]*bar/[0-9]*\\\\."
FAIL: gfortran.dg/pr48636-2.f90   -O   scan-ipa-dump-times cp "Aggregate replacements[^=]*=[^=]*=[^=]*=[^=]*=[^=]*=[^=]*=[^=]*=[^=]*=[^=]*=" 2
FAIL: gfortran.dg/pr48636.f90   -O   scan-ipa-dump inline "bar[^\\\\n]*inline copy in MAIN"
FAIL: gfortran.dg/pr48636.f90   -O   scan-ipa-dump inline "inline hints: loop_iterations"

		=== gfortran Summary for unix/-fpic -mcmodel=medium ===

# of expected passes		4050

Running target unix/-mcmodel=large
FAIL: gfortran.dg/goacc/acc_on_device-1.f95   -O   scan-rtl-dump-times expand "\\\\(call [^\\\\n]*\\\\"acc_on_device" 4
FAIL: gfortran.dg/goacc/acc_on_device-2-off.f95   -O   scan-rtl-dump-times expand "\\\\(call [^\\\\n]*\\\\"acc_on_device" 1
XPASS: gfortran.dg/goacc/acc_on_device-2.f95   -O   scan-rtl-dump-times expand "\\\\(call [^\\\\n]*\\\\"acc_on_device" 0

		=== gfortran Summary for unix/-mcmodel=large ===

# of expected passes		4050

Running target unix/-mcmodel=medium

		=== gfortran Summary for unix/-mcmodel=medium ===

# of expected passes		4050

		=== gfortran Summary ===

# of expected passes		20250
/export/gnu/import/git/gcc-test-intel64/bld/gcc/testsuite/gfortran/../../gfortran  version 5.0.0 20150203 (experimental) [trunk revision 220375] (GCC) 

		=== objc tests ===


Running target unix/-fpic

		=== objc Summary for unix/-fpic ===

# of expected passes		64

Running target unix/-fpic -mcmodel=large

		=== objc Summary for unix/-fpic -mcmodel=large ===

# of expected passes		64

Running target unix/-fpic -mcmodel=medium

		=== objc Summary for unix/-fpic -mcmodel=medium ===

# of expected passes		64

Running target unix/-mcmodel=large

		=== objc Summary for unix/-mcmodel=large ===

# of expected passes		64

Running target unix/-mcmodel=medium

		=== objc Summary for unix/-mcmodel=medium ===

# of expected passes		64

		=== objc Summary ===

# of expected passes		320
/export/gnu/import/git/gcc-test-intel64/bld/gcc/xgcc  version 5.0.0 20150203 (experimental) [trunk revision 220375] (GCC) 

		=== boehm-gc tests ===


Running target unix/-fpic

		=== boehm-gc Summary for unix/-fpic ===

# of expected passes		4

Running target unix/-mcmodel=medium

		=== boehm-gc Summary for unix/-mcmodel=medium ===

# of expected passes		4

Running target unix/-fpic -mcmodel=medium

		=== boehm-gc Summary for unix/-fpic -mcmodel=medium ===

# of expected passes		4

Running target unix/-mcmodel=large

		=== boehm-gc Summary for unix/-mcmodel=large ===

# of expected passes		4

Running target unix/-fpic -mcmodel=large

		=== boehm-gc Summary for unix/-fpic -mcmodel=large ===

# of expected passes		4

		=== boehm-gc Summary ===

# of expected passes		60
# of unsupported tests		5
		=== libatomic tests ===


Running target unix/-fpic

		=== libatomic Summary for unix/-fpic ===

# of expected passes		54

Running target unix/-mcmodel=medium

		=== libatomic Summary for unix/-mcmodel=medium ===

# of expected passes		54

Running target unix/-fpic -mcmodel=medium

		=== libatomic Summary for unix/-fpic -mcmodel=medium ===

# of expected passes		54

Running target unix/-mcmodel=large

		=== libatomic Summary for unix/-mcmodel=large ===

# of expected passes		54

Running target unix/-fpic -mcmodel=large

		=== libatomic Summary for unix/-fpic -mcmodel=large ===

# of expected passes		54

		=== libatomic Summary ===

# of expected passes		270
		=== libffi tests ===


Running target unix/-fpic

		=== libffi Summary for unix/-fpic ===

# of expected passes		24

Running target unix/-mcmodel=medium

		=== libffi Summary for unix/-mcmodel=medium ===

# of expected passes		24

Running target unix/-fpic -mcmodel=medium

		=== libffi Summary for unix/-fpic -mcmodel=medium ===

# of expected passes		24

Running target unix/-mcmodel=large

		=== libffi Summary for unix/-mcmodel=large ===

# of expected passes		24

Running target unix/-fpic -mcmodel=large

		=== libffi Summary for unix/-fpic -mcmodel=large ===

# of expected passes		24

		=== libffi Summary ===

# of expected passes		11070
		=== libgomp tests ===


Running target unix/-fpic

		=== libgomp Summary for unix/-fpic ===

# of expected passes		1192
# of unsupported tests		8

Running target unix/-mcmodel=medium

		=== libgomp Summary for unix/-mcmodel=medium ===

# of expected passes		1192
# of unsupported tests		8

Running target unix/-fpic -mcmodel=medium

		=== libgomp Summary for unix/-fpic -mcmodel=medium ===

# of expected passes		1192
# of unsupported tests		8

Running target unix/-mcmodel=large

		=== libgomp Summary for unix/-mcmodel=large ===

# of expected passes		1192
# of unsupported tests		8

Running target unix/-fpic -mcmodel=large

		=== libgomp Summary for unix/-fpic -mcmodel=large ===

# of expected passes		1192
# of unsupported tests		8

		=== libgomp Summary ===

# of expected passes		28660
# of unsupported tests		1265
		=== libitm tests ===


Running target unix/-fpic

		=== libitm Summary for unix/-fpic ===

# of expected passes		4
# of expected failures		1
# of unsupported tests		1

Running target unix/-mcmodel=medium

		=== libitm Summary for unix/-mcmodel=medium ===

# of expected passes		4
# of expected failures		1
# of unsupported tests		1

Running target unix/-fpic -mcmodel=medium

		=== libitm Summary for unix/-fpic -mcmodel=medium ===

# of expected passes		4
# of expected failures		1
# of unsupported tests		1

Running target unix/-mcmodel=large

		=== libitm Summary for unix/-mcmodel=large ===

# of expected passes		4
# of expected failures		1
# of unsupported tests		1

Running target unix/-fpic -mcmodel=large

		=== libitm Summary for unix/-fpic -mcmodel=large ===

# of expected passes		4
# of expected failures		1
# of unsupported tests		1

		=== libitm Summary ===

# of expected passes		130
# of expected failures		15
# of unsupported tests		5
		=== libjava tests ===


Running target unix/-fpic

		=== libjava Summary for unix/-fpic ===


Running target unix/-mcmodel=medium

		=== libjava Summary for unix/-mcmodel=medium ===


Running target unix/-fpic -mcmodel=medium

		=== libjava Summary for unix/-fpic -mcmodel=medium ===


Running target unix/-mcmodel=large
FAIL: ArrayStore -O3 -findirect-dispatch compilation from source
FAIL: ArrayStore2 -O3 -findirect-dispatch compilation from source
FAIL: Array_1 -O3 -findirect-dispatch compilation from source
FAIL: Array_2 -O3 -findirect-dispatch compilation from source
FAIL: Array_3 -O3 -findirect-dispatch compilation from source
FAIL: Class_1 -O3 -findirect-dispatch compilation from source
FAIL: CompareNaN -O3 -findirect-dispatch compilation from source
FAIL: Divide_1 -O3 -findirect-dispatch compilation from source
FAIL: Divide_2 -O3 -findirect-dispatch compilation from source
FAIL: EvaluationOrder -O3 -findirect-dispatch compilation from source
FAIL: ExtraClassLoader -O3 -findirect-dispatch compilation from source
FAIL: FileHandleGcTest -O3 -findirect-dispatch compilation from source
FAIL: Final -O3 -findirect-dispatch compilation from source
FAIL: Float_1 -O3 -findirect-dispatch compilation from source
FAIL: Float_2 -O3 -findirect-dispatch compilation from source
FAIL: G19990301_01 -O3 -findirect-dispatch compilation from source
FAIL: G19990302_02 -O3 -findirect-dispatch compilation from source
FAIL: G19990303_01 -O3 -findirect-dispatch compilation from source
FAIL: G19990303_02 -O3 -findirect-dispatch compilation from source
FAIL: G19990304_01 -O3 -findirect-dispatch compilation from source
FAIL: G19990310_01 -O3 -findirect-dispatch compilation from source
FAIL: II -O3 -findirect-dispatch compilation from source
FAIL: InterfaceDispatch -O3 -findirect-dispatch compilation from source
FAIL: InvokeInterface -O3 -findirect-dispatch compilation from source
FAIL: InvokeReturn -O3 -findirect-dispatch compilation from source
FAIL: Invoke_1 -O3 -findirect-dispatch compilation from source
FAIL: Invoke_2 -O3 -findirect-dispatch compilation from source
FAIL: KeepInline -O3 -findirect-dispatch compilation from source
FAIL: LargeFile -O3 -findirect-dispatch compilation from source
FAIL: MathBuiltin -O3 -findirect-dispatch compilation from source
FAIL: Matrix4f -O3 -findirect-dispatch compilation from source
FAIL: N19990310_02 -O3 -findirect-dispatch compilation from source
FAIL: N19990310_3 -O3 -findirect-dispatch compilation from source
FAIL: N19990310_4 -O3 -findirect-dispatch compilation from source
FAIL: N19990310_5 -O3 -findirect-dispatch compilation from source
FAIL: Overflow -O3 -findirect-dispatch compilation from source
FAIL: PR12350 -O3 -findirect-dispatch compilation from source
FAIL: PR12416 -O3 -findirect-dispatch compilation from source
FAIL: PR12656 -O3 -findirect-dispatch compilation from source
FAIL: PR12915 -O3 -findirect-dispatch compilation from source
FAIL: PR141 -O3 -findirect-dispatch compilation from source
FAIL: PR160 -O3 -findirect-dispatch compilation from source
FAIL: PR162 -O3 -findirect-dispatch compilation from source
FAIL: PR16867 -O3 -findirect-dispatch compilation from source
FAIL: PR18699 -O3 -findirect-dispatch compilation from source
FAIL: PR19870 -O3 -findirect-dispatch compilation from source
FAIL: PR19870_2 -O3 -findirect-dispatch compilation from source
FAIL: PR19921 -O3 -findirect-dispatch compilation from source
FAIL: PR20056 -O3 -findirect-dispatch compilation from source
FAIL: PR218 -O3 -findirect-dispatch compilation from source
FAIL: PR242 -O3 -findirect-dispatch compilation from source
FAIL: PR25535 -O3 -findirect-dispatch compilation from source
FAIL: PR260 -O3 -findirect-dispatch compilation from source
FAIL: PR26858 -O3 -findirect-dispatch compilation from source
FAIL: PR27908 -O3 -findirect-dispatch compilation from source
FAIL: PR29013 -O3 -findirect-dispatch compilation from source
FAIL: PR29495 -O3 -findirect-dispatch compilation from source
FAIL: PR3096 -O3 -findirect-dispatch compilation from source
FAIL: PR31264 -O3 -findirect-dispatch compilation from source
FAIL: PR35020 -O3 -findirect-dispatch compilation from source
FAIL: PR36252 -O3 -findirect-dispatch compilation from source
FAIL: PR3731 -O3 -findirect-dispatch compilation from source
FAIL: PR5057 -O3 -findirect-dispatch compilation from source
FAIL: PR5057_2 -O3 -findirect-dispatch compilation from source
FAIL: PR55 -O3 -findirect-dispatch compilation from source
FAIL: PR56 -O3 -findirect-dispatch compilation from source
FAIL: PR6085 -O3 -findirect-dispatch compilation from source
FAIL: PR6204 -O3 -findirect-dispatch compilation from source
FAIL: PR6729 -O3 -findirect-dispatch compilation from source
FAIL: PR6820 -O3 -findirect-dispatch compilation from source
FAIL: PR7482 -O3 -findirect-dispatch compilation from source
FAIL: Process_1 -O3 -findirect-dispatch compilation from source
FAIL: Process_2 -O3 -findirect-dispatch compilation from source
FAIL: Process_3 -O3 -findirect-dispatch compilation from source
FAIL: Process_4 -O3 -findirect-dispatch compilation from source
FAIL: Process_5 -O3 -findirect-dispatch compilation from source
FAIL: Process_6 -O3 -findirect-dispatch compilation from source
FAIL: Process_7 -O3 -findirect-dispatch compilation from source
FAIL: ProxyTest -O3 -findirect-dispatch compilation from source
FAIL: RH194522 -O3 -findirect-dispatch compilation from source
FAIL: Serialization -O3 -findirect-dispatch compilation from source
FAIL: Shazam -O3 -findirect-dispatch compilation from source
FAIL: StackTrace2 -O3 -findirect-dispatch compilation from source
FAIL: StaticConstructor -O3 -findirect-dispatch compilation from source
FAIL: StringBuffer_1 -O3 -findirect-dispatch compilation from source
FAIL: StringBuffer_overflow -O3 -findirect-dispatch compilation from source
FAIL: String_overflow -O3 -findirect-dispatch compilation from source
FAIL: SyncGlobal -O3 -findirect-dispatch compilation from source
FAIL: SyncTest -O3 -findirect-dispatch compilation from source
FAIL: Synch -O3 -findirect-dispatch compilation from source
FAIL: TLtest -O3 -findirect-dispatch compilation from source
FAIL: TestProxy -O3 -findirect-dispatch compilation from source
FAIL: Thread_Alive -O3 -findirect-dispatch compilation from source
FAIL: Thread_HoldsLock -O3 -findirect-dispatch compilation from source
FAIL: Thread_Interrupt -O3 -findirect-dispatch compilation from source
FAIL: Thread_Join -O3 -findirect-dispatch compilation from source
FAIL: Thread_Monitor -O3 -findirect-dispatch compilation from source
FAIL: Thread_Sleep -O3 -findirect-dispatch compilation from source
FAIL: Thread_Sleep_2 -O3 -findirect-dispatch compilation from source
FAIL: Thread_Wait -O3 -findirect-dispatch compilation from source
FAIL: Thread_Wait_2 -O3 -findirect-dispatch compilation from source
FAIL: Thread_Wait_Interrupt -O3 -findirect-dispatch compilation from source
FAIL: Throw_1 -O3 -findirect-dispatch compilation from source
FAIL: Throw_2 -O3 -findirect-dispatch compilation from source
FAIL: Throw_3 -O3 -findirect-dispatch compilation from source
FAIL: WalkerTest -O3 -findirect-dispatch compilation from source
FAIL: anfi -O3 -findirect-dispatch compilation from source
FAIL: anon -O3 -findirect-dispatch compilation from source
FAIL: anon2 -O3 -findirect-dispatch compilation from source
FAIL: anon3 -O3 -findirect-dispatch compilation from source
FAIL: anon4 -O3 -findirect-dispatch compilation from source
FAIL: anon_ctor_itf_arg -O3 -findirect-dispatch compilation from source
FAIL: anonarray -O3 -findirect-dispatch compilation from source
FAIL: anonarray2 -O3 -findirect-dispatch compilation from source
FAIL: anonarray3 -O3 -findirect-dispatch compilation from source
FAIL: assign -O3 -findirect-dispatch compilation from source
FAIL: assign2 -O3 -findirect-dispatch compilation from source
FAIL: bclink -O3 -findirect-dispatch compilation from source
FAIL: bytearray -O3 -findirect-dispatch compilation from source
FAIL: direct_read -O3 -findirect-dispatch compilation from source
FAIL: direct_write -O3 -findirect-dispatch compilation from source
FAIL: emptystring -O3 -findirect-dispatch compilation from source
FAIL: err1 -O3 -findirect-dispatch compilation from source
FAIL: err10 -O3 -findirect-dispatch compilation from source
FAIL: err11 -O3 -findirect-dispatch compilation from source
FAIL: err12 -O3 -findirect-dispatch compilation from source
FAIL: err13 -O3 -findirect-dispatch compilation from source
FAIL: err14 -O3 -findirect-dispatch compilation from source
FAIL: err2 -O3 -findirect-dispatch compilation from source
FAIL: err3 -O3 -findirect-dispatch compilation from source
FAIL: err4 -O3 -findirect-dispatch compilation from source
FAIL: err5 -O3 -findirect-dispatch compilation from source
FAIL: err6 -O3 -findirect-dispatch compilation from source
FAIL: err7 -O3 -findirect-dispatch compilation from source
FAIL: err8 -O3 -findirect-dispatch compilation from source
FAIL: err9 -O3 -findirect-dispatch compilation from source
FAIL: final_inner -O3 -findirect-dispatch compilation from source
FAIL: final_int -O3 -findirect-dispatch compilation from source
FAIL: final_static_and_friend -O3 -findirect-dispatch compilation from source
FAIL: indirect -O3 -findirect-dispatch compilation from source
FAIL: indirect_read -O3 -findirect-dispatch compilation from source
FAIL: indirect_write -O3 -findirect-dispatch compilation from source
FAIL: initexc -O3 -findirect-dispatch compilation from source
FAIL: initfield -O3 -findirect-dispatch compilation from source
FAIL: inline -O3 -findirect-dispatch compilation from source
FAIL: inner1 -O3 -findirect-dispatch compilation from source
FAIL: inner2 -O3 -findirect-dispatch compilation from source
FAIL: inner3 -O3 -findirect-dispatch compilation from source
FAIL: inner4 -O3 -findirect-dispatch compilation from source
FAIL: inner_array -O3 -findirect-dispatch compilation from source
FAIL: inner_interface -O3 -findirect-dispatch compilation from source
FAIL: instance -O3 -findirect-dispatch compilation from source
FAIL: instinit -O3 -findirect-dispatch compilation from source
FAIL: instinit2 -O3 -findirect-dispatch compilation from source
FAIL: invoke_from_inner -O3 -findirect-dispatch compilation from source
FAIL: invokethrow -O3 -findirect-dispatch compilation from source
FAIL: klass -O3 -findirect-dispatch compilation from source
FAIL: md5test -O3 -findirect-dispatch compilation from source
FAIL: multiple_finit -O3 -findirect-dispatch compilation from source
FAIL: negzero -O3 -findirect-dispatch compilation from source
FAIL: nested_with_ctor -O3 -findirect-dispatch compilation from source
FAIL: newarray_overflow -O3 -findirect-dispatch compilation from source
FAIL: override -O3 -findirect-dispatch compilation from source
FAIL: pr109 -O3 -findirect-dispatch compilation from source
FAIL: pr13107 -O3 -findirect-dispatch compilation from source
FAIL: pr13107_2 -O3 -findirect-dispatch compilation from source
FAIL: pr13107_3 -O3 -findirect-dispatch compilation from source
FAIL: pr133 -O3 -findirect-dispatch compilation from source
FAIL: pr16789 -O3 -findirect-dispatch compilation from source
FAIL: pr17536 -O3 -findirect-dispatch compilation from source
FAIL: pr179 -O3 -findirect-dispatch compilation from source
FAIL: pr184 -O3 -findirect-dispatch compilation from source
FAIL: pr21785 -O3 -findirect-dispatch compilation from source
FAIL: pr21844 -O3 -findirect-dispatch compilation from source
FAIL: pr24321 -O3 -findirect-dispatch compilation from source
FAIL: pr25676 -O3 -findirect-dispatch compilation from source
FAIL: pr26390 -O3 -findirect-dispatch compilation from source
FAIL: pr26990 -O3 -findirect-dispatch compilation from source
FAIL: pr27171 -O3 -findirect-dispatch compilation from source
FAIL: pr6388 -O3 -findirect-dispatch compilation from source
FAIL: pr83 -O3 -findirect-dispatch compilation from source
FAIL: pr8415 -O3 -findirect-dispatch compilation from source
FAIL: pr8676 -O3 -findirect-dispatch compilation from source
FAIL: pr8823 -O3 -findirect-dispatch compilation from source
FAIL: pr8945 -O3 -findirect-dispatch compilation from source
FAIL: private_direct_read -O3 -findirect-dispatch compilation from source
FAIL: search_outer -O3 -findirect-dispatch compilation from source
FAIL: shatest -O3 -findirect-dispatch compilation from source
FAIL: sourcelocation -O3 -findirect-dispatch compilation from source
FAIL: stacktrace -O3 -findirect-dispatch compilation from source
FAIL: stringconst -O3 -findirect-dispatch compilation from source
FAIL: stringconst2 -O3 -findirect-dispatch compilation from source
FAIL: stub -O3 -findirect-dispatch compilation from source
FAIL: test_long -O3 -findirect-dispatch compilation from source
FAIL: tmi -O3 -findirect-dispatch compilation from source
FAIL: tp -O3 -findirect-dispatch compilation from source
FAIL: update_outer -O3 -findirect-dispatch compilation from source
FAIL: utf8concat -O3 -findirect-dispatch compilation from source
FAIL: utilTest -O3 -findirect-dispatch compilation from source
FAIL: verify -O3 -findirect-dispatch compilation from source

		=== libjava Summary for unix/-mcmodel=large ===


Running target unix/-fpic -mcmodel=large
FAIL: ArrayStore -O3 compilation from source
FAIL: ArrayStore -O3 -findirect-dispatch compilation from source
FAIL: ArrayStore2 -O3 compilation from source
FAIL: ArrayStore2 -O3 -findirect-dispatch compilation from source
FAIL: Array_1 -O3 compilation from source
FAIL: Array_1 -O3 -findirect-dispatch compilation from source
FAIL: Array_2 -O3 compilation from source
FAIL: Array_2 -O3 -findirect-dispatch compilation from source
FAIL: Array_3 -O3 compilation from source
FAIL: Array_3 -O3 -findirect-dispatch compilation from source
FAIL: Class_1 -O3 compilation from source
FAIL: Class_1 -O3 -findirect-dispatch compilation from source
FAIL: CompareNaN -O3 compilation from source
FAIL: CompareNaN -O3 -findirect-dispatch compilation from source
FAIL: Divide_1 -O3 compilation from source
FAIL: Divide_1 -O3 -findirect-dispatch compilation from source
FAIL: Divide_2 -O3 compilation from source
FAIL: Divide_2 -O3 -findirect-dispatch compilation from source
FAIL: EvaluationOrder -O3 compilation from source
FAIL: EvaluationOrder -O3 -findirect-dispatch compilation from source
FAIL: ExtraClassLoader -O3 compilation from source
FAIL: ExtraClassLoader -O3 -findirect-dispatch compilation from source
FAIL: FileHandleGcTest -O3 compilation from source
FAIL: FileHandleGcTest -O3 -findirect-dispatch compilation from source
FAIL: Final -O3 compilation from source
FAIL: Final -O3 -findirect-dispatch compilation from source
FAIL: Float_1 -O3 compilation from source
FAIL: Float_1 -O3 -findirect-dispatch compilation from source
FAIL: Float_2 -O3 compilation from source
FAIL: Float_2 -O3 -findirect-dispatch compilation from source
FAIL: G19990301_01 -O3 compilation from source
FAIL: G19990301_01 -O3 -findirect-dispatch compilation from source
FAIL: G19990302_02 -O3 compilation from source
FAIL: G19990302_02 -O3 -findirect-dispatch compilation from source
FAIL: G19990303_01 -O3 compilation from source
FAIL: G19990303_01 -O3 -findirect-dispatch compilation from source
FAIL: G19990303_02 -O3 compilation from source
FAIL: G19990303_02 -O3 -findirect-dispatch compilation from source
FAIL: G19990304_01 -O3 compilation from source
FAIL: G19990304_01 -O3 -findirect-dispatch compilation from source
FAIL: G19990310_01 -O3 compilation from source
FAIL: G19990310_01 -O3 -findirect-dispatch compilation from source
FAIL: II -O3 compilation from source
FAIL: II -O3 -findirect-dispatch compilation from source
FAIL: InterfaceDispatch -O3 compilation from source
FAIL: InterfaceDispatch -O3 -findirect-dispatch compilation from source
FAIL: InvokeInterface -O3 compilation from source
FAIL: InvokeInterface -O3 -findirect-dispatch compilation from source
FAIL: InvokeReturn -O3 compilation from source
FAIL: InvokeReturn -O3 -findirect-dispatch compilation from source
FAIL: Invoke_1 -O3 compilation from source
FAIL: Invoke_1 -O3 -findirect-dispatch compilation from source
FAIL: Invoke_2 -O3 compilation from source
FAIL: Invoke_2 -O3 -findirect-dispatch compilation from source
FAIL: KeepInline -O3 compilation from source
FAIL: KeepInline -O3 -findirect-dispatch compilation from source
FAIL: LargeFile -O3 compilation from source
FAIL: LargeFile -O3 -findirect-dispatch compilation from source
FAIL: MathBuiltin -O3 compilation from source
FAIL: MathBuiltin -O3 -findirect-dispatch compilation from source
FAIL: Matrix4f -O3 compilation from source
FAIL: Matrix4f -O3 -findirect-dispatch compilation from source
FAIL: N19990310_02 -O3 compilation from source
FAIL: N19990310_02 -O3 -findirect-dispatch compilation from source
FAIL: N19990310_3 -O3 compilation from source
FAIL: N19990310_3 -O3 -findirect-dispatch compilation from source
FAIL: N19990310_4 -O3 compilation from source
FAIL: N19990310_4 -O3 -findirect-dispatch compilation from source
FAIL: N19990310_5 -O3 compilation from source
FAIL: N19990310_5 -O3 -findirect-dispatch compilation from source
FAIL: Overflow -O3 compilation from source
FAIL: Overflow -O3 -findirect-dispatch compilation from source
FAIL: PR12350 -O3 compilation from source
FAIL: PR12350 -O3 -findirect-dispatch compilation from source
FAIL: PR12416 -O3 compilation from source
FAIL: PR12416 -O3 -findirect-dispatch compilation from source
FAIL: PR12656 -O3 compilation from source
FAIL: PR12656 -O3 -findirect-dispatch compilation from source
FAIL: PR12915 -O3 compilation from source
FAIL: PR12915 -O3 -findirect-dispatch compilation from source
FAIL: PR141 -O3 compilation from source
FAIL: PR141 -O3 -findirect-dispatch compilation from source
FAIL: PR160 -O3 compilation from source
FAIL: PR160 -O3 -findirect-dispatch compilation from source
FAIL: PR162 -O3 compilation from source
FAIL: PR162 -O3 -findirect-dispatch compilation from source
FAIL: PR16867 -O3 compilation from source
FAIL: PR16867 -O3 -findirect-dispatch compilation from source
FAIL: PR18699 -O3 compilation from source
FAIL: PR18699 -O3 -findirect-dispatch compilation from source
FAIL: PR19870 -O3 compilation from source
FAIL: PR19870 -O3 -findirect-dispatch compilation from source
FAIL: PR19870_2 -O3 compilation from source
FAIL: PR19870_2 -O3 -findirect-dispatch compilation from source
FAIL: PR19921 -O3 compilation from source
FAIL: PR19921 -O3 -findirect-dispatch compilation from source
FAIL: PR20056 -O3 compilation from source
FAIL: PR20056 -O3 -findirect-dispatch compilation from source
FAIL: PR218 -O3 compilation from source
FAIL: PR218 -O3 -findirect-dispatch compilation from source
FAIL: PR242 -O3 compilation from source
FAIL: PR242 -O3 -findirect-dispatch compilation from source
FAIL: PR25535 -O3 compilation from source
FAIL: PR25535 -O3 -findirect-dispatch compilation from source
FAIL: PR260 -O3 compilation from source
FAIL: PR260 -O3 -findirect-dispatch compilation from source
FAIL: PR26858 -O3 compilation from source
FAIL: PR26858 -O3 -findirect-dispatch compilation from source
FAIL: PR27908 -O3 compilation from source
FAIL: PR27908 -O3 -findirect-dispatch compilation from source
FAIL: PR29013 -O3 compilation from source
FAIL: PR29013 -O3 -findirect-dispatch compilation from source
FAIL: PR29495 -O3 compilation from source
FAIL: PR29495 -O3 -findirect-dispatch compilation from source
FAIL: PR3096 -O3 compilation from source
FAIL: PR3096 -O3 -findirect-dispatch compilation from source
FAIL: PR31264 -O3 compilation from source
FAIL: PR31264 -O3 -findirect-dispatch compilation from source
FAIL: PR35020 -O3 compilation from source
FAIL: PR35020 -O3 -findirect-dispatch compilation from source
FAIL: PR36252 -O3 compilation from source
FAIL: PR36252 -O3 -findirect-dispatch compilation from source
FAIL: PR3731 -O3 compilation from source
FAIL: PR3731 -O3 -findirect-dispatch compilation from source
FAIL: PR5057 -O3 compilation from source
FAIL: PR5057 -O3 -findirect-dispatch compilation from source
FAIL: PR5057_2 -O3 compilation from source
FAIL: PR5057_2 -O3 -findirect-dispatch compilation from source
FAIL: PR55 -O3 compilation from source
FAIL: PR55 -O3 -findirect-dispatch compilation from source
FAIL: PR56 -O3 compilation from source
FAIL: PR56 -O3 -findirect-dispatch compilation from source
FAIL: PR6085 -O3 compilation from source
FAIL: PR6085 -O3 -findirect-dispatch compilation from source
FAIL: PR6204 -O3 compilation from source
FAIL: PR6204 -O3 -findirect-dispatch compilation from source
FAIL: PR6729 -O3 compilation from source
FAIL: PR6729 -O3 -findirect-dispatch compilation from source
FAIL: PR6820 -O3 compilation from source
FAIL: PR6820 -O3 -findirect-dispatch compilation from source
FAIL: PR7482 -O3 compilation from source
FAIL: PR7482 -O3 -findirect-dispatch compilation from source
FAIL: Process_1 -O3 compilation from source
FAIL: Process_1 -O3 -findirect-dispatch compilation from source
FAIL: Process_2 -O3 compilation from source
FAIL: Process_2 -O3 -findirect-dispatch compilation from source
FAIL: Process_3 -O3 compilation from source
FAIL: Process_3 -O3 -findirect-dispatch compilation from source
FAIL: Process_4 -O3 compilation from source
FAIL: Process_4 -O3 -findirect-dispatch compilation from source
FAIL: Process_5 -O3 compilation from source
FAIL: Process_5 -O3 -findirect-dispatch compilation from source
FAIL: Process_6 -O3 compilation from source
FAIL: Process_6 -O3 -findirect-dispatch compilation from source
FAIL: Process_7 -O3 compilation from source
FAIL: Process_7 -O3 -findirect-dispatch compilation from source
FAIL: ProxyTest -O3 compilation from source
FAIL: ProxyTest -O3 -findirect-dispatch compilation from source
FAIL: RH194522 -O3 compilation from source
FAIL: RH194522 -O3 -findirect-dispatch compilation from source
FAIL: Serialization -O3 compilation from source
FAIL: Serialization -O3 -findirect-dispatch compilation from source
FAIL: Shazam -O3 compilation from source
FAIL: Shazam -O3 -findirect-dispatch compilation from source
FAIL: StackTrace2 -O3 compilation from source
FAIL: StackTrace2 -O3 -findirect-dispatch compilation from source
FAIL: StaticConstructor -O3 compilation from source
FAIL: StaticConstructor -O3 -findirect-dispatch compilation from source
FAIL: StringBuffer_1 -O3 compilation from source
FAIL: StringBuffer_1 -O3 -findirect-dispatch compilation from source
FAIL: StringBuffer_overflow -O3 compilation from source
FAIL: StringBuffer_overflow -O3 -findirect-dispatch compilation from source
FAIL: String_overflow -O3 compilation from source
FAIL: String_overflow -O3 -findirect-dispatch compilation from source
FAIL: SyncGlobal -O3 compilation from source
FAIL: SyncGlobal -O3 -findirect-dispatch compilation from source
FAIL: SyncTest -O3 compilation from source
FAIL: SyncTest -O3 -findirect-dispatch compilation from source
FAIL: Synch -O3 compilation from source
FAIL: Synch -O3 -findirect-dispatch compilation from source
FAIL: TLtest -O3 compilation from source
FAIL: TLtest -O3 -findirect-dispatch compilation from source
FAIL: TestProxy -O3 compilation from source
FAIL: TestProxy -O3 -findirect-dispatch compilation from source
FAIL: Thread_Alive -O3 compilation from source
FAIL: Thread_Alive -O3 -findirect-dispatch compilation from source
FAIL: Thread_HoldsLock -O3 compilation from source
FAIL: Thread_HoldsLock -O3 -findirect-dispatch compilation from source
FAIL: Thread_Interrupt -O3 compilation from source
FAIL: Thread_Interrupt -O3 -findirect-dispatch compilation from source
FAIL: Thread_Join -O3 compilation from source
FAIL: Thread_Join -O3 -findirect-dispatch compilation from source
FAIL: Thread_Monitor -O3 compilation from source
FAIL: Thread_Monitor -O3 -findirect-dispatch compilation from source
FAIL: Thread_Sleep -O3 compilation from source
FAIL: Thread_Sleep -O3 -findirect-dispatch compilation from source
FAIL: Thread_Sleep_2 -O3 compilation from source
FAIL: Thread_Sleep_2 -O3 -findirect-dispatch compilation from source
FAIL: Thread_Wait -O3 compilation from source
FAIL: Thread_Wait -O3 -findirect-dispatch compilation from source
FAIL: Thread_Wait_2 -O3 compilation from source
FAIL: Thread_Wait_2 -O3 -findirect-dispatch compilation from source
FAIL: Thread_Wait_Interrupt -O3 compilation from source
FAIL: Thread_Wait_Interrupt -O3 -findirect-dispatch compilation from source
FAIL: Throw_1 -O3 compilation from source
FAIL: Throw_1 -O3 -findirect-dispatch compilation from source
FAIL: Throw_2 -O3 compilation from source
FAIL: Throw_2 -O3 -findirect-dispatch compilation from source
FAIL: Throw_3 -O3 compilation from source
FAIL: Throw_3 -O3 -findirect-dispatch compilation from source
FAIL: WalkerTest -O3 compilation from source
FAIL: WalkerTest -O3 -findirect-dispatch compilation from source
FAIL: anfi -O3 compilation from source
FAIL: anfi -O3 -findirect-dispatch compilation from source
FAIL: anon -O3 compilation from source
FAIL: anon -O3 -findirect-dispatch compilation from source
FAIL: anon2 -O3 compilation from source
FAIL: anon2 -O3 -findirect-dispatch compilation from source
FAIL: anon3 -O3 compilation from source
FAIL: anon3 -O3 -findirect-dispatch compilation from source
FAIL: anon4 -O3 compilation from source
FAIL: anon4 -O3 -findirect-dispatch compilation from source
FAIL: anon_ctor_itf_arg -O3 compilation from source
FAIL: anon_ctor_itf_arg -O3 -findirect-dispatch compilation from source
FAIL: anonarray -O3 compilation from source
FAIL: anonarray -O3 -findirect-dispatch compilation from source
FAIL: anonarray2 -O3 compilation from source
FAIL: anonarray2 -O3 -findirect-dispatch compilation from source
FAIL: anonarray3 -O3 compilation from source
FAIL: anonarray3 -O3 -findirect-dispatch compilation from source
FAIL: assign -O3 compilation from source
FAIL: assign -O3 -findirect-dispatch compilation from source
FAIL: assign2 -O3 compilation from source
FAIL: assign2 -O3 -findirect-dispatch compilation from source
FAIL: bclink -O3 compilation from source
FAIL: bclink -O3 -findirect-dispatch compilation from source
FAIL: bytearray -O3 compilation from source
FAIL: bytearray -O3 -findirect-dispatch compilation from source
FAIL: direct_read -O3 compilation from source
FAIL: direct_read -O3 -findirect-dispatch compilation from source
FAIL: direct_write -O3 compilation from source
FAIL: direct_write -O3 -findirect-dispatch compilation from source
FAIL: emptystring -O3 compilation from source
FAIL: emptystring -O3 -findirect-dispatch compilation from source
FAIL: err1 -O3 compilation from source
FAIL: err1 -O3 -findirect-dispatch compilation from source
FAIL: err10 -O3 compilation from source
FAIL: err10 -O3 -findirect-dispatch compilation from source
FAIL: err11 -O3 compilation from source
FAIL: err11 -O3 -findirect-dispatch compilation from source
FAIL: err12 -O3 compilation from source
FAIL: err12 -O3 -findirect-dispatch compilation from source
FAIL: err13 -O3 compilation from source
FAIL: err13 -O3 -findirect-dispatch compilation from source
FAIL: err14 -O3 compilation from source
FAIL: err14 -O3 -findirect-dispatch compilation from source
FAIL: err2 -O3 compilation from source
FAIL: err2 -O3 -findirect-dispatch compilation from source
FAIL: err3 -O3 compilation from source
FAIL: err3 -O3 -findirect-dispatch compilation from source
FAIL: err4 -O3 compilation from source
FAIL: err4 -O3 -findirect-dispatch compilation from source
FAIL: err5 -O3 compilation from source
FAIL: err5 -O3 -findirect-dispatch compilation from source
FAIL: err6 -O3 compilation from source
FAIL: err6 -O3 -findirect-dispatch compilation from source
FAIL: err7 -O3 compilation from source
FAIL: err7 -O3 -findirect-dispatch compilation from source
FAIL: err8 -O3 compilation from source
FAIL: err8 -O3 -findirect-dispatch compilation from source
FAIL: err9 -O3 compilation from source
FAIL: err9 -O3 -findirect-dispatch compilation from source
FAIL: final_inner -O3 compilation from source
FAIL: final_inner -O3 -findirect-dispatch compilation from source
FAIL: final_int -O3 compilation from source
FAIL: final_int -O3 -findirect-dispatch compilation from source
FAIL: final_static_and_friend -O3 compilation from source
FAIL: final_static_and_friend -O3 -findirect-dispatch compilation from source
FAIL: indirect -O3 compilation from source
FAIL: indirect -O3 -findirect-dispatch compilation from source
FAIL: indirect_read -O3 compilation from source
FAIL: indirect_read -O3 -findirect-dispatch compilation from source
FAIL: indirect_write -O3 compilation from source
FAIL: indirect_write -O3 -findirect-dispatch compilation from source
FAIL: initexc -O3 compilation from source
FAIL: initexc -O3 -findirect-dispatch compilation from source
FAIL: initfield -O3 compilation from source
FAIL: initfield -O3 -findirect-dispatch compilation from source
FAIL: inline -O3 compilation from source
FAIL: inline -O3 -findirect-dispatch compilation from source
FAIL: inner1 -O3 compilation from source
FAIL: inner1 -O3 -findirect-dispatch compilation from source
FAIL: inner2 -O3 compilation from source
FAIL: inner2 -O3 -findirect-dispatch compilation from source
FAIL: inner3 -O3 compilation from source
FAIL: inner3 -O3 -findirect-dispatch compilation from source
FAIL: inner4 -O3 compilation from source
FAIL: inner4 -O3 -findirect-dispatch compilation from source
FAIL: inner_array -O3 compilation from source
FAIL: inner_array -O3 -findirect-dispatch compilation from source
FAIL: inner_interface -O3 compilation from source
FAIL: inner_interface -O3 -findirect-dispatch compilation from source
FAIL: instance -O3 compilation from source
FAIL: instance -O3 -findirect-dispatch compilation from source
FAIL: instinit -O3 compilation from source
FAIL: instinit -O3 -findirect-dispatch compilation from source
FAIL: instinit2 -O3 compilation from source
FAIL: instinit2 -O3 -findirect-dispatch compilation from source
FAIL: invoke_from_inner -O3 compilation from source
FAIL: invoke_from_inner -O3 -findirect-dispatch compilation from source
FAIL: invokethrow -O3 compilation from source
FAIL: invokethrow -O3 -findirect-dispatch compilation from source
FAIL: klass -O3 compilation from source
FAIL: klass -O3 -findirect-dispatch compilation from source
FAIL: md5test -O3 compilation from source
FAIL: md5test -O3 -findirect-dispatch compilation from source
FAIL: multiple_finit -O3 compilation from source
FAIL: multiple_finit -O3 -findirect-dispatch compilation from source
FAIL: negzero -O3 compilation from source
FAIL: negzero -O3 -findirect-dispatch compilation from source
FAIL: nested_with_ctor -O3 compilation from source
FAIL: nested_with_ctor -O3 -findirect-dispatch compilation from source
FAIL: newarray_overflow -O3 compilation from source
FAIL: newarray_overflow -O3 -findirect-dispatch compilation from source
FAIL: override -O3 compilation from source
FAIL: override -O3 -findirect-dispatch compilation from source
FAIL: pr109 -O3 compilation from source
FAIL: pr109 -O3 -findirect-dispatch compilation from source
FAIL: pr13107 -O3 compilation from source
FAIL: pr13107 -O3 -findirect-dispatch compilation from source
FAIL: pr13107_2 -O3 compilation from source
FAIL: pr13107_2 -O3 -findirect-dispatch compilation from source
FAIL: pr13107_3 -O3 compilation from source
FAIL: pr13107_3 -O3 -findirect-dispatch compilation from source
FAIL: pr133 -O3 compilation from source
FAIL: pr133 -O3 -findirect-dispatch compilation from source
FAIL: pr16789 -O3 compilation from source
FAIL: pr16789 -O3 -findirect-dispatch compilation from source
FAIL: pr17536 -O3 compilation from source
FAIL: pr17536 -O3 -findirect-dispatch compilation from source
FAIL: pr179 -O3 compilation from source
FAIL: pr179 -O3 -findirect-dispatch compilation from source
FAIL: pr184 -O3 compilation from source
FAIL: pr184 -O3 -findirect-dispatch compilation from source
FAIL: pr21785 -O3 compilation from source
FAIL: pr21785 -O3 -findirect-dispatch compilation from source
FAIL: pr21844 -O3 compilation from source
FAIL: pr21844 -O3 -findirect-dispatch compilation from source
FAIL: pr24321 -O3 compilation from source
FAIL: pr24321 -O3 -findirect-dispatch compilation from source
FAIL: pr25676 -O3 compilation from source
FAIL: pr25676 -O3 -findirect-dispatch compilation from source
FAIL: pr26390 -O3 compilation from source
FAIL: pr26390 -O3 -findirect-dispatch compilation from source
FAIL: pr26990 -O3 compilation from source
FAIL: pr26990 -O3 -findirect-dispatch compilation from source
FAIL: pr27171 -O3 compilation from source
FAIL: pr27171 -O3 -findirect-dispatch compilation from source
FAIL: pr6388 -O3 compilation from source
FAIL: pr6388 -O3 -findirect-dispatch compilation from source
FAIL: pr83 -O3 compilation from source
FAIL: pr83 -O3 -findirect-dispatch compilation from source
FAIL: pr8415 -O3 compilation from source
FAIL: pr8415 -O3 -findirect-dispatch compilation from source
FAIL: pr8676 -O3 compilation from source
FAIL: pr8676 -O3 -findirect-dispatch compilation from source
FAIL: pr8823 -O3 compilation from source
FAIL: pr8823 -O3 -findirect-dispatch compilation from source
FAIL: pr8945 -O3 compilation from source
FAIL: pr8945 -O3 -findirect-dispatch compilation from source
FAIL: private_direct_read -O3 compilation from source
FAIL: private_direct_read -O3 -findirect-dispatch compilation from source
FAIL: search_outer -O3 compilation from source
FAIL: search_outer -O3 -findirect-dispatch compilation from source
FAIL: shatest -O3 compilation from source
FAIL: shatest -O3 -findirect-dispatch compilation from source
FAIL: sourcelocation -O3 compilation from source
FAIL: sourcelocation -O3 -findirect-dispatch compilation from source
FAIL: stacktrace -O3 compilation from source
FAIL: stacktrace -O3 -findirect-dispatch compilation from source
FAIL: stringconst -O3 compilation from source
FAIL: stringconst -O3 -findirect-dispatch compilation from source
FAIL: stringconst2 -O3 compilation from source
FAIL: stringconst2 -O3 -findirect-dispatch compilation from source
FAIL: stub -O3 compilation from source
FAIL: stub -O3 -findirect-dispatch compilation from source
FAIL: test_long -O3 compilation from source
FAIL: test_long -O3 -findirect-dispatch compilation from source
FAIL: tmi -O3 compilation from source
FAIL: tmi -O3 -findirect-dispatch compilation from source
FAIL: tp -O3 compilation from source
FAIL: tp -O3 -findirect-dispatch compilation from source
FAIL: update_outer -O3 compilation from source
FAIL: update_outer -O3 -findirect-dispatch compilation from source
FAIL: utf8concat -O3 compilation from source
FAIL: utf8concat -O3 -findirect-dispatch compilation from source
FAIL: utilTest -O3 compilation from source
FAIL: utilTest -O3 -findirect-dispatch compilation from source
FAIL: verify -O3 compilation from source
FAIL: verify -O3 -findirect-dispatch compilation from source

		=== libjava Summary for unix/-fpic -mcmodel=large ===


		=== libjava Summary ===

# of expected passes		11113
# of unexpected failures	600
# of expected failures		17
# of untested testcases		1200
		=== libstdc++ tests ===


Running target unix/-fpic

		=== libstdc++ Summary for unix/-fpic ===

# of unsupported tests		1

Running target unix/-fpic -mcmodel=large
ERROR: could not compile testsuite_abi.cc
ERROR: tcl error sourcing /export/gnu/import/git/gcc-test-intel64/src-trunk/libstdc++-v3/testsuite/libstdc++-abi/abi.exp.
ERROR: could not compile testsuite_abi.cc
ERROR: could not compile testsuite_abi.cc
ERROR: could not compile testsuite_abi.cc
ERROR: could not compile testsuite_abi.cc
ERROR: could not compile testsuite_abi.cc
ERROR: tcl error sourcing /export/gnu/import/git/gcc-test-intel64/src-trunk/libstdc++-v3/testsuite/libstdc++-dg/conformance.exp.
ERROR: tcl error sourcing /export/gnu/import/git/gcc-test-intel64/src-trunk/libstdc++-v3/testsuite/libstdc++-dg/conformance.exp.
ERROR: tcl error sourcing /export/gnu/import/git/gcc-test-intel64/src-trunk/libstdc++-v3/testsuite/libstdc++-dg/conformance.exp.
ERROR: tcl error sourcing /export/gnu/import/git/gcc-test-intel64/src-trunk/libstdc++-v3/testsuite/libstdc++-dg/conformance.exp.
ERROR: tcl error sourcing /export/gnu/import/git/gcc-test-intel64/src-trunk/libstdc++-v3/testsuite/libstdc++-dg/conformance.exp.
ERROR: could not compile testsuite_abi.cc
ERROR: could not compile testsuite_abi.cc
ERROR: could not compile testsuite_abi.cc
ERROR: could not compile testsuite_abi.cc
ERROR: could not compile testsuite_abi.cc
ERROR: tcl error sourcing /export/gnu/import/git/gcc-test-intel64/src-trunk/libstdc++-v3/testsuite/libstdc++-prettyprinters/prettyprinters.exp.
ERROR: tcl error sourcing /export/gnu/import/git/gcc-test-intel64/src-trunk/libstdc++-v3/testsuite/libstdc++-prettyprinters/prettyprinters.exp.
ERROR: tcl error sourcing /export/gnu/import/git/gcc-test-intel64/src-trunk/libstdc++-v3/testsuite/libstdc++-prettyprinters/prettyprinters.exp.
ERROR: tcl error sourcing /export/gnu/import/git/gcc-test-intel64/src-trunk/libstdc++-v3/testsuite/libstdc++-prettyprinters/prettyprinters.exp.
ERROR: tcl error sourcing /export/gnu/import/git/gcc-test-intel64/src-trunk/libstdc++-v3/testsuite/libstdc++-prettyprinters/prettyprinters.exp.
ERROR: could not compile testsuite_abi.cc
ERROR: could not compile testsuite_abi.cc
ERROR: tcl error sourcing /export/gnu/import/git/gcc-test-intel64/src-trunk/libstdc++-v3/testsuite/libstdc++-xmethods/xmethods.exp.
ERROR: tcl error sourcing /export/gnu/import/git/gcc-test-intel64/src-trunk/libstdc++-v3/testsuite/libstdc++-xmethods/xmethods.exp.

		=== libstdc++ Summary for unix/-fpic -mcmodel=large ===


Running target unix/-fpic -mcmodel=medium

		=== libstdc++ Summary for unix/-fpic -mcmodel=medium ===

# of unsupported tests		1

Running target unix/-mcmodel=large
ERROR: could not compile testsuite_shared.cc
ERROR: tcl error sourcing /export/gnu/import/git/gcc-test-intel64/src-trunk/libstdc++-v3/testsuite/libstdc++-abi/abi.exp.
ERROR: could not compile testsuite_shared.cc
ERROR: could not compile testsuite_shared.cc
ERROR: could not compile testsuite_shared.cc
ERROR: could not compile testsuite_shared.cc
ERROR: could not compile testsuite_shared.cc
ERROR: tcl error sourcing /export/gnu/import/git/gcc-test-intel64/src-trunk/libstdc++-v3/testsuite/libstdc++-dg/conformance.exp.
ERROR: tcl error sourcing /export/gnu/import/git/gcc-test-intel64/src-trunk/libstdc++-v3/testsuite/libstdc++-dg/conformance.exp.
ERROR: tcl error sourcing /export/gnu/import/git/gcc-test-intel64/src-trunk/libstdc++-v3/testsuite/libstdc++-dg/conformance.exp.
ERROR: tcl error sourcing /export/gnu/import/git/gcc-test-intel64/src-trunk/libstdc++-v3/testsuite/libstdc++-dg/conformance.exp.
ERROR: tcl error sourcing /export/gnu/import/git/gcc-test-intel64/src-trunk/libstdc++-v3/testsuite/libstdc++-dg/conformance.exp.
ERROR: could not compile testsuite_shared.cc
ERROR: could not compile testsuite_shared.cc
ERROR: could not compile testsuite_shared.cc
ERROR: could not compile testsuite_shared.cc
ERROR: could not compile testsuite_shared.cc
ERROR: tcl error sourcing /export/gnu/import/git/gcc-test-intel64/src-trunk/libstdc++-v3/testsuite/libstdc++-prettyprinters/prettyprinters.exp.
ERROR: tcl error sourcing /export/gnu/import/git/gcc-test-intel64/src-trunk/libstdc++-v3/testsuite/libstdc++-prettyprinters/prettyprinters.exp.
ERROR: tcl error sourcing /export/gnu/import/git/gcc-test-intel64/src-trunk/libstdc++-v3/testsuite/libstdc++-prettyprinters/prettyprinters.exp.
ERROR: tcl error sourcing /export/gnu/import/git/gcc-test-intel64/src-trunk/libstdc++-v3/testsuite/libstdc++-prettyprinters/prettyprinters.exp.
ERROR: tcl error sourcing /export/gnu/import/git/gcc-test-intel64/src-trunk/libstdc++-v3/testsuite/libstdc++-prettyprinters/prettyprinters.exp.
ERROR: could not compile testsuite_shared.cc
ERROR: tcl error sourcing /export/gnu/import/git/gcc-test-intel64/src-trunk/libstdc++-v3/testsuite/libstdc++-xmethods/xmethods.exp.

		=== libstdc++ Summary for unix/-mcmodel=large ===


Running target unix/-mcmodel=medium

		=== libstdc++ Summary for unix/-mcmodel=medium ===

# of unsupported tests		1

		=== libstdc++ Summary ===

# of unsupported tests		3

Compiler version: 5.0.0 20150203 (experimental) [trunk revision 220375] (GCC) 
Platform: x86_64-unknown-linux-gnu
configure flags: --prefix=/usr/5.0.0 --enable-clocale=gnu --with-system-zlib --enable-shared --with-demangler-in-ld --with-fpmath=sse --enable-languages=c,c++,fortran,java,lto,objc



More information about the Gcc-testresults mailing list