Results for 5.0.0 20150131 (experimental) [trunk revision 220306] (GCC) testsuite on hppa64-hp-hpux11.11

John David Anglin dave@hiauly3.hia.nrc.ca
Tue Feb 3 20:09:00 GMT 2015


Native configuration is hppa64-hp-hpux11.11

		=== g++ tests ===


Running target unix
FAIL: c-c++-common/goacc/acc_on_device-2-off.c  -std=c++98  scan-rtl-dump-times expand "\\\\(call [^\\\\n]*\\\\"acc_on_device" 1
FAIL: c-c++-common/goacc/acc_on_device-2-off.c  -std=c++11  scan-rtl-dump-times expand "\\\\(call [^\\\\n]*\\\\"acc_on_device" 1
FAIL: c-c++-common/goacc/acc_on_device-2-off.c  -std=c++14  scan-rtl-dump-times expand "\\\\(call [^\\\\n]*\\\\"acc_on_device" 1
XPASS: c-c++-common/goacc/acc_on_device-2.c  -std=c++98  scan-rtl-dump-times expand "\\\\(call [^\\\\n]*\\\\"acc_on_device" 0
XPASS: c-c++-common/goacc/acc_on_device-2.c  -std=c++11  scan-rtl-dump-times expand "\\\\(call [^\\\\n]*\\\\"acc_on_device" 0
XPASS: c-c++-common/goacc/acc_on_device-2.c  -std=c++14  scan-rtl-dump-times expand "\\\\(call [^\\\\n]*\\\\"acc_on_device" 0
WARNING: program timed out.

		=== g++ Summary ===

# of expected passes		78740
# of unexpected failures	3
# of unexpected successes	3
# of expected failures		261
# of unsupported tests		3863
/test/gnu/gcc/objdir/gcc/testsuite/g++/../../xg++  version 5.0.0 20150131 (experimental) [trunk revision 220306] (GCC) 

		=== gcc tests ===


Running target unix
FAIL: gcc.c-torture/compile/limits-fndefn.c   -O2 -flto -flto-partition=none  (internal compiler error)
FAIL: gcc.c-torture/compile/limits-fndefn.c   -O2 -flto -flto-partition=none  (test for excess errors)
FAIL: gcc.c-torture/compile/limits-fndefn.c   -O2 -flto  (internal compiler error)
FAIL: gcc.c-torture/compile/limits-fndefn.c   -O2 -flto  (test for excess errors)
FAIL: gcc.dg/atomic/c11-atomic-exec-5.c   -O0  execution test
FAIL: gcc.dg/atomic/c11-atomic-exec-5.c   -O1  execution test
FAIL: gcc.dg/atomic/c11-atomic-exec-5.c   -O2  execution test
FAIL: gcc.dg/atomic/c11-atomic-exec-5.c   -O3 -fomit-frame-pointer  execution test
FAIL: gcc.dg/atomic/c11-atomic-exec-5.c   -O3 -fomit-frame-pointer -funroll-loops  execution test
FAIL: gcc.dg/atomic/c11-atomic-exec-5.c   -O3 -fomit-frame-pointer -funroll-all-loops -finline-functions  execution test
FAIL: gcc.dg/atomic/c11-atomic-exec-5.c   -O3 -g  execution test
FAIL: gcc.dg/atomic/c11-atomic-exec-5.c   -Os  execution test
FAIL: gcc.dg/atomic/c11-atomic-exec-5.c   -O2 -flto -flto-partition=none  execution test
FAIL: gcc.dg/atomic/c11-atomic-exec-5.c   -O2 -flto  execution test
FAIL: gcc.dg/pr64434.c scan-rtl-dump-times expand "Swap operands" 1
XPASS: gcc.dg/sibcall-3.c execution test
XPASS: gcc.dg/sibcall-4.c execution test
FAIL: c-c++-common/goacc/acc_on_device-2-off.c scan-rtl-dump-times expand "\\\\(call [^\\\\n]*\\\\"acc_on_device" 1
FAIL: gcc.dg/goacc/acc_on_device-1.c scan-rtl-dump-times expand "\\\\(call [^\\\\n]*\\\\"acc_on_device" 4
WARNING: program timed out.
FAIL: gcc.dg/tls/alias-1.c (test for excess errors)

		=== gcc Summary ===

# of expected passes		83135
# of unexpected failures	18
# of unexpected successes	2
# of expected failures		128
# of unsupported tests		1882
/test/gnu/gcc/objdir/gcc/xgcc  version 5.0.0 20150131 (experimental) [trunk revision 220306] (GCC) 

		=== gfortran tests ===


Running target unix
FAIL: gfortran.dg/quad_2.f90   -O0  execution test
FAIL: gfortran.dg/quad_2.f90   -O1  execution test
FAIL: gfortran.dg/quad_2.f90   -O2  execution test
FAIL: gfortran.dg/quad_2.f90   -O3 -fomit-frame-pointer  execution test
FAIL: gfortran.dg/quad_2.f90   -O3 -fomit-frame-pointer -funroll-loops  execution test
FAIL: gfortran.dg/quad_2.f90   -O3 -fomit-frame-pointer -funroll-all-loops -finline-functions  execution test
FAIL: gfortran.dg/quad_2.f90   -O3 -g  execution test
FAIL: gfortran.dg/quad_2.f90   -Os  execution test
FAIL: gfortran.dg/goacc/acc_on_device-1.f95   -O   scan-rtl-dump-times expand "\\\\(call [^\\\\n]*\\\\"acc_on_device" 4
FAIL: gfortran.dg/goacc/acc_on_device-2-off.f95   -O   scan-rtl-dump-times expand "\\\\(call [^\\\\n]*\\\\"acc_on_device" 1
XPASS: gfortran.dg/goacc/acc_on_device-2.f95   -O   scan-rtl-dump-times expand "\\\\(call [^\\\\n]*\\\\"acc_on_device" 0

		=== gfortran Summary ===

# of expected passes		46332
# of unexpected failures	10
# of unexpected successes	1
# of expected failures		71
# of unsupported tests		410
/test/gnu/gcc/objdir/gcc/testsuite/gfortran/../../gfortran  version 5.0.0 20150131 (experimental) [trunk revision 220306] (GCC) 

		=== obj-c++ tests ===


Running target unix

		=== obj-c++ Summary ===

# of expected passes		1445
# of expected failures		10
# of unsupported tests		86
/test/gnu/gcc/objdir/gcc/testsuite/obj-c++/../../xg++  version 5.0.0 20150131 (experimental) [trunk revision 220306] (GCC) 

		=== objc tests ===


Running target unix

		=== objc Summary ===

# of expected passes		3014
# of unsupported tests		75
/test/gnu/gcc/objdir/gcc/xgcc  version 5.0.0 20150131 (experimental) [trunk revision 220306] (GCC) 

		=== libatomic tests ===


Running target unix

		=== libatomic Summary ===

# of expected passes		44
# of unsupported tests		5
		=== libgomp tests ===


Running target unix
FAIL: libgomp.oacc-c/../libgomp.oacc-c-c++-common/reduction-4.c -DACC_DEVICE_TYPE_host_nonshm=1 -DACC_MEM_SHARED=0 (test for excess errors)
UNRESOLVED: libgomp.oacc-c/../libgomp.oacc-c-c++-common/reduction-4.c -DACC_DEVICE_TYPE_host_nonshm=1 -DACC_MEM_SHARED=0 compilation failed to produce executable
FAIL: libgomp.oacc-c/../libgomp.oacc-c-c++-common/reduction-4.c -DACC_DEVICE_TYPE_host=1 -DACC_MEM_SHARED=1 (test for excess errors)
UNRESOLVED: libgomp.oacc-c/../libgomp.oacc-c-c++-common/reduction-4.c -DACC_DEVICE_TYPE_host=1 -DACC_MEM_SHARED=1 compilation failed to produce executable
FAIL: libgomp.oacc-c++/../libgomp.oacc-c-c++-common/reduction-4.c -DACC_DEVICE_TYPE_host_nonshm=1 -DACC_MEM_SHARED=0 (test for excess errors)
UNRESOLVED: libgomp.oacc-c++/../libgomp.oacc-c-c++-common/reduction-4.c -DACC_DEVICE_TYPE_host_nonshm=1 -DACC_MEM_SHARED=0 compilation failed to produce executable
FAIL: libgomp.oacc-c++/../libgomp.oacc-c-c++-common/reduction-4.c -DACC_DEVICE_TYPE_host=1 -DACC_MEM_SHARED=1 (test for excess errors)
UNRESOLVED: libgomp.oacc-c++/../libgomp.oacc-c-c++-common/reduction-4.c -DACC_DEVICE_TYPE_host=1 -DACC_MEM_SHARED=1 compilation failed to produce executable

		=== libgomp Summary ===

# of expected passes		5654
# of unexpected failures	4
# of unresolved testcases	4
# of unsupported tests		288
		=== libstdc++ tests ===


Running target unix
FAIL: 22_locale/conversions/string/2.cc execution test

		=== libstdc++ Summary ===

# of expected passes		8599
# of unexpected failures	1
# of expected failures		65
# of unsupported tests		961

Compiler version: 5.0.0 20150131 (experimental) [trunk revision 220306] (GCC) 
Platform: hppa64-hp-hpux11.11
configure flags:Test Run By dave on Sun Feb  1 07:41:11 2015



More information about the Gcc-testresults mailing list