Results for 5.0.0 20150201 (experimental) (GCC) testsuite on m68k-unknown-linux-gnu

Andreas Schwab schwab@linux-m68k.org
Sun Feb 1 15:00:00 GMT 2015


Target is m68k-unknown-linux-gnu
Host   is x86_64-pc-linux-gnu

		=== g++ tests ===


Running target aranym
FAIL: g++.dg/cdce3.C  -std=gnu++98  scan-tree-dump cdce "cdce3.C:107: note: function call is shrink-wrapped into error conditions."
FAIL: g++.dg/cdce3.C  -std=gnu++11  scan-tree-dump cdce "cdce3.C:107: note: function call is shrink-wrapped into error conditions."
FAIL: g++.dg/cdce3.C  -std=gnu++14  scan-tree-dump cdce "cdce3.C:107: note: function call is shrink-wrapped into error conditions."
FAIL: c-c++-common/goacc/acc_on_device-2-off.c  -std=c++98  scan-rtl-dump-times expand "\\\\(call [^\\\\n]*\\\\"acc_on_device" 1
FAIL: c-c++-common/goacc/acc_on_device-2-off.c  -std=c++11  scan-rtl-dump-times expand "\\\\(call [^\\\\n]*\\\\"acc_on_device" 1
FAIL: c-c++-common/goacc/acc_on_device-2-off.c  -std=c++14  scan-rtl-dump-times expand "\\\\(call [^\\\\n]*\\\\"acc_on_device" 1
XPASS: c-c++-common/goacc/acc_on_device-2.c  -std=c++98  scan-rtl-dump-times expand "\\\\(call [^\\\\n]*\\\\"acc_on_device" 0
XPASS: c-c++-common/goacc/acc_on_device-2.c  -std=c++11  scan-rtl-dump-times expand "\\\\(call [^\\\\n]*\\\\"acc_on_device" 0
XPASS: c-c++-common/goacc/acc_on_device-2.c  -std=c++14  scan-rtl-dump-times expand "\\\\(call [^\\\\n]*\\\\"acc_on_device" 0
FAIL: c-c++-common/gomp/atomic-10.c  -std=gnu++98  scan-tree-dump-times ompexp "__atomic_fetch_add" 4
FAIL: c-c++-common/gomp/atomic-10.c  -std=gnu++11  scan-tree-dump-times ompexp "__atomic_fetch_add" 4
FAIL: c-c++-common/gomp/atomic-10.c  -std=gnu++14  scan-tree-dump-times ompexp "__atomic_fetch_add" 4
FAIL: c-c++-common/gomp/atomic-3.c  -std=gnu++98  scan-tree-dump-times ompexp "xyzzy, 4" 1
FAIL: c-c++-common/gomp/atomic-3.c  -std=gnu++11  scan-tree-dump-times ompexp "xyzzy, 4" 1
FAIL: c-c++-common/gomp/atomic-3.c  -std=gnu++14  scan-tree-dump-times ompexp "xyzzy, 4" 1
FAIL: c-c++-common/gomp/atomic-9.c  -std=gnu++98  scan-tree-dump-times ompexp "__atomic_fetch_add" 1
FAIL: c-c++-common/gomp/atomic-9.c  -std=gnu++11  scan-tree-dump-times ompexp "__atomic_fetch_add" 1
FAIL: c-c++-common/gomp/atomic-9.c  -std=gnu++14  scan-tree-dump-times ompexp "__atomic_fetch_add" 1

		=== g++ Summary ===

# of expected passes		80624
# of unexpected failures	15
# of unexpected successes	3
# of expected failures		261
# of unsupported tests		3588
/daten/aranym/gcc/gcc-20150201/Build/gcc/testsuite/g++/../../xg++  version 5.0.0 20150201 (experimental) (GCC) 

Host   is x86_64-pc-linux-gnu

		=== gcc tests ===


Running target aranym
FAIL: gcc.dg/atomic/c11-atomic-exec-5.c   -O0  execution test
FAIL: gcc.dg/atomic/c11-atomic-exec-5.c   -O1  execution test
FAIL: gcc.dg/atomic/c11-atomic-exec-5.c   -O2  execution test
FAIL: gcc.dg/atomic/c11-atomic-exec-5.c   -O3 -fomit-frame-pointer  execution test
FAIL: gcc.dg/atomic/c11-atomic-exec-5.c   -O3 -fomit-frame-pointer -funroll-loops  execution test
FAIL: gcc.dg/atomic/c11-atomic-exec-5.c   -O3 -g  execution test
FAIL: gcc.dg/atomic/c11-atomic-exec-5.c   -Os  execution test
FAIL: gcc.dg/atomic/c11-atomic-exec-5.c   -O2 -flto -fno-use-linker-plugin -flto-partition=none  execution test
FAIL: gcc.dg/atomic/c11-atomic-exec-5.c   -O2 -flto -fuse-linker-plugin -fno-fat-lto-objects  execution test
FAIL: gcc.dg/binop-xor1.c scan-tree-dump-times optimized "\\\\^" 1
FAIL: gcc.dg/pr46647.c scan-tree-dump-not optimized "memset"
FAIL: gcc.dg/pr64434.c scan-rtl-dump-times expand "Swap operands" 1
UNRESOLVED: gcc.dg/superblock.c scan-rtl-dump-times sched2 "ADVANCING TO" 2
FAIL: c-c++-common/goacc/acc_on_device-2-off.c scan-rtl-dump-times expand "\\\\(call [^\\\\n]*\\\\"acc_on_device" 1
FAIL: gcc.dg/goacc/acc_on_device-1.c scan-rtl-dump-times expand "\\\\(call [^\\\\n]*\\\\"acc_on_device" 4
FAIL: c-c++-common/gomp/atomic-10.c scan-tree-dump-times ompexp "__atomic_fetch_add" 4
FAIL: c-c++-common/gomp/atomic-3.c scan-tree-dump-times ompexp "xyzzy, 4" 1
FAIL: c-c++-common/gomp/atomic-9.c scan-tree-dump-times ompexp "__atomic_fetch_add" 1
XPASS: gcc.dg/guality/example.c   -O0  execution test
XPASS: gcc.dg/guality/example.c   -O1  execution test
XPASS: gcc.dg/guality/example.c   -O2  execution test
XPASS: gcc.dg/guality/example.c   -O3 -fomit-frame-pointer  execution test
XPASS: gcc.dg/guality/example.c   -O3 -fomit-frame-pointer -funroll-loops  execution test
XPASS: gcc.dg/guality/example.c   -O3 -fomit-frame-pointer -funroll-all-loops -finline-functions  execution test
XPASS: gcc.dg/guality/example.c   -O3 -g  execution test
XPASS: gcc.dg/guality/example.c   -Os  execution test
XPASS: gcc.dg/guality/example.c   -O2 -flto -fno-use-linker-plugin -flto-partition=none  execution test
XPASS: gcc.dg/guality/example.c   -O2 -flto -fuse-linker-plugin -fno-fat-lto-objects  execution test
XPASS: gcc.dg/guality/guality.c   -O0  execution test
XPASS: gcc.dg/guality/guality.c   -O1  execution test
XPASS: gcc.dg/guality/guality.c   -O2  execution test
XPASS: gcc.dg/guality/guality.c   -O3 -fomit-frame-pointer  execution test
XPASS: gcc.dg/guality/guality.c   -O3 -g  execution test
XPASS: gcc.dg/guality/guality.c   -Os  execution test
XPASS: gcc.dg/guality/guality.c   -O2 -flto -fno-use-linker-plugin -flto-partition=none  execution test
XPASS: gcc.dg/guality/guality.c   -O2 -flto -fuse-linker-plugin -fno-fat-lto-objects  execution test
XPASS: gcc.dg/guality/inline-params.c   -O2  execution test
XPASS: gcc.dg/guality/inline-params.c   -O3 -fomit-frame-pointer  execution test
XPASS: gcc.dg/guality/inline-params.c   -O3 -g  execution test
XPASS: gcc.dg/guality/inline-params.c   -Os  execution test
XPASS: gcc.dg/guality/inline-params.c   -O2 -flto -fno-use-linker-plugin -flto-partition=none  execution test
XPASS: gcc.dg/guality/inline-params.c   -O2 -flto -fuse-linker-plugin -fno-fat-lto-objects  execution test
XPASS: gcc.dg/guality/pr41447-1.c   -O0  execution test
XPASS: gcc.dg/guality/pr41447-1.c   -O1  execution test
XPASS: gcc.dg/guality/pr41447-1.c   -O2  execution test
XPASS: gcc.dg/guality/pr41447-1.c   -O3 -fomit-frame-pointer  execution test
XPASS: gcc.dg/guality/pr41447-1.c   -O3 -g  execution test
XPASS: gcc.dg/guality/pr41447-1.c   -Os  execution test
XPASS: gcc.dg/guality/pr41447-1.c   -O2 -flto -fno-use-linker-plugin -flto-partition=none  execution test
XPASS: gcc.dg/guality/pr41447-1.c   -O2 -flto -fuse-linker-plugin -fno-fat-lto-objects  execution test
XPASS: gcc.dg/guality/pr41616-1.c   -O0  execution test
XPASS: gcc.dg/guality/pr41616-1.c   -O1  execution test
XPASS: gcc.dg/guality/pr41616-1.c   -O2  execution test
XPASS: gcc.dg/guality/pr41616-1.c   -O3 -fomit-frame-pointer  execution test
XPASS: gcc.dg/guality/pr41616-1.c   -O3 -g  execution test
XPASS: gcc.dg/guality/pr41616-1.c   -Os  execution test
XPASS: gcc.dg/guality/pr41616-1.c   -O2 -flto -fno-use-linker-plugin -flto-partition=none  execution test
XPASS: gcc.dg/guality/pr41616-1.c   -O2 -flto -fuse-linker-plugin -fno-fat-lto-objects  execution test
FAIL: gcc.dg/ipa/propalign-1.c scan-tree-dump-not optimized "fail_the_test"
FAIL: gcc.dg/ipa/propalign-2.c scan-tree-dump-not optimized "fail_the_test"
FAIL: gcc.dg/tree-prof/stringop-2.c scan-tree-dump optimized "MEM\\\\[\\\\(void .\\\\)&a\\\\] = 168430090"
FAIL: gcc.dg/tree-ssa/ssa-dom-thread-4.c scan-tree-dump-times dom1 "Threaded" 3
FAIL: gcc.dg/tree-ssa/vrp47.c scan-tree-dump-times vrp1 "[xy][^ ]* !=" 0
FAIL: gcc.dg/tree-ssa/vrp47.c scan-tree-dump-times vrp1 "x[^ ]* [|] y" 1
FAIL: gcc.target/m68k/20090709-1.c scan-assembler-times .LC0 3
FAIL: gcc.target/m68k/20100512-1.c scan-assembler-times __stack_chk_guard 4
FAIL: gcc.target/m68k/tls-gd.c scan-assembler foo@TLSGD\\\\(%a5\\\\)
FAIL: gcc.target/m68k/tls-ie-xgot.c scan-assembler #foo@TLSIE,%[ad][0-7]
FAIL: gcc.target/m68k/tls-ld-xgot.c scan-assembler lea \\\\(foo@TLSLDO,%a0\\\\)
FAIL: gcc.target/m68k/tls-ld-xtls.c scan-assembler foo@TLSLDM\\\\(%a5\\\\)
FAIL: gcc.target/m68k/tls-ld.c scan-assembler foo@TLSLDM\\\\(%a5\\\\)
FAIL: gcc.target/m68k/tls-ld.c scan-assembler lea \\\\(foo@TLSLDO,%a0\\\\)
FAIL: gcc.target/m68k/tls-le.c scan-assembler lea \\\\(foo@TLSLE,%a0\\\\)

		=== gcc Summary ===

# of expected passes		86447
# of unexpected failures	32
# of unexpected successes	40
# of expected failures		111
# of unresolved testcases	1
# of unsupported tests		1694
/daten/aranym/gcc/gcc-20150201/Build/gcc/xgcc  version 5.0.0 20150201 (experimental) (GCC) 

Host   is x86_64-pc-linux-gnu

		=== gfortran tests ===


Running target aranym
FAIL: gfortran.dg/bessel_6.f90   -O0  execution test
FAIL: gfortran.dg/bessel_6.f90   -O1  execution test
FAIL: gfortran.dg/bessel_6.f90   -O2  execution test
FAIL: gfortran.dg/bessel_6.f90   -O3 -fomit-frame-pointer  execution test
FAIL: gfortran.dg/bessel_6.f90   -O3 -fomit-frame-pointer -funroll-loops  execution test
FAIL: gfortran.dg/bessel_6.f90   -O3 -fomit-frame-pointer -funroll-all-loops -finline-functions  execution test
FAIL: gfortran.dg/bessel_6.f90   -O3 -g  execution test
FAIL: gfortran.dg/bessel_6.f90   -Os  execution test
FAIL: gfortran.dg/bessel_7.f90   -O0  execution test
FAIL: gfortran.dg/bessel_7.f90   -O1  execution test
FAIL: gfortran.dg/bessel_7.f90   -O2  execution test
FAIL: gfortran.dg/bessel_7.f90   -O3 -fomit-frame-pointer  execution test
FAIL: gfortran.dg/bessel_7.f90   -O3 -fomit-frame-pointer -funroll-loops  execution test
FAIL: gfortran.dg/bessel_7.f90   -O3 -fomit-frame-pointer -funroll-all-loops -finline-functions  execution test
FAIL: gfortran.dg/bessel_7.f90   -O3 -g  execution test
FAIL: gfortran.dg/bessel_7.f90   -Os  execution test
FAIL: gfortran.dg/common_14.f90   -O   (test for warnings, line 16)
FAIL: gfortran.dg/common_14.f90   -O   (test for warnings, line 22)
FAIL: gfortran.dg/common_14.f90   -O  (test for excess errors)
FAIL: gfortran.dg/common_16.f90   -O   (test for warnings, line 10)
FAIL: gfortran.dg/common_16.f90   -O  (test for excess errors)
FAIL: gfortran.dg/common_5.f   -O   (test for warnings, line 7)
FAIL: gfortran.dg/common_align_2.f90   -O0   (test for warnings, line 23)
FAIL: gfortran.dg/common_align_2.f90   -O0  execution test
FAIL: gfortran.dg/common_align_2.f90   -O1   (test for warnings, line 23)
FAIL: gfortran.dg/common_align_2.f90   -O1  execution test
FAIL: gfortran.dg/common_align_2.f90   -O2   (test for warnings, line 23)
FAIL: gfortran.dg/common_align_2.f90   -O2  execution test
FAIL: gfortran.dg/common_align_2.f90   -O3 -fomit-frame-pointer   (test for warnings, line 23)
FAIL: gfortran.dg/common_align_2.f90   -O3 -fomit-frame-pointer  execution test
FAIL: gfortran.dg/common_align_2.f90   -O3 -fomit-frame-pointer -funroll-loops   (test for warnings, line 23)
FAIL: gfortran.dg/common_align_2.f90   -O3 -fomit-frame-pointer -funroll-loops  execution test
FAIL: gfortran.dg/common_align_2.f90   -O3 -fomit-frame-pointer -funroll-all-loops -finline-functions   (test for warnings, line 23)
FAIL: gfortran.dg/common_align_2.f90   -O3 -fomit-frame-pointer -funroll-all-loops -finline-functions  execution test
FAIL: gfortran.dg/common_align_2.f90   -O3 -g   (test for warnings, line 23)
FAIL: gfortran.dg/common_align_2.f90   -O3 -g  execution test
FAIL: gfortran.dg/common_align_2.f90   -Os   (test for warnings, line 23)
FAIL: gfortran.dg/common_align_2.f90   -Os  execution test
FAIL: gfortran.dg/erf_3.F90   -O0  execution test
FAIL: gfortran.dg/erf_3.F90   -O1  execution test
FAIL: gfortran.dg/erf_3.F90   -O2  execution test
FAIL: gfortran.dg/erf_3.F90   -O3 -fomit-frame-pointer  execution test
FAIL: gfortran.dg/erf_3.F90   -O3 -fomit-frame-pointer -funroll-loops  execution test
FAIL: gfortran.dg/erf_3.F90   -O3 -fomit-frame-pointer -funroll-all-loops -finline-functions  execution test
FAIL: gfortran.dg/erf_3.F90   -O3 -g  execution test
FAIL: gfortran.dg/erf_3.F90   -Os  execution test
FAIL: gfortran.dg/goacc/acc_on_device-1.f95   -O   scan-rtl-dump-times expand "\\\\(call [^\\\\n]*\\\\"acc_on_device" 4
FAIL: gfortran.dg/goacc/acc_on_device-2-off.f95   -O   scan-rtl-dump-times expand "\\\\(call [^\\\\n]*\\\\"acc_on_device" 1
XPASS: gfortran.dg/goacc/acc_on_device-2.f95   -O   scan-rtl-dump-times expand "\\\\(call [^\\\\n]*\\\\"acc_on_device" 0

		=== gfortran Summary ===

# of expected passes		46970
# of unexpected failures	48
# of unexpected successes	1
# of expected failures		77
# of unsupported tests		265
/daten/aranym/gcc/gcc-20150201/Build/gcc/testsuite/gfortran/../../gfortran  version 5.0.0 20150201 (experimental) (GCC) 

Host   is x86_64-pc-linux-gnu

		=== objc tests ===


Running target aranym

		=== objc Summary ===

# of expected passes		3016
# of unsupported tests		74
/daten/aranym/gcc/gcc-20150201/Build/gcc/xgcc  version 5.0.0 20150201 (experimental) (GCC) 

Host   is m68k-unknown-linux-gnu

		=== boehm-gc tests ===


Running target aranym
FAIL: boehm-gc.c/gctest.c -O2 execution test
FAIL: boehm-gc.c/leak_test.c -O2 execution test
FAIL: boehm-gc.c/middle.c -O2 execution test
FAIL: boehm-gc.c/thread_leak_test.c -O2 execution test
FAIL: boehm-gc.lib/staticrootstest.c -O2 execution test

		=== boehm-gc Summary ===

# of expected passes		7
# of unexpected failures	5
# of unsupported tests		1
Host   is m68k-unknown-linux-gnu

		=== libatomic tests ===


Running target aranym

		=== libatomic Summary ===

# of expected passes		44
# of unsupported tests		5
Host   is m68k-unknown-linux-gnu

		=== libffi tests ===


Running target aranym

		=== libffi Summary ===

# of expected passes		1914
# of unsupported tests		30
Host   is m68k-unknown-linux-gnu

		=== libgomp tests ===


Running target aranym
WARNING: program timed out.
FAIL: libgomp.fortran/strassen.f90   -O  execution test
FAIL: libgomp.oacc-c/../libgomp.oacc-c-c++-common/acc_on_device-1.c -DACC_DEVICE_TYPE_host_nonshm=1 -DACC_MEM_SHARED=0 execution test
FAIL: libgomp.oacc-c/../libgomp.oacc-c-c++-common/clauses-1.c -DACC_DEVICE_TYPE_host_nonshm=1 -DACC_MEM_SHARED=0 execution test
FAIL: libgomp.oacc-c/../libgomp.oacc-c-c++-common/data-1.c -DACC_DEVICE_TYPE_host_nonshm=1 -DACC_MEM_SHARED=0 execution test
FAIL: libgomp.oacc-c/../libgomp.oacc-c-c++-common/data-already-1.c -DACC_DEVICE_TYPE_host_nonshm=1 -DACC_MEM_SHARED=0 execution test
FAIL: libgomp.oacc-c/../libgomp.oacc-c-c++-common/data-already-2.c -DACC_DEVICE_TYPE_host_nonshm=1 -DACC_MEM_SHARED=0 execution test
FAIL: libgomp.oacc-c/../libgomp.oacc-c-c++-common/data-already-3.c -DACC_DEVICE_TYPE_host_nonshm=1 -DACC_MEM_SHARED=0 execution test
FAIL: libgomp.oacc-c/../libgomp.oacc-c-c++-common/data-already-5.c -DACC_DEVICE_TYPE_host_nonshm=1 -DACC_MEM_SHARED=0 execution test
FAIL: libgomp.oacc-c/../libgomp.oacc-c-c++-common/data-already-6.c -DACC_DEVICE_TYPE_host_nonshm=1 -DACC_MEM_SHARED=0 execution test
FAIL: libgomp.oacc-c/../libgomp.oacc-c-c++-common/data-already-7.c -DACC_DEVICE_TYPE_host_nonshm=1 -DACC_MEM_SHARED=0 execution test
FAIL: libgomp.oacc-c/../libgomp.oacc-c-c++-common/data-already-8.c -DACC_DEVICE_TYPE_host_nonshm=1 -DACC_MEM_SHARED=0 execution test
FAIL: libgomp.oacc-c/../libgomp.oacc-c-c++-common/deviceptr-1.c -DACC_DEVICE_TYPE_host_nonshm=1 -DACC_MEM_SHARED=0 execution test
FAIL: libgomp.oacc-c/../libgomp.oacc-c-c++-common/if-1.c -DACC_DEVICE_TYPE_host_nonshm=1 -DACC_MEM_SHARED=0 execution test
FAIL: libgomp.oacc-c/../libgomp.oacc-c-c++-common/kernels-1.c -DACC_DEVICE_TYPE_host_nonshm=1 -DACC_MEM_SHARED=0 execution test
FAIL: libgomp.oacc-c/../libgomp.oacc-c-c++-common/lib-12.c -DACC_DEVICE_TYPE_host_nonshm=1 -DACC_MEM_SHARED=0 execution test
FAIL: libgomp.oacc-c/../libgomp.oacc-c-c++-common/lib-19.c -DACC_DEVICE_TYPE_host_nonshm=1 -DACC_MEM_SHARED=0 execution test
FAIL: libgomp.oacc-c/../libgomp.oacc-c-c++-common/lib-37.c -DACC_DEVICE_TYPE_host_nonshm=1 -DACC_MEM_SHARED=0 execution test
FAIL: libgomp.oacc-c/../libgomp.oacc-c-c++-common/lib-38.c -DACC_DEVICE_TYPE_host_nonshm=1 -DACC_MEM_SHARED=0 execution test
FAIL: libgomp.oacc-c/../libgomp.oacc-c-c++-common/lib-45.c -DACC_DEVICE_TYPE_host_nonshm=1 -DACC_MEM_SHARED=0 execution test
FAIL: libgomp.oacc-c/../libgomp.oacc-c-c++-common/lib-46.c -DACC_DEVICE_TYPE_host_nonshm=1 -DACC_MEM_SHARED=0 execution test
FAIL: libgomp.oacc-c/../libgomp.oacc-c-c++-common/lib-49.c -DACC_DEVICE_TYPE_host_nonshm=1 -DACC_MEM_SHARED=0 execution test
FAIL: libgomp.oacc-c/../libgomp.oacc-c-c++-common/lib-50.c -DACC_DEVICE_TYPE_host_nonshm=1 -DACC_MEM_SHARED=0 execution test
FAIL: libgomp.oacc-c/../libgomp.oacc-c-c++-common/lib-51.c -DACC_DEVICE_TYPE_host_nonshm=1 -DACC_MEM_SHARED=0 execution test
FAIL: libgomp.oacc-c/../libgomp.oacc-c-c++-common/lib-55.c -DACC_DEVICE_TYPE_host_nonshm=1 -DACC_MEM_SHARED=0 execution test
FAIL: libgomp.oacc-c/../libgomp.oacc-c-c++-common/lib-56.c -DACC_DEVICE_TYPE_host_nonshm=1 -DACC_MEM_SHARED=0 execution test
FAIL: libgomp.oacc-c/../libgomp.oacc-c-c++-common/lib-59.c -DACC_DEVICE_TYPE_host_nonshm=1 -DACC_MEM_SHARED=0 execution test
FAIL: libgomp.oacc-c/../libgomp.oacc-c-c++-common/lib-60.c -DACC_DEVICE_TYPE_host_nonshm=1 -DACC_MEM_SHARED=0 execution test
FAIL: libgomp.oacc-c/../libgomp.oacc-c-c++-common/lib-61.c -DACC_DEVICE_TYPE_host_nonshm=1 -DACC_MEM_SHARED=0 execution test
FAIL: libgomp.oacc-c/../libgomp.oacc-c-c++-common/lib-66.c -DACC_DEVICE_TYPE_host_nonshm=1 -DACC_MEM_SHARED=0 execution test
FAIL: libgomp.oacc-c/../libgomp.oacc-c-c++-common/nested-1.c -DACC_DEVICE_TYPE_host_nonshm=1 -DACC_MEM_SHARED=0 execution test
FAIL: libgomp.oacc-c/../libgomp.oacc-c-c++-common/parallel-1.c -DACC_DEVICE_TYPE_host_nonshm=1 -DACC_MEM_SHARED=0 execution test
FAIL: libgomp.oacc-c/../libgomp.oacc-c-c++-common/update-1-2.c -DACC_DEVICE_TYPE_host_nonshm=1 -DACC_MEM_SHARED=0 execution test
FAIL: libgomp.oacc-c/../libgomp.oacc-c-c++-common/update-1.c -DACC_DEVICE_TYPE_host_nonshm=1 -DACC_MEM_SHARED=0 execution test
FAIL: libgomp.oacc-c/../libgomp.oacc-c-c++-common/acc_on_device-1.c -DACC_DEVICE_TYPE_host=1 -DACC_MEM_SHARED=1 execution test
FAIL: libgomp.oacc-c/../libgomp.oacc-c-c++-common/data-1.c -DACC_DEVICE_TYPE_host=1 -DACC_MEM_SHARED=1 execution test
FAIL: libgomp.oacc-c/../libgomp.oacc-c-c++-common/deviceptr-1.c -DACC_DEVICE_TYPE_host=1 -DACC_MEM_SHARED=1 execution test
FAIL: libgomp.oacc-c/../libgomp.oacc-c-c++-common/if-1.c -DACC_DEVICE_TYPE_host=1 -DACC_MEM_SHARED=1 execution test
FAIL: libgomp.oacc-c/../libgomp.oacc-c-c++-common/kernels-1.c -DACC_DEVICE_TYPE_host=1 -DACC_MEM_SHARED=1 execution test
FAIL: libgomp.oacc-c/../libgomp.oacc-c-c++-common/parallel-1.c -DACC_DEVICE_TYPE_host=1 -DACC_MEM_SHARED=1 execution test
FAIL: libgomp.oacc-c++/../libgomp.oacc-c-c++-common/acc_on_device-1.c -DACC_DEVICE_TYPE_host_nonshm=1 -DACC_MEM_SHARED=0 execution test
FAIL: libgomp.oacc-c++/../libgomp.oacc-c-c++-common/clauses-1.c -DACC_DEVICE_TYPE_host_nonshm=1 -DACC_MEM_SHARED=0 execution test
FAIL: libgomp.oacc-c++/../libgomp.oacc-c-c++-common/data-1.c -DACC_DEVICE_TYPE_host_nonshm=1 -DACC_MEM_SHARED=0 execution test
FAIL: libgomp.oacc-c++/../libgomp.oacc-c-c++-common/data-already-1.c -DACC_DEVICE_TYPE_host_nonshm=1 -DACC_MEM_SHARED=0 execution test
FAIL: libgomp.oacc-c++/../libgomp.oacc-c-c++-common/data-already-2.c -DACC_DEVICE_TYPE_host_nonshm=1 -DACC_MEM_SHARED=0 execution test
FAIL: libgomp.oacc-c++/../libgomp.oacc-c-c++-common/data-already-3.c -DACC_DEVICE_TYPE_host_nonshm=1 -DACC_MEM_SHARED=0 execution test
FAIL: libgomp.oacc-c++/../libgomp.oacc-c-c++-common/data-already-5.c -DACC_DEVICE_TYPE_host_nonshm=1 -DACC_MEM_SHARED=0 execution test
FAIL: libgomp.oacc-c++/../libgomp.oacc-c-c++-common/data-already-6.c -DACC_DEVICE_TYPE_host_nonshm=1 -DACC_MEM_SHARED=0 execution test
FAIL: libgomp.oacc-c++/../libgomp.oacc-c-c++-common/data-already-7.c -DACC_DEVICE_TYPE_host_nonshm=1 -DACC_MEM_SHARED=0 execution test
FAIL: libgomp.oacc-c++/../libgomp.oacc-c-c++-common/data-already-8.c -DACC_DEVICE_TYPE_host_nonshm=1 -DACC_MEM_SHARED=0 execution test
FAIL: libgomp.oacc-c++/../libgomp.oacc-c-c++-common/deviceptr-1.c -DACC_DEVICE_TYPE_host_nonshm=1 -DACC_MEM_SHARED=0 execution test
FAIL: libgomp.oacc-c++/../libgomp.oacc-c-c++-common/if-1.c -DACC_DEVICE_TYPE_host_nonshm=1 -DACC_MEM_SHARED=0 execution test
FAIL: libgomp.oacc-c++/../libgomp.oacc-c-c++-common/kernels-1.c -DACC_DEVICE_TYPE_host_nonshm=1 -DACC_MEM_SHARED=0 execution test
FAIL: libgomp.oacc-c++/../libgomp.oacc-c-c++-common/lib-12.c -DACC_DEVICE_TYPE_host_nonshm=1 -DACC_MEM_SHARED=0 execution test
FAIL: libgomp.oacc-c++/../libgomp.oacc-c-c++-common/lib-19.c -DACC_DEVICE_TYPE_host_nonshm=1 -DACC_MEM_SHARED=0 execution test
FAIL: libgomp.oacc-c++/../libgomp.oacc-c-c++-common/lib-37.c -DACC_DEVICE_TYPE_host_nonshm=1 -DACC_MEM_SHARED=0 execution test
FAIL: libgomp.oacc-c++/../libgomp.oacc-c-c++-common/lib-38.c -DACC_DEVICE_TYPE_host_nonshm=1 -DACC_MEM_SHARED=0 execution test
FAIL: libgomp.oacc-c++/../libgomp.oacc-c-c++-common/lib-45.c -DACC_DEVICE_TYPE_host_nonshm=1 -DACC_MEM_SHARED=0 execution test
FAIL: libgomp.oacc-c++/../libgomp.oacc-c-c++-common/lib-46.c -DACC_DEVICE_TYPE_host_nonshm=1 -DACC_MEM_SHARED=0 execution test
FAIL: libgomp.oacc-c++/../libgomp.oacc-c-c++-common/lib-49.c -DACC_DEVICE_TYPE_host_nonshm=1 -DACC_MEM_SHARED=0 execution test
FAIL: libgomp.oacc-c++/../libgomp.oacc-c-c++-common/lib-50.c -DACC_DEVICE_TYPE_host_nonshm=1 -DACC_MEM_SHARED=0 execution test
FAIL: libgomp.oacc-c++/../libgomp.oacc-c-c++-common/lib-51.c -DACC_DEVICE_TYPE_host_nonshm=1 -DACC_MEM_SHARED=0 execution test
FAIL: libgomp.oacc-c++/../libgomp.oacc-c-c++-common/lib-55.c -DACC_DEVICE_TYPE_host_nonshm=1 -DACC_MEM_SHARED=0 execution test
FAIL: libgomp.oacc-c++/../libgomp.oacc-c-c++-common/lib-56.c -DACC_DEVICE_TYPE_host_nonshm=1 -DACC_MEM_SHARED=0 execution test
FAIL: libgomp.oacc-c++/../libgomp.oacc-c-c++-common/lib-59.c -DACC_DEVICE_TYPE_host_nonshm=1 -DACC_MEM_SHARED=0 execution test
FAIL: libgomp.oacc-c++/../libgomp.oacc-c-c++-common/lib-60.c -DACC_DEVICE_TYPE_host_nonshm=1 -DACC_MEM_SHARED=0 execution test
FAIL: libgomp.oacc-c++/../libgomp.oacc-c-c++-common/lib-61.c -DACC_DEVICE_TYPE_host_nonshm=1 -DACC_MEM_SHARED=0 execution test
FAIL: libgomp.oacc-c++/../libgomp.oacc-c-c++-common/lib-66.c -DACC_DEVICE_TYPE_host_nonshm=1 -DACC_MEM_SHARED=0 execution test
FAIL: libgomp.oacc-c++/../libgomp.oacc-c-c++-common/nested-1.c -DACC_DEVICE_TYPE_host_nonshm=1 -DACC_MEM_SHARED=0 execution test
FAIL: libgomp.oacc-c++/../libgomp.oacc-c-c++-common/parallel-1.c -DACC_DEVICE_TYPE_host_nonshm=1 -DACC_MEM_SHARED=0 execution test
FAIL: libgomp.oacc-c++/../libgomp.oacc-c-c++-common/update-1-2.c -DACC_DEVICE_TYPE_host_nonshm=1 -DACC_MEM_SHARED=0 execution test
FAIL: libgomp.oacc-c++/../libgomp.oacc-c-c++-common/update-1.c -DACC_DEVICE_TYPE_host_nonshm=1 -DACC_MEM_SHARED=0 execution test
FAIL: libgomp.oacc-c++/../libgomp.oacc-c-c++-common/acc_on_device-1.c -DACC_DEVICE_TYPE_host=1 -DACC_MEM_SHARED=1 execution test
FAIL: libgomp.oacc-c++/../libgomp.oacc-c-c++-common/data-1.c -DACC_DEVICE_TYPE_host=1 -DACC_MEM_SHARED=1 execution test
FAIL: libgomp.oacc-c++/../libgomp.oacc-c-c++-common/deviceptr-1.c -DACC_DEVICE_TYPE_host=1 -DACC_MEM_SHARED=1 execution test
FAIL: libgomp.oacc-c++/../libgomp.oacc-c-c++-common/if-1.c -DACC_DEVICE_TYPE_host=1 -DACC_MEM_SHARED=1 execution test
FAIL: libgomp.oacc-c++/../libgomp.oacc-c-c++-common/kernels-1.c -DACC_DEVICE_TYPE_host=1 -DACC_MEM_SHARED=1 execution test
FAIL: libgomp.oacc-c++/../libgomp.oacc-c-c++-common/parallel-1.c -DACC_DEVICE_TYPE_host=1 -DACC_MEM_SHARED=1 execution test
FAIL: libgomp.oacc-fortran/acc_on_device-1-1.f90 -DACC_DEVICE_TYPE_host_nonshm=1 -DACC_MEM_SHARED=0  -O  execution test
FAIL: libgomp.oacc-fortran/acc_on_device-1-2.f -DACC_DEVICE_TYPE_host_nonshm=1 -DACC_MEM_SHARED=0  -O  execution test
FAIL: libgomp.oacc-fortran/acc_on_device-1-3.f -DACC_DEVICE_TYPE_host_nonshm=1 -DACC_MEM_SHARED=0  -O  execution test
FAIL: libgomp.oacc-fortran/data-1.f90 -DACC_DEVICE_TYPE_host_nonshm=1 -DACC_MEM_SHARED=0  -O0  execution test
FAIL: libgomp.oacc-fortran/data-1.f90 -DACC_DEVICE_TYPE_host_nonshm=1 -DACC_MEM_SHARED=0  -O1  execution test
FAIL: libgomp.oacc-fortran/data-1.f90 -DACC_DEVICE_TYPE_host_nonshm=1 -DACC_MEM_SHARED=0  -O2  execution test
FAIL: libgomp.oacc-fortran/data-1.f90 -DACC_DEVICE_TYPE_host_nonshm=1 -DACC_MEM_SHARED=0  -O3 -fomit-frame-pointer  execution test
FAIL: libgomp.oacc-fortran/data-1.f90 -DACC_DEVICE_TYPE_host_nonshm=1 -DACC_MEM_SHARED=0  -O3 -fomit-frame-pointer -funroll-loops  execution test
FAIL: libgomp.oacc-fortran/data-1.f90 -DACC_DEVICE_TYPE_host_nonshm=1 -DACC_MEM_SHARED=0  -O3 -fomit-frame-pointer -funroll-all-loops -finline-functions  execution test
FAIL: libgomp.oacc-fortran/data-1.f90 -DACC_DEVICE_TYPE_host_nonshm=1 -DACC_MEM_SHARED=0  -O3 -g  execution test
FAIL: libgomp.oacc-fortran/data-1.f90 -DACC_DEVICE_TYPE_host_nonshm=1 -DACC_MEM_SHARED=0  -Os  execution test
FAIL: libgomp.oacc-fortran/data-already-1.f -DACC_DEVICE_TYPE_host_nonshm=1 -DACC_MEM_SHARED=0  -O  execution test
FAIL: libgomp.oacc-fortran/data-already-2.f -DACC_DEVICE_TYPE_host_nonshm=1 -DACC_MEM_SHARED=0  -O  execution test
FAIL: libgomp.oacc-fortran/data-already-3.f -DACC_DEVICE_TYPE_host_nonshm=1 -DACC_MEM_SHARED=0  -O  execution test
FAIL: libgomp.oacc-fortran/data-already-5.f -DACC_DEVICE_TYPE_host_nonshm=1 -DACC_MEM_SHARED=0  -O  execution test
FAIL: libgomp.oacc-fortran/data-already-6.f -DACC_DEVICE_TYPE_host_nonshm=1 -DACC_MEM_SHARED=0  -O  execution test
FAIL: libgomp.oacc-fortran/data-already-7.f -DACC_DEVICE_TYPE_host_nonshm=1 -DACC_MEM_SHARED=0  -O  execution test
FAIL: libgomp.oacc-fortran/data-already-8.f -DACC_DEVICE_TYPE_host_nonshm=1 -DACC_MEM_SHARED=0  -O  execution test
FAIL: libgomp.oacc-fortran/lib-1.f90 -DACC_DEVICE_TYPE_host_nonshm=1 -DACC_MEM_SHARED=0  -O  execution test
FAIL: libgomp.oacc-fortran/lib-2.f -DACC_DEVICE_TYPE_host_nonshm=1 -DACC_MEM_SHARED=0  -O  execution test
FAIL: libgomp.oacc-fortran/lib-3.f -DACC_DEVICE_TYPE_host_nonshm=1 -DACC_MEM_SHARED=0  -O  execution test
FAIL: libgomp.oacc-fortran/lib-4.f90 -DACC_DEVICE_TYPE_host_nonshm=1 -DACC_MEM_SHARED=0  -O0  execution test
FAIL: libgomp.oacc-fortran/lib-4.f90 -DACC_DEVICE_TYPE_host_nonshm=1 -DACC_MEM_SHARED=0  -O1  execution test
FAIL: libgomp.oacc-fortran/lib-4.f90 -DACC_DEVICE_TYPE_host_nonshm=1 -DACC_MEM_SHARED=0  -O2  execution test
FAIL: libgomp.oacc-fortran/lib-4.f90 -DACC_DEVICE_TYPE_host_nonshm=1 -DACC_MEM_SHARED=0  -O3 -fomit-frame-pointer  execution test
FAIL: libgomp.oacc-fortran/lib-4.f90 -DACC_DEVICE_TYPE_host_nonshm=1 -DACC_MEM_SHARED=0  -O3 -fomit-frame-pointer -funroll-loops  execution test
FAIL: libgomp.oacc-fortran/lib-4.f90 -DACC_DEVICE_TYPE_host_nonshm=1 -DACC_MEM_SHARED=0  -O3 -fomit-frame-pointer -funroll-all-loops -finline-functions  execution test
FAIL: libgomp.oacc-fortran/lib-4.f90 -DACC_DEVICE_TYPE_host_nonshm=1 -DACC_MEM_SHARED=0  -O3 -g  execution test
FAIL: libgomp.oacc-fortran/lib-4.f90 -DACC_DEVICE_TYPE_host_nonshm=1 -DACC_MEM_SHARED=0  -Os  execution test
FAIL: libgomp.oacc-fortran/data-1.f90 -DACC_DEVICE_TYPE_host=1 -DACC_MEM_SHARED=1  -O0  execution test
FAIL: libgomp.oacc-fortran/data-1.f90 -DACC_DEVICE_TYPE_host=1 -DACC_MEM_SHARED=1  -O1  execution test
FAIL: libgomp.oacc-fortran/data-1.f90 -DACC_DEVICE_TYPE_host=1 -DACC_MEM_SHARED=1  -O2  execution test
FAIL: libgomp.oacc-fortran/data-1.f90 -DACC_DEVICE_TYPE_host=1 -DACC_MEM_SHARED=1  -O3 -fomit-frame-pointer  execution test
FAIL: libgomp.oacc-fortran/data-1.f90 -DACC_DEVICE_TYPE_host=1 -DACC_MEM_SHARED=1  -O3 -fomit-frame-pointer -funroll-loops  execution test
FAIL: libgomp.oacc-fortran/data-1.f90 -DACC_DEVICE_TYPE_host=1 -DACC_MEM_SHARED=1  -O3 -fomit-frame-pointer -funroll-all-loops -finline-functions  execution test
FAIL: libgomp.oacc-fortran/data-1.f90 -DACC_DEVICE_TYPE_host=1 -DACC_MEM_SHARED=1  -O3 -g  execution test
FAIL: libgomp.oacc-fortran/data-1.f90 -DACC_DEVICE_TYPE_host=1 -DACC_MEM_SHARED=1  -Os  execution test
FAIL: libgomp.oacc-fortran/lib-1.f90 -DACC_DEVICE_TYPE_host=1 -DACC_MEM_SHARED=1  -O  execution test
FAIL: libgomp.oacc-fortran/lib-2.f -DACC_DEVICE_TYPE_host=1 -DACC_MEM_SHARED=1  -O  execution test
FAIL: libgomp.oacc-fortran/lib-3.f -DACC_DEVICE_TYPE_host=1 -DACC_MEM_SHARED=1  -O  execution test
FAIL: libgomp.oacc-fortran/lib-4.f90 -DACC_DEVICE_TYPE_host=1 -DACC_MEM_SHARED=1  -O0  execution test
FAIL: libgomp.oacc-fortran/lib-4.f90 -DACC_DEVICE_TYPE_host=1 -DACC_MEM_SHARED=1  -O1  execution test
FAIL: libgomp.oacc-fortran/lib-4.f90 -DACC_DEVICE_TYPE_host=1 -DACC_MEM_SHARED=1  -O2  execution test
FAIL: libgomp.oacc-fortran/lib-4.f90 -DACC_DEVICE_TYPE_host=1 -DACC_MEM_SHARED=1  -O3 -fomit-frame-pointer  execution test
FAIL: libgomp.oacc-fortran/lib-4.f90 -DACC_DEVICE_TYPE_host=1 -DACC_MEM_SHARED=1  -O3 -fomit-frame-pointer -funroll-loops  execution test
FAIL: libgomp.oacc-fortran/lib-4.f90 -DACC_DEVICE_TYPE_host=1 -DACC_MEM_SHARED=1  -O3 -fomit-frame-pointer -funroll-all-loops -finline-functions  execution test
FAIL: libgomp.oacc-fortran/lib-4.f90 -DACC_DEVICE_TYPE_host=1 -DACC_MEM_SHARED=1  -O3 -g  execution test
FAIL: libgomp.oacc-fortran/lib-4.f90 -DACC_DEVICE_TYPE_host=1 -DACC_MEM_SHARED=1  -Os  execution test

		=== libgomp Summary ===

# of expected passes		5509
# of unexpected failures	125
# of unsupported tests		353
Host   is m68k-unknown-linux-gnu

		=== libjava tests ===


Running target aranym
FAIL: TestMultiple output - source compiled test
FAIL: TestParent output - source compiled test

		=== libjava Summary ===

# of expected passes		2411
# of unexpected failures	2
# of expected failures		4
# of untested testcases		4
Host   is m68k-unknown-linux-gnu

		=== libstdc++ tests ===


Running target aranym

		=== libstdc++ Summary ===

# of expected passes		10066
# of expected failures		65
# of unsupported tests		260

Compiler version: 5.0.0 20150201 (experimental) (GCC) 
Platform: m68k-unknown-linux-gnu
configure flags: --prefix=/daten/cross/m68k-linux --build=x86_64-linux --enable-shared --with-system-zlib CFLAGS='-O2 -g' CXXFLAGS='-O2 -g' --target=m68k-linux --with-sysroot --disable-multilib --enable-clocale=gnu



More information about the Gcc-testresults mailing list