Results for 6.0.0 20151221 (experimental) [trunk revision 231874] (GCC) testsuite on alpha-unknown-linux-gnu
uros@gcc13.fsffrance.org
uros@gcc13.fsffrance.org
Wed Dec 23 08:33:00 GMT 2015
LAST_UPDATED: Mon Dec 21 11:10:53 UTC 2015 (revision 231874)
Native configuration is alpha-unknown-linux-gnu
=== libatomic tests ===
Running target unix
=== libatomic Summary ===
# of expected passes 54
=== libgomp tests ===
Running target unix
=== libgomp Summary ===
# of expected passes 4596
# of unsupported tests 302
=== libitm tests ===
Running target unix
=== libitm Summary ===
# of expected passes 38
# of expected failures 3
# of unsupported tests 1
=== libstdc++ tests ===
Running target unix
=== libstdc++ Summary ===
# of expected passes 10320
# of expected failures 68
# of unsupported tests 544
=== gcc tests ===
Running target unix
FAIL: gcc.dg/debug/dwarf2/stacked-qualified-types-3.c scan-assembler-times DIE \\\\([^\\n]*\\\\) DW_TAG_(?:const|volatile|atomic|restrict)_type 8
FAIL: gcc.dg/20141029-1.c scan-rtl-dump-times final "mem/v(/.)*:HI" 4
XPASS: gcc.dg/guality/example.c -O0 execution test
XPASS: gcc.dg/guality/guality.c -O0 execution test
XPASS: gcc.dg/guality/guality.c -O1 execution test
XPASS: gcc.dg/guality/guality.c -O2 -flto -fuse-linker-plugin -fno-fat-lto-objects execution test
XPASS: gcc.dg/guality/inline-params.c -O2 execution test
XPASS: gcc.dg/guality/inline-params.c -O2 -flto -fno-use-linker-plugin -flto-partition=none execution test
XPASS: gcc.dg/guality/inline-params.c -O3 -g execution test
XPASS: gcc.dg/guality/inline-params.c -Os execution test
FAIL: gcc.dg/guality/pr36728-1.c -O1 line 16 arg7 == 30
FAIL: gcc.dg/guality/pr36728-1.c -O1 line 18 arg7 == 30
FAIL: gcc.dg/guality/pr36728-1.c -O2 line 16 arg7 == 30
FAIL: gcc.dg/guality/pr36728-1.c -O2 line 16 y == 2
FAIL: gcc.dg/guality/pr36728-1.c -O2 line 18 arg7 == 30
FAIL: gcc.dg/guality/pr36728-1.c -O2 -flto -fno-use-linker-plugin -flto-partition=none line 16 arg7 == 30
FAIL: gcc.dg/guality/pr36728-1.c -O2 -flto -fno-use-linker-plugin -flto-partition=none line 16 y == 2
FAIL: gcc.dg/guality/pr36728-1.c -O2 -flto -fno-use-linker-plugin -flto-partition=none line 18 arg7 == 30
FAIL: gcc.dg/guality/pr36728-1.c -O2 -flto -fuse-linker-plugin -fno-fat-lto-objects line 16 arg1 == 1
FAIL: gcc.dg/guality/pr36728-1.c -O2 -flto -fuse-linker-plugin -fno-fat-lto-objects line 16 arg2 == 2
FAIL: gcc.dg/guality/pr36728-1.c -O2 -flto -fuse-linker-plugin -fno-fat-lto-objects line 16 arg3 == 3
FAIL: gcc.dg/guality/pr36728-1.c -O2 -flto -fuse-linker-plugin -fno-fat-lto-objects line 16 arg4 == 4
FAIL: gcc.dg/guality/pr36728-1.c -O2 -flto -fuse-linker-plugin -fno-fat-lto-objects line 16 arg5 == 5
FAIL: gcc.dg/guality/pr36728-1.c -O2 -flto -fuse-linker-plugin -fno-fat-lto-objects line 16 arg6 == 6
FAIL: gcc.dg/guality/pr36728-1.c -O2 -flto -fuse-linker-plugin -fno-fat-lto-objects line 16 arg7 == 30
FAIL: gcc.dg/guality/pr36728-1.c -O2 -flto -fuse-linker-plugin -fno-fat-lto-objects line 18 arg1 == 1
FAIL: gcc.dg/guality/pr36728-1.c -O2 -flto -fuse-linker-plugin -fno-fat-lto-objects line 18 arg2 == 2
FAIL: gcc.dg/guality/pr36728-1.c -O2 -flto -fuse-linker-plugin -fno-fat-lto-objects line 18 arg3 == 3
FAIL: gcc.dg/guality/pr36728-1.c -O2 -flto -fuse-linker-plugin -fno-fat-lto-objects line 18 arg4 == 4
FAIL: gcc.dg/guality/pr36728-1.c -O2 -flto -fuse-linker-plugin -fno-fat-lto-objects line 18 arg5 == 5
FAIL: gcc.dg/guality/pr36728-1.c -O2 -flto -fuse-linker-plugin -fno-fat-lto-objects line 18 arg6 == 6
FAIL: gcc.dg/guality/pr36728-1.c -O2 -flto -fuse-linker-plugin -fno-fat-lto-objects line 18 arg7 == 30
FAIL: gcc.dg/guality/pr36728-1.c -O3 -g line 16 arg1 == 1
FAIL: gcc.dg/guality/pr36728-1.c -O3 -g line 16 arg2 == 2
FAIL: gcc.dg/guality/pr36728-1.c -O3 -g line 16 arg3 == 3
FAIL: gcc.dg/guality/pr36728-1.c -O3 -g line 16 arg4 == 4
FAIL: gcc.dg/guality/pr36728-1.c -O3 -g line 16 arg5 == 5
FAIL: gcc.dg/guality/pr36728-1.c -O3 -g line 16 arg6 == 6
FAIL: gcc.dg/guality/pr36728-1.c -O3 -g line 16 arg7 == 30
FAIL: gcc.dg/guality/pr36728-1.c -O3 -g line 16 y == 2
FAIL: gcc.dg/guality/pr36728-1.c -O3 -g line 18 arg1 == 1
FAIL: gcc.dg/guality/pr36728-1.c -O3 -g line 18 arg2 == 2
FAIL: gcc.dg/guality/pr36728-1.c -O3 -g line 18 arg3 == 3
FAIL: gcc.dg/guality/pr36728-1.c -O3 -g line 18 arg4 == 4
FAIL: gcc.dg/guality/pr36728-1.c -O3 -g line 18 arg5 == 5
FAIL: gcc.dg/guality/pr36728-1.c -O3 -g line 18 arg6 == 6
FAIL: gcc.dg/guality/pr36728-1.c -O3 -g line 18 arg7 == 30
FAIL: gcc.dg/guality/pr36728-1.c -Os line 16 arg7 == 30
FAIL: gcc.dg/guality/pr36728-1.c -Os line 16 y == 2
FAIL: gcc.dg/guality/pr36728-1.c -Os line 18 arg7 == 30
FAIL: gcc.dg/guality/pr36728-2.c -O2 line 18 *x == (char) 25
FAIL: gcc.dg/guality/pr36728-2.c -O2 -flto -fno-use-linker-plugin -flto-partition=none line 18 *x == (char) 25
FAIL: gcc.dg/guality/pr36728-2.c -O2 -flto -fuse-linker-plugin -fno-fat-lto-objects line 16 arg1 == 1
FAIL: gcc.dg/guality/pr36728-2.c -O2 -flto -fuse-linker-plugin -fno-fat-lto-objects line 16 arg2 == 2
FAIL: gcc.dg/guality/pr36728-2.c -O2 -flto -fuse-linker-plugin -fno-fat-lto-objects line 16 arg3 == 3
FAIL: gcc.dg/guality/pr36728-2.c -O2 -flto -fuse-linker-plugin -fno-fat-lto-objects line 16 arg4 == 4
FAIL: gcc.dg/guality/pr36728-2.c -O2 -flto -fuse-linker-plugin -fno-fat-lto-objects line 16 arg5 == 5
FAIL: gcc.dg/guality/pr36728-2.c -O2 -flto -fuse-linker-plugin -fno-fat-lto-objects line 16 arg6 == 6
FAIL: gcc.dg/guality/pr36728-2.c -O2 -flto -fuse-linker-plugin -fno-fat-lto-objects line 16 arg7 == 30
FAIL: gcc.dg/guality/pr36728-2.c -O2 -flto -fuse-linker-plugin -fno-fat-lto-objects line 18 arg1 == 1
FAIL: gcc.dg/guality/pr36728-2.c -O2 -flto -fuse-linker-plugin -fno-fat-lto-objects line 18 arg2 == 2
FAIL: gcc.dg/guality/pr36728-2.c -O2 -flto -fuse-linker-plugin -fno-fat-lto-objects line 18 arg3 == 3
FAIL: gcc.dg/guality/pr36728-2.c -O2 -flto -fuse-linker-plugin -fno-fat-lto-objects line 18 arg4 == 4
FAIL: gcc.dg/guality/pr36728-2.c -O2 -flto -fuse-linker-plugin -fno-fat-lto-objects line 18 arg5 == 5
FAIL: gcc.dg/guality/pr36728-2.c -O2 -flto -fuse-linker-plugin -fno-fat-lto-objects line 18 arg6 == 6
FAIL: gcc.dg/guality/pr36728-2.c -O2 -flto -fuse-linker-plugin -fno-fat-lto-objects line 18 arg7 == 30
FAIL: gcc.dg/guality/pr36728-2.c -O3 -g line 16 arg1 == 1
FAIL: gcc.dg/guality/pr36728-2.c -O3 -g line 16 arg2 == 2
FAIL: gcc.dg/guality/pr36728-2.c -O3 -g line 16 arg3 == 3
FAIL: gcc.dg/guality/pr36728-2.c -O3 -g line 16 arg4 == 4
FAIL: gcc.dg/guality/pr36728-2.c -O3 -g line 16 arg5 == 5
FAIL: gcc.dg/guality/pr36728-2.c -O3 -g line 16 arg6 == 6
FAIL: gcc.dg/guality/pr36728-2.c -O3 -g line 16 arg7 == 30
FAIL: gcc.dg/guality/pr36728-2.c -O3 -g line 18 *x == (char) 25
FAIL: gcc.dg/guality/pr36728-2.c -O3 -g line 18 arg1 == 1
FAIL: gcc.dg/guality/pr36728-2.c -O3 -g line 18 arg2 == 2
FAIL: gcc.dg/guality/pr36728-2.c -O3 -g line 18 arg3 == 3
FAIL: gcc.dg/guality/pr36728-2.c -O3 -g line 18 arg4 == 4
FAIL: gcc.dg/guality/pr36728-2.c -O3 -g line 18 arg5 == 5
FAIL: gcc.dg/guality/pr36728-2.c -O3 -g line 18 arg6 == 6
FAIL: gcc.dg/guality/pr36728-2.c -O3 -g line 18 arg7 == 30
FAIL: gcc.dg/guality/pr36728-3.c -O1 line 14 arg7 == 30
FAIL: gcc.dg/guality/pr36728-3.c -O1 line 16 arg7 == 30
FAIL: gcc.dg/guality/pr36728-3.c -O2 line 14 arg7 == 30
FAIL: gcc.dg/guality/pr36728-3.c -O2 line 16 arg7 == 30
FAIL: gcc.dg/guality/pr36728-3.c -O2 -flto -fno-use-linker-plugin -flto-partition=none line 14 arg7 == 30
FAIL: gcc.dg/guality/pr36728-3.c -O2 -flto -fno-use-linker-plugin -flto-partition=none line 16 arg7 == 30
FAIL: gcc.dg/guality/pr36728-3.c -O2 -flto -fuse-linker-plugin -fno-fat-lto-objects line 14 arg1 == 1
FAIL: gcc.dg/guality/pr36728-3.c -O2 -flto -fuse-linker-plugin -fno-fat-lto-objects line 14 arg2 == 2
FAIL: gcc.dg/guality/pr36728-3.c -O2 -flto -fuse-linker-plugin -fno-fat-lto-objects line 14 arg3 == 3
FAIL: gcc.dg/guality/pr36728-3.c -O2 -flto -fuse-linker-plugin -fno-fat-lto-objects line 14 arg4 == 4
FAIL: gcc.dg/guality/pr36728-3.c -O2 -flto -fuse-linker-plugin -fno-fat-lto-objects line 14 arg5 == 5
FAIL: gcc.dg/guality/pr36728-3.c -O2 -flto -fuse-linker-plugin -fno-fat-lto-objects line 14 arg6 == 6
FAIL: gcc.dg/guality/pr36728-3.c -O2 -flto -fuse-linker-plugin -fno-fat-lto-objects line 14 arg7 == 30
FAIL: gcc.dg/guality/pr36728-3.c -O2 -flto -fuse-linker-plugin -fno-fat-lto-objects line 16 arg1 == 1
FAIL: gcc.dg/guality/pr36728-3.c -O2 -flto -fuse-linker-plugin -fno-fat-lto-objects line 16 arg2 == 2
FAIL: gcc.dg/guality/pr36728-3.c -O2 -flto -fuse-linker-plugin -fno-fat-lto-objects line 16 arg3 == 3
FAIL: gcc.dg/guality/pr36728-3.c -O2 -flto -fuse-linker-plugin -fno-fat-lto-objects line 16 arg4 == 4
FAIL: gcc.dg/guality/pr36728-3.c -O2 -flto -fuse-linker-plugin -fno-fat-lto-objects line 16 arg5 == 5
FAIL: gcc.dg/guality/pr36728-3.c -O2 -flto -fuse-linker-plugin -fno-fat-lto-objects line 16 arg6 == 6
FAIL: gcc.dg/guality/pr36728-3.c -O2 -flto -fuse-linker-plugin -fno-fat-lto-objects line 16 arg7 == 30
FAIL: gcc.dg/guality/pr36728-3.c -O3 -g line 14 arg1 == 1
FAIL: gcc.dg/guality/pr36728-3.c -O3 -g line 14 arg2 == 2
FAIL: gcc.dg/guality/pr36728-3.c -O3 -g line 14 arg3 == 3
FAIL: gcc.dg/guality/pr36728-3.c -O3 -g line 14 arg4 == 4
FAIL: gcc.dg/guality/pr36728-3.c -O3 -g line 14 arg5 == 5
FAIL: gcc.dg/guality/pr36728-3.c -O3 -g line 14 arg6 == 6
FAIL: gcc.dg/guality/pr36728-3.c -O3 -g line 14 arg7 == 30
FAIL: gcc.dg/guality/pr36728-3.c -O3 -g line 16 arg1 == 1
FAIL: gcc.dg/guality/pr36728-3.c -O3 -g line 16 arg2 == 2
FAIL: gcc.dg/guality/pr36728-3.c -O3 -g line 16 arg3 == 3
FAIL: gcc.dg/guality/pr36728-3.c -O3 -g line 16 arg4 == 4
FAIL: gcc.dg/guality/pr36728-3.c -O3 -g line 16 arg5 == 5
FAIL: gcc.dg/guality/pr36728-3.c -O3 -g line 16 arg6 == 6
FAIL: gcc.dg/guality/pr36728-3.c -O3 -g line 16 arg7 == 30
FAIL: gcc.dg/guality/pr36728-3.c -Os line 14 arg7 == 30
FAIL: gcc.dg/guality/pr36728-3.c -Os line 16 arg7 == 30
FAIL: gcc.dg/guality/pr36728-4.c -O2 -flto -fuse-linker-plugin -fno-fat-lto-objects line 14 arg1 == 1
FAIL: gcc.dg/guality/pr36728-4.c -O2 -flto -fuse-linker-plugin -fno-fat-lto-objects line 14 arg2 == 2
FAIL: gcc.dg/guality/pr36728-4.c -O2 -flto -fuse-linker-plugin -fno-fat-lto-objects line 14 arg3 == 3
FAIL: gcc.dg/guality/pr36728-4.c -O2 -flto -fuse-linker-plugin -fno-fat-lto-objects line 14 arg4 == 4
FAIL: gcc.dg/guality/pr36728-4.c -O2 -flto -fuse-linker-plugin -fno-fat-lto-objects line 14 arg5 == 5
FAIL: gcc.dg/guality/pr36728-4.c -O2 -flto -fuse-linker-plugin -fno-fat-lto-objects line 14 arg6 == 6
FAIL: gcc.dg/guality/pr36728-4.c -O2 -flto -fuse-linker-plugin -fno-fat-lto-objects line 14 arg7 == 30
FAIL: gcc.dg/guality/pr36728-4.c -O2 -flto -fuse-linker-plugin -fno-fat-lto-objects line 16 arg1 == 1
FAIL: gcc.dg/guality/pr36728-4.c -O2 -flto -fuse-linker-plugin -fno-fat-lto-objects line 16 arg2 == 2
FAIL: gcc.dg/guality/pr36728-4.c -O2 -flto -fuse-linker-plugin -fno-fat-lto-objects line 16 arg3 == 3
FAIL: gcc.dg/guality/pr36728-4.c -O2 -flto -fuse-linker-plugin -fno-fat-lto-objects line 16 arg4 == 4
FAIL: gcc.dg/guality/pr36728-4.c -O2 -flto -fuse-linker-plugin -fno-fat-lto-objects line 16 arg5 == 5
FAIL: gcc.dg/guality/pr36728-4.c -O2 -flto -fuse-linker-plugin -fno-fat-lto-objects line 16 arg6 == 6
FAIL: gcc.dg/guality/pr36728-4.c -O2 -flto -fuse-linker-plugin -fno-fat-lto-objects line 16 arg7 == 30
FAIL: gcc.dg/guality/pr36728-4.c -O3 -g line 14 arg1 == 1
FAIL: gcc.dg/guality/pr36728-4.c -O3 -g line 14 arg2 == 2
FAIL: gcc.dg/guality/pr36728-4.c -O3 -g line 14 arg3 == 3
FAIL: gcc.dg/guality/pr36728-4.c -O3 -g line 14 arg4 == 4
FAIL: gcc.dg/guality/pr36728-4.c -O3 -g line 14 arg5 == 5
FAIL: gcc.dg/guality/pr36728-4.c -O3 -g line 14 arg6 == 6
FAIL: gcc.dg/guality/pr36728-4.c -O3 -g line 14 arg7 == 30
FAIL: gcc.dg/guality/pr36728-4.c -O3 -g line 16 arg1 == 1
FAIL: gcc.dg/guality/pr36728-4.c -O3 -g line 16 arg2 == 2
FAIL: gcc.dg/guality/pr36728-4.c -O3 -g line 16 arg3 == 3
FAIL: gcc.dg/guality/pr36728-4.c -O3 -g line 16 arg4 == 4
FAIL: gcc.dg/guality/pr36728-4.c -O3 -g line 16 arg5 == 5
FAIL: gcc.dg/guality/pr36728-4.c -O3 -g line 16 arg6 == 6
FAIL: gcc.dg/guality/pr36728-4.c -O3 -g line 16 arg7 == 30
XPASS: gcc.dg/guality/pr41353-1.c -O0 line 28 j == 28 + 37
XPASS: gcc.dg/guality/pr41353-1.c -O1 line 28 j == 28 + 37
XPASS: gcc.dg/guality/pr41353-1.c -O2 line 28 j == 28 + 37
XPASS: gcc.dg/guality/pr41353-1.c -O3 -g line 28 j == 28 + 37
XPASS: gcc.dg/guality/pr41353-1.c -Os line 28 j == 28 + 37
FAIL: gcc.dg/guality/pr41404-1.c -O1 line 10 *foo == 'f'
FAIL: gcc.dg/guality/pr41404-1.c -O2 line 10 *foo == 'f'
FAIL: gcc.dg/guality/pr41404-1.c -O3 -g line 10 *foo == 'f'
FAIL: gcc.dg/guality/pr41404-1.c -Os line 10 *foo == 'f'
FAIL: gcc.dg/guality/pr41616-1.c -O2 -flto -fuse-linker-plugin -fno-fat-lto-objects execution test
FAIL: gcc.dg/guality/pr41616-1.c -Os execution test
FAIL: gcc.dg/guality/pr43051-1.c -O1 line 40 v == 1
FAIL: gcc.dg/guality/pr43051-1.c -O2 line 35 v == 1
FAIL: gcc.dg/guality/pr43051-1.c -O2 line 40 v == 1
FAIL: gcc.dg/guality/pr43051-1.c -O2 -flto -fno-use-linker-plugin -flto-partition=none line 35 v == 1
FAIL: gcc.dg/guality/pr43051-1.c -O2 -flto -fno-use-linker-plugin -flto-partition=none line 40 v == 1
FAIL: gcc.dg/guality/pr43051-1.c -O2 -flto -fuse-linker-plugin -fno-fat-lto-objects line 35 v == 1
FAIL: gcc.dg/guality/pr43051-1.c -O2 -flto -fuse-linker-plugin -fno-fat-lto-objects line 40 v == 1
FAIL: gcc.dg/guality/pr43051-1.c -O3 -fomit-frame-pointer -funroll-loops -fpeel-loops -ftracer -finline-functions line 35 v == 1
FAIL: gcc.dg/guality/pr43051-1.c -O3 -fomit-frame-pointer -funroll-loops -fpeel-loops -ftracer -finline-functions line 40 v == 1
FAIL: gcc.dg/guality/pr43051-1.c -O3 -g line 35 v == 1
FAIL: gcc.dg/guality/pr43051-1.c -O3 -g line 40 v == 1
FAIL: gcc.dg/guality/pr43051-1.c -Os line 40 v == 1
FAIL: gcc.dg/guality/pr43177.c -O1 line 24 x == 7
FAIL: gcc.dg/guality/pr43177.c -O2 line 24 x == 7
FAIL: gcc.dg/guality/pr43177.c -O2 -flto -fno-use-linker-plugin -flto-partition=none line 24 x == 7
FAIL: gcc.dg/guality/pr43177.c -O2 -flto -fuse-linker-plugin -fno-fat-lto-objects line 24 x == 7
FAIL: gcc.dg/guality/pr43177.c -O3 -g line 24 x == 7
FAIL: gcc.dg/guality/pr43177.c -Os line 24 x == 7
FAIL: gcc.dg/guality/pr45882.c -O1 line 16 b == 7
FAIL: gcc.dg/guality/pr45882.c -O1 line 16 c == 11
FAIL: gcc.dg/guality/pr45882.c -O1 line 16 d == 112
FAIL: gcc.dg/guality/pr45882.c -O1 line 16 e == 142
FAIL: gcc.dg/guality/pr45882.c -O2 line 16 b == 7
FAIL: gcc.dg/guality/pr45882.c -O2 line 16 c == 11
FAIL: gcc.dg/guality/pr45882.c -O2 line 16 d == 112
FAIL: gcc.dg/guality/pr45882.c -O2 line 16 e == 142
FAIL: gcc.dg/guality/pr45882.c -O2 -flto -fno-use-linker-plugin -flto-partition=none line 16 b == 7
FAIL: gcc.dg/guality/pr45882.c -O2 -flto -fno-use-linker-plugin -flto-partition=none line 16 c == 11
FAIL: gcc.dg/guality/pr45882.c -O2 -flto -fno-use-linker-plugin -flto-partition=none line 16 d == 112
FAIL: gcc.dg/guality/pr45882.c -O2 -flto -fno-use-linker-plugin -flto-partition=none line 16 e == 142
FAIL: gcc.dg/guality/pr45882.c -O2 -flto -fuse-linker-plugin -fno-fat-lto-objects line 16 b == 7
FAIL: gcc.dg/guality/pr45882.c -O2 -flto -fuse-linker-plugin -fno-fat-lto-objects line 16 c == 11
FAIL: gcc.dg/guality/pr45882.c -O2 -flto -fuse-linker-plugin -fno-fat-lto-objects line 16 d == 112
FAIL: gcc.dg/guality/pr45882.c -O2 -flto -fuse-linker-plugin -fno-fat-lto-objects line 16 e == 142
FAIL: gcc.dg/guality/pr45882.c -O3 -g line 16 b == 7
FAIL: gcc.dg/guality/pr45882.c -O3 -g line 16 c == 11
FAIL: gcc.dg/guality/pr45882.c -O3 -g line 16 d == 112
FAIL: gcc.dg/guality/pr45882.c -O3 -g line 16 e == 142
FAIL: gcc.dg/guality/pr45882.c -Os line 16 b == 7
FAIL: gcc.dg/guality/pr45882.c -Os line 16 c == 11
FAIL: gcc.dg/guality/pr45882.c -Os line 16 d == 112
FAIL: gcc.dg/guality/pr45882.c -Os line 16 e == 142
FAIL: gcc.dg/guality/pr54519-1.c -O1 line 20 x == 36
FAIL: gcc.dg/guality/pr54519-1.c -O1 line 20 y == 25
FAIL: gcc.dg/guality/pr54519-1.c -O1 line 20 z == 6
FAIL: gcc.dg/guality/pr54519-1.c -O1 line 23 x == 98
FAIL: gcc.dg/guality/pr54519-1.c -O1 line 23 y == 117
FAIL: gcc.dg/guality/pr54519-1.c -O1 line 23 z == 8
FAIL: gcc.dg/guality/pr54519-1.c -O2 line 20 x == 36
FAIL: gcc.dg/guality/pr54519-1.c -O2 line 20 y == 25
FAIL: gcc.dg/guality/pr54519-1.c -O2 line 20 z == 6
FAIL: gcc.dg/guality/pr54519-1.c -O2 line 23 x == 98
FAIL: gcc.dg/guality/pr54519-1.c -O2 line 23 y == 117
FAIL: gcc.dg/guality/pr54519-1.c -O2 line 23 z == 8
FAIL: gcc.dg/guality/pr54519-1.c -O2 -flto -fno-use-linker-plugin -flto-partition=none line 20 x == 36
FAIL: gcc.dg/guality/pr54519-1.c -O2 -flto -fno-use-linker-plugin -flto-partition=none line 20 y == 25
FAIL: gcc.dg/guality/pr54519-1.c -O2 -flto -fno-use-linker-plugin -flto-partition=none line 20 z == 6
FAIL: gcc.dg/guality/pr54519-1.c -O2 -flto -fno-use-linker-plugin -flto-partition=none line 23 x == 98
FAIL: gcc.dg/guality/pr54519-1.c -O2 -flto -fno-use-linker-plugin -flto-partition=none line 23 y == 117
FAIL: gcc.dg/guality/pr54519-1.c -O2 -flto -fno-use-linker-plugin -flto-partition=none line 23 z == 8
FAIL: gcc.dg/guality/pr54519-1.c -O2 -flto -fuse-linker-plugin -fno-fat-lto-objects line 20 x == 36
FAIL: gcc.dg/guality/pr54519-1.c -O2 -flto -fuse-linker-plugin -fno-fat-lto-objects line 20 y == 25
FAIL: gcc.dg/guality/pr54519-1.c -O2 -flto -fuse-linker-plugin -fno-fat-lto-objects line 23 x == 98
FAIL: gcc.dg/guality/pr54519-1.c -O2 -flto -fuse-linker-plugin -fno-fat-lto-objects line 23 y == 117
FAIL: gcc.dg/guality/pr54519-1.c -O3 -g line 23 x == 98
FAIL: gcc.dg/guality/pr54519-1.c -O3 -g line 23 y == 117
FAIL: gcc.dg/guality/pr54519-1.c -Os line 20 x == 36
FAIL: gcc.dg/guality/pr54519-1.c -Os line 20 y == 25
FAIL: gcc.dg/guality/pr54519-1.c -Os line 20 z == 6
FAIL: gcc.dg/guality/pr54519-1.c -Os line 23 x == 98
FAIL: gcc.dg/guality/pr54519-1.c -Os line 23 y == 117
FAIL: gcc.dg/guality/pr54519-1.c -Os line 23 z == 8
FAIL: gcc.dg/guality/pr54519-2.c -O1 line 17 x == 6
FAIL: gcc.dg/guality/pr54519-2.c -O1 line 17 y == 25
FAIL: gcc.dg/guality/pr54519-2.c -O2 line 17 x == 6
FAIL: gcc.dg/guality/pr54519-2.c -O2 line 17 y == 25
FAIL: gcc.dg/guality/pr54519-2.c -O2 -flto -fno-use-linker-plugin -flto-partition=none line 17 x == 6
FAIL: gcc.dg/guality/pr54519-2.c -O2 -flto -fno-use-linker-plugin -flto-partition=none line 17 y == 25
FAIL: gcc.dg/guality/pr54519-2.c -O2 -flto -fuse-linker-plugin -fno-fat-lto-objects line 17 y == 25
FAIL: gcc.dg/guality/pr54519-2.c -Os line 17 x == 6
FAIL: gcc.dg/guality/pr54519-2.c -Os line 17 y == 25
FAIL: gcc.dg/guality/pr54519-3.c -O1 line 20 x == 36
FAIL: gcc.dg/guality/pr54519-3.c -O1 line 20 y == 25
FAIL: gcc.dg/guality/pr54519-3.c -O1 line 20 z == 6
FAIL: gcc.dg/guality/pr54519-3.c -O1 line 23 x == 98
FAIL: gcc.dg/guality/pr54519-3.c -O1 line 23 y == 117
FAIL: gcc.dg/guality/pr54519-3.c -O1 line 23 z == 8
FAIL: gcc.dg/guality/pr54519-3.c -O2 line 20 z == 6
FAIL: gcc.dg/guality/pr54519-3.c -O2 line 23 z == 8
FAIL: gcc.dg/guality/pr54519-3.c -O2 -flto -fno-use-linker-plugin -flto-partition=none line 20 y == 25
FAIL: gcc.dg/guality/pr54519-3.c -O2 -flto -fno-use-linker-plugin -flto-partition=none line 20 z == 6
FAIL: gcc.dg/guality/pr54519-3.c -O2 -flto -fno-use-linker-plugin -flto-partition=none line 23 y == 117
FAIL: gcc.dg/guality/pr54519-3.c -O2 -flto -fno-use-linker-plugin -flto-partition=none line 23 z == 8
FAIL: gcc.dg/guality/pr54519-3.c -O2 -flto -fuse-linker-plugin -fno-fat-lto-objects line 20 y == 25
FAIL: gcc.dg/guality/pr54519-3.c -O2 -flto -fuse-linker-plugin -fno-fat-lto-objects line 20 z == 6
FAIL: gcc.dg/guality/pr54519-3.c -O2 -flto -fuse-linker-plugin -fno-fat-lto-objects line 23 y == 117
FAIL: gcc.dg/guality/pr54519-3.c -O2 -flto -fuse-linker-plugin -fno-fat-lto-objects line 23 z == 8
FAIL: gcc.dg/guality/pr54519-3.c -O3 -g line 20 z == 6
FAIL: gcc.dg/guality/pr54519-3.c -O3 -g line 23 z == 8
FAIL: gcc.dg/guality/pr54519-3.c -Os line 20 z == 6
FAIL: gcc.dg/guality/pr54519-3.c -Os line 23 z == 8
FAIL: gcc.dg/guality/pr54519-4.c -O1 line 17 x == 6
FAIL: gcc.dg/guality/pr54519-4.c -O1 line 17 y == 25
FAIL: gcc.dg/guality/pr54519-4.c -O2 line 17 y == 25
FAIL: gcc.dg/guality/pr54519-4.c -O2 -flto -fno-use-linker-plugin -flto-partition=none line 17 y == 25
FAIL: gcc.dg/guality/pr54519-4.c -O2 -flto -fuse-linker-plugin -fno-fat-lto-objects line 17 y == 25
FAIL: gcc.dg/guality/pr54519-4.c -O3 -g line 17 y == 25
FAIL: gcc.dg/guality/pr54519-4.c -Os line 17 y == 25
FAIL: gcc.dg/guality/pr54519-5.c -O1 line 17 x == 6
FAIL: gcc.dg/guality/pr54519-5.c -O1 line 17 y == 25
FAIL: gcc.dg/guality/pr54519-5.c -O2 line 17 x == 6
FAIL: gcc.dg/guality/pr54519-5.c -O2 line 17 y == 25
FAIL: gcc.dg/guality/pr54519-5.c -O2 -flto -fno-use-linker-plugin -flto-partition=none line 17 x == 6
FAIL: gcc.dg/guality/pr54519-5.c -O2 -flto -fno-use-linker-plugin -flto-partition=none line 17 y == 25
FAIL: gcc.dg/guality/pr54519-5.c -O2 -flto -fuse-linker-plugin -fno-fat-lto-objects line 17 y == 25
FAIL: gcc.dg/guality/pr54519-5.c -O3 -g line 17 y == 25
FAIL: gcc.dg/guality/pr54519-5.c -Os line 17 x == 6
FAIL: gcc.dg/guality/pr54519-5.c -Os line 17 y == 25
FAIL: gcc.dg/guality/pr54551.c -O1 line 18 a == 4
FAIL: gcc.dg/guality/pr54551.c -O1 line 18 z == 3
FAIL: gcc.dg/guality/pr54551.c -O2 line 18 a == 4
FAIL: gcc.dg/guality/pr54551.c -O2 line 18 z == 3
FAIL: gcc.dg/guality/pr54551.c -O2 -flto -fno-use-linker-plugin -flto-partition=none line 18 a == 4
FAIL: gcc.dg/guality/pr54551.c -O2 -flto -fno-use-linker-plugin -flto-partition=none line 18 z == 3
FAIL: gcc.dg/guality/pr54551.c -O3 -g line 18 a == 4
FAIL: gcc.dg/guality/pr54551.c -O3 -g line 18 z == 3
FAIL: gcc.dg/guality/pr54551.c -Os line 18 a == 4
FAIL: gcc.dg/guality/pr54551.c -Os line 18 z == 3
FAIL: gcc.dg/guality/pr54693.c -O1 line 22 i == c - 48
FAIL: gcc.dg/guality/pr54693.c -O2 line 22 i == c - 48
FAIL: gcc.dg/guality/pr54693.c -O2 -flto -fno-use-linker-plugin -flto-partition=none line 22 i == c - 48
FAIL: gcc.dg/guality/pr54693.c -O2 -flto -fuse-linker-plugin -fno-fat-lto-objects line 22 i == c - 48
FAIL: gcc.dg/guality/pr54693.c -O3 -fomit-frame-pointer -funroll-loops -fpeel-loops -ftracer -finline-functions line 22 i == c - 48
FAIL: gcc.dg/guality/pr54693.c -O3 -g line 22 i == c - 48
FAIL: gcc.dg/guality/pr54796.c -O1 line 17 a == 5
FAIL: gcc.dg/guality/pr54796.c -O1 line 17 b == 6
FAIL: gcc.dg/guality/pr54796.c -O1 line 17 c == 5
FAIL: gcc.dg/guality/pr54796.c -O2 line 17 a == 5
FAIL: gcc.dg/guality/pr54796.c -O2 line 17 b == 6
FAIL: gcc.dg/guality/pr54796.c -O2 line 17 c == 5
FAIL: gcc.dg/guality/pr54796.c -O2 -flto -fno-use-linker-plugin -flto-partition=none line 17 a == 5
FAIL: gcc.dg/guality/pr54796.c -O2 -flto -fno-use-linker-plugin -flto-partition=none line 17 b == 6
FAIL: gcc.dg/guality/pr54796.c -O2 -flto -fno-use-linker-plugin -flto-partition=none line 17 c == 5
FAIL: gcc.dg/guality/pr54796.c -O2 -flto -fuse-linker-plugin -fno-fat-lto-objects line 17 a == 5
FAIL: gcc.dg/guality/pr54796.c -O2 -flto -fuse-linker-plugin -fno-fat-lto-objects line 17 b == 6
FAIL: gcc.dg/guality/pr54796.c -O2 -flto -fuse-linker-plugin -fno-fat-lto-objects line 17 c == 5
FAIL: gcc.dg/guality/pr54796.c -O3 -g line 17 a == 5
FAIL: gcc.dg/guality/pr54796.c -O3 -g line 17 b == 6
FAIL: gcc.dg/guality/pr54796.c -O3 -g line 17 c == 5
FAIL: gcc.dg/guality/pr54796.c -Os line 17 a == 5
FAIL: gcc.dg/guality/pr54796.c -Os line 17 b == 6
FAIL: gcc.dg/guality/pr54796.c -Os line 17 c == 5
FAIL: gcc.dg/guality/pr54970.c -O1 line 15 *p == 3
FAIL: gcc.dg/guality/pr54970.c -O1 line 15 a[2] == 3
FAIL: gcc.dg/guality/pr54970.c -O2 line 15 *p == 3
FAIL: gcc.dg/guality/pr54970.c -O2 line 15 a[2] == 3
FAIL: gcc.dg/guality/pr54970.c -O3 -g line 15 *p == 3
FAIL: gcc.dg/guality/pr54970.c -O3 -g line 15 a[2] == 3
FAIL: gcc.dg/guality/pr54970.c -Os line 15 *p == 3
FAIL: gcc.dg/guality/pr54970.c -Os line 15 a[2] == 3
FAIL: gcc.dg/guality/pr58791-5.c -O1 line pr58791-5.c:20 b1 == 9
FAIL: gcc.dg/guality/pr58791-5.c -O1 line pr58791-5.c:20 b2 == 73
FAIL: gcc.dg/guality/pr58791-5.c -O1 line pr58791-5.c:20 b3 == 585
FAIL: gcc.dg/guality/pr58791-5.c -O1 line pr58791-5.c:20 b4 == 4681
FAIL: gcc.dg/guality/pr58791-5.c -O2 line pr58791-5.c:20 b1 == 9
FAIL: gcc.dg/guality/pr58791-5.c -O2 line pr58791-5.c:20 b2 == 73
FAIL: gcc.dg/guality/pr58791-5.c -O2 line pr58791-5.c:20 b3 == 585
FAIL: gcc.dg/guality/pr58791-5.c -O2 line pr58791-5.c:20 b4 == 4681
FAIL: gcc.dg/guality/pr58791-5.c -O2 -flto -fno-use-linker-plugin -flto-partition=none line pr58791-5.c:20 b1 == 9
FAIL: gcc.dg/guality/pr58791-5.c -O2 -flto -fno-use-linker-plugin -flto-partition=none line pr58791-5.c:20 b2 == 73
FAIL: gcc.dg/guality/pr58791-5.c -O2 -flto -fno-use-linker-plugin -flto-partition=none line pr58791-5.c:20 b3 == 585
FAIL: gcc.dg/guality/pr58791-5.c -O2 -flto -fno-use-linker-plugin -flto-partition=none line pr58791-5.c:20 b4 == 4681
FAIL: gcc.dg/guality/pr58791-5.c -O2 -flto -fuse-linker-plugin -fno-fat-lto-objects line pr58791-5.c:20 b1 == 9
FAIL: gcc.dg/guality/pr58791-5.c -O2 -flto -fuse-linker-plugin -fno-fat-lto-objects line pr58791-5.c:20 b2 == 73
FAIL: gcc.dg/guality/pr58791-5.c -O2 -flto -fuse-linker-plugin -fno-fat-lto-objects line pr58791-5.c:20 b3 == 585
FAIL: gcc.dg/guality/pr58791-5.c -O2 -flto -fuse-linker-plugin -fno-fat-lto-objects line pr58791-5.c:20 b4 == 4681
FAIL: gcc.dg/guality/pr58791-5.c -O3 -g line pr58791-5.c:20 b1 == 9
FAIL: gcc.dg/guality/pr58791-5.c -O3 -g line pr58791-5.c:20 b2 == 73
FAIL: gcc.dg/guality/pr58791-5.c -O3 -g line pr58791-5.c:20 b3 == 585
FAIL: gcc.dg/guality/pr58791-5.c -O3 -g line pr58791-5.c:20 b4 == 4681
FAIL: gcc.dg/guality/pr58791-5.c -Os line pr58791-5.c:20 b1 == 9
FAIL: gcc.dg/guality/pr58791-5.c -Os line pr58791-5.c:20 b2 == 73
FAIL: gcc.dg/guality/pr58791-5.c -Os line pr58791-5.c:20 b3 == 585
FAIL: gcc.dg/guality/pr58791-5.c -Os line pr58791-5.c:20 b4 == 4681
FAIL: gcc.dg/guality/pr68860-1.c -O1 line 14 arg7 == 30
FAIL: gcc.dg/guality/pr68860-1.c -O1 line 14 arg8 == 7
FAIL: gcc.dg/guality/pr68860-1.c -O1 line 16 arg7 == 30
FAIL: gcc.dg/guality/pr68860-1.c -O1 line 16 arg8 == 7
FAIL: gcc.dg/guality/pr68860-1.c -O2 line 14 arg1 == 1
FAIL: gcc.dg/guality/pr68860-1.c -O2 line 14 arg2 == 2
FAIL: gcc.dg/guality/pr68860-1.c -O2 line 14 arg3 == 3
FAIL: gcc.dg/guality/pr68860-1.c -O2 line 14 arg4 == 4
FAIL: gcc.dg/guality/pr68860-1.c -O2 line 14 arg5 == 5
FAIL: gcc.dg/guality/pr68860-1.c -O2 line 14 arg6 == 6
FAIL: gcc.dg/guality/pr68860-1.c -O2 line 14 arg7 == 30
FAIL: gcc.dg/guality/pr68860-1.c -O2 line 16 arg1 == 1
FAIL: gcc.dg/guality/pr68860-1.c -O2 line 16 arg2 == 2
FAIL: gcc.dg/guality/pr68860-1.c -O2 line 16 arg3 == 3
FAIL: gcc.dg/guality/pr68860-1.c -O2 line 16 arg4 == 4
FAIL: gcc.dg/guality/pr68860-1.c -O2 line 16 arg5 == 5
FAIL: gcc.dg/guality/pr68860-1.c -O2 line 16 arg6 == 6
FAIL: gcc.dg/guality/pr68860-1.c -O2 line 16 arg7 == 30
FAIL: gcc.dg/guality/pr68860-1.c -O2 -flto -fno-use-linker-plugin -flto-partition=none line 14 arg1 == 1
FAIL: gcc.dg/guality/pr68860-1.c -O2 -flto -fno-use-linker-plugin -flto-partition=none line 14 arg2 == 2
FAIL: gcc.dg/guality/pr68860-1.c -O2 -flto -fno-use-linker-plugin -flto-partition=none line 14 arg3 == 3
FAIL: gcc.dg/guality/pr68860-1.c -O2 -flto -fno-use-linker-plugin -flto-partition=none line 14 arg4 == 4
FAIL: gcc.dg/guality/pr68860-1.c -O2 -flto -fno-use-linker-plugin -flto-partition=none line 14 arg5 == 5
FAIL: gcc.dg/guality/pr68860-1.c -O2 -flto -fno-use-linker-plugin -flto-partition=none line 14 arg6 == 6
FAIL: gcc.dg/guality/pr68860-1.c -O2 -flto -fno-use-linker-plugin -flto-partition=none line 14 arg7 == 30
FAIL: gcc.dg/guality/pr68860-1.c -O2 -flto -fno-use-linker-plugin -flto-partition=none line 16 arg1 == 1
FAIL: gcc.dg/guality/pr68860-1.c -O2 -flto -fno-use-linker-plugin -flto-partition=none line 16 arg2 == 2
FAIL: gcc.dg/guality/pr68860-1.c -O2 -flto -fno-use-linker-plugin -flto-partition=none line 16 arg3 == 3
FAIL: gcc.dg/guality/pr68860-1.c -O2 -flto -fno-use-linker-plugin -flto-partition=none line 16 arg4 == 4
FAIL: gcc.dg/guality/pr68860-1.c -O2 -flto -fno-use-linker-plugin -flto-partition=none line 16 arg5 == 5
FAIL: gcc.dg/guality/pr68860-1.c -O2 -flto -fno-use-linker-plugin -flto-partition=none line 16 arg6 == 6
FAIL: gcc.dg/guality/pr68860-1.c -O2 -flto -fno-use-linker-plugin -flto-partition=none line 16 arg7 == 30
FAIL: gcc.dg/guality/pr68860-1.c -O2 -flto -fuse-linker-plugin -fno-fat-lto-objects line 14 arg1 == 1
FAIL: gcc.dg/guality/pr68860-1.c -O2 -flto -fuse-linker-plugin -fno-fat-lto-objects line 14 arg2 == 2
FAIL: gcc.dg/guality/pr68860-1.c -O2 -flto -fuse-linker-plugin -fno-fat-lto-objects line 14 arg3 == 3
FAIL: gcc.dg/guality/pr68860-1.c -O2 -flto -fuse-linker-plugin -fno-fat-lto-objects line 14 arg4 == 4
FAIL: gcc.dg/guality/pr68860-1.c -O2 -flto -fuse-linker-plugin -fno-fat-lto-objects line 14 arg5 == 5
FAIL: gcc.dg/guality/pr68860-1.c -O2 -flto -fuse-linker-plugin -fno-fat-lto-objects line 14 arg6 == 6
FAIL: gcc.dg/guality/pr68860-1.c -O2 -flto -fuse-linker-plugin -fno-fat-lto-objects line 14 arg7 == 30
FAIL: gcc.dg/guality/pr68860-1.c -O2 -flto -fuse-linker-plugin -fno-fat-lto-objects line 16 arg1 == 1
FAIL: gcc.dg/guality/pr68860-1.c -O2 -flto -fuse-linker-plugin -fno-fat-lto-objects line 16 arg2 == 2
FAIL: gcc.dg/guality/pr68860-1.c -O2 -flto -fuse-linker-plugin -fno-fat-lto-objects line 16 arg3 == 3
FAIL: gcc.dg/guality/pr68860-1.c -O2 -flto -fuse-linker-plugin -fno-fat-lto-objects line 16 arg4 == 4
FAIL: gcc.dg/guality/pr68860-1.c -O2 -flto -fuse-linker-plugin -fno-fat-lto-objects line 16 arg5 == 5
FAIL: gcc.dg/guality/pr68860-1.c -O2 -flto -fuse-linker-plugin -fno-fat-lto-objects line 16 arg6 == 6
FAIL: gcc.dg/guality/pr68860-1.c -O2 -flto -fuse-linker-plugin -fno-fat-lto-objects line 16 arg7 == 30
FAIL: gcc.dg/guality/pr68860-1.c -O3 -g line 14 arg1 == 1
FAIL: gcc.dg/guality/pr68860-1.c -O3 -g line 14 arg2 == 2
FAIL: gcc.dg/guality/pr68860-1.c -O3 -g line 14 arg3 == 3
FAIL: gcc.dg/guality/pr68860-1.c -O3 -g line 14 arg4 == 4
FAIL: gcc.dg/guality/pr68860-1.c -O3 -g line 14 arg5 == 5
FAIL: gcc.dg/guality/pr68860-1.c -O3 -g line 14 arg6 == 6
FAIL: gcc.dg/guality/pr68860-1.c -O3 -g line 14 arg7 == 30
FAIL: gcc.dg/guality/pr68860-1.c -O3 -g line 16 arg1 == 1
FAIL: gcc.dg/guality/pr68860-1.c -O3 -g line 16 arg2 == 2
FAIL: gcc.dg/guality/pr68860-1.c -O3 -g line 16 arg3 == 3
FAIL: gcc.dg/guality/pr68860-1.c -O3 -g line 16 arg4 == 4
FAIL: gcc.dg/guality/pr68860-1.c -O3 -g line 16 arg5 == 5
FAIL: gcc.dg/guality/pr68860-1.c -O3 -g line 16 arg6 == 6
FAIL: gcc.dg/guality/pr68860-1.c -O3 -g line 16 arg7 == 30
FAIL: gcc.dg/guality/pr68860-1.c -Os line 14 arg1 == 1
FAIL: gcc.dg/guality/pr68860-1.c -Os line 14 arg2 == 2
FAIL: gcc.dg/guality/pr68860-1.c -Os line 14 arg3 == 3
FAIL: gcc.dg/guality/pr68860-1.c -Os line 14 arg4 == 4
FAIL: gcc.dg/guality/pr68860-1.c -Os line 14 arg5 == 5
FAIL: gcc.dg/guality/pr68860-1.c -Os line 14 arg6 == 6
FAIL: gcc.dg/guality/pr68860-1.c -Os line 14 arg7 == 30
FAIL: gcc.dg/guality/pr68860-1.c -Os line 16 arg1 == 1
FAIL: gcc.dg/guality/pr68860-1.c -Os line 16 arg2 == 2
FAIL: gcc.dg/guality/pr68860-1.c -Os line 16 arg3 == 3
FAIL: gcc.dg/guality/pr68860-1.c -Os line 16 arg4 == 4
FAIL: gcc.dg/guality/pr68860-1.c -Os line 16 arg5 == 5
FAIL: gcc.dg/guality/pr68860-1.c -Os line 16 arg6 == 6
FAIL: gcc.dg/guality/pr68860-1.c -Os line 16 arg7 == 30
FAIL: gcc.dg/guality/pr68860-2.c -O1 line 14 arg7 == 30
FAIL: gcc.dg/guality/pr68860-2.c -O1 line 14 arg8 == 7
FAIL: gcc.dg/guality/pr68860-2.c -O1 line 16 arg7 == 30
FAIL: gcc.dg/guality/pr68860-2.c -O1 line 16 arg8 == 7
FAIL: gcc.dg/guality/pr68860-2.c -O2 line 14 arg7 == 30
FAIL: gcc.dg/guality/pr68860-2.c -O2 line 14 arg8 == 7
FAIL: gcc.dg/guality/pr68860-2.c -O2 line 16 arg7 == 30
FAIL: gcc.dg/guality/pr68860-2.c -O2 line 16 arg8 == 7
FAIL: gcc.dg/guality/pr68860-2.c -O2 -flto -fno-use-linker-plugin -flto-partition=none line 14 arg7 == 30
FAIL: gcc.dg/guality/pr68860-2.c -O2 -flto -fno-use-linker-plugin -flto-partition=none line 14 arg8 == 7
FAIL: gcc.dg/guality/pr68860-2.c -O2 -flto -fno-use-linker-plugin -flto-partition=none line 16 arg7 == 30
FAIL: gcc.dg/guality/pr68860-2.c -O2 -flto -fno-use-linker-plugin -flto-partition=none line 16 arg8 == 7
FAIL: gcc.dg/guality/pr68860-2.c -O2 -flto -fuse-linker-plugin -fno-fat-lto-objects line 14 arg1 == 1
FAIL: gcc.dg/guality/pr68860-2.c -O2 -flto -fuse-linker-plugin -fno-fat-lto-objects line 14 arg2 == 2
FAIL: gcc.dg/guality/pr68860-2.c -O2 -flto -fuse-linker-plugin -fno-fat-lto-objects line 14 arg3 == 3
FAIL: gcc.dg/guality/pr68860-2.c -O2 -flto -fuse-linker-plugin -fno-fat-lto-objects line 14 arg4 == 4
FAIL: gcc.dg/guality/pr68860-2.c -O2 -flto -fuse-linker-plugin -fno-fat-lto-objects line 14 arg5 == 5
FAIL: gcc.dg/guality/pr68860-2.c -O2 -flto -fuse-linker-plugin -fno-fat-lto-objects line 14 arg6 == 6
FAIL: gcc.dg/guality/pr68860-2.c -O2 -flto -fuse-linker-plugin -fno-fat-lto-objects line 14 arg7 == 30
FAIL: gcc.dg/guality/pr68860-2.c -O2 -flto -fuse-linker-plugin -fno-fat-lto-objects line 16 arg1 == 1
FAIL: gcc.dg/guality/pr68860-2.c -O2 -flto -fuse-linker-plugin -fno-fat-lto-objects line 16 arg2 == 2
FAIL: gcc.dg/guality/pr68860-2.c -O2 -flto -fuse-linker-plugin -fno-fat-lto-objects line 16 arg3 == 3
FAIL: gcc.dg/guality/pr68860-2.c -O2 -flto -fuse-linker-plugin -fno-fat-lto-objects line 16 arg4 == 4
FAIL: gcc.dg/guality/pr68860-2.c -O2 -flto -fuse-linker-plugin -fno-fat-lto-objects line 16 arg5 == 5
FAIL: gcc.dg/guality/pr68860-2.c -O2 -flto -fuse-linker-plugin -fno-fat-lto-objects line 16 arg6 == 6
FAIL: gcc.dg/guality/pr68860-2.c -O2 -flto -fuse-linker-plugin -fno-fat-lto-objects line 16 arg7 == 30
FAIL: gcc.dg/guality/pr68860-2.c -O3 -g line 14 arg1 == 1
FAIL: gcc.dg/guality/pr68860-2.c -O3 -g line 14 arg2 == 2
FAIL: gcc.dg/guality/pr68860-2.c -O3 -g line 14 arg3 == 3
FAIL: gcc.dg/guality/pr68860-2.c -O3 -g line 14 arg4 == 4
FAIL: gcc.dg/guality/pr68860-2.c -O3 -g line 14 arg5 == 5
FAIL: gcc.dg/guality/pr68860-2.c -O3 -g line 14 arg6 == 6
FAIL: gcc.dg/guality/pr68860-2.c -O3 -g line 14 arg7 == 30
FAIL: gcc.dg/guality/pr68860-2.c -O3 -g line 16 arg1 == 1
FAIL: gcc.dg/guality/pr68860-2.c -O3 -g line 16 arg2 == 2
FAIL: gcc.dg/guality/pr68860-2.c -O3 -g line 16 arg3 == 3
FAIL: gcc.dg/guality/pr68860-2.c -O3 -g line 16 arg4 == 4
FAIL: gcc.dg/guality/pr68860-2.c -O3 -g line 16 arg5 == 5
FAIL: gcc.dg/guality/pr68860-2.c -O3 -g line 16 arg6 == 6
FAIL: gcc.dg/guality/pr68860-2.c -O3 -g line 16 arg7 == 30
FAIL: gcc.dg/guality/pr68860-2.c -O3 -g line 16 arg8 == 7
FAIL: gcc.dg/guality/pr68860-2.c -Os line 14 arg7 == 30
FAIL: gcc.dg/guality/pr68860-2.c -Os line 14 arg8 == 7
FAIL: gcc.dg/guality/pr68860-2.c -Os line 16 arg7 == 30
FAIL: gcc.dg/guality/pr68860-2.c -Os line 16 arg8 == 7
FAIL: gcc.dg/guality/vla-1.c -O1 line 17 sizeof (a) == 6
FAIL: gcc.dg/guality/vla-1.c -O2 line 17 sizeof (a) == 6
FAIL: gcc.dg/guality/vla-1.c -O2 -flto -fno-use-linker-plugin -flto-partition=none line 17 sizeof (a) == 6
FAIL: gcc.dg/guality/vla-1.c -O2 -flto -fuse-linker-plugin -fno-fat-lto-objects line 17 i == 5
FAIL: gcc.dg/guality/vla-1.c -O2 -flto -fuse-linker-plugin -fno-fat-lto-objects line 17 sizeof (a) == 6
FAIL: gcc.dg/guality/vla-1.c -O3 -g line 17 i == 5
FAIL: gcc.dg/guality/vla-1.c -O3 -g line 17 sizeof (a) == 6
FAIL: gcc.dg/guality/vla-1.c -Os line 17 sizeof (a) == 6
FAIL: c-c++-common/simulate-thread/bitfields-1.c -O0 -g thread simulation test
FAIL: c-c++-common/simulate-thread/bitfields-1.c -O2 -g thread simulation test
FAIL: c-c++-common/simulate-thread/bitfields-1.c -O3 -g thread simulation test
FAIL: c-c++-common/simulate-thread/bitfields-2.c -O0 -g thread simulation test
FAIL: c-c++-common/simulate-thread/bitfields-2.c -O2 -g thread simulation test
FAIL: c-c++-common/simulate-thread/bitfields-2.c -O3 -g thread simulation test
FAIL: c-c++-common/simulate-thread/bitfields-3.c -O0 -g thread simulation test
FAIL: c-c++-common/simulate-thread/bitfields-3.c -O2 -g thread simulation test
FAIL: c-c++-common/simulate-thread/bitfields-3.c -O3 -g thread simulation test
FAIL: c-c++-common/simulate-thread/bitfields-4.c -O0 -g thread simulation test
FAIL: c-c++-common/simulate-thread/bitfields-4.c -O2 -g thread simulation test
FAIL: c-c++-common/simulate-thread/bitfields-4.c -O3 -g thread simulation test
FAIL: gcc.dg/simulate-thread/subfields.c -O0 -g thread simulation test
=== gcc Summary ===
# of expected passes 85523
# of unexpected failures 467
# of unexpected successes 13
# of expected failures 144
# of unsupported tests 1505
/space/uros/gcc-build-nobwx/gcc/xgcc version 6.0.0 20151221 (experimental) [trunk revision 231874] (GCC)
=== gfortran tests ===
Running target unix
FAIL: gfortran.dg/pr45636.f90 -O scan-tree-dump-times forwprop2 "memset" 0
=== gfortran Summary ===
# of expected passes 41322
# of unexpected failures 1
# of expected failures 70
# of unsupported tests 57
/space/uros/gcc-build-nobwx/gcc/testsuite/gfortran/../../gfortran version 6.0.0 20151221 (experimental) [trunk revision 231874] (GCC)
=== g++ tests ===
Running target unix
FAIL: g++.dg/guality/pr55665.C -O2 line 23 p == 40
FAIL: g++.dg/guality/pr55665.C -O3 -g line 23 p == 40
FAIL: c-c++-common/simulate-thread/bitfields-1.c -O0 -g thread simulation test
FAIL: c-c++-common/simulate-thread/bitfields-1.c -O1 -g thread simulation test
FAIL: c-c++-common/simulate-thread/bitfields-1.c -O2 -g -std=c++98 thread simulation test
FAIL: c-c++-common/simulate-thread/bitfields-1.c -O3 -g -std=c++11 thread simulation test
FAIL: c-c++-common/simulate-thread/bitfields-1.c -Os -g thread simulation test
FAIL: c-c++-common/simulate-thread/bitfields-2.c -O0 -g thread simulation test
FAIL: c-c++-common/simulate-thread/bitfields-2.c -O1 -g thread simulation test
FAIL: c-c++-common/simulate-thread/bitfields-2.c -O2 -g -std=c++98 thread simulation test
FAIL: c-c++-common/simulate-thread/bitfields-2.c -O3 -g -std=c++11 thread simulation test
FAIL: c-c++-common/simulate-thread/bitfields-2.c -Os -g thread simulation test
FAIL: c-c++-common/simulate-thread/bitfields-3.c -O1 -g thread simulation test
FAIL: c-c++-common/simulate-thread/bitfields-3.c -O2 -g -std=c++98 thread simulation test
FAIL: c-c++-common/simulate-thread/bitfields-3.c -O3 -g -std=c++11 thread simulation test
FAIL: c-c++-common/simulate-thread/bitfields-3.c -Os -g thread simulation test
FAIL: c-c++-common/simulate-thread/bitfields-4.c -O0 -g thread simulation test
FAIL: c-c++-common/simulate-thread/bitfields-4.c -O1 -g thread simulation test
FAIL: c-c++-common/simulate-thread/bitfields-4.c -O2 -g -std=c++98 thread simulation test
FAIL: c-c++-common/simulate-thread/bitfields-4.c -O3 -g -std=c++11 thread simulation test
FAIL: c-c++-common/simulate-thread/bitfields-4.c -Os -g thread simulation test
FAIL: g++.dg/simulate-thread/bitfields-2.C -O0 -g thread simulation test
FAIL: g++.dg/simulate-thread/bitfields-2.C -O1 -g thread simulation test
FAIL: g++.dg/simulate-thread/bitfields-2.C -O2 -g -std=c++98 thread simulation test
FAIL: g++.dg/simulate-thread/bitfields-2.C -O3 -g -std=c++11 thread simulation test
FAIL: g++.dg/simulate-thread/bitfields-2.C -Os -g thread simulation test
FAIL: g++.dg/simulate-thread/bitfields.C -O0 -g thread simulation test
FAIL: g++.dg/simulate-thread/bitfields.C -O1 -g thread simulation test
FAIL: g++.dg/simulate-thread/bitfields.C -O2 -g -std=c++98 thread simulation test
FAIL: g++.dg/simulate-thread/bitfields.C -O3 -g -std=c++11 thread simulation test
FAIL: g++.dg/simulate-thread/bitfields.C -Os -g thread simulation test
XPASS: g++.dg/tls/thread_local-order2.C -std=c++11 execution test
XPASS: g++.dg/tls/thread_local-order2.C -std=c++14 execution test
=== g++ Summary ===
# of expected passes 90431
# of unexpected failures 31
# of unexpected successes 2
# of expected failures 261
# of unsupported tests 3596
/space/uros/gcc-build-nobwx/gcc/testsuite/g++/../../xg++ version 6.0.0 20151221 (experimental) [trunk revision 231874] (GCC)
Compiler version: 6.0.0 20151221 (experimental) [trunk revision 231874] (GCC)
Platform: alpha-unknown-linux-gnu
configure flags: --host=alpha-linux-gnu --build=alpha-linux-gnu --target=alpha-linux-gnu --with-ld=/space/homedirs/uros/local/bin/ld --enable-languages=c,c++,fortran
BOOT_CFLAGS=-g -O2
More information about the Gcc-testresults
mailing list