Results for 6.0.0 20151218 (experimental) [trunk revision 231814] (GCC) testsuite on sparc-sun-solaris2.12

Rainer Orth ro@CeBiTec.Uni-Bielefeld.DE
Sat Dec 19 15:28:00 GMT 2015


LAST_UPDATED: Fri Dec 18 11:26:17 UTC 2015 (revision 231814)

		=== acats tests ===

		=== acats Summary ===
# of expected passes		2320
# of unexpected failures	0
Native configuration is sparc-sun-solaris2.12

		=== g++ tests ===


Running target unix
FAIL: g++.dg/cpp0x/constexpr-reinterpret1.C  -std=c++11  (test for errors, line 21)
FAIL: g++.dg/cpp0x/constexpr-reinterpret1.C  -std=c++11 (test for excess errors)
FAIL: g++.dg/cpp0x/constexpr-reinterpret1.C  -std=c++14  (test for errors, line 21)
FAIL: g++.dg/cpp0x/constexpr-reinterpret1.C  -std=c++14 (test for excess errors)

		=== g++ Summary for unix ===

# of expected passes		89608
# of unexpected failures	4
# of expected failures		263
# of unsupported tests		3682

Running target unix/-m64

		=== g++ Summary for unix/-m64 ===

# of expected passes		91484
# of expected failures		263
# of unsupported tests		3659

		=== g++ Summary ===

# of expected passes		181092
# of unexpected failures	4
# of expected failures		526
# of unsupported tests		7341
/var/gcc/regression/trunk/12-gcc-gas/build/gcc/testsuite/g++/../../xg++  version 6.0.0 20151218 (experimental) [trunk revision 231814] (GCC) 

		=== gcc tests ===


Running target unix
FAIL: gcc.c-torture/execute/builtins/memops-asm.c execution,  -O2 -flto 
FAIL: gcc.dg/atomic/c11-atomic-exec-3.c   -O3 -g  (test for excess errors)
WARNING: gcc.dg/atomic/c11-atomic-exec-3.c   -O3 -g  compilation failed to produce executable
WARNING: program timed out.
FAIL: gcc.dg/debug/dwarf2/stacked-qualified-types-3.c scan-assembler-times DIE \\\\([^\\n]*\\\\) DW_TAG_(?:const|volatile|atomic|restrict)_type 8
FAIL: gcc.dg/graphite/id-pr45230-1.c (internal compiler error)
FAIL: gcc.dg/graphite/id-pr45230-1.c (test for excess errors)
UNRESOLVED: gcc.dg/lto/pr61886 c_lto_pr61886_0.o-c_lto_pr61886_0.o execute  -flto -O2 -Werror 
FAIL: gcc.dg/lto/pr61886 c_lto_pr61886_0.o-c_lto_pr61886_0.o link,  -flto -O2 -Werror 
FAIL: gcc.dg/simulate-thread/atomic-other-int.c   -O2 -g  thread simulation test
FAIL: gcc.dg/simulate-thread/atomic-other-int.c   -O3 -g  thread simulation test
FAIL: gcc.dg/simulate-thread/speculative-store-4.c   -O0 -g  thread simulation test
FAIL: gcc.dg/simulate-thread/speculative-store-4.c   -O2 -g  thread simulation test
FAIL: gcc.dg/simulate-thread/speculative-store-4.c   -O3 -g  thread simulation test
FAIL: gcc.dg/simulate-thread/speculative-store.c   -O0 -g  thread simulation test
FAIL: gcc.dg/torture/pr68264.c   -O0  execution test
FAIL: gcc.dg/torture/pr68264.c   -O1  execution test
FAIL: gcc.dg/torture/pr68264.c   -O2  execution test
FAIL: gcc.dg/torture/pr68264.c   -O2 -flto  execution test
FAIL: gcc.dg/torture/pr68264.c   -O2 -flto -flto-partition=none  execution test
FAIL: gcc.dg/torture/pr68264.c   -O3 -g  execution test
FAIL: gcc.dg/torture/pr68264.c   -Os  execution test
FAIL: gcc.dg/vect/bb-slp-pr68892.c -flto -ffat-lto-objects  scan-tree-dump slp2 "not profitable"
FAIL: gcc.dg/vect/bb-slp-pr68892.c scan-tree-dump slp2 "not profitable"
FAIL: gcc.dg/vect/pr46032.c -flto -ffat-lto-objects  scan-tree-dump-times vect "note: vectorized 1 loop" 1
FAIL: gcc.dg/vect/pr46032.c scan-tree-dump-times vect "note: vectorized 1 loop" 1

		=== gcc Summary for unix ===

# of expected passes		85970
# of unexpected failures	23
# of expected failures		338
# of unresolved testcases	1
# of unsupported tests		2043

Running target unix/-m64
FAIL: gcc.c-torture/execute/builtins/memops-asm.c execution,  -O2 -flto 
FAIL: gcc.c-torture/execute/stkalign.c   -O0  execution test
FAIL: gcc.c-torture/execute/stkalign.c   -O1  execution test
FAIL: gcc.c-torture/execute/stkalign.c   -O2  execution test
FAIL: gcc.c-torture/execute/stkalign.c   -O2 -flto  execution test
FAIL: gcc.c-torture/execute/stkalign.c   -O2 -flto -flto-partition=none  execution test
FAIL: gcc.c-torture/execute/stkalign.c   -O3 -g  execution test
FAIL: gcc.c-torture/execute/stkalign.c   -Os  execution test
FAIL: gcc.dg/debug/dwarf2/stacked-qualified-types-3.c scan-assembler-times DIE \\\\([^\\n]*\\\\) DW_TAG_(?:const|volatile|atomic|restrict)_type 8
FAIL: gcc.dg/ifcvt-4.c scan-rtl-dump ce1 "2 true changes made"
UNRESOLVED: gcc.dg/lto/pr61886 c_lto_pr61886_0.o-c_lto_pr61886_0.o execute  -flto -O2 -Werror 
FAIL: gcc.dg/lto/pr61886 c_lto_pr61886_0.o-c_lto_pr61886_0.o link,  -flto -O2 -Werror 
FAIL: gcc.dg/torture/pr68264.c   -O0  execution test
FAIL: gcc.dg/torture/pr68264.c   -O1  execution test
FAIL: gcc.dg/torture/pr68264.c   -O2  execution test
FAIL: gcc.dg/torture/pr68264.c   -O2 -flto  execution test
FAIL: gcc.dg/torture/pr68264.c   -O2 -flto -flto-partition=none  execution test
FAIL: gcc.dg/torture/pr68264.c   -O3 -g  execution test
FAIL: gcc.dg/torture/pr68264.c   -Os  execution test
FAIL: gcc.dg/vect/bb-slp-pr68892.c -flto -ffat-lto-objects  scan-tree-dump slp2 "not profitable"
FAIL: gcc.dg/vect/bb-slp-pr68892.c scan-tree-dump slp2 "not profitable"
FAIL: gcc.dg/vect/pr46032.c -flto -ffat-lto-objects  scan-tree-dump-times vect "note: vectorized 1 loop" 1
FAIL: gcc.dg/vect/pr46032.c scan-tree-dump-times vect "note: vectorized 1 loop" 1

		=== gcc Summary for unix/-m64 ===

# of expected passes		86771
# of unexpected failures	22
# of expected failures		325
# of unresolved testcases	1
# of unsupported tests		1968

		=== gcc Summary ===

# of expected passes		172741
# of unexpected failures	45
# of expected failures		663
# of unresolved testcases	2
# of unsupported tests		4011
/var/gcc/regression/trunk/12-gcc-gas/build/gcc/xgcc  version 6.0.0 20151218 (experimental) [trunk revision 231814] (GCC) 

		=== gfortran tests ===


Running target unix
FAIL: gfortran.dg/coarray/event_1.f90 -fcoarray=lib  -O2  -lcaf_single -latomic execution test
FAIL: gfortran.dg/coarray/event_2.f90 -fcoarray=lib  -O2  -lcaf_single -latomic execution test

		=== gfortran Summary for unix ===

# of expected passes		41112
# of unexpected failures	2
# of expected failures		72
# of unsupported tests		227

Running target unix/-m64
FAIL: gfortran.dg/coarray/event_1.f90 -fcoarray=lib  -O2  -lcaf_single -latomic execution test
FAIL: gfortran.dg/coarray/event_2.f90 -fcoarray=lib  -O2  -lcaf_single -latomic execution test
FAIL: gfortran.dg/large_real_kind_2.F90   -O0  execution test
FAIL: gfortran.dg/norm2_3.f90   -O0  execution test
FAIL: gfortran.dg/norm2_3.f90   -O1  execution test
FAIL: gfortran.dg/norm2_3.f90   -O2  execution test
FAIL: gfortran.dg/norm2_3.f90   -O3 -fomit-frame-pointer -funroll-loops -fpeel-loops -ftracer -finline-functions  execution test
FAIL: gfortran.dg/norm2_3.f90   -O3 -g  execution test
FAIL: gfortran.dg/norm2_3.f90   -Os  execution test

		=== gfortran Summary for unix/-m64 ===

# of expected passes		41352
# of unexpected failures	9
# of expected failures		72
# of unsupported tests		106

		=== gfortran Summary ===

# of expected passes		82464
# of unexpected failures	11
# of expected failures		144
# of unsupported tests		333
/var/gcc/regression/trunk/12-gcc-gas/build/gcc/testsuite/gfortran/../../gfortran  version 6.0.0 20151218 (experimental) [trunk revision 231814] (GCC) 

		=== gnat tests ===


Running target unix

		=== gnat Summary for unix ===

# of expected passes		2450
# of expected failures		22
# of unsupported tests		22

Running target unix/-m64

		=== gnat Summary for unix/-m64 ===

# of expected passes		2450
# of expected failures		22
# of unsupported tests		22

		=== gnat Summary ===

# of expected passes		4900
# of expected failures		44
# of unsupported tests		44
/var/gcc/regression/trunk/12-gcc-gas/build/gcc/gnatmake version 6.0.0 20151218 (experimental) [trunk revision 231814]

		=== go tests ===


Running target unix

		=== go Summary for unix ===

# of expected passes		7363
# of expected failures		1
# of untested testcases		11
# of unsupported tests		3

Running target unix/-m64

		=== go Summary for unix/-m64 ===

# of expected passes		7243
# of expected failures		1
# of untested testcases		11
# of unsupported tests		3

		=== go Summary ===

# of expected passes		14606
# of expected failures		2
# of untested testcases		22
# of unsupported tests		6
		=== obj-c++ tests ===


Running target unix
FAIL: obj-c++.dg/property/dotsyntax-11.mm -fgnu-runtime  (test for errors, line 51)
FAIL: obj-c++.dg/property/dotsyntax-11.mm -fgnu-runtime  (test for errors, line 56)
FAIL: obj-c++.dg/property/dotsyntax-11.mm -fgnu-runtime  (test for errors, line 59)

		=== obj-c++ Summary for unix ===

# of expected passes		1451
# of unexpected failures	3
# of expected failures		2
# of unsupported tests		77

Running target unix/-m64
FAIL: obj-c++.dg/property/dotsyntax-11.mm -fgnu-runtime  (test for errors, line 51)
FAIL: obj-c++.dg/property/dotsyntax-11.mm -fgnu-runtime  (test for errors, line 56)
FAIL: obj-c++.dg/property/dotsyntax-11.mm -fgnu-runtime  (test for errors, line 59)

		=== obj-c++ Summary for unix/-m64 ===

# of expected passes		1443
# of unexpected failures	3
# of expected failures		10
# of unsupported tests		77

		=== obj-c++ Summary ===

# of expected passes		2894
# of unexpected failures	6
# of expected failures		12
# of unsupported tests		154
/var/gcc/regression/trunk/12-gcc-gas/build/gcc/testsuite/obj-c++/../../xg++  version 6.0.0 20151218 (experimental) [trunk revision 231814] (GCC) 

		=== objc tests ===


Running target unix

		=== objc Summary for unix ===

# of expected passes		2788
# of unsupported tests		68

Running target unix/-m64

		=== objc Summary for unix/-m64 ===

# of expected passes		2788
# of unsupported tests		68

		=== objc Summary ===

# of expected passes		5576
# of unsupported tests		136
/var/gcc/regression/trunk/12-gcc-gas/build/gcc/xgcc  version 6.0.0 20151218 (experimental) [trunk revision 231814] (GCC) 

		=== boehm-gc tests ===


Running target unix

		=== boehm-gc Summary for unix ===

# of expected passes		12
# of unsupported tests		1

Running target unix/-m64

		=== boehm-gc Summary for unix/-m64 ===

# of expected passes		12
# of unsupported tests		1

		=== boehm-gc Summary ===

# of expected passes		24
# of unsupported tests		2
		=== libatomic tests ===


Running target unix

		=== libatomic Summary for unix ===

# of expected passes		44
# of unsupported tests		5

Running target unix/-m64

		=== libatomic Summary for unix/-m64 ===

# of expected passes		54

		=== libatomic Summary ===

# of expected passes		98
# of unsupported tests		5
		=== libffi tests ===


Running target unix

		=== libffi Summary for unix ===

# of expected passes		1914
# of unsupported tests		30

Running target unix/-m64

		=== libffi Summary for unix/-m64 ===

# of expected passes		1914
# of unsupported tests		30

		=== libffi Summary ===

# of expected passes		3828
# of unsupported tests		60
		=== libgo tests ===


Running target unix
FAIL: reflect
FAIL: go/build
FAIL: net/http
FAIL: runtime/pprof

		=== libgo Summary for unix ===

# of expected passes		129
# of unexpected failures	4

Running target unix/-m64
FAIL: go/build
FAIL: runtime/pprof

		=== libgo Summary for unix/-m64 ===

# of expected passes		131
# of unexpected failures	2

		=== libgo Summary ===

# of expected passes		260
# of unexpected failures	6
/var/gcc/regression/trunk/12-gcc-gas/build/./gcc/gccgo version 6.0.0 20151218 (experimental) [trunk revision 231814] (GCC)

		=== libgomp tests ===


Running target unix

		=== libgomp Summary for unix ===

# of expected passes		4592
# of unsupported tests		304

Running target unix/-m64

		=== libgomp Summary for unix/-m64 ===

# of expected passes		4592
# of unsupported tests		304

		=== libgomp Summary ===

# of expected passes		9184
# of unsupported tests		608
		=== libitm tests ===


Running target unix

		=== libitm Summary for unix ===

# of expected passes		38
# of expected failures		3
# of unsupported tests		1

Running target unix/-m64

		=== libitm Summary for unix/-m64 ===

# of expected passes		38
# of expected failures		3
# of unsupported tests		1

		=== libitm Summary ===

# of expected passes		76
# of expected failures		6
# of unsupported tests		2
		=== libjava tests ===


Running target unix

		=== libjava Summary for unix ===

# of expected passes		2582
# of expected failures		4

Running target unix/-m64

		=== libjava Summary for unix/-m64 ===

# of expected passes		2582
# of expected failures		4

		=== libjava Summary ===

# of expected passes		5164
# of expected failures		8
		=== libstdc++ tests ===


Running target unix
FAIL: 28_regex/algorithms/regex_match/ecma/wchar_t/63199.cc (test for excess errors)
WARNING: 28_regex/algorithms/regex_match/ecma/wchar_t/63199.cc compilation failed to produce executable
WARNING: program timed out.

		=== libstdc++ Summary for unix ===

# of expected passes		9882
# of unexpected failures	1
# of expected failures		68
# of unsupported tests		615

Running target unix/-m64
FAIL: 28_regex/algorithms/regex_match/ecma/char/58576.cc (test for excess errors)
WARNING: 28_regex/algorithms/regex_match/ecma/char/58576.cc compilation failed to produce executable
FAIL: 28_regex/algorithms/regex_search/ecma/assertion.cc (test for excess errors)
WARNING: 28_regex/algorithms/regex_search/ecma/assertion.cc compilation failed to produce executable
FAIL: 28_regex/basic_regex/imbue/string.cc (test for excess errors)
WARNING: 28_regex/basic_regex/imbue/string.cc compilation failed to produce executable
FAIL: 30_threads/packaged_task/cons/move.cc (test for excess errors)
WARNING: 30_threads/packaged_task/cons/move.cc compilation failed to produce executable
WARNING: program timed out.
WARNING: program timed out.
WARNING: program timed out.
WARNING: program timed out.

		=== libstdc++ Summary for unix/-m64 ===

# of expected passes		9876
# of unexpected failures	4
# of expected failures		68
# of unsupported tests		615

		=== libstdc++ Summary ===

# of expected passes		19758
# of unexpected failures	5
# of expected failures		136
# of unsupported tests		1230

Compiler version: 6.0.0 20151218 (experimental) [trunk revision 231814] (GCC) 
Platform: sparc-sun-solaris2.12
configure flags: --prefix=/vol/gcc --target=sparc-sun-solaris2.12 --enable-objc-gc --with-as=/vol/gcc/bin/gas-2.25 --with-gnu-as --with-gmp-include=/vol/gcc/include --with-gmp-lib=/vol/gcc/lib --with-mpfr-include=/vol/gcc/include --with-mpfr-lib=/vol/gcc/lib --with-mpc-include=/vol/gcc/include --with-mpc-lib=/vol/gcc/lib --enable-languages=all,ada,obj-c++,go --with-isl-include=/vol/gcc/include --with-isl-lib=/vol/gcc/lib
BOOT_CFLAGS=-g -O2



More information about the Gcc-testresults mailing list