Results for 4.9.3 (Debian 4.9.3-10) testsuite on powerpc64le-unknown-linux-gnu
Matthias Klose
doko@debian.org
Tue Dec 8 17:56:00 GMT 2015
LAST_UPDATED: Sun Dec 6 16:53:40 UTC 2015 (revision 231339)
Target: powerpc64le-linux-gnu
gcc version 4.9.3 (Debian 4.9.3-10)
Native configuration is powerpc64le-unknown-linux-gnu
=== g++ tests ===
Running target unix
FAIL: g++.dg/cpp1y/vla-initlist1.C -std=c++1y execution test
XPASS: g++.dg/tls/thread_local-order2.C -std=c++11 execution test
XPASS: g++.dg/tls/thread_local-order2.C -std=c++1y execution test
=== g++ Summary for unix ===
# of expected passes 82773
# of unexpected failures 1
# of unexpected successes 2
# of expected failures 446
# of unsupported tests 3075
Running target unix/-fstack-protector
FAIL: g++.dg/cpp1y/vla-initlist1.C -std=c++1y execution test
XPASS: g++.dg/tls/thread_local-order2.C -std=c++11 execution test
XPASS: g++.dg/tls/thread_local-order2.C -std=c++1y execution test
=== g++ Summary for unix/-fstack-protector ===
# of expected passes 82773
# of unexpected failures 1
# of unexpected successes 2
# of expected failures 446
# of unsupported tests 3075
=== g++ Summary ===
# of expected passes 165546
# of unexpected failures 2
# of unexpected successes 4
# of expected failures 892
# of unsupported tests 6150
/home/doko/gcc/gcc-4.9-4.9.3/build/gcc/testsuite/g++/../../xg++ version 4.9.3 (Debian 4.9.3-10)
=== gcc tests ===
Running target unix
FAIL: gcc.dg/atomic/c11-atomic-exec-5.c -O0 execution test
FAIL: gcc.dg/atomic/c11-atomic-exec-5.c -O1 execution test
FAIL: gcc.dg/atomic/c11-atomic-exec-5.c -O2 execution test
FAIL: gcc.dg/atomic/c11-atomic-exec-5.c -O3 -fomit-frame-pointer execution test
FAIL: gcc.dg/atomic/c11-atomic-exec-5.c -O3 -fomit-frame-pointer -funroll-loops execution test
FAIL: gcc.dg/atomic/c11-atomic-exec-5.c -O3 -fomit-frame-pointer -funroll-all-loops -finline-functions execution test
FAIL: gcc.dg/atomic/c11-atomic-exec-5.c -O3 -g execution test
FAIL: gcc.dg/atomic/c11-atomic-exec-5.c -Os execution test
FAIL: gcc.dg/atomic/c11-atomic-exec-5.c -O2 -flto -fno-use-linker-plugin -flto-partition=none execution test
FAIL: gcc.dg/atomic/c11-atomic-exec-5.c -O2 -flto -fuse-linker-plugin -fno-fat-lto-objects execution test
FAIL: gcc.dg/and-1.c scan-assembler-not nand
FAIL: gcc.dg/binop-xor1.c scan-tree-dump-times optimized "\\\\^" 1
FAIL: gcc.dg/tree-ssa/ssa-dom-thread-4.c scan-tree-dump-times dom1 "Threaded" 3
FAIL: gcc.dg/tree-ssa/vrp47.c scan-tree-dump-times vrp1 "[xy][^ ]* !=" 0
FAIL: gcc.dg/vect/costmodel/ppc/costmodel-vect-76b.c scan-tree-dump-times vect "vectorized 1 loops" 1
=== gcc Summary for unix ===
# of expected passes 95736
# of unexpected failures 15
# of expected failures 275
# of unsupported tests 1537
Running target unix/-fstack-protector
FAIL: gcc.dg/atomic/c11-atomic-exec-5.c -O0 execution test
FAIL: gcc.dg/atomic/c11-atomic-exec-5.c -O1 execution test
FAIL: gcc.dg/atomic/c11-atomic-exec-5.c -O2 execution test
FAIL: gcc.dg/atomic/c11-atomic-exec-5.c -O3 -fomit-frame-pointer execution test
FAIL: gcc.dg/atomic/c11-atomic-exec-5.c -O3 -fomit-frame-pointer -funroll-loops execution test
FAIL: gcc.dg/atomic/c11-atomic-exec-5.c -O3 -fomit-frame-pointer -funroll-all-loops -finline-functions execution test
FAIL: gcc.dg/atomic/c11-atomic-exec-5.c -O3 -g execution test
FAIL: gcc.dg/atomic/c11-atomic-exec-5.c -Os execution test
FAIL: gcc.dg/atomic/c11-atomic-exec-5.c -O2 -flto -fno-use-linker-plugin -flto-partition=none execution test
FAIL: gcc.dg/atomic/c11-atomic-exec-5.c -O2 -flto -fuse-linker-plugin -fno-fat-lto-objects execution test
FAIL: gcc.dg/and-1.c scan-assembler-not nand
FAIL: gcc.dg/binop-xor1.c scan-tree-dump-times optimized "\\\\^" 1
FAIL: gcc.dg/stack-usage-1.c scan-file foo\\t(256|264)\\tstatic
FAIL: gcc.dg/superblock.c scan-rtl-dump-times sched2 "ADVANCING TO" 2
FAIL: gcc.dg/tree-ssa/ssa-dom-thread-4.c scan-tree-dump-times dom1 "Threaded" 3
FAIL: gcc.dg/tree-ssa/vrp47.c scan-tree-dump-times vrp1 "[xy][^ ]* !=" 0
FAIL: gcc.dg/vect/costmodel/ppc/costmodel-vect-76b.c scan-tree-dump-times vect "vectorized 1 loops" 1
=== gcc Summary for unix/-fstack-protector ===
# of expected passes 95734
# of unexpected failures 17
# of expected failures 275
# of unsupported tests 1537
=== gcc Summary ===
# of expected passes 191470
# of unexpected failures 32
# of expected failures 550
# of unsupported tests 3074
/home/doko/gcc/gcc-4.9-4.9.3/build/gcc/xgcc version 4.9.3 (Debian 4.9.3-10)
=== gfortran tests ===
Running target unix
=== gfortran Summary for unix ===
# of expected passes 46354
# of expected failures 68
# of unsupported tests 88
Running target unix/-fstack-protector
=== gfortran Summary for unix/-fstack-protector ===
# of expected passes 46354
# of expected failures 68
# of unsupported tests 88
=== gfortran Summary ===
# of expected passes 92708
# of expected failures 136
# of unsupported tests 176
/home/doko/gcc/gcc-4.9-4.9.3/build/gcc/testsuite/gfortran/../../gfortran version 4.9.3 (Debian 4.9.3-10)
=== go tests ===
Running target unix
FAIL: go.test/test/ken/cplx2.go execution, -O2 -g
FAIL: go.test/test/recover.go execution, -O2 -g
=== go Summary for unix ===
# of expected passes 7246
# of unexpected failures 2
# of expected failures 1
# of untested testcases 10
# of unsupported tests 3
Running target unix/-fstack-protector
FAIL: go.test/test/ken/cplx2.go execution, -O2 -g
FAIL: go.test/test/recover.go execution, -O2 -g
=== go Summary for unix/-fstack-protector ===
# of expected passes 7246
# of unexpected failures 2
# of expected failures 1
# of untested testcases 10
# of unsupported tests 3
=== go Summary ===
# of expected passes 14492
# of unexpected failures 4
# of expected failures 2
# of untested testcases 20
# of unsupported tests 6
/home/doko/gcc/gcc-4.9-4.9.3/build/gcc/testsuite/go/../../gccgo version 4.9.3 (Debian 4.9.3-10)
=== obj-c++ tests ===
Running target unix
=== obj-c++ Summary for unix ===
# of expected passes 1441
# of expected failures 10
# of unsupported tests 86
Running target unix/-fstack-protector
=== obj-c++ Summary for unix/-fstack-protector ===
# of expected passes 1441
# of expected failures 10
# of unsupported tests 86
=== obj-c++ Summary ===
# of expected passes 2882
# of expected failures 20
# of unsupported tests 172
/home/doko/gcc/gcc-4.9-4.9.3/build/gcc/testsuite/obj-c++/../../xg++ version 4.9.3 (Debian 4.9.3-10)
=== objc tests ===
Running target unix
=== objc Summary for unix ===
# of expected passes 2994
# of unsupported tests 74
Running target unix/-fstack-protector
=== objc Summary for unix/-fstack-protector ===
# of expected passes 2994
# of unsupported tests 74
=== objc Summary ===
# of expected passes 5988
# of unsupported tests 148
/home/doko/gcc/gcc-4.9-4.9.3/build/gcc/xgcc version 4.9.3 (Debian 4.9.3-10)
=== boehm-gc tests ===
Running target unix
=== boehm-gc Summary for unix ===
# of expected passes 12
# of unsupported tests 1
Running target unix/-fstack-protector
=== boehm-gc Summary for unix/-fstack-protector ===
# of expected passes 12
# of unsupported tests 1
=== boehm-gc Summary ===
# of expected passes 24
# of unsupported tests 2
=== libatomic tests ===
Running target unix
=== libatomic Summary for unix ===
# of expected passes 54
Running target unix/-fstack-protector
=== libatomic Summary for unix/-fstack-protector ===
# of expected passes 54
=== libatomic Summary ===
# of expected passes 108
=== libffi tests ===
Running target unix
=== libffi Summary for unix ===
# of expected passes 1819
# of unsupported tests 55
Running target unix/-fstack-protector
=== libffi Summary for unix/-fstack-protector ===
# of expected passes 1819
# of unsupported tests 55
=== libffi Summary ===
# of expected passes 3638
# of unsupported tests 110
=== libgo tests ===
Running target unix
FAIL: math
FAIL: net
FAIL: time
FAIL: crypto/tls
FAIL: crypto/x509
=== libgo Summary ===
# of expected passes 117
# of unexpected failures 5
/home/doko/gcc/gcc-4.9-4.9.3/build/./gcc/gccgo version 4.9.3 (Debian 4.9.3-10)
=== libgomp tests ===
Running target unix
=== libgomp Summary for unix ===
# of expected passes 3313
# of unsupported tests 36
Running target unix/-fstack-protector
=== libgomp Summary for unix/-fstack-protector ===
# of expected passes 3313
# of unsupported tests 36
=== libgomp Summary ===
# of expected passes 6626
# of unsupported tests 72
=== libitm tests ===
Running target unix
=== libitm Summary for unix ===
# of expected passes 26
# of expected failures 3
# of unsupported tests 1
Running target unix/-fstack-protector
=== libitm Summary for unix/-fstack-protector ===
# of expected passes 26
# of expected failures 3
# of unsupported tests 1
=== libitm Summary ===
# of expected passes 52
# of expected failures 6
# of unsupported tests 2
=== libjava tests ===
Running target unix
=== libjava Summary for unix ===
# of expected passes 2582
# of expected failures 4
Running target unix/-fstack-protector
=== libjava Summary for unix/-fstack-protector ===
# of expected passes 2582
# of expected failures 4
=== libjava Summary ===
# of expected passes 5164
# of expected failures 8
=== libstdc++ tests ===
Running target unix
FAIL: 22_locale/numpunct/members/char/3.cc execution test
FAIL: 22_locale/time_get/get_date/wchar_t/4.cc execution test
=== libstdc++ Summary for unix ===
# of expected passes 10101
# of unexpected failures 2
# of expected failures 41
# of unsupported tests 231
Running target unix/-fstack-protector
FAIL: 22_locale/numpunct/members/char/3.cc execution test
FAIL: 22_locale/time_get/get_date/wchar_t/4.cc execution test
=== libstdc++ Summary for unix/-fstack-protector ===
# of expected passes 10101
# of unexpected failures 2
# of expected failures 41
# of unsupported tests 231
=== libstdc++ Summary ===
# of expected passes 20202
# of unexpected failures 4
# of expected failures 82
# of unsupported tests 462
Compiler version: 4.9.3 (Debian 4.9.3-10)
Platform: powerpc64le-unknown-linux-gnu
configure flags: -v --with-pkgversion='Debian 4.9.3-10' --with-bugurl=file:///usr/share/doc/gcc-4.9/README.Bugs --enable-languages=c,c++,java,go,d,fortran,objc,obj-c++ --prefix=/usr --program-suffix=-4.9 --enable-shared --enable-linker-build-id --libexecdir=/usr/lib --without-included-gettext --enable-threads=posix --with-gxx-include-dir=/usr/include/c++/4.9 --libdir=/usr/lib --enable-nls --with-sysroot=/ --enable-clocale=gnu --enable-libstdcxx-debug --enable-libstdcxx-time=yes --enable-gnu-unique-object --disable-libsanitizer --disable-libsanitizer --disable-libquadmath --enable-plugin --with-system-zlib --disable-browser-plugin --enable-java-awt=gtk --enable-gtk-cairo --with-java-home=/usr/lib/jvm/java-1.5.0-gcj-4.9-ppc64el/jre --enable-java-home --with-jvm-root-dir=/usr/lib/jvm/java-1.5.0-gcj-4.9-ppc64el --with-jvm-jar-dir=/usr/lib/jvm-exports/java-1.5.0-gcj-4.9-ppc64el --with-arch-directory=ppc64 --with-ecj-jar=/usr/share/java/eclipse-ecj.jar --enable-objc-gc --enable-secureplt --with-cpu=power7 --with-tune=power8 --enable-targets=powerpcle-linux --disable-multilib --enable-multiarch --with-long-double-128 --enable-checking=release --build=powerpc64le-linux-gnu --host=powerpc64le-linux-gnu --target=powerpc64le-linux-gnu
BOOT_CFLAGS=
Build Dependencies:
Desired=Unknown/Install/Remove/Purge/Hold
| Status=Not/Inst/Conf-files/Unpacked/halF-conf/Half-inst/trig-aWait/Trig-pend
|/ Err?=(none)/Reinst-required (Status,Err: uppercase=bad)
||/ Name Version Architecture Description
+++-==========================-==================-============-===============================================================================
ii binutils 2.25.90.20151125-2 ppc64el GNU assembler, linker and binary utilities
ii binutils-multiarch 2.25.90.20151125-2 ppc64el Binary utilities that support multi-arch targets
ii binutils-powerpc-linux-gnu 2.25.90.20151125-2 ppc64el GNU binary utilities, for powerpc-linux-gnu target
ii g++-4.9 4.9.3-8 ppc64el GNU C++ compiler
ii g++-5 5.3.1-2 ppc64el GNU C++ compiler
ii libc6:ppc64el 2.21-3 ppc64el GNU C Library: Shared libraries
ii libcloog-isl-dev:ppc64el 0.18.4-1 ppc64el Chunky Loop Generator (development files)
ii libgmp-dev:ppc64el 2:6.1.0+dfsg-2 ppc64el Multiprecision arithmetic library developers tools
ii libisl-dev:ppc64el 0.15-3 ppc64el manipulating sets and relations of integer points bounded by linear constraints
ii libmpc-dev:ppc64el 1.0.3-1 ppc64el multiple precision complex floating-point library development package
ii libmpfr-dev:ppc64el 3.1.3-1 ppc64el multiple precision floating-point computation developers tools
svn-updates:
updates from the 4.9 branch upto 20151206 (r231339).
gcc-gfdl-build:
Build a dummy s-tm-texi without access to the texinfo sources
gcc-textdomain:
Set gettext's domain and textdomain to the versioned package name.
gcc-driver-extra-langs:
Add options and specs for languages that are not built from a source
(but built from separate sources).
gcc-hash-style-gnu:
Link using --hash-style=gnu (aarch64, alpha, amd64, armel, armhf, ia64,
i386, powerpc, ppc64, s390, sparc)
libstdc++-pic:
Build and install libstdc++_pic.a library.
libstdc++-doclink:
adjust hrefs to point to the local documentation
libstdc++-man-3cxx:
Install libstdc++ man pages with suffix .3cxx instead of .3
libstdc++-test-installed:
Add support to run the libstdc++-v3 testsuite using the
installed shared libraries.
libjava-stacktrace:
libgcj: Lookup source file name and line number in separated
debug files found in /usr/lib/debug
libjava-jnipath:
- Add /usr/lib/jni and /usr/lib/<multiarch>/jni to java.library.path.
- When running the i386 binaries on amd64, look in
- /usr/lib32/gcj-x.y and /usr/lib32/jni instead.
libjava-sjlj:
Don't try to use _Unwind_Backtrace on SJLJ targets.
See bug #387875, #388505, GCC PR 29206.
libjava-disable-plugin:
Don't build the gcjwebplugin, even when configured with --enable-plugin
alpha-no-ev4-directive:
never emit .ev4 directive.
boehm-gc-getnprocs:
boehm-gc/pthread_support.c (GC_get_nprocs): Use sysconf as fallback.
note-gnu-stack:
Add .note.GNU-stack sections for gcc's crt files, libffi and boehm-gc
Taken from FC.
libgomp-omp_h-multilib:
Fix up omp.h for multilibs.
sparc-force-cpu:
On sparc default to ultrasparc (v9a) in 32bit mode
gccgo-version:
Omit the subminor number from the go libdir
pr47818:
Fix PR ada/47818: Pragma Assert is rejected with No_Implementation_Pragmas restriction.
gcc-base-version:
Set base version to 4.9, introduce full version 4.9.x.
libgo-testsuite:
Only run the libgo testsuite for flags configured in RUNTESTFLAGS
gcc-target-include-asm:
Search \$(builddir)/sys-include for the asm header files
libgo-revert-timeout-exp:
libgo-setcontext-config:
libgo: Overwrite the setcontext_clobbers_tls check on mips*
gcc-auto-build:
Fix cross building a native compiler.
kfreebsd-unwind:
DWARF2 EH unwinding support for AMD x86-64 and x86 KFreeBSD.
kfreebsd-boehm-gc:
boehm-gc: use mmap instead of brk also on kfreebsd-*.
hurd-boehm-gc:
libffi-m68k:
Apply #660525 fix to in-tree libffi
libitm-no-fortify-source:
Build libitm with -U_FORTIFY_SOURCE on x86 and x86_64.
pr61257:
Fix PR other/61257, check for working sys/sdt.h
pr61046:
Fix PR c++/61046, taken from the trunk.
pr61336:
Fix PR target/61336, taken from the trunk.
pr61126:
gcc-setmultilib-fix:
sparc64-biarch-long-double-128:
Fix --with-long-double-128 for sparc32 when defaulting to 64-bit.
pr61841:
Proposed backport for PR libstdc++/61841
pr61294:
PR middle-end/61294, -Wmemset-transposed-args
pr59586:
Fix PR tree-optimization/59586, segfault with -Ofast -floop-parallelize-all
pr60655-debug-loc:
pr56158:
Fix PR libstdc++/56158, taken from the trunk
pr67899:
Proposed patch for PR sanitizer/67899
gccgo-arm64:
gccgo: Enable cgo by default on linux/arm64.
ada-arm:
ada-hurd:
ada-kfreebsd:
add support for GNU/kFreeBSD.
ada-revert-pr63225:
Revert the changes made to allow bootstrapping with -fno-inline.
We allow inlining during bootstrap and this change breaks aliversion compatibility
with earlier uploads of libgnatvsn4.9. This patch shall be removed in the next
major version of GNAT.
ada-gnattools-ldflags:
Link gnat tools with the defaults LDFLAGS
gdc-4.9:
This implements D language support in the GCC back end, and adds
relevant documentation about the GDC front end (code part).
gdc-versym-cpu:
Implements D CPU version conditions.
gdc-versym-os:
Implements D OS version conditions.
gdc-frontend-posix:
Fix build of the D frontend on the Hurd and KFreeBSD.
gdc-config-ml:
config-ml.in: Add D support.
gdc-base-version:
Use the GCC base version for the D include dir name
gdc-texinfo:
Add macros for the gdc texinfo documentation.
gdc-driver-nophobos:
Modify gdc driver to have no libphobos by default.
disable-gdc-tests:
Disable D tests, hang on many buildds
gcc-sysroot:
Allow building --with-sysroot=/
sys-auxv-header:
Check for the sys/auxv.h header file.
libcilkrts-targets:
Disable libcilkrts on KFreeBSD and the Hurd. See #734973.
go-use-gold:
Pass -fuse-ld=gold to gccgo on targets supporting -fsplit-stack
arm-multilib-defaults:
Set MULTILIB_DEFAULTS for ARM multilib builds
gcc-ice-hack:
Retry the build on an ice, save the calling options and preprocessed
source when the ice is reproducible.
gcc-ice-dump:
For ICEs, dump the preprocessed source file to stderr
when in a distro build environment.
gcc-ice-apport:
Report an ICE to apport (if apport is available
and the environment variable GCC_NOAPPORT is not set)
libjava-fixed-symlinks:
Remove unneed '..' elements from symlinks in JAVA_HOME
libffi-ro-eh_frame_sect:
PR libffi/47248, force a read only eh frame section.
gcc-multiarch:
- Remaining multiarch patches, not yet submitted upstream.
- Add MULTIARCH_DIRNAME definitions for multilib configurations,
which are used for the non-multilib builds.
libjava-multiarch:
Install libjava libraries to multiarch location
libjava-nobiarch-check:
For biarch builds, disable the testsuite for the non-default architecture
for runtime libraries, which are not built by default (libjava).
config-ml:
- Disable some biarch libraries for biarch builds.
- Fix multilib builds on kernels which don't support all multilibs.
g++-multiarch-incdir:
Use /usr/include/<multiarch>/c++/4.x as the include directory
for host dependent c++ header files.
gcc-multilib-multiarch:
Don't auto-detect multilib osdirnames.
mips-fix-loongson2f-nop:
On mips, pass -mfix-loongson2f-nop to as, if -mno-fix-loongson2f-nop
is not passed.
libgomp-kfreebsd-testsuite:
Disable lock-2.c test on kfreebsd-*
go-testsuite:
Skip Go testcase on AArch64 which hangs on the buildds.
fix-ffi_call_VFP-with-no-VFP-argument:
armhf: Fix ffi_call_VFP with no VFP arguments.
ada-749574:
Counting all warnings,
there are 0 warnings in stage3 of this bootstrap.
Number of warnings per file:
Number of warning types:
More information about the Gcc-testresults
mailing list