Results for 6.0.0 20151206 (experimental) testsuite on armv7l-unknown-linux-gnueabi
Mikael Pettersson
mikpelinux@gmail.com
Tue Dec 8 10:11:00 GMT 2015
LAST_UPDATED: Obtained from SVN: trunk revision 231343
Native configuration is armv7l-unknown-linux-gnueabi
=== libatomic tests ===
Running target unix
=== libatomic Summary ===
# of expected passes 44
# of unsupported tests 5
=== libgomp tests ===
Running target unix
FAIL: libgomp.c++/target-6.C execution test
=== libgomp Summary ===
# of expected passes 1623
# of unexpected failures 1
# of unsupported tests 162
=== libitm tests ===
Running target unix
=== libitm Summary ===
# of expected passes 38
# of expected failures 3
# of unsupported tests 1
=== libstdc++ tests ===
Running target unix
FAIL: 22_locale/messages/13631.cc execution test
FAIL: 22_locale/messages/members/char/1.cc execution test
FAIL: 22_locale/messages/members/char/2.cc execution test
FAIL: 22_locale/messages/members/char/wrapped_env.cc execution test
FAIL: 22_locale/messages/members/char/wrapped_locale.cc execution test
FAIL: 22_locale/messages_byname/named_equivalence.cc execution test
UNRESOLVED: experimental/memory/shared_ptr/cons/copy_ctor_neg.cc compilation failed to produce executable
=== libstdc++ Summary ===
# of expected passes 10748
# of unexpected failures 6
# of expected failures 68
# of unresolved testcases 1
# of unsupported tests 255
=== acats tests ===
=== acats Summary ===
# of expected passes 2320
# of unexpected failures 0
=== g++ tests ===
Running target unix
FAIL: g++.dg/cpp0x/constexpr-reinterpret1.C -std=c++11 (test for errors, line 21)
FAIL: g++.dg/cpp0x/constexpr-reinterpret1.C -std=c++11 (test for excess errors)
FAIL: g++.dg/cpp0x/constexpr-reinterpret1.C -std=c++14 (test for errors, line 21)
FAIL: g++.dg/cpp0x/constexpr-reinterpret1.C -std=c++14 (test for excess errors)
FAIL: g++.dg/cpp0x/nsdmi-template14.C -std=c++11 (test for errors, line 4)
FAIL: g++.dg/cpp0x/nsdmi-template14.C -std=c++11 (test for errors, line 6)
FAIL: g++.dg/cpp0x/nsdmi-template14.C -std=c++14 (test for errors, line 4)
FAIL: g++.dg/cpp0x/nsdmi-template14.C -std=c++14 (test for errors, line 6)
FAIL: g++.dg/guality/pr55665.C -O2 line 23 p == 40
FAIL: g++.dg/guality/pr55665.C -O3 -g line 23 p == 40
XPASS: g++.dg/tls/thread_local-order2.C -std=c++11 execution test
XPASS: g++.dg/tls/thread_local-order2.C -std=c++14 execution test
=== g++ Summary ===
# of expected passes 89848
# of unexpected failures 10
# of unexpected successes 2
# of expected failures 264
# of unsupported tests 3789
/mnt/scratch/objdir6/gcc/testsuite/g++/../../xg++ version 6.0.0 20151206 (experimental) (GCC)
=== gcc tests ===
Running target unix
FAIL: gcc.dg/debug/dwarf2/stacked-qualified-types-3.c scan-assembler-times DIE \\\\([^\\n]*\\\\) DW_TAG_(?:const|volatile|atomic|restrict)_type 8
FAIL: gcc.dg/sso-9.c (test for errors, line 25)
XPASS: gcc.dg/guality/example.c -O0 execution test
XPASS: gcc.dg/guality/example.c -O1 execution test
XPASS: gcc.dg/guality/example.c -Os execution test
XPASS: gcc.dg/guality/guality.c -O0 execution test
XPASS: gcc.dg/guality/guality.c -O1 execution test
XPASS: gcc.dg/guality/guality.c -Os execution test
XPASS: gcc.dg/guality/inline-params.c -O2 execution test
XPASS: gcc.dg/guality/inline-params.c -O3 -g execution test
XPASS: gcc.dg/guality/inline-params.c -Os execution test
FAIL: gcc.dg/guality/pr36728-1.c -O2 line 16 y == 2
FAIL: gcc.dg/guality/pr36728-1.c -O2 line 18 y == 2
FAIL: gcc.dg/guality/pr36728-1.c -O3 -g line 16 y == 2
FAIL: gcc.dg/guality/pr36728-1.c -O3 -g line 18 y == 2
FAIL: gcc.dg/guality/pr36728-2.c -O2 line 16 y == 2
FAIL: gcc.dg/guality/pr36728-2.c -O2 line 18 *x == (char) 25
FAIL: gcc.dg/guality/pr36728-2.c -O2 line 18 y == 2
FAIL: gcc.dg/guality/pr36728-2.c -O3 -g line 16 y == 2
FAIL: gcc.dg/guality/pr36728-2.c -O3 -g line 18 *x == (char) 25
FAIL: gcc.dg/guality/pr36728-2.c -O3 -g line 18 y == 2
XPASS: gcc.dg/guality/pr41353-1.c -O0 line 28 j == 28 + 37
FAIL: gcc.dg/guality/pr43051-1.c -O1 line 34 c == &a[0]
FAIL: gcc.dg/guality/pr43051-1.c -O3 -fomit-frame-pointer -funroll-loops -fpeel-loops -ftracer -finline-functions line 34 c == &a[0]
FAIL: gcc.dg/guality/pr43051-1.c -O3 -fomit-frame-pointer -funroll-loops -fpeel-loops -ftracer -finline-functions line 39 c == &a[0]
FAIL: gcc.dg/guality/pr43077-1.c -O1 line 42 varb == 2
FAIL: gcc.dg/guality/pr43077-1.c -O2 line 42 varc == 3
FAIL: gcc.dg/guality/pr43077-1.c -O3 -g line 42 varc == 3
FAIL: gcc.dg/guality/pr43077-1.c -Os line 42 varc == 3
FAIL: gcc.dg/guality/pr43593.c -O1 line 16 j == &i
FAIL: gcc.dg/guality/pr45882.c -O1 line 16 d == 112
FAIL: gcc.dg/guality/pr54200.c -O1 line 20 z == 3
FAIL: gcc.dg/guality/pr54200.c -O2 line 20 z == 3
FAIL: gcc.dg/guality/pr54200.c -O3 -g line 20 z == 3
FAIL: gcc.dg/guality/pr54200.c -Os line 20 z == 3
FAIL: gcc.dg/guality/pr54693.c -O1 line 22 i == c - 48
FAIL: gcc.dg/guality/pr54693.c -O2 line 22 i == c - 48
FAIL: gcc.dg/guality/pr54693.c -O3 -fomit-frame-pointer -funroll-loops -fpeel-loops -ftracer -finline-functions line 22 i == c - 48
FAIL: gcc.dg/guality/pr54693.c -O3 -g line 22 i == c - 48
FAIL: gcc.dg/guality/pr54970.c -O1 line 15 a[0] == 1
FAIL: gcc.dg/guality/pr54970.c -O1 line 20 a[0] == 1
FAIL: gcc.dg/guality/pr54970.c -O1 line 25 a[0] == 1
FAIL: gcc.dg/guality/pr54970.c -O1 line 31 a[0] == 4
FAIL: gcc.dg/guality/pr54970.c -O1 line 36 a[0] == 4
FAIL: gcc.dg/guality/pr54970.c -O1 line 45 a[0] == 4
FAIL: gcc.dg/guality/pr54970.c -O1 line 45 p[-2] == 4
FAIL: gcc.dg/guality/pr54970.c -O1 line 45 q[-1] == 4
FAIL: gcc.dg/guality/pr54970.c -O2 line 15 a[0] == 1
FAIL: gcc.dg/guality/pr54970.c -O2 line 20 a[0] == 1
FAIL: gcc.dg/guality/pr54970.c -O2 line 25 a[0] == 1
FAIL: gcc.dg/guality/pr54970.c -O2 line 31 a[0] == 4
FAIL: gcc.dg/guality/pr54970.c -O2 line 36 a[0] == 4
FAIL: gcc.dg/guality/pr54970.c -O2 line 45 a[0] == 4
FAIL: gcc.dg/guality/pr54970.c -O2 line 45 p[-2] == 4
FAIL: gcc.dg/guality/pr54970.c -O2 line 45 q[-1] == 4
FAIL: gcc.dg/guality/pr54970.c -O3 -g line 15 a[0] == 1
FAIL: gcc.dg/guality/pr54970.c -O3 -g line 20 a[0] == 1
FAIL: gcc.dg/guality/pr54970.c -O3 -g line 25 a[0] == 1
FAIL: gcc.dg/guality/pr54970.c -O3 -g line 31 a[0] == 4
FAIL: gcc.dg/guality/pr54970.c -O3 -g line 36 a[0] == 4
FAIL: gcc.dg/guality/pr54970.c -O3 -g line 45 a[0] == 4
FAIL: gcc.dg/guality/pr54970.c -O3 -g line 45 p[-2] == 4
FAIL: gcc.dg/guality/pr54970.c -O3 -g line 45 q[-1] == 4
FAIL: gcc.dg/guality/pr54970.c -Os line 15 a[0] == 1
FAIL: gcc.dg/guality/pr54970.c -Os line 20 a[0] == 1
FAIL: gcc.dg/guality/pr54970.c -Os line 25 a[0] == 1
FAIL: gcc.dg/guality/pr54970.c -Os line 31 a[0] == 4
FAIL: gcc.dg/guality/pr54970.c -Os line 36 a[0] == 4
FAIL: gcc.dg/guality/pr54970.c -Os line 45 a[0] == 4
FAIL: gcc.dg/guality/pr54970.c -Os line 45 p[-2] == 4
FAIL: gcc.dg/guality/pr54970.c -Os line 45 q[-1] == 4
FAIL: gcc.dg/guality/pr58791-3.c -O1 line pr58791-3.c:19 h == 9
FAIL: gcc.dg/guality/pr58791-3.c -O1 line pr58791-3.c:19 i == 15
FAIL: gcc.dg/guality/pr58791-3.c -O1 line pr58791-3.c:19 l == 10
FAIL: gcc.dg/guality/pr58791-3.c -O1 line pr58791-3.c:19 m == 16
FAIL: gcc.dg/guality/pr58791-3.c -Os line pr58791-3.c:19 h == 9
FAIL: gcc.dg/guality/pr58791-3.c -Os line pr58791-3.c:19 i == 15
FAIL: gcc.dg/guality/pr58791-3.c -Os line pr58791-3.c:19 l == 10
FAIL: gcc.dg/guality/pr58791-3.c -Os line pr58791-3.c:19 m == 16
FAIL: gcc.dg/guality/pr58791-5.c -O1 line pr58791-5.c:20 b4 == 4681
FAIL: gcc.dg/guality/pr58791-5.c -O2 line pr58791-5.c:20 b4 == 4681
FAIL: gcc.dg/guality/pr58791-5.c -O3 -g line pr58791-5.c:20 b4 == 4681
FAIL: gcc.dg/guality/pr58791-5.c -Os line pr58791-5.c:20 b4 == 4681
FAIL: gcc.dg/tree-prof/cold_partition_label.c scan-assembler foo[._]+cold[._]+0
FAIL: gcc.dg/tree-prof/cold_partition_label.c scan-assembler size[ \\ta-zA-Z0-0]+foo[._]+cold[._]+0
FAIL: gcc.dg/tree-prof/crossmodule-indircall-1a.c compilation, -fprofile-generate -D_PROFILE_GENERATE
UNRESOLVED: gcc.dg/tree-prof/crossmodule-indircall-1a.c compilation, -fprofile-use -D_PROFILE_USE
UNRESOLVED: gcc.dg/tree-prof/crossmodule-indircall-1a.c execution, -fprofile-generate -D_PROFILE_GENERATE
UNRESOLVED: gcc.dg/tree-prof/crossmodule-indircall-1a.c execution, -fprofile-use -D_PROFILE_USE
FAIL: gcc.dg/tree-ssa/ssa-dom-cse-2.c scan-tree-dump optimized "return 28;"
FAIL: gcc.dg/vect/O3-pr36098.c scan-tree-dump-times vect "vectorizing stmts using SLP" 0
FAIL: gcc.dg/vect/pr46032.c scan-tree-dump-times vect "note: vectorized 1 loop" 1
FAIL: gcc.dg/vect/vect-outer-1-big-array.c scan-tree-dump-times vect "grouped access in outer loop" 2
FAIL: gcc.dg/vect/vect-outer-1.c scan-tree-dump-times vect "grouped access in outer loop" 2
FAIL: gcc.dg/vect/vect-outer-1a-big-array.c scan-tree-dump-times vect "grouped access in outer loop" 2
FAIL: gcc.dg/vect/vect-outer-1a.c scan-tree-dump-times vect "grouped access in outer loop" 2
FAIL: gcc.dg/vect/vect-outer-1b-big-array.c scan-tree-dump-times vect "grouped access in outer loop" 2
FAIL: gcc.dg/vect/vect-outer-1b.c scan-tree-dump-times vect "grouped access in outer loop" 2
FAIL: gcc.dg/vect/vect-outer-2b.c scan-tree-dump-times vect "grouped access in outer loop" 2
FAIL: gcc.dg/vect/vect-outer-3b.c scan-tree-dump-times vect "grouped access in outer loop" 4
FAIL: gcc.dg/vect/vect-over-widen-3-big-array.c scan-tree-dump-times vect "vect_recog_over_widening_pattern: detected" 2
FAIL: gcc.dg/vect/vect-reduc-dot-s8b.c scan-tree-dump-times vect "vect_recog_widen_mult_pattern: detected" 2
FAIL: gcc.dg/vect/vect-shift-2-big-array.c (test for excess errors)
UNRESOLVED: gcc.dg/vect/vect-shift-2-big-array.c compilation failed to produce executable
FAIL: gcc.dg/vect/vect-shift-2.c (test for excess errors)
UNRESOLVED: gcc.dg/vect/vect-shift-2.c compilation failed to produce executable
FAIL: gcc.target/aarch64/advsimd-intrinsics/vmla_lane.c -O0 (internal compiler error)
FAIL: gcc.target/aarch64/advsimd-intrinsics/vmla_lane.c -O0 (test for excess errors)
UNRESOLVED: gcc.target/aarch64/advsimd-intrinsics/vmla_lane.c -O0 compilation failed to produce executable
FAIL: gcc.target/aarch64/advsimd-intrinsics/vmla_lane.c -O1 (internal compiler error)
FAIL: gcc.target/aarch64/advsimd-intrinsics/vmla_lane.c -O1 (test for excess errors)
UNRESOLVED: gcc.target/aarch64/advsimd-intrinsics/vmla_lane.c -O1 compilation failed to produce executable
FAIL: gcc.target/aarch64/advsimd-intrinsics/vmla_lane.c -O2 (internal compiler error)
FAIL: gcc.target/aarch64/advsimd-intrinsics/vmla_lane.c -O2 (test for excess errors)
UNRESOLVED: gcc.target/aarch64/advsimd-intrinsics/vmla_lane.c -O2 compilation failed to produce executable
FAIL: gcc.target/aarch64/advsimd-intrinsics/vmla_lane.c -O3 -g (internal compiler error)
FAIL: gcc.target/aarch64/advsimd-intrinsics/vmla_lane.c -O3 -g (test for excess errors)
UNRESOLVED: gcc.target/aarch64/advsimd-intrinsics/vmla_lane.c -O3 -g compilation failed to produce executable
FAIL: gcc.target/aarch64/advsimd-intrinsics/vmla_lane.c -Og -g (internal compiler error)
FAIL: gcc.target/aarch64/advsimd-intrinsics/vmla_lane.c -Og -g (test for excess errors)
UNRESOLVED: gcc.target/aarch64/advsimd-intrinsics/vmla_lane.c -Og -g compilation failed to produce executable
FAIL: gcc.target/aarch64/advsimd-intrinsics/vmla_lane.c -Os (internal compiler error)
FAIL: gcc.target/aarch64/advsimd-intrinsics/vmla_lane.c -Os (test for excess errors)
UNRESOLVED: gcc.target/aarch64/advsimd-intrinsics/vmla_lane.c -Os compilation failed to produce executable
FAIL: gcc.target/aarch64/advsimd-intrinsics/vmlal_lane.c -O0 (internal compiler error)
FAIL: gcc.target/aarch64/advsimd-intrinsics/vmlal_lane.c -O0 (test for excess errors)
UNRESOLVED: gcc.target/aarch64/advsimd-intrinsics/vmlal_lane.c -O0 compilation failed to produce executable
FAIL: gcc.target/aarch64/advsimd-intrinsics/vmlal_lane.c -O1 (internal compiler error)
FAIL: gcc.target/aarch64/advsimd-intrinsics/vmlal_lane.c -O1 (test for excess errors)
UNRESOLVED: gcc.target/aarch64/advsimd-intrinsics/vmlal_lane.c -O1 compilation failed to produce executable
FAIL: gcc.target/aarch64/advsimd-intrinsics/vmlal_lane.c -O2 (internal compiler error)
FAIL: gcc.target/aarch64/advsimd-intrinsics/vmlal_lane.c -O2 (test for excess errors)
UNRESOLVED: gcc.target/aarch64/advsimd-intrinsics/vmlal_lane.c -O2 compilation failed to produce executable
FAIL: gcc.target/aarch64/advsimd-intrinsics/vmlal_lane.c -O3 -g (internal compiler error)
FAIL: gcc.target/aarch64/advsimd-intrinsics/vmlal_lane.c -O3 -g (test for excess errors)
UNRESOLVED: gcc.target/aarch64/advsimd-intrinsics/vmlal_lane.c -O3 -g compilation failed to produce executable
FAIL: gcc.target/aarch64/advsimd-intrinsics/vmlal_lane.c -Og -g (internal compiler error)
FAIL: gcc.target/aarch64/advsimd-intrinsics/vmlal_lane.c -Og -g (test for excess errors)
UNRESOLVED: gcc.target/aarch64/advsimd-intrinsics/vmlal_lane.c -Og -g compilation failed to produce executable
FAIL: gcc.target/aarch64/advsimd-intrinsics/vmlal_lane.c -Os (internal compiler error)
FAIL: gcc.target/aarch64/advsimd-intrinsics/vmlal_lane.c -Os (test for excess errors)
UNRESOLVED: gcc.target/aarch64/advsimd-intrinsics/vmlal_lane.c -Os compilation failed to produce executable
FAIL: gcc.target/aarch64/advsimd-intrinsics/vmls_lane.c -O0 (internal compiler error)
FAIL: gcc.target/aarch64/advsimd-intrinsics/vmls_lane.c -O0 (test for excess errors)
UNRESOLVED: gcc.target/aarch64/advsimd-intrinsics/vmls_lane.c -O0 compilation failed to produce executable
FAIL: gcc.target/aarch64/advsimd-intrinsics/vmls_lane.c -O1 (internal compiler error)
FAIL: gcc.target/aarch64/advsimd-intrinsics/vmls_lane.c -O1 (test for excess errors)
UNRESOLVED: gcc.target/aarch64/advsimd-intrinsics/vmls_lane.c -O1 compilation failed to produce executable
FAIL: gcc.target/aarch64/advsimd-intrinsics/vmls_lane.c -O2 (internal compiler error)
FAIL: gcc.target/aarch64/advsimd-intrinsics/vmls_lane.c -O2 (test for excess errors)
UNRESOLVED: gcc.target/aarch64/advsimd-intrinsics/vmls_lane.c -O2 compilation failed to produce executable
FAIL: gcc.target/aarch64/advsimd-intrinsics/vmls_lane.c -O3 -g (internal compiler error)
FAIL: gcc.target/aarch64/advsimd-intrinsics/vmls_lane.c -O3 -g (test for excess errors)
UNRESOLVED: gcc.target/aarch64/advsimd-intrinsics/vmls_lane.c -O3 -g compilation failed to produce executable
FAIL: gcc.target/aarch64/advsimd-intrinsics/vmls_lane.c -Og -g (internal compiler error)
FAIL: gcc.target/aarch64/advsimd-intrinsics/vmls_lane.c -Og -g (test for excess errors)
UNRESOLVED: gcc.target/aarch64/advsimd-intrinsics/vmls_lane.c -Og -g compilation failed to produce executable
FAIL: gcc.target/aarch64/advsimd-intrinsics/vmls_lane.c -Os (internal compiler error)
FAIL: gcc.target/aarch64/advsimd-intrinsics/vmls_lane.c -Os (test for excess errors)
UNRESOLVED: gcc.target/aarch64/advsimd-intrinsics/vmls_lane.c -Os compilation failed to produce executable
FAIL: gcc.target/aarch64/advsimd-intrinsics/vmlsl_lane.c -O0 (internal compiler error)
FAIL: gcc.target/aarch64/advsimd-intrinsics/vmlsl_lane.c -O0 (test for excess errors)
UNRESOLVED: gcc.target/aarch64/advsimd-intrinsics/vmlsl_lane.c -O0 compilation failed to produce executable
FAIL: gcc.target/aarch64/advsimd-intrinsics/vmlsl_lane.c -O1 (internal compiler error)
FAIL: gcc.target/aarch64/advsimd-intrinsics/vmlsl_lane.c -O1 (test for excess errors)
UNRESOLVED: gcc.target/aarch64/advsimd-intrinsics/vmlsl_lane.c -O1 compilation failed to produce executable
FAIL: gcc.target/aarch64/advsimd-intrinsics/vmlsl_lane.c -O2 (internal compiler error)
FAIL: gcc.target/aarch64/advsimd-intrinsics/vmlsl_lane.c -O2 (test for excess errors)
UNRESOLVED: gcc.target/aarch64/advsimd-intrinsics/vmlsl_lane.c -O2 compilation failed to produce executable
FAIL: gcc.target/aarch64/advsimd-intrinsics/vmlsl_lane.c -O3 -g (internal compiler error)
FAIL: gcc.target/aarch64/advsimd-intrinsics/vmlsl_lane.c -O3 -g (test for excess errors)
UNRESOLVED: gcc.target/aarch64/advsimd-intrinsics/vmlsl_lane.c -O3 -g compilation failed to produce executable
FAIL: gcc.target/aarch64/advsimd-intrinsics/vmlsl_lane.c -Og -g (internal compiler error)
FAIL: gcc.target/aarch64/advsimd-intrinsics/vmlsl_lane.c -Og -g (test for excess errors)
UNRESOLVED: gcc.target/aarch64/advsimd-intrinsics/vmlsl_lane.c -Og -g compilation failed to produce executable
FAIL: gcc.target/aarch64/advsimd-intrinsics/vmlsl_lane.c -Os (internal compiler error)
FAIL: gcc.target/aarch64/advsimd-intrinsics/vmlsl_lane.c -Os (test for excess errors)
UNRESOLVED: gcc.target/aarch64/advsimd-intrinsics/vmlsl_lane.c -Os compilation failed to produce executable
FAIL: gcc.target/aarch64/advsimd-intrinsics/vqdmlal_lane.c -O0 (internal compiler error)
FAIL: gcc.target/aarch64/advsimd-intrinsics/vqdmlal_lane.c -O0 (test for excess errors)
UNRESOLVED: gcc.target/aarch64/advsimd-intrinsics/vqdmlal_lane.c -O0 compilation failed to produce executable
FAIL: gcc.target/aarch64/advsimd-intrinsics/vqdmlal_lane.c -O1 (internal compiler error)
FAIL: gcc.target/aarch64/advsimd-intrinsics/vqdmlal_lane.c -O1 (test for excess errors)
UNRESOLVED: gcc.target/aarch64/advsimd-intrinsics/vqdmlal_lane.c -O1 compilation failed to produce executable
FAIL: gcc.target/aarch64/advsimd-intrinsics/vqdmlal_lane.c -O2 (internal compiler error)
FAIL: gcc.target/aarch64/advsimd-intrinsics/vqdmlal_lane.c -O2 (test for excess errors)
UNRESOLVED: gcc.target/aarch64/advsimd-intrinsics/vqdmlal_lane.c -O2 compilation failed to produce executable
FAIL: gcc.target/aarch64/advsimd-intrinsics/vqdmlal_lane.c -O3 -g (internal compiler error)
FAIL: gcc.target/aarch64/advsimd-intrinsics/vqdmlal_lane.c -O3 -g (test for excess errors)
UNRESOLVED: gcc.target/aarch64/advsimd-intrinsics/vqdmlal_lane.c -O3 -g compilation failed to produce executable
FAIL: gcc.target/aarch64/advsimd-intrinsics/vqdmlal_lane.c -Og -g (internal compiler error)
FAIL: gcc.target/aarch64/advsimd-intrinsics/vqdmlal_lane.c -Og -g (test for excess errors)
UNRESOLVED: gcc.target/aarch64/advsimd-intrinsics/vqdmlal_lane.c -Og -g compilation failed to produce executable
FAIL: gcc.target/aarch64/advsimd-intrinsics/vqdmlal_lane.c -Os (internal compiler error)
FAIL: gcc.target/aarch64/advsimd-intrinsics/vqdmlal_lane.c -Os (test for excess errors)
UNRESOLVED: gcc.target/aarch64/advsimd-intrinsics/vqdmlal_lane.c -Os compilation failed to produce executable
FAIL: gcc.target/aarch64/advsimd-intrinsics/vqdmlsl_lane.c -O0 (internal compiler error)
FAIL: gcc.target/aarch64/advsimd-intrinsics/vqdmlsl_lane.c -O0 (test for excess errors)
UNRESOLVED: gcc.target/aarch64/advsimd-intrinsics/vqdmlsl_lane.c -O0 compilation failed to produce executable
FAIL: gcc.target/aarch64/advsimd-intrinsics/vqdmlsl_lane.c -O1 (internal compiler error)
FAIL: gcc.target/aarch64/advsimd-intrinsics/vqdmlsl_lane.c -O1 (test for excess errors)
UNRESOLVED: gcc.target/aarch64/advsimd-intrinsics/vqdmlsl_lane.c -O1 compilation failed to produce executable
FAIL: gcc.target/aarch64/advsimd-intrinsics/vqdmlsl_lane.c -O2 (internal compiler error)
FAIL: gcc.target/aarch64/advsimd-intrinsics/vqdmlsl_lane.c -O2 (test for excess errors)
UNRESOLVED: gcc.target/aarch64/advsimd-intrinsics/vqdmlsl_lane.c -O2 compilation failed to produce executable
FAIL: gcc.target/aarch64/advsimd-intrinsics/vqdmlsl_lane.c -O3 -g (internal compiler error)
FAIL: gcc.target/aarch64/advsimd-intrinsics/vqdmlsl_lane.c -O3 -g (test for excess errors)
UNRESOLVED: gcc.target/aarch64/advsimd-intrinsics/vqdmlsl_lane.c -O3 -g compilation failed to produce executable
FAIL: gcc.target/aarch64/advsimd-intrinsics/vqdmlsl_lane.c -Og -g (internal compiler error)
FAIL: gcc.target/aarch64/advsimd-intrinsics/vqdmlsl_lane.c -Og -g (test for excess errors)
UNRESOLVED: gcc.target/aarch64/advsimd-intrinsics/vqdmlsl_lane.c -Og -g compilation failed to produce executable
FAIL: gcc.target/aarch64/advsimd-intrinsics/vqdmlsl_lane.c -Os (internal compiler error)
FAIL: gcc.target/aarch64/advsimd-intrinsics/vqdmlsl_lane.c -Os (test for excess errors)
UNRESOLVED: gcc.target/aarch64/advsimd-intrinsics/vqdmlsl_lane.c -Os compilation failed to produce executable
FAIL: gcc.target/arm/attr-crypto.c (test for excess errors)
UNRESOLVED: gcc.target/arm/attr-crypto.c scan-assembler sha256su0.32\\tq[0-9]+, q[0-9]+
FAIL: gcc.target/arm/attr-neon-builtin-fail.c (test for errors, line )
FAIL: gcc.target/arm/attr-neon-builtin-fail.c (test for warnings, line 12)
FAIL: gcc.target/arm/attr-neon-builtin-fail.c (test for excess errors)
FAIL: gcc.target/arm/attr-neon-fp16.c (test for excess errors)
FAIL: gcc.target/arm/attr-neon2.c (test for excess errors)
UNRESOLVED: gcc.target/arm/attr-neon2.c scan-assembler vadd
UNRESOLVED: gcc.target/arm/attr-neon2.c scan-assembler-times .fpu neon 1
UNRESOLVED: gcc.target/arm/attr-neon2.c scan-assembler-times .fpu vfp 1
FAIL: gcc.target/arm/attr-neon3.c (test for excess errors)
UNRESOLVED: gcc.target/arm/attr-neon3.c scan-assembler-times .fpu crypto-neon-fp-armv8 1
UNRESOLVED: gcc.target/arm/attr-neon3.c scan-assembler-times .fpu neon 1
UNRESOLVED: gcc.target/arm/attr-neon3.c scan-assembler-times .fpu vfp 1
UNRESOLVED: gcc.target/arm/attr-neon3.c scan-assembler-times vadd 1
UNRESOLVED: gcc.target/arm/attr-neon3.c scan-assembler-times vld1 1
FAIL: gcc.target/arm/builtin-bswap-1.c scan-assembler-times rev16ne\\\\t 1
FAIL: gcc.target/arm/builtin-bswap-1.c scan-assembler-times revshne\\\\t 1
FAIL: gcc.target/arm/copysign_softfloat_1.c (test for excess errors)
UNRESOLVED: gcc.target/arm/copysign_softfloat_1.c compilation failed to produce executable
FAIL: gcc.target/arm/pr42575.c scan-assembler-not mov
FAIL: gcc.target/arm/pr43920-2.c object-size text <= 54
FAIL: gcc.target/arm/pr43920-2.c scan-assembler-times pop 2
FAIL: gcc.target/arm/neon/vmlaQ_lanef32.c (internal compiler error)
FAIL: gcc.target/arm/neon/vmlaQ_lanef32.c (test for excess errors)
FAIL: gcc.target/arm/neon/vmlaQ_lanef32.c scan-assembler vmla.f32[ \\t]+[qQ][0-9]+, [qQ][0-9]+, [dD][0-9]+\\\\[[0-9]+\\\\]!?([ \\t]+@[a-zA-Z0-9 ]+)?\\n
FAIL: gcc.target/arm/neon/vmlaQ_lanes16.c (internal compiler error)
FAIL: gcc.target/arm/neon/vmlaQ_lanes16.c (test for excess errors)
FAIL: gcc.target/arm/neon/vmlaQ_lanes16.c scan-assembler vmla.i16[ \\t]+[qQ][0-9]+, [qQ][0-9]+, [dD][0-9]+\\\\[[0-9]+\\\\]!?([ \\t]+@[a-zA-Z0-9 ]+)?\\n
FAIL: gcc.target/arm/neon/vmlaQ_lanes32.c (internal compiler error)
FAIL: gcc.target/arm/neon/vmlaQ_lanes32.c (test for excess errors)
FAIL: gcc.target/arm/neon/vmlaQ_lanes32.c scan-assembler vmla.i32[ \\t]+[qQ][0-9]+, [qQ][0-9]+, [dD][0-9]+\\\\[[0-9]+\\\\]!?([ \\t]+@[a-zA-Z0-9 ]+)?\\n
FAIL: gcc.target/arm/neon/vmlaQ_laneu16.c (internal compiler error)
FAIL: gcc.target/arm/neon/vmlaQ_laneu16.c (test for excess errors)
FAIL: gcc.target/arm/neon/vmlaQ_laneu16.c scan-assembler vmla.i16[ \\t]+[qQ][0-9]+, [qQ][0-9]+, [dD][0-9]+\\\\[[0-9]+\\\\]!?([ \\t]+@[a-zA-Z0-9 ]+)?\\n
FAIL: gcc.target/arm/neon/vmlaQ_laneu32.c (internal compiler error)
FAIL: gcc.target/arm/neon/vmlaQ_laneu32.c (test for excess errors)
FAIL: gcc.target/arm/neon/vmlaQ_laneu32.c scan-assembler vmla.i32[ \\t]+[qQ][0-9]+, [qQ][0-9]+, [dD][0-9]+\\\\[[0-9]+\\\\]!?([ \\t]+@[a-zA-Z0-9 ]+)?\\n
FAIL: gcc.target/arm/neon/vmla_lanef32.c (internal compiler error)
FAIL: gcc.target/arm/neon/vmla_lanef32.c (test for excess errors)
FAIL: gcc.target/arm/neon/vmla_lanef32.c scan-assembler vmla.f32[ \\t]+[dD][0-9]+, [dD][0-9]+, [dD][0-9]+\\\\[[0-9]+\\\\]!?([ \\t]+@[a-zA-Z0-9 ]+)?\\n
FAIL: gcc.target/arm/neon/vmla_lanes16.c (internal compiler error)
FAIL: gcc.target/arm/neon/vmla_lanes16.c (test for excess errors)
FAIL: gcc.target/arm/neon/vmla_lanes16.c scan-assembler vmla.i16[ \\t]+[dD][0-9]+, [dD][0-9]+, [dD][0-9]+\\\\[[0-9]+\\\\]!?([ \\t]+@[a-zA-Z0-9 ]+)?\\n
FAIL: gcc.target/arm/neon/vmla_lanes32.c (internal compiler error)
FAIL: gcc.target/arm/neon/vmla_lanes32.c (test for excess errors)
FAIL: gcc.target/arm/neon/vmla_lanes32.c scan-assembler vmla.i32[ \\t]+[dD][0-9]+, [dD][0-9]+, [dD][0-9]+\\\\[[0-9]+\\\\]!?([ \\t]+@[a-zA-Z0-9 ]+)?\\n
FAIL: gcc.target/arm/neon/vmla_laneu16.c (internal compiler error)
FAIL: gcc.target/arm/neon/vmla_laneu16.c (test for excess errors)
FAIL: gcc.target/arm/neon/vmla_laneu16.c scan-assembler vmla.i16[ \\t]+[dD][0-9]+, [dD][0-9]+, [dD][0-9]+\\\\[[0-9]+\\\\]!?([ \\t]+@[a-zA-Z0-9 ]+)?\\n
FAIL: gcc.target/arm/neon/vmla_laneu32.c (internal compiler error)
FAIL: gcc.target/arm/neon/vmla_laneu32.c (test for excess errors)
FAIL: gcc.target/arm/neon/vmla_laneu32.c scan-assembler vmla.i32[ \\t]+[dD][0-9]+, [dD][0-9]+, [dD][0-9]+\\\\[[0-9]+\\\\]!?([ \\t]+@[a-zA-Z0-9 ]+)?\\n
FAIL: gcc.target/arm/neon/vmlal_lanes16.c (internal compiler error)
FAIL: gcc.target/arm/neon/vmlal_lanes16.c (test for excess errors)
FAIL: gcc.target/arm/neon/vmlal_lanes16.c scan-assembler vmlal.s16[ \\t]+[qQ][0-9]+, [dD][0-9]+, [dD][0-9]+\\\\[[0-9]+\\\\]!?([ \\t]+@[a-zA-Z0-9 ]+)?\\n
FAIL: gcc.target/arm/neon/vmlal_lanes32.c (internal compiler error)
FAIL: gcc.target/arm/neon/vmlal_lanes32.c (test for excess errors)
FAIL: gcc.target/arm/neon/vmlal_lanes32.c scan-assembler vmlal.s32[ \\t]+[qQ][0-9]+, [dD][0-9]+, [dD][0-9]+\\\\[[0-9]+\\\\]!?([ \\t]+@[a-zA-Z0-9 ]+)?\\n
FAIL: gcc.target/arm/neon/vmlal_laneu16.c (internal compiler error)
FAIL: gcc.target/arm/neon/vmlal_laneu16.c (test for excess errors)
FAIL: gcc.target/arm/neon/vmlal_laneu16.c scan-assembler vmlal.u16[ \\t]+[qQ][0-9]+, [dD][0-9]+, [dD][0-9]+\\\\[[0-9]+\\\\]!?([ \\t]+@[a-zA-Z0-9 ]+)?\\n
FAIL: gcc.target/arm/neon/vmlal_laneu32.c (internal compiler error)
FAIL: gcc.target/arm/neon/vmlal_laneu32.c (test for excess errors)
FAIL: gcc.target/arm/neon/vmlal_laneu32.c scan-assembler vmlal.u32[ \\t]+[qQ][0-9]+, [dD][0-9]+, [dD][0-9]+\\\\[[0-9]+\\\\]!?([ \\t]+@[a-zA-Z0-9 ]+)?\\n
FAIL: gcc.target/arm/neon/vmlsQ_lanef32.c (internal compiler error)
FAIL: gcc.target/arm/neon/vmlsQ_lanef32.c (test for excess errors)
FAIL: gcc.target/arm/neon/vmlsQ_lanef32.c scan-assembler vmls.f32[ \\t]+[qQ][0-9]+, [qQ][0-9]+, [dD][0-9]+\\\\[[0-9]+\\\\]!?([ \\t]+@[a-zA-Z0-9 ]+)?\\n
FAIL: gcc.target/arm/neon/vmlsQ_lanes16.c (internal compiler error)
FAIL: gcc.target/arm/neon/vmlsQ_lanes16.c (test for excess errors)
FAIL: gcc.target/arm/neon/vmlsQ_lanes16.c scan-assembler vmls.i16[ \\t]+[qQ][0-9]+, [qQ][0-9]+, [dD][0-9]+\\\\[[0-9]+\\\\]!?([ \\t]+@[a-zA-Z0-9 ]+)?\\n
FAIL: gcc.target/arm/neon/vmlsQ_lanes32.c (internal compiler error)
FAIL: gcc.target/arm/neon/vmlsQ_lanes32.c (test for excess errors)
FAIL: gcc.target/arm/neon/vmlsQ_lanes32.c scan-assembler vmls.i32[ \\t]+[qQ][0-9]+, [qQ][0-9]+, [dD][0-9]+\\\\[[0-9]+\\\\]!?([ \\t]+@[a-zA-Z0-9 ]+)?\\n
FAIL: gcc.target/arm/neon/vmlsQ_laneu16.c (internal compiler error)
FAIL: gcc.target/arm/neon/vmlsQ_laneu16.c (test for excess errors)
FAIL: gcc.target/arm/neon/vmlsQ_laneu16.c scan-assembler vmls.i16[ \\t]+[qQ][0-9]+, [qQ][0-9]+, [dD][0-9]+\\\\[[0-9]+\\\\]!?([ \\t]+@[a-zA-Z0-9 ]+)?\\n
FAIL: gcc.target/arm/neon/vmlsQ_laneu32.c (internal compiler error)
FAIL: gcc.target/arm/neon/vmlsQ_laneu32.c (test for excess errors)
FAIL: gcc.target/arm/neon/vmlsQ_laneu32.c scan-assembler vmls.i32[ \\t]+[qQ][0-9]+, [qQ][0-9]+, [dD][0-9]+\\\\[[0-9]+\\\\]!?([ \\t]+@[a-zA-Z0-9 ]+)?\\n
FAIL: gcc.target/arm/neon/vmls_lanef32.c (internal compiler error)
FAIL: gcc.target/arm/neon/vmls_lanef32.c (test for excess errors)
FAIL: gcc.target/arm/neon/vmls_lanef32.c scan-assembler vmls.f32[ \\t]+[dD][0-9]+, [dD][0-9]+, [dD][0-9]+\\\\[[0-9]+\\\\]!?([ \\t]+@[a-zA-Z0-9 ]+)?\\n
FAIL: gcc.target/arm/neon/vmls_lanes16.c (internal compiler error)
FAIL: gcc.target/arm/neon/vmls_lanes16.c (test for excess errors)
FAIL: gcc.target/arm/neon/vmls_lanes16.c scan-assembler vmls.i16[ \\t]+[dD][0-9]+, [dD][0-9]+, [dD][0-9]+\\\\[[0-9]+\\\\]!?([ \\t]+@[a-zA-Z0-9 ]+)?\\n
FAIL: gcc.target/arm/neon/vmls_lanes32.c (internal compiler error)
FAIL: gcc.target/arm/neon/vmls_lanes32.c (test for excess errors)
FAIL: gcc.target/arm/neon/vmls_lanes32.c scan-assembler vmls.i32[ \\t]+[dD][0-9]+, [dD][0-9]+, [dD][0-9]+\\\\[[0-9]+\\\\]!?([ \\t]+@[a-zA-Z0-9 ]+)?\\n
FAIL: gcc.target/arm/neon/vmls_laneu16.c (internal compiler error)
FAIL: gcc.target/arm/neon/vmls_laneu16.c (test for excess errors)
FAIL: gcc.target/arm/neon/vmls_laneu16.c scan-assembler vmls.i16[ \\t]+[dD][0-9]+, [dD][0-9]+, [dD][0-9]+\\\\[[0-9]+\\\\]!?([ \\t]+@[a-zA-Z0-9 ]+)?\\n
FAIL: gcc.target/arm/neon/vmls_laneu32.c (internal compiler error)
FAIL: gcc.target/arm/neon/vmls_laneu32.c (test for excess errors)
FAIL: gcc.target/arm/neon/vmls_laneu32.c scan-assembler vmls.i32[ \\t]+[dD][0-9]+, [dD][0-9]+, [dD][0-9]+\\\\[[0-9]+\\\\]!?([ \\t]+@[a-zA-Z0-9 ]+)?\\n
FAIL: gcc.target/arm/neon/vmlsl_lanes16.c (internal compiler error)
FAIL: gcc.target/arm/neon/vmlsl_lanes16.c (test for excess errors)
FAIL: gcc.target/arm/neon/vmlsl_lanes16.c scan-assembler vmlsl.s16[ \\t]+[qQ][0-9]+, [dD][0-9]+, [dD][0-9]+\\\\[[0-9]+\\\\]!?([ \\t]+@[a-zA-Z0-9 ]+)?\\n
FAIL: gcc.target/arm/neon/vmlsl_lanes32.c (internal compiler error)
FAIL: gcc.target/arm/neon/vmlsl_lanes32.c (test for excess errors)
FAIL: gcc.target/arm/neon/vmlsl_lanes32.c scan-assembler vmlsl.s32[ \\t]+[qQ][0-9]+, [dD][0-9]+, [dD][0-9]+\\\\[[0-9]+\\\\]!?([ \\t]+@[a-zA-Z0-9 ]+)?\\n
FAIL: gcc.target/arm/neon/vmlsl_laneu16.c (internal compiler error)
FAIL: gcc.target/arm/neon/vmlsl_laneu16.c (test for excess errors)
FAIL: gcc.target/arm/neon/vmlsl_laneu16.c scan-assembler vmlsl.u16[ \\t]+[qQ][0-9]+, [dD][0-9]+, [dD][0-9]+\\\\[[0-9]+\\\\]!?([ \\t]+@[a-zA-Z0-9 ]+)?\\n
FAIL: gcc.target/arm/neon/vmlsl_laneu32.c (internal compiler error)
FAIL: gcc.target/arm/neon/vmlsl_laneu32.c (test for excess errors)
FAIL: gcc.target/arm/neon/vmlsl_laneu32.c scan-assembler vmlsl.u32[ \\t]+[qQ][0-9]+, [dD][0-9]+, [dD][0-9]+\\\\[[0-9]+\\\\]!?([ \\t]+@[a-zA-Z0-9 ]+)?\\n
FAIL: gcc.target/arm/neon/vqdmlal_lanes16.c (internal compiler error)
FAIL: gcc.target/arm/neon/vqdmlal_lanes16.c (test for excess errors)
FAIL: gcc.target/arm/neon/vqdmlal_lanes16.c scan-assembler vqdmlal.s16[ \\t]+[qQ][0-9]+, [dD][0-9]+, [dD][0-9]+\\\\[[0-9]+\\\\]!?([ \\t]+@[a-zA-Z0-9 ]+)?\\n
FAIL: gcc.target/arm/neon/vqdmlal_lanes32.c (internal compiler error)
FAIL: gcc.target/arm/neon/vqdmlal_lanes32.c (test for excess errors)
FAIL: gcc.target/arm/neon/vqdmlal_lanes32.c scan-assembler vqdmlal.s32[ \\t]+[qQ][0-9]+, [dD][0-9]+, [dD][0-9]+\\\\[[0-9]+\\\\]!?([ \\t]+@[a-zA-Z0-9 ]+)?\\n
FAIL: gcc.target/arm/neon/vqdmlsl_lanes16.c (internal compiler error)
FAIL: gcc.target/arm/neon/vqdmlsl_lanes16.c (test for excess errors)
FAIL: gcc.target/arm/neon/vqdmlsl_lanes16.c scan-assembler vqdmlsl.s16[ \\t]+[qQ][0-9]+, [dD][0-9]+, [dD][0-9]+\\\\[[0-9]+\\\\]!?([ \\t]+@[a-zA-Z0-9 ]+)?\\n
FAIL: gcc.target/arm/neon/vqdmlsl_lanes32.c (internal compiler error)
FAIL: gcc.target/arm/neon/vqdmlsl_lanes32.c (test for excess errors)
FAIL: gcc.target/arm/neon/vqdmlsl_lanes32.c scan-assembler vqdmlsl.s32[ \\t]+[qQ][0-9]+, [dD][0-9]+, [dD][0-9]+\\\\[[0-9]+\\\\]!?([ \\t]+@[a-zA-Z0-9 ]+)?\\n
=== gcc Summary ===
# of expected passes 84874
# of unexpected failures 272
# of unexpected successes 10
# of expected failures 211
# of unresolved testcases 51
# of unsupported tests 2031
/mnt/scratch/objdir6/gcc/xgcc version 6.0.0 20151206 (experimental) (GCC)
=== gnat tests ===
Running target unix
=== gnat Summary ===
# of expected passes 2440
# of expected failures 21
# of unsupported tests 24
/mnt/scratch/objdir6/gcc/gnatmake version 6.0.0 20151206 (experimental)
Compiler version: 6.0.0 20151206 (experimental)
Platform: armv7l-unknown-linux-gnueabi
configure flags: --prefix=/mnt/scratch/install6 --enable-bootstrap --enable-shared --enable-threads=posix --enable-checking=release --enable-__cxa_atexit --disable-libunwind-exceptions --enable-gnu-unique-object --enable-linker-build-id --with-linker-hash-style=gnu --enable-languages=c,c++,ada --enable-initfini-array --disable-lto --disable-plugin --disable-libmudflap --disable-dssi --with-java-home=/usr/lib/jvm/java-1.5.0-gcj-1.5.0.0/jre --enable-libgcj-multifile --disable-java-maintainer-mode --with-ecj-jar=/usr/share/java/eclipse-ecj.jar --disable-libjava-multilib --without-isl --without-cloog --disable-sjlj-exceptions --with-arch=armv7-a --with-tune=cortex-a9 --with-float=hard --with-fpu=vfpv3-d16 --build=armv7l-unknown-linux-gnueabi --with-gmp=/home/mikpe/pkgs/linux-armv7l/gmp-6.0.0 --with-mpfr=/home/mikpe/pkgs/linux-armv7l/mpfr-3.1.3 --with-mpc=/home/mikpe/pkgs/linux-armv7l/mpc-1.0.3
BOOT_CFLAGS=-g -O2
More information about the Gcc-testresults
mailing list