Results for 6.0.0 20151204 (experimental) [trunk revision 231259] (GCC) testsuite on sparcv9-sun-solaris2.11

Rainer Orth ro@CeBiTec.Uni-Bielefeld.DE
Tue Dec 8 09:55:00 GMT 2015


LAST_UPDATED: Fri Dec  4 12:04:20 UTC 2015 (revision 231259)

		=== acats tests ===

		=== acats Summary ===
# of expected passes		2320
# of unexpected failures	0
Native configuration is sparcv9-sun-solaris2.11

		=== g++ tests ===


Running target unix
FAIL: c-c++-common/attr-simd-3.c  -std=gnu++11 (test for excess errors)
FAIL: c-c++-common/attr-simd-3.c  -std=gnu++14 (test for excess errors)
FAIL: c-c++-common/attr-simd-3.c  -std=gnu++98 (test for excess errors)

		=== g++ Summary for unix ===

# of expected passes		90408
# of unexpected failures	3
# of expected failures		271
# of unsupported tests		3685

Running target unix/-m32
FAIL: c-c++-common/attr-simd-3.c  -std=gnu++11 (test for excess errors)
FAIL: c-c++-common/attr-simd-3.c  -std=gnu++14 (test for excess errors)
FAIL: c-c++-common/attr-simd-3.c  -std=gnu++98 (test for excess errors)
FAIL: c-c++-common/opaque-vector.c  -std=c++11 (internal compiler error)
FAIL: c-c++-common/opaque-vector.c  -std=c++11 (test for excess errors)
FAIL: c-c++-common/opaque-vector.c  -std=c++14 (internal compiler error)
FAIL: c-c++-common/opaque-vector.c  -std=c++14 (test for excess errors)
FAIL: c-c++-common/opaque-vector.c  -std=c++98 (internal compiler error)
FAIL: c-c++-common/opaque-vector.c  -std=c++98 (test for excess errors)

		=== g++ Summary for unix/-m32 ===

# of expected passes		88533
# of unexpected failures	9
# of expected failures		271
# of unsupported tests		3708

		=== g++ Summary ===

# of expected passes		178941
# of unexpected failures	12
# of expected failures		542
# of unsupported tests		7393
/var/gcc/regression/trunk/11-gcc-gas-64/build/gcc/testsuite/g++/../../xg++  version 6.0.0 20151204 (experimental) [trunk revision 231259] (GCC) 

		=== gcc tests ===


Running target unix
FAIL: gcc.c-torture/compile/pr39928-1.c   -O2  (internal compiler error)
FAIL: gcc.c-torture/compile/pr39928-1.c   -O2  (test for excess errors)
FAIL: gcc.c-torture/compile/pr39928-1.c   -O2 -flto  (internal compiler error)
FAIL: gcc.c-torture/compile/pr39928-1.c   -O2 -flto  (test for excess errors)
FAIL: gcc.c-torture/compile/pr39928-1.c   -O2 -flto -flto-partition=none  (internal compiler error)
FAIL: gcc.c-torture/compile/pr39928-1.c   -O2 -flto -flto-partition=none  (test for excess errors)
FAIL: gcc.c-torture/compile/pr39928-1.c   -O3 -g  (internal compiler error)
FAIL: gcc.c-torture/compile/pr39928-1.c   -O3 -g  (test for excess errors)
FAIL: gcc.c-torture/compile/pr39928-1.c   -Os  (internal compiler error)
FAIL: gcc.c-torture/compile/pr39928-1.c   -Os  (test for excess errors)
FAIL: gcc.dg/debug/dwarf2/stacked-qualified-types-3.c scan-assembler-times DIE \\\\([^\\n]*\\\\) DW_TAG_(?:const|volatile|atomic|restrict)_type 8
FAIL: gcc.dg/ifcvt-4.c scan-rtl-dump ce1 "2 true changes made"
FAIL: gcc.dg/pr63594-1.c (internal compiler error)
FAIL: gcc.dg/pr63594-1.c (test for excess errors)
FAIL: gcc.dg/pr63594-2.c (internal compiler error)
FAIL: gcc.dg/pr63594-2.c (test for excess errors)
WARNING: gcc.dg/pr63594-2.c compilation failed to produce executable
FAIL: gcc.dg/unroll-2.c  (test for warnings, line 24)
FAIL: gcc.dg/visibility-22.c execution test
FAIL: gcc.dg/graphite/fuse-1.c scan-tree-dump-times forwprop4 "gimple_simplified to[^\\\\n]*\\\\^ 12" 1
FAIL: gcc.dg/graphite/fuse-1.c scan-tree-dump-times graphite "ISL AST generated by ISL:.*for \\\\(int c0 = 0; c0 <= 99; c0 \\\\+= 1\\\\) {.*S_.*\\\\(c0\\\\);.*S_.*\\\\(c0\\\\);.*S_.*\\\\(c0\\\\);.*}" 1
FAIL: gcc.dg/graphite/fuse-2.c scan-tree-dump-times graphite "ISL AST generated by ISL:.*for \\\\(int c0 = 0; c0 <= 99; c0 \\\\+= 1\\\\) {.*S_.*\\\\(c0\\\\);.*S_.*\\\\(c0\\\\);.*S_.*\\\\(c0\\\\);.*}" 1
FAIL: gcc.dg/torture/pr68264.c   -O0  execution test
FAIL: gcc.dg/torture/pr68264.c   -O1  execution test
FAIL: gcc.dg/torture/pr68264.c   -O2  execution test
FAIL: gcc.dg/torture/pr68264.c   -O2 -flto  execution test
FAIL: gcc.dg/torture/pr68264.c   -O2 -flto -flto-partition=none  execution test
FAIL: gcc.dg/torture/pr68264.c   -O3 -g  execution test
FAIL: gcc.dg/torture/pr68264.c   -Os  execution test
FAIL: gcc.dg/vect/pr45752.c -flto -ffat-lto-objects  scan-tree-dump-times vect "gaps requires scalar epilogue loop" 0
FAIL: gcc.dg/vect/pr45752.c -flto -ffat-lto-objects  scan-tree-dump-times vect "vectorized 1 loops" 1
FAIL: gcc.dg/vect/pr45752.c scan-tree-dump-times vect "gaps requires scalar epilogue loop" 0
FAIL: gcc.dg/vect/pr45752.c scan-tree-dump-times vect "vectorized 1 loops" 1
FAIL: gcc.dg/vect/pr46032.c -flto -ffat-lto-objects  scan-tree-dump-times vect "note: vectorized 1 loop" 1
FAIL: gcc.dg/vect/pr46032.c scan-tree-dump-times vect "note: vectorized 1 loop" 1
FAIL: gcc.dg/vect/slp-perm-4.c -flto -ffat-lto-objects  scan-tree-dump-times vect "gaps requires scalar epilogue loop" 0
FAIL: gcc.dg/vect/slp-perm-4.c -flto -ffat-lto-objects  scan-tree-dump-times vect "vectorized 1 loops" 1
FAIL: gcc.dg/vect/slp-perm-4.c scan-tree-dump-times vect "gaps requires scalar epilogue loop" 0
FAIL: gcc.dg/vect/slp-perm-4.c scan-tree-dump-times vect "vectorized 1 loops" 1

		=== gcc Summary for unix ===

# of expected passes		86184
# of unexpected failures	38
# of expected failures		326
# of unsupported tests		1961

Running target unix/-m32
FAIL: gcc.dg/debug/dwarf2/stacked-qualified-types-3.c scan-assembler-times DIE \\\\([^\\n]*\\\\) DW_TAG_(?:const|volatile|atomic|restrict)_type 8
FAIL: gcc.dg/unroll-2.c  (test for warnings, line 24)
FAIL: gcc.dg/visibility-22.c execution test
FAIL: gcc.dg/graphite/fuse-1.c scan-tree-dump-times forwprop4 "gimple_simplified to[^\\\\n]*\\\\^ 12" 1
FAIL: gcc.dg/graphite/fuse-1.c scan-tree-dump-times graphite "ISL AST generated by ISL:.*for \\\\(int c0 = 0; c0 <= 99; c0 \\\\+= 1\\\\) {.*S_.*\\\\(c0\\\\);.*S_.*\\\\(c0\\\\);.*S_.*\\\\(c0\\\\);.*}" 1
FAIL: gcc.dg/graphite/fuse-2.c scan-tree-dump-times graphite "ISL AST generated by ISL:.*for \\\\(int c0 = 0; c0 <= 99; c0 \\\\+= 1\\\\) {.*S_.*\\\\(c0\\\\);.*S_.*\\\\(c0\\\\);.*S_.*\\\\(c0\\\\);.*}" 1
FAIL: gcc.dg/simulate-thread/atomic-other-int.c   -O2 -g  thread simulation test
FAIL: gcc.dg/simulate-thread/atomic-other-int.c   -O3 -g  thread simulation test
FAIL: gcc.dg/simulate-thread/speculative-store-4.c   -O0 -g  thread simulation test
FAIL: gcc.dg/simulate-thread/speculative-store-4.c   -O2 -g  thread simulation test
FAIL: gcc.dg/simulate-thread/speculative-store-4.c   -O3 -g  thread simulation test
FAIL: gcc.dg/simulate-thread/speculative-store.c   -O0 -g  thread simulation test
FAIL: gcc.dg/torture/pr68264.c   -O0  execution test
FAIL: gcc.dg/torture/pr68264.c   -O1  execution test
FAIL: gcc.dg/torture/pr68264.c   -O2  execution test
FAIL: gcc.dg/torture/pr68264.c   -O2 -flto  execution test
FAIL: gcc.dg/torture/pr68264.c   -O2 -flto -flto-partition=none  execution test
FAIL: gcc.dg/torture/pr68264.c   -O3 -g  execution test
FAIL: gcc.dg/torture/pr68264.c   -Os  execution test
FAIL: gcc.dg/vect/pr45752.c -flto -ffat-lto-objects  scan-tree-dump-times vect "gaps requires scalar epilogue loop" 0
FAIL: gcc.dg/vect/pr45752.c -flto -ffat-lto-objects  scan-tree-dump-times vect "vectorized 1 loops" 1
FAIL: gcc.dg/vect/pr45752.c scan-tree-dump-times vect "gaps requires scalar epilogue loop" 0
FAIL: gcc.dg/vect/pr45752.c scan-tree-dump-times vect "vectorized 1 loops" 1
FAIL: gcc.dg/vect/pr46032.c -flto -ffat-lto-objects  scan-tree-dump-times vect "note: vectorized 1 loop" 1
FAIL: gcc.dg/vect/pr46032.c scan-tree-dump-times vect "note: vectorized 1 loop" 1
FAIL: gcc.dg/vect/slp-perm-4.c -flto -ffat-lto-objects  scan-tree-dump-times vect "gaps requires scalar epilogue loop" 0
FAIL: gcc.dg/vect/slp-perm-4.c -flto -ffat-lto-objects  scan-tree-dump-times vect "vectorized 1 loops" 1
FAIL: gcc.dg/vect/slp-perm-4.c scan-tree-dump-times vect "gaps requires scalar epilogue loop" 0
FAIL: gcc.dg/vect/slp-perm-4.c scan-tree-dump-times vect "vectorized 1 loops" 1

		=== gcc Summary for unix/-m32 ===

# of expected passes		85388
# of unexpected failures	29
# of expected failures		339
# of unsupported tests		2035

		=== gcc Summary ===

# of expected passes		171572
# of unexpected failures	67
# of expected failures		665
# of unsupported tests		3996
/var/gcc/regression/trunk/11-gcc-gas-64/build/gcc/xgcc  version 6.0.0 20151204 (experimental) [trunk revision 231259] (GCC) 

		=== gfortran tests ===


Running target unix
FAIL: gfortran.dg/coarray/event_1.f90 -fcoarray=lib  -O2  -lcaf_single -latomic execution test
FAIL: gfortran.dg/coarray/event_2.f90 -fcoarray=lib  -O2  -lcaf_single -latomic execution test
FAIL: gfortran.dg/do_iterator.f90   -O  changing do-iterator 3 (test for errors, line 10)
FAIL: gfortran.dg/do_iterator.f90   -O  changing do-iterator 3 (test for errors, line 9)
FAIL: gfortran.dg/submodule_10.f08   -O  (internal compiler error)
FAIL: gfortran.dg/submodule_10.f08   -O  (test for excess errors)
FAIL: gfortran.dg/submodule_11.f08   -O0  (internal compiler error)
FAIL: gfortran.dg/submodule_11.f08   -O0  (test for excess errors)
WARNING: gfortran.dg/submodule_11.f08   -O0  compilation failed to produce executable
FAIL: gfortran.dg/submodule_11.f08   -O1  (internal compiler error)
FAIL: gfortran.dg/submodule_11.f08   -O1  (test for excess errors)
WARNING: gfortran.dg/submodule_11.f08   -O1  compilation failed to produce executable
FAIL: gfortran.dg/submodule_11.f08   -O2  (internal compiler error)
FAIL: gfortran.dg/submodule_11.f08   -O2  (test for excess errors)
WARNING: gfortran.dg/submodule_11.f08   -O2  compilation failed to produce executable
FAIL: gfortran.dg/submodule_11.f08   -O3 -fomit-frame-pointer -funroll-loops -fpeel-loops -ftracer -finline-functions  (internal compiler error)
FAIL: gfortran.dg/submodule_11.f08   -O3 -fomit-frame-pointer -funroll-loops -fpeel-loops -ftracer -finline-functions  (test for excess errors)
WARNING: gfortran.dg/submodule_11.f08   -O3 -fomit-frame-pointer -funroll-loops -fpeel-loops -ftracer -finline-functions  compilation failed to produce executable
FAIL: gfortran.dg/submodule_11.f08   -O3 -g  (internal compiler error)
FAIL: gfortran.dg/submodule_11.f08   -O3 -g  (test for excess errors)
WARNING: gfortran.dg/submodule_11.f08   -O3 -g  compilation failed to produce executable
FAIL: gfortran.dg/submodule_11.f08   -Os  (internal compiler error)
FAIL: gfortran.dg/submodule_11.f08   -Os  (test for excess errors)
WARNING: gfortran.dg/submodule_11.f08   -Os  compilation failed to produce executable
FAIL: gfortran.dg/submodule_13.f08   -O   (test for errors, line 29)
FAIL: gfortran.dg/submodule_13.f08   -O  (internal compiler error)
FAIL: gfortran.dg/submodule_13.f08   -O  (test for excess errors)
FAIL: gfortran.dg/goacc/declare-2.f95   -O   (test for errors, line 33)
FAIL: gfortran.dg/goacc/declare-2.f95   -O   (test for errors, line 34)
FAIL: gfortran.dg/goacc/declare-2.f95   -O   (test for errors, line 36)
FAIL: gfortran.dg/goacc/declare-2.f95   -O   (test for errors, line 46)
FAIL: gfortran.dg/goacc/declare-2.f95   -O   (test for errors, line 47)
FAIL: gfortran.dg/goacc/declare-2.f95   -O   (test for errors, line 54)
FAIL: gfortran.dg/goacc/declare-2.f95   -O   (test for errors, line 62)
FAIL: gfortran.dg/goacc/declare-2.f95   -O   (test for errors, line 69)

		=== gfortran Summary for unix ===

# of expected passes		41308
# of unexpected failures	29
# of expected failures		72
# of unsupported tests		105

Running target unix/-m32
FAIL: gfortran.dg/coarray/event_1.f90 -fcoarray=lib  -O2  -lcaf_single -latomic execution test
FAIL: gfortran.dg/coarray/event_2.f90 -fcoarray=lib  -O2  -lcaf_single -latomic execution test
FAIL: gfortran.dg/do_iterator.f90   -O  changing do-iterator 3 (test for errors, line 10)
FAIL: gfortran.dg/do_iterator.f90   -O  changing do-iterator 3 (test for errors, line 9)
FAIL: gfortran.dg/submodule_10.f08   -O  (internal compiler error)
FAIL: gfortran.dg/submodule_10.f08   -O  (test for excess errors)
FAIL: gfortran.dg/submodule_11.f08   -O0  (internal compiler error)
FAIL: gfortran.dg/submodule_11.f08   -O0  (test for excess errors)
WARNING: gfortran.dg/submodule_11.f08   -O0  compilation failed to produce executable
FAIL: gfortran.dg/submodule_11.f08   -O1  (internal compiler error)
FAIL: gfortran.dg/submodule_11.f08   -O1  (test for excess errors)
WARNING: gfortran.dg/submodule_11.f08   -O1  compilation failed to produce executable
FAIL: gfortran.dg/submodule_11.f08   -O2  (internal compiler error)
FAIL: gfortran.dg/submodule_11.f08   -O2  (test for excess errors)
WARNING: gfortran.dg/submodule_11.f08   -O2  compilation failed to produce executable
FAIL: gfortran.dg/submodule_11.f08   -O3 -fomit-frame-pointer -funroll-loops -fpeel-loops -ftracer -finline-functions  (internal compiler error)
FAIL: gfortran.dg/submodule_11.f08   -O3 -fomit-frame-pointer -funroll-loops -fpeel-loops -ftracer -finline-functions  (test for excess errors)
WARNING: gfortran.dg/submodule_11.f08   -O3 -fomit-frame-pointer -funroll-loops -fpeel-loops -ftracer -finline-functions  compilation failed to produce executable
FAIL: gfortran.dg/submodule_11.f08   -O3 -g  (internal compiler error)
FAIL: gfortran.dg/submodule_11.f08   -O3 -g  (test for excess errors)
WARNING: gfortran.dg/submodule_11.f08   -O3 -g  compilation failed to produce executable
FAIL: gfortran.dg/submodule_11.f08   -Os  (internal compiler error)
FAIL: gfortran.dg/submodule_11.f08   -Os  (test for excess errors)
WARNING: gfortran.dg/submodule_11.f08   -Os  compilation failed to produce executable
FAIL: gfortran.dg/submodule_13.f08   -O   (test for errors, line 29)
FAIL: gfortran.dg/submodule_13.f08   -O  (internal compiler error)
FAIL: gfortran.dg/submodule_13.f08   -O  (test for excess errors)
FAIL: gfortran.dg/goacc/declare-2.f95   -O   (test for errors, line 33)
FAIL: gfortran.dg/goacc/declare-2.f95   -O   (test for errors, line 34)
FAIL: gfortran.dg/goacc/declare-2.f95   -O   (test for errors, line 36)
FAIL: gfortran.dg/goacc/declare-2.f95   -O   (test for errors, line 46)
FAIL: gfortran.dg/goacc/declare-2.f95   -O   (test for errors, line 47)
FAIL: gfortran.dg/goacc/declare-2.f95   -O   (test for errors, line 54)
FAIL: gfortran.dg/goacc/declare-2.f95   -O   (test for errors, line 62)
FAIL: gfortran.dg/goacc/declare-2.f95   -O   (test for errors, line 69)

		=== gfortran Summary for unix/-m32 ===

# of expected passes		41061
# of unexpected failures	29
# of expected failures		72
# of unsupported tests		226

		=== gfortran Summary ===

# of expected passes		82369
# of unexpected failures	58
# of expected failures		144
# of unsupported tests		331
/var/gcc/regression/trunk/11-gcc-gas-64/build/gcc/testsuite/gfortran/../../gfortran  version 6.0.0 20151204 (experimental) [trunk revision 231259] (GCC) 

		=== gnat tests ===


Running target unix/-m32

		=== gnat Summary for unix/-m32 ===

# of expected passes		2444
# of expected failures		21
# of unsupported tests		22

Running target unix

		=== gnat Summary for unix ===

# of expected passes		2444
# of expected failures		21
# of unsupported tests		22

		=== gnat Summary ===

# of expected passes		4888
# of expected failures		42
# of unsupported tests		44
/var/gcc/regression/trunk/11-gcc-gas-64/build/gcc/gnatmake version 6.0.0 20151204 (experimental) [trunk revision 231259]

		=== go tests ===


Running target unix

		=== go Summary for unix ===

# of expected passes		7243
# of expected failures		1
# of untested testcases		11
# of unsupported tests		3

Running target unix/-m32
FAIL: ./index0-out.go compilation,  -O0 -g -fno-var-tracking-assignments 
WARNING: program timed out.

		=== go Summary for unix/-m32 ===

# of expected passes		7361
# of unexpected failures	1
# of expected failures		1
# of untested testcases		12
# of unsupported tests		3

		=== go Summary ===

# of expected passes		14604
# of unexpected failures	1
# of expected failures		2
# of untested testcases		23
# of unsupported tests		6
		=== obj-c++ tests ===


Running target unix/-m32
FAIL: obj-c++.dg/property/dotsyntax-11.mm -fgnu-runtime  (test for errors, line 51)
FAIL: obj-c++.dg/property/dotsyntax-11.mm -fgnu-runtime  (test for errors, line 56)
FAIL: obj-c++.dg/property/dotsyntax-11.mm -fgnu-runtime  (test for errors, line 59)

		=== obj-c++ Summary for unix/-m32 ===

# of expected passes		1436
# of unexpected failures	3
# of expected failures		2
# of unsupported tests		77

Running target unix
FAIL: obj-c++.dg/property/dotsyntax-11.mm -fgnu-runtime  (test for errors, line 51)
FAIL: obj-c++.dg/property/dotsyntax-11.mm -fgnu-runtime  (test for errors, line 56)
FAIL: obj-c++.dg/property/dotsyntax-11.mm -fgnu-runtime  (test for errors, line 59)

		=== obj-c++ Summary for unix ===

# of expected passes		1428
# of unexpected failures	3
# of expected failures		10
# of unsupported tests		77

		=== obj-c++ Summary ===

# of expected passes		2864
# of unexpected failures	6
# of expected failures		12
# of unsupported tests		154
/var/gcc/regression/trunk/11-gcc-gas-64/build/gcc/testsuite/obj-c++/../../xg++  version 6.0.0 20151204 (experimental) [trunk revision 231259] (GCC) 

		=== objc tests ===


Running target unix

		=== objc Summary for unix ===

# of expected passes		2788
# of unsupported tests		68

Running target unix/-m32

		=== objc Summary for unix/-m32 ===

# of expected passes		2788
# of unsupported tests		68

		=== objc Summary ===

# of expected passes		5576
# of unsupported tests		136
/var/gcc/regression/trunk/11-gcc-gas-64/build/gcc/xgcc  version 6.0.0 20151204 (experimental) [trunk revision 231259] (GCC) 

		=== boehm-gc tests ===


Running target unix/-m32

		=== boehm-gc Summary for unix/-m32 ===

# of expected passes		12
# of unsupported tests		1

Running target unix

		=== boehm-gc Summary for unix ===

# of expected passes		12
# of unsupported tests		1

		=== boehm-gc Summary ===

# of expected passes		24
# of unsupported tests		2
		=== libatomic tests ===


Running target unix/-m32

		=== libatomic Summary for unix/-m32 ===

# of expected passes		44
# of unsupported tests		5

Running target unix

		=== libatomic Summary for unix ===

# of expected passes		54

		=== libatomic Summary ===

# of expected passes		98
# of unsupported tests		5
		=== libffi tests ===


Running target unix/-m32

		=== libffi Summary for unix/-m32 ===

# of expected passes		1914
# of unsupported tests		30

Running target unix

		=== libffi Summary for unix ===

# of expected passes		1914
# of unsupported tests		30

		=== libffi Summary ===

# of expected passes		3828
# of unsupported tests		60
		=== libgo tests ===


Running target unix
FAIL: go/build

		=== libgo Summary for unix ===

# of expected passes		132
# of unexpected failures	1

Running target unix/-m32
FAIL: reflect
FAIL: go/build
FAIL: net/http

		=== libgo Summary for unix/-m32 ===

# of expected passes		130
# of unexpected failures	3

		=== libgo Summary ===

# of expected passes		262
# of unexpected failures	4
/var/gcc/regression/trunk/11-gcc-gas-64/build/./gcc/gccgo version 6.0.0 20151204 (experimental) [trunk revision 231259] (GCC)

		=== libgomp tests ===


Running target unix/-m32

		=== libgomp Summary for unix/-m32 ===

# of expected passes		4588
# of unsupported tests		304

Running target unix

		=== libgomp Summary for unix ===

# of expected passes		4588
# of unsupported tests		304

		=== libgomp Summary ===

# of expected passes		9176
# of unsupported tests		608
		=== libitm tests ===


Running target unix/-m32

		=== libitm Summary for unix/-m32 ===

# of expected passes		38
# of expected failures		3
# of unsupported tests		1

Running target unix

		=== libitm Summary for unix ===

# of expected passes		38
# of expected failures		3
# of unsupported tests		1

		=== libitm Summary ===

# of expected passes		76
# of expected failures		6
# of unsupported tests		2
		=== libjava tests ===


Running target unix/-m32

		=== libjava Summary for unix/-m32 ===

# of expected passes		2582
# of expected failures		4

Running target unix

		=== libjava Summary for unix ===

# of expected passes		2582
# of expected failures		4

		=== libjava Summary ===

# of expected passes		5164
# of expected failures		8
		=== libstdc++ tests ===


Running target unix
FAIL: libstdc++-abi/abi_check
WARNING: experimental/memory/shared_ptr/cons/copy_ctor_neg.cc compilation failed to produce executable

		=== libstdc++ Summary for unix ===

# of expected passes		9869
# of unexpected failures	1
# of expected failures		69
# of unsupported tests		620

Running target unix/-m32
FAIL: libstdc++-abi/abi_check
WARNING: experimental/memory/shared_ptr/cons/copy_ctor_neg.cc compilation failed to produce executable

		=== libstdc++ Summary for unix/-m32 ===

# of expected passes		9869
# of unexpected failures	1
# of expected failures		69
# of unsupported tests		620

		=== libstdc++ Summary ===

# of expected passes		19738
# of unexpected failures	2
# of expected failures		138
# of unsupported tests		1240

Compiler version: 6.0.0 20151204 (experimental) [trunk revision 231259] (GCC) 
Platform: sparcv9-sun-solaris2.11
configure flags: --prefix=/vol/gcc --target=sparcv9-sun-solaris2.11 --enable-objc-gc --enable-libmudflap --with-as=/vol/gcc/bin/sparcv9/gas-2.25 --with-gnu-as --with-gmp-include=/vol/gcc/include --with-gmp-lib=/vol/gcc/lib/sparcv9 --with-mpfr-include=/vol/gcc/include --with-mpfr-lib=/vol/gcc/lib/sparcv9 --with-mpc-include=/vol/gcc/include --with-mpc-lib=/vol/gcc/lib/sparcv9 --enable-languages=all,ada,obj-c++,go --with-isl-include=/vol/gcc/include --with-isl-lib=/vol/gcc/lib/sparcv9 --with-cloog-include=/vol/gcc/include --with-cloog-lib=/vol/gcc/lib/sparcv9 --enable-cloog-backend=isl --build=sparcv9-sun-solaris2.11 --host=sparcv9-sun-solaris2.11
BOOT_CFLAGS=-g -O2



More information about the Gcc-testresults mailing list