Results for 6.0.0 20151127 (experimental) [trunk revision 231009] (GCC) testsuite on x86_64-pc-solaris2.12
Rainer Orth
ro@CeBiTec.Uni-Bielefeld.DE
Thu Dec 3 15:57:00 GMT 2015
LAST_UPDATED: Fri Nov 27 12:56:37 UTC 2015 (revision 231009)
Native configuration is x86_64-pc-solaris2.12
=== boehm-gc tests ===
Running target unix/-m32
=== boehm-gc Summary for unix/-m32 ===
# of expected passes 12
# of unsupported tests 1
Running target unix
=== boehm-gc Summary for unix ===
# of expected passes 12
# of unsupported tests 1
=== boehm-gc Summary ===
# of expected passes 24
# of unsupported tests 2
=== libatomic tests ===
Running target unix/-m32
=== libatomic Summary for unix/-m32 ===
# of expected passes 44
# of unsupported tests 5
Running target unix
=== libatomic Summary for unix ===
# of expected passes 54
=== libatomic Summary ===
# of expected passes 98
# of unsupported tests 5
=== libffi tests ===
Running target unix/-m32
=== libffi Summary for unix/-m32 ===
# of expected passes 2439
# of unsupported tests 30
Running target unix
=== libffi Summary for unix ===
# of expected passes 1914
# of unsupported tests 30
=== libffi Summary ===
# of expected passes 4353
# of unsupported tests 60
=== libgo tests ===
Running target unix
FAIL: go/build
=== libgo Summary for unix ===
# of expected passes 132
# of unexpected failures 1
Running target unix/-m32
FAIL: go/build
=== libgo Summary for unix/-m32 ===
# of expected passes 132
# of unexpected failures 1
=== libgo Summary ===
# of expected passes 264
# of unexpected failures 2
=== libgomp tests ===
Running target unix/-m32
WARNING: program timed out.
FAIL: libgomp.fortran/simd7.f90 -O3 -fomit-frame-pointer -funroll-loops -fpeel-loops -ftracer -finline-functions (test for excess errors)
WARNING: libgomp.fortran/simd7.f90 -O3 -fomit-frame-pointer -funroll-loops -fpeel-loops -ftracer -finline-functions compilation failed to produce executable
WARNING: program timed out.
FAIL: libgomp.fortran/simd7.f90 -O3 -g (test for excess errors)
WARNING: libgomp.fortran/simd7.f90 -O3 -g compilation failed to produce executable
=== libgomp Summary for unix/-m32 ===
# of expected passes 4618
# of unexpected failures 2
# of unsupported tests 254
Running target unix
WARNING: program timed out.
FAIL: libgomp.fortran/simd7.f90 -O3 -fomit-frame-pointer -funroll-loops -fpeel-loops -ftracer -finline-functions (test for excess errors)
WARNING: libgomp.fortran/simd7.f90 -O3 -fomit-frame-pointer -funroll-loops -fpeel-loops -ftracer -finline-functions compilation failed to produce executable
WARNING: program timed out.
FAIL: libgomp.fortran/vla4.f90 -O3 -g (test for excess errors)
WARNING: libgomp.fortran/vla4.f90 -O3 -g compilation failed to produce executable
=== libgomp Summary for unix ===
# of expected passes 4618
# of unexpected failures 2
# of unsupported tests 254
=== libgomp Summary ===
# of expected passes 9236
# of unexpected failures 4
# of unsupported tests 508
=== libitm tests ===
Running target unix/-m32
=== libitm Summary for unix/-m32 ===
# of expected passes 38
# of expected failures 3
# of unsupported tests 1
Running target unix
=== libitm Summary for unix ===
# of expected passes 38
# of expected failures 3
# of unsupported tests 1
=== libitm Summary ===
# of expected passes 76
# of expected failures 6
# of unsupported tests 2
=== libjava tests ===
Running target unix/-m32
=== libjava Summary for unix/-m32 ===
# of expected passes 2582
# of expected failures 4
Running target unix
=== libjava Summary for unix ===
# of expected passes 2582
# of expected failures 4
=== libjava Summary ===
# of expected passes 5164
# of expected failures 8
=== libstdc++ tests ===
Running target unix
FAIL: libstdc++-abi/abi_check
WARNING: experimental/memory/shared_ptr/cons/copy_ctor_neg.cc compilation failed to produce executable
=== libstdc++ Summary for unix ===
# of expected passes 9899
# of unexpected failures 1
# of expected failures 68
# of unsupported tests 605
Running target unix/-m32
FAIL: libstdc++-abi/abi_check
WARNING: experimental/memory/shared_ptr/cons/copy_ctor_neg.cc compilation failed to produce executable
=== libstdc++ Summary for unix/-m32 ===
# of expected passes 9899
# of unexpected failures 1
# of expected failures 68
# of unsupported tests 605
=== libstdc++ Summary ===
# of expected passes 19798
# of unexpected failures 2
# of expected failures 136
# of unsupported tests 1210
=== acats tests ===
=== acats Summary ===
# of expected passes 2320
# of unexpected failures 0
=== g++ tests ===
Running target unix
FAIL: c-c++-common/attr-simd-3.c -std=gnu++11 (test for excess errors)
FAIL: c-c++-common/attr-simd-3.c -std=gnu++14 (test for excess errors)
FAIL: c-c++-common/attr-simd-3.c -std=gnu++98 (test for excess errors)
FAIL: g++.dg/gcov/gcov-1.C -std=gnu++11 gcov: 3 failures in line counts, 0 in branch percentages, 0 in return percentages, 0 in intermediate format
FAIL: g++.dg/gcov/gcov-1.C -std=gnu++11 line 115: is 27:should be 14
FAIL: g++.dg/gcov/gcov-1.C -std=gnu++11 line 58: is 18:should be 9
FAIL: g++.dg/gcov/gcov-1.C -std=gnu++11 line 73: is 162:should be 81
FAIL: g++.dg/gcov/gcov-1.C -std=gnu++14 gcov: 3 failures in line counts, 0 in branch percentages, 0 in return percentages, 0 in intermediate format
FAIL: g++.dg/gcov/gcov-1.C -std=gnu++14 line 115: is 27:should be 14
FAIL: g++.dg/gcov/gcov-1.C -std=gnu++14 line 58: is 18:should be 9
FAIL: g++.dg/gcov/gcov-1.C -std=gnu++14 line 73: is 162:should be 81
FAIL: g++.dg/gcov/gcov-1.C -std=gnu++98 gcov: 3 failures in line counts, 0 in branch percentages, 0 in return percentages, 0 in intermediate format
FAIL: g++.dg/gcov/gcov-1.C -std=gnu++98 line 115: is 27:should be 14
FAIL: g++.dg/gcov/gcov-1.C -std=gnu++98 line 58: is 18:should be 9
FAIL: g++.dg/gcov/gcov-1.C -std=gnu++98 line 73: is 162:should be 81
=== g++ Summary for unix ===
# of expected passes 93344
# of unexpected failures 15
# of expected failures 268
# of unsupported tests 3451
Running target unix/-m32
FAIL: g++.dg/cilk-plus/AN/array_test_ND_tplt.cc -O3 -ftree-vectorize -fcilkplus -g (test for excess errors)
WARNING: g++.dg/cilk-plus/AN/array_test_ND_tplt.cc -O3 -ftree-vectorize -fcilkplus -g compilation failed to produce executable
FAIL: g++.dg/cilk-plus/CK/catch_exc.cc -O1 -fcilkplus execution test
FAIL: g++.dg/cilk-plus/CK/catch_exc.cc -O3 -fcilkplus execution test
FAIL: g++.dg/cilk-plus/CK/catch_exc.cc -g -O2 -fcilkplus execution test
FAIL: g++.dg/cilk-plus/CK/catch_exc.cc -g -fcilkplus execution test
WARNING: program timed out.
FAIL: c-c++-common/attr-simd-3.c -std=gnu++11 (test for excess errors)
FAIL: c-c++-common/attr-simd-3.c -std=gnu++14 (test for excess errors)
FAIL: c-c++-common/attr-simd-3.c -std=gnu++98 (test for excess errors)
FAIL: g++.dg/eh/cleanup1.C -std=c++98 (test for excess errors)
FAIL: g++.dg/opt/pr59470.C -std=gnu++11 (test for excess errors)
WARNING: g++.dg/opt/pr59470.C -std=gnu++11 compilation failed to produce executable
FAIL: g++.dg/opt/pr59470.C -std=gnu++14 (test for excess errors)
WARNING: g++.dg/opt/pr59470.C -std=gnu++14 compilation failed to produce executable
FAIL: g++.dg/opt/pr59470.C -std=gnu++98 (test for excess errors)
WARNING: g++.dg/opt/pr59470.C -std=gnu++98 compilation failed to produce executable
WARNING: program timed out.
FAIL: g++.dg/gcov/gcov-1.C -std=gnu++11 gcov: 3 failures in line counts, 0 in branch percentages, 0 in return percentages, 0 in intermediate format
FAIL: g++.dg/gcov/gcov-1.C -std=gnu++11 line 115: is 27:should be 14
FAIL: g++.dg/gcov/gcov-1.C -std=gnu++11 line 58: is 18:should be 9
FAIL: g++.dg/gcov/gcov-1.C -std=gnu++11 line 73: is 162:should be 81
FAIL: g++.dg/gcov/gcov-1.C -std=gnu++14 gcov: 3 failures in line counts, 0 in branch percentages, 0 in return percentages, 0 in intermediate format
FAIL: g++.dg/gcov/gcov-1.C -std=gnu++14 line 115: is 27:should be 14
FAIL: g++.dg/gcov/gcov-1.C -std=gnu++14 line 58: is 18:should be 9
FAIL: g++.dg/gcov/gcov-1.C -std=gnu++14 line 73: is 162:should be 81
FAIL: g++.dg/gcov/gcov-1.C -std=gnu++98 gcov: 3 failures in line counts, 0 in branch percentages, 0 in return percentages, 0 in intermediate format
FAIL: g++.dg/gcov/gcov-1.C -std=gnu++98 line 115: is 27:should be 14
FAIL: g++.dg/gcov/gcov-1.C -std=gnu++98 line 58: is 18:should be 9
FAIL: g++.dg/gcov/gcov-1.C -std=gnu++98 line 73: is 162:should be 81
FAIL: g++.dg/torture/pr31863.C -O0 (test for excess errors)
WARNING: program timed out.
=== g++ Summary for unix/-m32 ===
# of expected passes 91988
# of unexpected failures 25
# of expected failures 268
# of unsupported tests 3199
=== g++ Summary ===
# of expected passes 185332
# of unexpected failures 40
# of expected failures 536
# of unsupported tests 6650
/var/gcc/regression/trunk/12-gcc-gas-64/build/gcc/testsuite/g++/../../xg++ version 6.0.0 20151127 (experimental) [trunk revision 231009] (GCC)
=== gcc tests ===
Running target unix
FAIL: gcc.c-torture/execute/20050124-1.c -O2 (internal compiler error)
FAIL: gcc.c-torture/execute/20050124-1.c -O2 (test for excess errors)
WARNING: gcc.c-torture/execute/20050124-1.c -O2 compilation failed to produce executable
FAIL: gcc.c-torture/execute/20050124-1.c -O2 -flto (internal compiler error)
FAIL: gcc.c-torture/execute/20050124-1.c -O2 -flto (test for excess errors)
WARNING: gcc.c-torture/execute/20050124-1.c -O2 -flto compilation failed to produce executable
FAIL: gcc.c-torture/execute/20050124-1.c -O2 -flto -flto-partition=none (internal compiler error)
FAIL: gcc.c-torture/execute/20050124-1.c -O2 -flto -flto-partition=none (test for excess errors)
WARNING: gcc.c-torture/execute/20050124-1.c -O2 -flto -flto-partition=none compilation failed to produce executable
FAIL: gcc.c-torture/execute/20050124-1.c -O3 -g (internal compiler error)
FAIL: gcc.c-torture/execute/20050124-1.c -O3 -g (test for excess errors)
WARNING: gcc.c-torture/execute/20050124-1.c -O3 -g compilation failed to produce executable
FAIL: gcc.c-torture/execute/20050124-1.c -Os (internal compiler error)
FAIL: gcc.c-torture/execute/20050124-1.c -Os (test for excess errors)
WARNING: gcc.c-torture/execute/20050124-1.c -Os compilation failed to produce executable
FAIL: gcc.dg/atomic/c11-atomic-exec-2.c -O1 (test for excess errors)
WARNING: gcc.dg/atomic/c11-atomic-exec-2.c -O1 compilation failed to produce executable
FAIL: gcc.dg/atomic/c11-atomic-exec-2.c -O2 -flto -flto-partition=none (test for excess errors)
FAIL: gcc.dg/atomic/c11-atomic-exec-2.c -O3 -fomit-frame-pointer -funroll-loops -fpeel-loops -ftracer -finline-functions (test for excess errors)
WARNING: gcc.dg/atomic/c11-atomic-exec-2.c -O3 -fomit-frame-pointer -funroll-loops -fpeel-loops -ftracer -finline-functions compilation failed to produce executable
FAIL: gcc.dg/atomic/c11-atomic-exec-2.c -O3 -g (test for excess errors)
WARNING: gcc.dg/atomic/c11-atomic-exec-2.c -O3 -g compilation failed to produce executable
WARNING: program timed out.
WARNING: program timed out.
WARNING: program timed out.
WARNING: program timed out.
WARNING: program timed out.
UNRESOLVED: tmpdir-gcc.dg-struct-layout-1/t027 c_compat_x_tst.o-c_compat_y_tst.o execute
UNRESOLVED: tmpdir-gcc.dg-struct-layout-1/t027 c_compat_x_tst.o-c_compat_y_tst.o link
FAIL: tmpdir-gcc.dg-struct-layout-1/t027 c_compat_y_tst.o compile
FAIL: gcc.dg/debug/dwarf2/stacked-qualified-types-3.c scan-assembler-times DIE \\\\([^\\n]*\\\\) DW_TAG_(?:const|volatile|atomic|restrict)_type 8
FAIL: gcc.dg/c11-atomic-2.c (test for excess errors)
WARNING: program timed out.
FAIL: gcc.dg/graphite/fuse-1.c scan-tree-dump-times forwprop4 "gimple_simplified to[^\\\\n]*\\\\^ 12" 1
FAIL: gcc.dg/graphite/fuse-1.c scan-tree-dump-times graphite "ISL AST generated by ISL:.*for \\\\(int c0 = 0; c0 <= 99; c0 \\\\+= 1\\\\) {.*S_.*\\\\(c0\\\\);.*S_.*\\\\(c0\\\\);.*S_.*\\\\(c0\\\\);.*}" 1
FAIL: gcc.dg/graphite/fuse-2.c scan-tree-dump-times graphite "ISL AST generated by ISL:.*for \\\\(int c0 = 0; c0 <= 99; c0 \\\\+= 1\\\\) {.*S_.*\\\\(c0\\\\);.*S_.*\\\\(c0\\\\);.*S_.*\\\\(c0\\\\);.*}" 1
FAIL: gcc.dg/torture/pr68264.c -O0 execution test
FAIL: gcc.dg/torture/pr68264.c -O1 execution test
FAIL: gcc.dg/torture/pr68264.c -O2 execution test
FAIL: gcc.dg/torture/pr68264.c -O2 -flto execution test
FAIL: gcc.dg/torture/pr68264.c -O2 -flto -flto-partition=none execution test
FAIL: gcc.dg/torture/pr68264.c -O3 -g execution test
FAIL: gcc.dg/torture/pr68264.c -Os execution test
=== gcc Summary for unix ===
# of expected passes 105053
# of unexpected failures 27
# of expected failures 299
# of unresolved testcases 2
# of unsupported tests 1652
Running target unix/-m32
FAIL: gcc.c-torture/execute/20050124-1.c -O2 (internal compiler error)
FAIL: gcc.c-torture/execute/20050124-1.c -O2 (test for excess errors)
WARNING: gcc.c-torture/execute/20050124-1.c -O2 compilation failed to produce executable
FAIL: gcc.c-torture/execute/20050124-1.c -O2 -flto (internal compiler error)
FAIL: gcc.c-torture/execute/20050124-1.c -O2 -flto (test for excess errors)
WARNING: gcc.c-torture/execute/20050124-1.c -O2 -flto compilation failed to produce executable
FAIL: gcc.c-torture/execute/20050124-1.c -O2 -flto -flto-partition=none (internal compiler error)
FAIL: gcc.c-torture/execute/20050124-1.c -O2 -flto -flto-partition=none (test for excess errors)
WARNING: gcc.c-torture/execute/20050124-1.c -O2 -flto -flto-partition=none compilation failed to produce executable
FAIL: gcc.c-torture/execute/20050124-1.c -O3 -g (internal compiler error)
FAIL: gcc.c-torture/execute/20050124-1.c -O3 -g (test for excess errors)
WARNING: gcc.c-torture/execute/20050124-1.c -O3 -g compilation failed to produce executable
FAIL: gcc.c-torture/execute/20050124-1.c -Os (internal compiler error)
FAIL: gcc.c-torture/execute/20050124-1.c -Os (test for excess errors)
WARNING: gcc.c-torture/execute/20050124-1.c -Os compilation failed to produce executable
FAIL: gcc.dg/atomic/c11-atomic-exec-2.c -O2 -flto (test for excess errors)
WARNING: gcc.dg/atomic/c11-atomic-exec-2.c -O2 -flto compilation failed to produce executable
FAIL: gcc.dg/atomic/c11-atomic-exec-2.c -O2 -flto -flto-partition=none (test for excess errors)
WARNING: gcc.dg/atomic/c11-atomic-exec-2.c -O2 -flto -flto-partition=none compilation failed to produce executable
FAIL: gcc.dg/atomic/c11-atomic-exec-2.c -O3 -g (test for excess errors)
WARNING: gcc.dg/atomic/c11-atomic-exec-2.c -O3 -g compilation failed to produce executable
WARNING: program timed out.
WARNING: program timed out.
WARNING: program timed out.
FAIL: gcc.dg/debug/dwarf2/stacked-qualified-types-3.c scan-assembler-times DIE \\\\([^\\n]*\\\\) DW_TAG_(?:const|volatile|atomic|restrict)_type 8
FAIL: gcc.dg/ifcvt-3.c scan-rtl-dump ce1 "3 true changes made"
FAIL: gcc.dg/graphite/fuse-1.c scan-tree-dump-times forwprop4 "gimple_simplified to[^\\\\n]*\\\\^ 12" 1
FAIL: gcc.dg/graphite/fuse-1.c scan-tree-dump-times graphite "ISL AST generated by ISL:.*for \\\\(int c0 = 0; c0 <= 99; c0 \\\\+= 1\\\\) {.*S_.*\\\\(c0\\\\);.*S_.*\\\\(c0\\\\);.*S_.*\\\\(c0\\\\);.*}" 1
FAIL: gcc.dg/graphite/fuse-2.c scan-tree-dump-times graphite "ISL AST generated by ISL:.*for \\\\(int c0 = 0; c0 <= 99; c0 \\\\+= 1\\\\) {.*S_.*\\\\(c0\\\\);.*S_.*\\\\(c0\\\\);.*S_.*\\\\(c0\\\\);.*}" 1
FAIL: gcc.dg/torture/pr68264.c -O0 execution test
FAIL: gcc.dg/torture/pr68264.c -O1 execution test
FAIL: gcc.dg/torture/pr68264.c -O2 execution test
FAIL: gcc.dg/torture/pr68264.c -O2 -flto execution test
FAIL: gcc.dg/torture/pr68264.c -O2 -flto -flto-partition=none execution test
FAIL: gcc.dg/torture/pr68264.c -O3 -g execution test
FAIL: gcc.dg/torture/pr68264.c -Os execution test
=== gcc Summary for unix/-m32 ===
# of expected passes 104173
# of unexpected failures 25
# of expected failures 302
# of unsupported tests 1451
=== gcc Summary ===
# of expected passes 209226
# of unexpected failures 52
# of expected failures 601
# of unresolved testcases 2
# of unsupported tests 3103
/var/gcc/regression/trunk/12-gcc-gas-64/build/gcc/xgcc version 6.0.0 20151127 (experimental) [trunk revision 231009] (GCC)
=== gfortran tests ===
Running target unix
=== gfortran Summary for unix ===
# of expected passes 41261
# of expected failures 73
# of unsupported tests 70
Running target unix/-m32
=== gfortran Summary for unix/-m32 ===
# of expected passes 41046
# of expected failures 73
# of unsupported tests 172
=== gfortran Summary ===
# of expected passes 82307
# of expected failures 146
# of unsupported tests 242
/var/gcc/regression/trunk/12-gcc-gas-64/build/gcc/testsuite/gfortran/../../gfortran version 6.0.0 20151127 (experimental) [trunk revision 231009] (GCC)
=== gnat tests ===
Running target unix/-m32
FAIL: gnat.dg/loop_optimization19.adb scan-tree-dump-not optimized "Index_Check"
=== gnat Summary for unix/-m32 ===
# of expected passes 2474
# of unexpected failures 1
# of expected failures 21
# of unsupported tests 6
Running target unix
FAIL: gnat.dg/loop_optimization19.adb scan-tree-dump-not optimized "Index_Check"
=== gnat Summary for unix ===
# of expected passes 2474
# of unexpected failures 1
# of expected failures 21
# of unsupported tests 6
=== gnat Summary ===
# of expected passes 4948
# of unexpected failures 2
# of expected failures 42
# of unsupported tests 12
/var/gcc/regression/trunk/12-gcc-gas-64/build/gcc/gnatmake version 6.0.0 20151127 (experimental) [trunk revision 231009]
=== go tests ===
Running target unix
=== go Summary for unix ===
# of expected passes 7247
# of expected failures 1
# of untested testcases 10
# of unsupported tests 1
Running target unix/-m32
FAIL: ./index0-out.go compilation, -O0 -g -fno-var-tracking-assignments
WARNING: program timed out.
=== go Summary for unix/-m32 ===
# of expected passes 7364
# of unexpected failures 1
# of expected failures 1
# of untested testcases 11
# of unsupported tests 2
=== go Summary ===
# of expected passes 14611
# of unexpected failures 1
# of expected failures 2
# of untested testcases 21
# of unsupported tests 3
=== obj-c++ tests ===
Running target unix/-m32
FAIL: obj-c++.dg/property/dotsyntax-11.mm -fgnu-runtime (test for errors, line 51)
FAIL: obj-c++.dg/property/dotsyntax-11.mm -fgnu-runtime (test for errors, line 56)
FAIL: obj-c++.dg/property/dotsyntax-11.mm -fgnu-runtime (test for errors, line 59)
=== obj-c++ Summary for unix/-m32 ===
# of expected passes 1436
# of unexpected failures 3
# of expected failures 2
# of unsupported tests 77
Running target unix
FAIL: obj-c++.dg/property/dotsyntax-11.mm -fgnu-runtime (test for errors, line 51)
FAIL: obj-c++.dg/property/dotsyntax-11.mm -fgnu-runtime (test for errors, line 56)
FAIL: obj-c++.dg/property/dotsyntax-11.mm -fgnu-runtime (test for errors, line 59)
=== obj-c++ Summary for unix ===
# of expected passes 1428
# of unexpected failures 3
# of expected failures 10
# of unsupported tests 77
=== obj-c++ Summary ===
# of expected passes 2864
# of unexpected failures 6
# of expected failures 12
# of unsupported tests 154
/var/gcc/regression/trunk/12-gcc-gas-64/build/gcc/testsuite/obj-c++/../../xg++ version 6.0.0 20151127 (experimental) [trunk revision 231009] (GCC)
=== objc tests ===
Running target unix
=== objc Summary for unix ===
# of expected passes 2782
# of expected failures 6
# of unsupported tests 68
Running target unix/-m32
=== objc Summary for unix/-m32 ===
# of expected passes 2782
# of expected failures 6
# of unsupported tests 68
=== objc Summary ===
# of expected passes 5564
# of expected failures 12
# of unsupported tests 136
/var/gcc/regression/trunk/12-gcc-gas-64/build/gcc/xgcc version 6.0.0 20151127 (experimental) [trunk revision 231009] (GCC)
Compiler version: 6.0.0 20151127 (experimental) [trunk revision 231009] (GCC)
Platform: x86_64-pc-solaris2.12
configure flags: --prefix=/vol/gcc --target=amd64-pc-solaris2.12 --enable-objc-gc --with-as=/vol/gcc/bin/amd64/gas-2.25 --with-gnu-as --with-gmp-include=/vol/gcc/include --with-gmp-lib=/vol/gcc/lib/amd64 --with-mpfr-include=/vol/gcc/include --with-mpfr-lib=/vol/gcc/lib/amd64 --with-mpc-include=/vol/gcc/include --with-mpc-lib=/vol/gcc/lib/amd64 --enable-languages=all,ada,obj-c++,go --with-isl-include=/vol/gcc/include --with-isl-lib=/vol/gcc/lib/amd64 --with-cloog-include=/vol/gcc/include --with-cloog-lib=/vol/gcc/lib/amd64 --enable-cloog-backend=isl --build=amd64-pc-solaris2.12 --host=amd64-pc-solaris2.12
BOOT_CFLAGS=-g -O2
More information about the Gcc-testresults
mailing list