Results for 5.2.1 20150828 [gcc-5-branch revision 227302] (GCC) testsuite on i386-pc-solaris2.12
Rainer Orth
ro@CeBiTec.Uni-Bielefeld.DE
Mon Aug 31 06:00:00 GMT 2015
LAST_UPDATED: Fri Aug 28 17:34:18 UTC 2015 (revision 227302)
=== acats tests ===
=== acats Summary ===
# of expected passes 2320
# of unexpected failures 0
Native configuration is i386-pc-solaris2.12
=== g++ tests ===
Running target unix
FAIL: g++.dg/cilk-plus/CK/catch_exc.cc -O1 -fcilkplus execution test
FAIL: g++.dg/cilk-plus/CK/catch_exc.cc -O3 -fcilkplus execution test
FAIL: g++.dg/cilk-plus/CK/catch_exc.cc -g -O2 -fcilkplus execution test
FAIL: g++.dg/cilk-plus/CK/catch_exc.cc -g -fcilkplus execution test
=== g++ Summary for unix ===
# of expected passes 85014
# of unexpected failures 4
# of expected failures 291
# of unsupported tests 3367
Running target unix/-m64
UNRESOLVED: g++.dg/lto/pr65475b cp_lto_pr65475b_0.o-cp_lto_pr65475b_1.o execute -Wno-odr
FAIL: g++.dg/lto/pr65475b cp_lto_pr65475b_0.o-cp_lto_pr65475b_1.o link, -Wno-odr
=== g++ Summary for unix/-m64 ===
# of expected passes 86338
# of unexpected failures 1
# of expected failures 291
# of unresolved testcases 1
# of unsupported tests 3638
=== g++ Summary ===
# of expected passes 171352
# of unexpected failures 5
# of expected failures 582
# of unresolved testcases 1
# of unsupported tests 7005
/var/gcc/regression/gcc-5-branch/12-gcc/build/gcc/testsuite/g++/../../xg++ version 5.2.1 20150828 [gcc-5-branch revision 227302] (GCC)
=== gcc tests ===
Running target unix
=== gcc Summary for unix ===
# of expected passes 106314
# of expected failures 274
# of unsupported tests 2424
Running target unix/-m64
FAIL: gcc.target/i386/pr58218.c (test for excess errors)
FAIL: gcc.target/i386/pr61599-1.c (test for excess errors)
WARNING: gcc.target/i386/pr61599-1.c compilation failed to produce executable
=== gcc Summary for unix/-m64 ===
# of expected passes 107168
# of unexpected failures 2
# of expected failures 273
# of unsupported tests 2651
=== gcc Summary ===
# of expected passes 213482
# of unexpected failures 2
# of expected failures 547
# of unsupported tests 5075
/var/gcc/regression/gcc-5-branch/12-gcc/build/gcc/xgcc version 5.2.1 20150828 [gcc-5-branch revision 227302] (GCC)
=== gfortran tests ===
Running target unix
=== gfortran Summary for unix ===
# of expected passes 48341
# of expected failures 79
# of unsupported tests 217
Running target unix/-m64
=== gfortran Summary for unix/-m64 ===
# of expected passes 48628
# of expected failures 79
# of unsupported tests 79
=== gfortran Summary ===
# of expected passes 96969
# of expected failures 158
# of unsupported tests 296
/var/gcc/regression/gcc-5-branch/12-gcc/build/gcc/testsuite/gfortran/../../gfortran version 5.2.1 20150828 [gcc-5-branch revision 227302] (GCC)
=== gnat tests ===
Running target unix
=== gnat Summary for unix ===
# of expected passes 1330
# of expected failures 20
# of unsupported tests 7
Running target unix/-m64
=== gnat Summary for unix/-m64 ===
# of expected passes 1330
# of expected failures 20
# of unsupported tests 7
=== gnat Summary ===
# of expected passes 2660
# of expected failures 40
# of unsupported tests 14
/var/gcc/regression/gcc-5-branch/12-gcc/build/gcc/gnatmake version 5.2.1 20150828 [gcc-5-branch revision 227302]
=== go tests ===
Running target unix
=== go Summary for unix ===
# of expected passes 7363
# of expected failures 1
# of untested testcases 10
# of unsupported tests 2
Running target unix/-m64
=== go Summary for unix/-m64 ===
# of expected passes 7244
# of expected failures 1
# of untested testcases 10
# of unsupported tests 1
=== go Summary ===
# of expected passes 14607
# of expected failures 2
# of untested testcases 20
# of unsupported tests 3
=== obj-c++ tests ===
Running target unix
=== obj-c++ Summary for unix ===
# of expected passes 1453
# of expected failures 2
# of unsupported tests 86
Running target unix/-m64
=== obj-c++ Summary for unix/-m64 ===
# of expected passes 1445
# of expected failures 10
# of unsupported tests 86
=== obj-c++ Summary ===
# of expected passes 2898
# of expected failures 12
# of unsupported tests 172
/var/gcc/regression/gcc-5-branch/12-gcc/build/gcc/testsuite/obj-c++/../../xg++ version 5.2.1 20150828 [gcc-5-branch revision 227302] (GCC)
=== objc tests ===
Running target unix
=== objc Summary for unix ===
# of expected passes 3010
# of expected failures 6
# of unsupported tests 74
Running target unix/-m64
=== objc Summary for unix/-m64 ===
# of expected passes 3010
# of expected failures 6
# of unsupported tests 74
=== objc Summary ===
# of expected passes 6020
# of expected failures 12
# of unsupported tests 148
/var/gcc/regression/gcc-5-branch/12-gcc/build/gcc/xgcc version 5.2.1 20150828 [gcc-5-branch revision 227302] (GCC)
=== boehm-gc tests ===
Running target unix
=== boehm-gc Summary for unix ===
# of expected passes 12
# of unsupported tests 1
Running target unix/-m64
=== boehm-gc Summary for unix/-m64 ===
# of expected passes 12
# of unsupported tests 1
=== boehm-gc Summary ===
# of expected passes 24
# of unsupported tests 2
=== libatomic tests ===
Running target unix
=== libatomic Summary for unix ===
# of expected passes 44
# of unsupported tests 5
Running target unix/-m64
=== libatomic Summary for unix/-m64 ===
# of expected passes 54
=== libatomic Summary ===
# of expected passes 98
# of unsupported tests 5
=== libffi tests ===
Running target unix
=== libffi Summary for unix ===
# of expected passes 2439
# of unsupported tests 30
Running target unix/-m64
=== libffi Summary for unix/-m64 ===
# of expected passes 1914
# of unsupported tests 30
=== libffi Summary ===
# of expected passes 4353
# of unsupported tests 60
=== libgo tests ===
Running target unix
FAIL: runtime
=== libgo Summary for unix ===
# of expected passes 123
# of unexpected failures 1
Running target unix/-m64
FAIL: runtime
=== libgo Summary for unix/-m64 ===
# of expected passes 123
# of unexpected failures 1
=== libgo Summary ===
# of expected passes 246
# of unexpected failures 2
=== libgomp tests ===
Running target unix
=== libgomp Summary for unix ===
# of expected passes 5869
# of unsupported tests 257
Running target unix/-m64
=== libgomp Summary for unix/-m64 ===
# of expected passes 5869
# of unsupported tests 257
=== libgomp Summary ===
# of expected passes 11738
# of unsupported tests 514
=== libitm tests ===
Running target unix
=== libitm Summary for unix ===
# of expected passes 26
# of expected failures 3
# of unsupported tests 1
Running target unix/-m64
=== libitm Summary for unix/-m64 ===
# of expected passes 26
# of expected failures 3
# of unsupported tests 1
=== libitm Summary ===
# of expected passes 52
# of expected failures 6
# of unsupported tests 2
=== libjava tests ===
Running target unix
=== libjava Summary for unix ===
# of expected passes 2582
# of expected failures 4
Running target unix/-m64
=== libjava Summary for unix/-m64 ===
# of expected passes 2582
# of expected failures 4
=== libjava Summary ===
# of expected passes 5164
# of expected failures 8
=== libstdc++ tests ===
Running target unix
=== libstdc++ Summary for unix ===
# of expected passes 9507
# of expected failures 66
# of unsupported tests 602
Running target unix/-m64
=== libstdc++ Summary for unix/-m64 ===
# of expected passes 9507
# of expected failures 66
# of unsupported tests 602
=== libstdc++ Summary ===
# of expected passes 19014
# of expected failures 132
# of unsupported tests 1204
Compiler version: 5.2.1 20150828 [gcc-5-branch revision 227302] (GCC)
Platform: i386-pc-solaris2.12
configure flags: --prefix=/vol/gcc --target=i386-pc-solaris2.12 --enable-objc-gc --with-as=/usr/ccs/bin/as --without-gnu-as --with-gmp-include=/vol/gcc/include --with-gmp-lib=/vol/gcc/lib --with-mpfr-include=/vol/gcc/include --with-mpfr-lib=/vol/gcc/lib --with-mpc-include=/vol/gcc/include --with-mpc-lib=/vol/gcc/lib --enable-languages=all,ada,obj-c++,go --with-isl-include=/vol/gcc/include --with-isl-lib=/vol/gcc/lib --with-cloog-include=/vol/gcc/include --with-cloog-lib=/vol/gcc/lib --enable-cloog-backend=isl
BOOT_CFLAGS=-g -O2
More information about the Gcc-testresults
mailing list