Results for 5.2.1 20150828 [gcc-5-branch revision 227302] (GCC) testsuite on sparc-sun-solaris2.11
Rainer Orth
ro@CeBiTec.Uni-Bielefeld.DE
Sun Aug 30 18:22:00 GMT 2015
LAST_UPDATED: Fri Aug 28 17:34:18 UTC 2015 (revision 227302)
=== acats tests ===
=== acats Summary ===
# of expected passes 2320
# of unexpected failures 0
Native configuration is sparc-sun-solaris2.11
=== g++ tests ===
Running target unix
WARNING: program timed out.
UNRESOLVED: tmpdir-g++.dg-struct-layout-1/t001 cp_compat_x_tst.o-cp_compat_y_tst.o execute
UNRESOLVED: tmpdir-g++.dg-struct-layout-1/t001 cp_compat_x_tst.o-cp_compat_y_tst.o link
FAIL: tmpdir-g++.dg-struct-layout-1/t001 cp_compat_y_tst.o compile
=== g++ Summary for unix ===
# of expected passes 81720
# of unexpected failures 1
# of expected failures 291
# of unresolved testcases 2
# of unsupported tests 3831
Running target unix/-m64
=== g++ Summary for unix/-m64 ===
# of expected passes 83595
# of expected failures 291
# of unsupported tests 3808
=== g++ Summary ===
# of expected passes 165315
# of unexpected failures 1
# of expected failures 582
# of unresolved testcases 2
# of unsupported tests 7639
/var/gcc/regression/gcc-5-branch/11-gcc-gas/build/gcc/testsuite/g++/../../xg++ version 5.2.1 20150828 [gcc-5-branch revision 227302] (GCC)
=== gcc tests ===
Running target unix
FAIL: gcc.c-torture/compile/20001226-1.c -O3 -fomit-frame-pointer (test for excess errors)
WARNING: program timed out.
FAIL: gcc.dg/unroll-2.c (test for warnings, line 24)
FAIL: gcc.dg/visibility-22.c execution test
FAIL: gcc.dg/simulate-thread/atomic-other-int.c -O2 -g thread simulation test
FAIL: gcc.dg/simulate-thread/atomic-other-int.c -O3 -g thread simulation test
FAIL: gcc.dg/simulate-thread/speculative-store-4.c -O0 -g thread simulation test
FAIL: gcc.dg/simulate-thread/speculative-store-4.c -O2 -g thread simulation test
FAIL: gcc.dg/simulate-thread/speculative-store-4.c -O3 -g thread simulation test
FAIL: gcc.dg/simulate-thread/speculative-store.c -O0 -g thread simulation test
=== gcc Summary for unix ===
# of expected passes 89599
# of unexpected failures 9
# of expected failures 337
# of unsupported tests 2089
Running target unix/-m64
FAIL: gcc.dg/unroll-2.c (test for warnings, line 24)
FAIL: gcc.dg/visibility-22.c execution test
=== gcc Summary for unix/-m64 ===
# of expected passes 90415
# of unexpected failures 2
# of expected failures 326
# of unsupported tests 2007
=== gcc Summary ===
# of expected passes 180014
# of unexpected failures 11
# of expected failures 663
# of unsupported tests 4096
/var/gcc/regression/gcc-5-branch/11-gcc-gas/build/gcc/xgcc version 5.2.1 20150828 [gcc-5-branch revision 227302] (GCC)
=== gfortran tests ===
Running target unix
WARNING: program timed out.
=== gfortran Summary for unix ===
# of expected passes 47869
# of expected failures 81
# of unsupported tests 434
Running target unix/-m64
=== gfortran Summary for unix/-m64 ===
# of expected passes 48552
# of expected failures 81
# of unsupported tests 113
=== gfortran Summary ===
# of expected passes 96421
# of expected failures 162
# of unsupported tests 547
/var/gcc/regression/gcc-5-branch/11-gcc-gas/build/gcc/testsuite/gfortran/../../gfortran version 5.2.1 20150828 [gcc-5-branch revision 227302] (GCC)
=== gnat tests ===
Running target unix
=== gnat Summary for unix ===
# of expected passes 1304
# of expected failures 20
# of unsupported tests 19
Running target unix/-m64
=== gnat Summary for unix/-m64 ===
# of expected passes 1304
# of expected failures 20
# of unsupported tests 19
=== gnat Summary ===
# of expected passes 2608
# of expected failures 40
# of unsupported tests 38
/var/gcc/regression/gcc-5-branch/11-gcc-gas/build/gcc/gnatmake version 5.2.1 20150828 [gcc-5-branch revision 227302]
=== go tests ===
Running target unix
FAIL: go.go-torture/execute/function-1.go compilation, -O2 -fomit-frame-pointer -finline-functions -funroll-loops
WARNING: program timed out.
=== go Summary for unix ===
# of expected passes 7358
# of unexpected failures 1
# of expected failures 1
# of untested testcases 12
# of unsupported tests 3
Running target unix/-m64
=== go Summary for unix/-m64 ===
# of expected passes 7240
# of expected failures 1
# of untested testcases 11
# of unsupported tests 3
=== go Summary ===
# of expected passes 14598
# of unexpected failures 1
# of expected failures 2
# of untested testcases 23
# of unsupported tests 6
=== obj-c++ tests ===
Running target unix
=== obj-c++ Summary for unix ===
# of expected passes 1453
# of expected failures 2
# of unsupported tests 86
Running target unix/-m64
=== obj-c++ Summary for unix/-m64 ===
# of expected passes 1445
# of expected failures 10
# of unsupported tests 86
=== obj-c++ Summary ===
# of expected passes 2898
# of expected failures 12
# of unsupported tests 172
/var/gcc/regression/gcc-5-branch/11-gcc-gas/build/gcc/testsuite/obj-c++/../../xg++ version 5.2.1 20150828 [gcc-5-branch revision 227302] (GCC)
=== objc tests ===
Running target unix
=== objc Summary for unix ===
# of expected passes 3016
# of unsupported tests 74
Running target unix/-m64
=== objc Summary for unix/-m64 ===
# of expected passes 3016
# of unsupported tests 74
=== objc Summary ===
# of expected passes 6032
# of unsupported tests 148
/var/gcc/regression/gcc-5-branch/11-gcc-gas/build/gcc/xgcc version 5.2.1 20150828 [gcc-5-branch revision 227302] (GCC)
=== boehm-gc tests ===
Running target unix
=== boehm-gc Summary for unix ===
# of expected passes 12
# of unsupported tests 1
Running target unix/-m64
=== boehm-gc Summary for unix/-m64 ===
# of expected passes 12
# of unsupported tests 1
=== boehm-gc Summary ===
# of expected passes 24
# of unsupported tests 2
=== libatomic tests ===
Running target unix
=== libatomic Summary for unix ===
# of expected passes 44
# of unsupported tests 5
Running target unix/-m64
=== libatomic Summary for unix/-m64 ===
# of expected passes 54
=== libatomic Summary ===
# of expected passes 98
# of unsupported tests 5
=== libffi tests ===
Running target unix
=== libffi Summary for unix ===
# of expected passes 1914
# of unsupported tests 30
Running target unix/-m64
=== libffi Summary for unix/-m64 ===
# of expected passes 1914
# of unsupported tests 30
=== libffi Summary ===
# of expected passes 3828
# of unsupported tests 60
=== libgo tests ===
Running target unix
FAIL: reflect
FAIL: runtime
=== libgo Summary for unix ===
# of expected passes 122
# of unexpected failures 2
Running target unix/-m64
FAIL: runtime
FAIL: net/http
=== libgo Summary for unix/-m64 ===
# of expected passes 122
# of unexpected failures 2
=== libgo Summary ===
# of expected passes 244
# of unexpected failures 4
/var/gcc/regression/gcc-5-branch/11-gcc-gas/build/./gcc/gccgo version 5.2.1 20150828 [gcc-5-branch revision 227302] (GCC)
=== libgomp tests ===
Running target unix
=== libgomp Summary for unix ===
# of expected passes 5819
# of unsupported tests 282
Running target unix/-m64
WARNING: program timed out.
FAIL: libgomp.c++/target-1.C (test for excess errors)
=== libgomp Summary for unix/-m64 ===
# of expected passes 5818
# of unexpected failures 1
# of unsupported tests 282
=== libgomp Summary ===
# of expected passes 11637
# of unexpected failures 1
# of unsupported tests 564
=== libitm tests ===
Running target unix
=== libitm Summary for unix ===
# of expected passes 26
# of expected failures 3
# of unsupported tests 1
Running target unix/-m64
=== libitm Summary for unix/-m64 ===
# of expected passes 26
# of expected failures 3
# of unsupported tests 1
=== libitm Summary ===
# of expected passes 52
# of expected failures 6
# of unsupported tests 2
=== libjava tests ===
Running target unix
=== libjava Summary for unix ===
# of expected passes 2582
# of expected failures 4
Running target unix/-m64
WARNING: program timed out.
FAIL: WalkerTest -O3 compilation from source
=== libjava Summary for unix/-m64 ===
# of expected passes 2579
# of unexpected failures 1
# of expected failures 4
# of untested testcases 2
=== libjava Summary ===
# of expected passes 5161
# of unexpected failures 1
# of expected failures 8
# of untested testcases 2
=== libstdc++ tests ===
Running target unix
=== libstdc++ Summary for unix ===
# of expected passes 9476
# of expected failures 66
# of unsupported tests 617
Running target unix/-m64
ERROR: could not compile testsuite_character.cc
WARNING: program timed out.
ERROR: tcl error sourcing /vol/gcc/src/hg/gcc-5-branch/local/libstdc++-v3/testsuite/libstdc++-prettyprinters/prettyprinters.exp.
=== libstdc++ Summary for unix/-m64 ===
# of expected passes 9476
# of expected failures 66
# of unsupported tests 617
=== libstdc++ Summary ===
# of expected passes 18952
# of expected failures 132
# of unsupported tests 1234
Compiler version: 5.2.1 20150828 [gcc-5-branch revision 227302] (GCC)
Platform: sparc-sun-solaris2.11
configure flags: --prefix=/vol/gcc --target=sparc-sun-solaris2.11 --enable-objc-gc --enable-libmudflap --with-as=/vol/gcc/bin/gas-2.25 --with-gnu-as --with-gmp-include=/vol/gcc/include --with-gmp-lib=/vol/gcc/lib --with-mpfr-include=/vol/gcc/include --with-mpfr-lib=/vol/gcc/lib --with-mpc-include=/vol/gcc/include --with-mpc-lib=/vol/gcc/lib --enable-languages=all,ada,obj-c++,go --with-isl-include=/vol/gcc/include --with-isl-lib=/vol/gcc/lib --with-cloog-include=/vol/gcc/include --with-cloog-lib=/vol/gcc/lib --enable-cloog-backend=isl
BOOT_CFLAGS=-g -O2
More information about the Gcc-testresults
mailing list