Results for 5.2.1 20150815 [gcc-5-branch revision 226906] (GCC) testsuite on i686-pc-linux-gnu
H.J. Lu ia32
hjl@gnu-29.sc.intel.com
Sat Aug 15 10:02:00 GMT 2015
Native configuration is i686-pc-linux-gnu
=== gcc tests ===
Running target unix
FAIL: gcc.dg/lto/pr55113 c_lto_pr55113_0.o assemble, -flto -fshort-double -O0 (internal compiler error)
UNRESOLVED: gcc.dg/lto/pr55113 c_lto_pr55113_0.o-c_lto_pr55113_0.o execute -flto -fshort-double -O0
UNRESOLVED: gcc.dg/lto/pr55113 c_lto_pr55113_0.o-c_lto_pr55113_0.o link -flto -fshort-double -O0
=== gcc Summary ===
# of expected passes 113389
# of unexpected failures 1
# of expected failures 272
# of unresolved testcases 2
# of unsupported tests 1637
/export/gnu/import/git/gcc-test/bld/gcc/xgcc version 5.2.1 20150815 [gcc-5-branch revision 226906] (GCC)
=== gfortran tests ===
Running target unix
=== gfortran Summary ===
# of expected passes 48405
# of expected failures 79
# of unsupported tests 209
/export/gnu/import/git/gcc-test/bld/gcc/testsuite/gfortran/../../gfortran version 5.2.1 20150815 [gcc-5-branch revision 226906] (GCC)
=== g++ tests ===
Running target unix
XPASS: g++.dg/tls/thread_local-order2.C -std=c++11 execution test
XPASS: g++.dg/tls/thread_local-order2.C -std=c++14 execution test
=== g++ Summary ===
# of expected passes 92037
# of unexpected successes 2
# of expected failures 339
# of unsupported tests 3474
/export/gnu/import/git/gcc-test/bld/gcc/testsuite/g++/../../xg++ version 5.2.1 20150815 [gcc-5-branch revision 226906] (GCC)
=== objc tests ===
Running target unix
=== objc Summary ===
# of expected passes 3010
# of expected failures 6
# of unsupported tests 74
/export/gnu/import/git/gcc-test/bld/gcc/xgcc version 5.2.1 20150815 [gcc-5-branch revision 226906] (GCC)
=== boehm-gc tests ===
Running target unix
=== boehm-gc Summary ===
# of expected passes 12
# of unsupported tests 1
=== libatomic tests ===
Running target unix
=== libatomic Summary ===
# of expected passes 44
# of unsupported tests 5
=== libffi tests ===
Running target unix
=== libffi Summary ===
# of expected passes 2439
# of unsupported tests 30
=== libgomp tests ===
Running target unix
=== libgomp Summary ===
# of expected passes 5875
# of unsupported tests 254
=== libitm tests ===
Running target unix
=== libitm Summary ===
# of expected passes 26
# of expected failures 3
# of unsupported tests 1
=== libjava tests ===
Running target unix
=== libjava Summary ===
# of expected passes 2582
# of expected failures 4
=== libstdc++ tests ===
Running target unix
=== libstdc++ Summary ===
# of expected passes 10591
# of expected failures 65
# of unsupported tests 226
Compiler version: 5.2.1 20150815 [gcc-5-branch revision 226906] (GCC)
Platform: i686-pc-linux-gnu
configure flags: --prefix=/usr/5.2.1 --enable-clocale=gnu --with-system-zlib --enable-shared --with-demangler-in-ld --enable-libmpx --with-fpmath=sse --enable-languages=c,c++,fortran,java,lto,objc
More information about the Gcc-testresults
mailing list