Results for 6.0.0 20150805 (experimental) [trunk revision 226643] (GCC) testsuite on x86_64-pc-linux-gnu
H.J. Lu Intel64
intel64@gnu-13.sc.intel.com
Thu Aug 6 00:38:00 GMT 2015
Native configuration is x86_64-pc-linux-gnu
=== gcc tests ===
Running target unix
FAIL: gcc.dg/debug/dwarf2/stacked-qualified-types-3.c scan-assembler-times DIE \\\\([^\\n]*\\\\) DW_TAG_(?:const|volatile|atomic|restrict)_type 8
XPASS: gcc.dg/vect/no-scevccp-outer-11.c scan-tree-dump-times vect "OUTER LOOP VECTORIZED." 1
FAIL: gcc.target/i386/cmov2.c scan-assembler sbb
FAIL: gcc.target/i386/cmov3.c scan-assembler cmov[^3]
FAIL: gcc.target/i386/pr49781-1.c scan-assembler-not lea[lq]?[ \\t]\\\\((%|)r[a-z0-9]*
FAIL: gcc.target/i386/pr61403.c scan-assembler blend
=== gcc Summary for unix ===
# of expected passes 110367
# of unexpected failures 5
# of unexpected successes 1
# of expected failures 281
# of unsupported tests 1666
Running target unix/-m32
FAIL: gcc.dg/debug/dwarf2/stacked-qualified-types-3.c scan-assembler-times DIE \\\\([^\\n]*\\\\) DW_TAG_(?:const|volatile|atomic|restrict)_type 8
XPASS: gcc.dg/graphite/vect-pr43423.c scan-tree-dump-times vect "vectorized 2 loops" 1
XPASS: gcc.dg/vect/no-scevccp-outer-11.c scan-tree-dump-times vect "OUTER LOOP VECTORIZED." 1
FAIL: gcc.target/i386/cmov2.c scan-assembler sbb
FAIL: gcc.target/i386/cmov3.c scan-assembler cmov[^3]
FAIL: gcc.target/i386/pr61403.c scan-assembler blend
=== gcc Summary for unix/-m32 ===
# of expected passes 109529
# of unexpected failures 4
# of unexpected successes 2
# of expected failures 281
# of unsupported tests 1464
=== gcc Summary ===
# of expected passes 219896
# of unexpected failures 9
# of unexpected successes 3
# of expected failures 562
# of unsupported tests 3130
/export/gnu/import/git/gcc-test-intel64/bld/gcc/xgcc version 6.0.0 20150805 (experimental) [trunk revision 226643] (GCC)
=== gfortran tests ===
Running target unix
FAIL: gfortran.dg/ieee/large_1.f90 -O0 (test for excess errors)
UNRESOLVED: gfortran.dg/ieee/large_1.f90 -O0 compilation failed to produce executable
FAIL: gfortran.dg/ieee/large_1.f90 -O1 (test for excess errors)
UNRESOLVED: gfortran.dg/ieee/large_1.f90 -O1 compilation failed to produce executable
FAIL: gfortran.dg/ieee/large_1.f90 -O2 (test for excess errors)
UNRESOLVED: gfortran.dg/ieee/large_1.f90 -O2 compilation failed to produce executable
FAIL: gfortran.dg/ieee/large_1.f90 -O3 -fomit-frame-pointer -funroll-loops -fpeel-loops -ftracer -finline-functions (test for excess errors)
UNRESOLVED: gfortran.dg/ieee/large_1.f90 -O3 -fomit-frame-pointer -funroll-loops -fpeel-loops -ftracer -finline-functions compilation failed to produce executable
FAIL: gfortran.dg/ieee/large_1.f90 -O3 -g (test for excess errors)
UNRESOLVED: gfortran.dg/ieee/large_1.f90 -O3 -g compilation failed to produce executable
FAIL: gfortran.dg/ieee/large_1.f90 -Os (test for excess errors)
UNRESOLVED: gfortran.dg/ieee/large_1.f90 -Os compilation failed to produce executable
=== gfortran Summary for unix ===
# of expected passes 40590
# of unexpected failures 6
# of expected failures 75
# of unresolved testcases 6
# of unsupported tests 63
Running target unix/-m32
FAIL: gfortran.dg/ieee/large_1.f90 -O0 (test for excess errors)
UNRESOLVED: gfortran.dg/ieee/large_1.f90 -O0 compilation failed to produce executable
FAIL: gfortran.dg/ieee/large_1.f90 -O1 (test for excess errors)
UNRESOLVED: gfortran.dg/ieee/large_1.f90 -O1 compilation failed to produce executable
FAIL: gfortran.dg/ieee/large_1.f90 -O2 (test for excess errors)
UNRESOLVED: gfortran.dg/ieee/large_1.f90 -O2 compilation failed to produce executable
FAIL: gfortran.dg/ieee/large_1.f90 -O3 -fomit-frame-pointer -funroll-loops -fpeel-loops -ftracer -finline-functions (test for excess errors)
UNRESOLVED: gfortran.dg/ieee/large_1.f90 -O3 -fomit-frame-pointer -funroll-loops -fpeel-loops -ftracer -finline-functions compilation failed to produce executable
FAIL: gfortran.dg/ieee/large_1.f90 -O3 -g (test for excess errors)
UNRESOLVED: gfortran.dg/ieee/large_1.f90 -O3 -g compilation failed to produce executable
FAIL: gfortran.dg/ieee/large_1.f90 -Os (test for excess errors)
UNRESOLVED: gfortran.dg/ieee/large_1.f90 -Os compilation failed to produce executable
=== gfortran Summary for unix/-m32 ===
# of expected passes 40375
# of unexpected failures 6
# of expected failures 75
# of unresolved testcases 6
# of unsupported tests 165
=== gfortran Summary ===
# of expected passes 80965
# of unexpected failures 12
# of expected failures 150
# of unresolved testcases 12
# of unsupported tests 228
/export/gnu/import/git/gcc-test-intel64/bld/gcc/testsuite/gfortran/../../gfortran version 6.0.0 20150805 (experimental) [trunk revision 226643] (GCC)
=== g++ tests ===
Running target unix
XPASS: g++.dg/tls/thread_local-order2.C -std=c++11 execution test
XPASS: g++.dg/tls/thread_local-order2.C -std=c++14 execution test
=== g++ Summary for unix ===
# of expected passes 94153
# of unexpected successes 2
# of expected failures 331
# of unsupported tests 3422
Running target unix/-m32
XPASS: g++.dg/tls/thread_local-order2.C -std=c++11 execution test
XPASS: g++.dg/tls/thread_local-order2.C -std=c++14 execution test
=== g++ Summary for unix/-m32 ===
# of expected passes 92564
# of unexpected successes 2
# of expected failures 331
# of unsupported tests 3183
=== g++ Summary ===
# of expected passes 186717
# of unexpected successes 4
# of expected failures 662
# of unsupported tests 6605
/export/gnu/import/git/gcc-test-intel64/bld/gcc/testsuite/g++/../../xg++ version 6.0.0 20150805 (experimental) [trunk revision 226643] (GCC)
=== objc tests ===
Running target unix
=== objc Summary for unix ===
# of expected passes 2766
# of expected failures 6
# of unsupported tests 68
Running target unix/-m32
=== objc Summary for unix/-m32 ===
# of expected passes 2766
# of expected failures 6
# of unsupported tests 68
=== objc Summary ===
# of expected passes 5532
# of expected failures 12
# of unsupported tests 136
/export/gnu/import/git/gcc-test-intel64/bld/gcc/xgcc version 6.0.0 20150805 (experimental) [trunk revision 226643] (GCC)
=== boehm-gc tests ===
Running target unix/-m32
=== boehm-gc Summary for unix/-m32 ===
# of expected passes 12
# of unsupported tests 1
Running target unix
=== boehm-gc Summary for unix ===
# of expected passes 12
# of unsupported tests 1
=== boehm-gc Summary ===
# of expected passes 24
# of unsupported tests 2
=== libatomic tests ===
Running target unix/-m32
=== libatomic Summary for unix/-m32 ===
# of expected passes 44
# of unsupported tests 5
Running target unix
=== libatomic Summary for unix ===
# of expected passes 54
=== libatomic Summary ===
# of expected passes 98
# of unsupported tests 5
=== libffi tests ===
Running target unix/-m32
=== libffi Summary for unix/-m32 ===
# of expected passes 2439
# of unsupported tests 30
Running target unix
=== libffi Summary for unix ===
# of expected passes 1914
# of unsupported tests 30
=== libffi Summary ===
# of expected passes 4353
# of unsupported tests 60
=== libgomp tests ===
Running target unix/-m32
=== libgomp Summary for unix/-m32 ===
# of expected passes 5148
# of expected failures 8
# of unsupported tests 258
Running target unix
=== libgomp Summary for unix ===
# of expected passes 5148
# of expected failures 8
# of unsupported tests 258
=== libgomp Summary ===
# of expected passes 10296
# of expected failures 16
# of unsupported tests 516
=== libitm tests ===
Running target unix/-m32
=== libitm Summary for unix/-m32 ===
# of expected passes 26
# of expected failures 3
# of unsupported tests 1
Running target unix
=== libitm Summary for unix ===
# of expected passes 26
# of expected failures 3
# of unsupported tests 1
=== libitm Summary ===
# of expected passes 52
# of expected failures 6
# of unsupported tests 2
=== libjava tests ===
Running target unix/-m32
=== libjava Summary for unix/-m32 ===
# of expected passes 2582
# of expected failures 4
Running target unix
=== libjava Summary for unix ===
# of expected passes 2582
# of expected failures 4
=== libjava Summary ===
# of expected passes 5164
# of expected failures 8
=== libstdc++ tests ===
Running target unix
XPASS: 26_numerics/headers/cmath/c_math.cc execution test
=== libstdc++ Summary for unix ===
# of expected passes 4809
# of unexpected successes 1
# of expected failures 62
# of unsupported tests 231
Running target unix/-m32
=== libstdc++ Summary for unix/-m32 ===
# of expected passes 10882
# of expected failures 66
# of unsupported tests 227
=== libstdc++ Summary ===
# of expected passes 15691
# of unexpected successes 1
# of expected failures 128
# of unsupported tests 458
Compiler version: 6.0.0 20150805 (experimental) [trunk revision 226643] (GCC)
Platform: x86_64-pc-linux-gnu
configure flags: --prefix=/usr/6.0.0 --enable-clocale=gnu --with-system-zlib --enable-shared --with-demangler-in-ld --enable-libmpx --with-fpmath=sse --enable-languages=c,c++,fortran,java,lto,objc
More information about the Gcc-testresults
mailing list