Results for 6.0.0 20150731 (experimental) [trunk revision 226440] (GCC) testsuite on sparcv9-sun-solaris2.11
Rainer Orth
ro@CeBiTec.Uni-Bielefeld.DE
Mon Aug 3 16:51:00 GMT 2015
LAST_UPDATED: Fri Jul 31 12:07:33 UTC 2015 (revision 226440)
=== acats tests ===
=== acats Summary ===
# of expected passes 2320
# of unexpected failures 0
Native configuration is sparcv9-sun-solaris2.11
=== g++ tests ===
Running target unix
=== g++ Summary for unix ===
# of expected passes 84370
# of expected failures 287
# of unsupported tests 3569
Running target unix/-m32
WARNING: program timed out.
WARNING: program timed out.
UNRESOLVED: tmpdir-g++.dg-struct-layout-1/t002 cp_compat_x_tst.o-cp_compat_y_tst.o execute
UNRESOLVED: tmpdir-g++.dg-struct-layout-1/t002 cp_compat_x_tst.o-cp_compat_y_tst.o link
FAIL: tmpdir-g++.dg-struct-layout-1/t002 cp_compat_y_tst.o compile
FAIL: tmpdir-g++.dg-struct-layout-1/t025 cp_compat_y_tst.o compile
=== g++ Summary for unix/-m32 ===
# of expected passes 82494
# of unexpected failures 2
# of expected failures 287
# of unresolved testcases 2
# of unsupported tests 3592
=== g++ Summary ===
# of expected passes 166864
# of unexpected failures 2
# of expected failures 574
# of unresolved testcases 2
# of unsupported tests 7161
/var/gcc/regression/trunk/11-gcc-gas-64/build/gcc/testsuite/g++/../../xg++ version 6.0.0 20150731 (experimental) [trunk revision 226440] (GCC)
=== gcc tests ===
Running target unix
FAIL: gcc.dg/debug/dwarf2/stacked-qualified-types-3.c scan-assembler-times DIE \\\\([^\\n]*\\\\) DW_TAG_(?:const|volatile|atomic|restrict)_type 8
FAIL: gcc.dg/unroll-2.c (test for warnings, line 24)
FAIL: gcc.dg/visibility-22.c execution test
FAIL: gcc.dg/torture/tls/tls-reload-1.c -O1 -fPIC execution test
FAIL: gcc.dg/torture/tls/tls-reload-1.c -O1 -fpic execution test
FAIL: gcc.dg/torture/tls/tls-reload-1.c -O2 -fPIC execution test
FAIL: gcc.dg/torture/tls/tls-reload-1.c -O2 -fpic execution test
FAIL: gcc.dg/torture/tls/tls-reload-1.c -O3 -g -fPIC execution test
FAIL: gcc.dg/torture/tls/tls-reload-1.c -O3 -g -fpic execution test
FAIL: gcc.dg/torture/tls/tls-reload-1.c -Os -fPIC execution test
FAIL: gcc.dg/torture/tls/tls-reload-1.c -Os -fpic execution test
XPASS: gcc.dg/vect/no-scevccp-outer-11.c scan-tree-dump-times vect "OUTER LOOP VECTORIZED." 1
FAIL: gcc.dg/vect/pr20122.c -flto -ffat-lto-objects scan-tree-dump-times vect "Alignment of access forced using versioning" 2
FAIL: gcc.dg/vect/pr20122.c scan-tree-dump-times vect "Alignment of access forced using versioning" 2
=== gcc Summary for unix ===
# of expected passes 82758
# of unexpected failures 13
# of unexpected successes 1
# of expected failures 336
# of unsupported tests 1902
Running target unix/-m32
FAIL: gcc.dg/debug/dwarf2/stacked-qualified-types-3.c scan-assembler-times DIE \\\\([^\\n]*\\\\) DW_TAG_(?:const|volatile|atomic|restrict)_type 8
FAIL: gcc.dg/c11-atomic-2.c (test for excess errors)
FAIL: gcc.dg/unroll-2.c (test for warnings, line 24)
FAIL: gcc.dg/visibility-22.c execution test
WARNING: program timed out.
XPASS: gcc.dg/graphite/vect-pr43423.c scan-tree-dump-times vect "vectorized 2 loops" 1
FAIL: gcc.dg/simulate-thread/atomic-other-int.c -O2 -g thread simulation test
FAIL: gcc.dg/simulate-thread/atomic-other-int.c -O3 -g thread simulation test
FAIL: gcc.dg/simulate-thread/atomic-other-short.c -O0 -g thread simulation test
FAIL: gcc.dg/simulate-thread/speculative-store-4.c -O0 -g thread simulation test
FAIL: gcc.dg/simulate-thread/speculative-store-4.c -O2 -g thread simulation test
FAIL: gcc.dg/simulate-thread/speculative-store-4.c -O3 -g thread simulation test
FAIL: gcc.dg/simulate-thread/speculative-store.c -O0 -g thread simulation test
XPASS: gcc.dg/vect/no-scevccp-outer-11.c scan-tree-dump-times vect "OUTER LOOP VECTORIZED." 1
FAIL: gcc.dg/vect/pr20122.c -flto -ffat-lto-objects scan-tree-dump-times vect "Alignment of access forced using versioning" 2
FAIL: gcc.dg/vect/pr20122.c scan-tree-dump-times vect "Alignment of access forced using versioning" 2
=== gcc Summary for unix/-m32 ===
# of expected passes 81964
# of unexpected failures 13
# of unexpected successes 2
# of expected failures 348
# of unsupported tests 1974
=== gcc Summary ===
# of expected passes 164722
# of unexpected failures 26
# of unexpected successes 3
# of expected failures 684
# of unsupported tests 3876
/var/gcc/regression/trunk/11-gcc-gas-64/build/gcc/xgcc version 6.0.0 20150731 (experimental) [trunk revision 226440] (GCC)
=== gfortran tests ===
Running target unix
FAIL: gfortran.dg/do_iterator.f90 -O changing do-iterator 3 (test for errors, line 10)
FAIL: gfortran.dg/do_iterator.f90 -O changing do-iterator 3 (test for errors, line 9)
=== gfortran Summary for unix ===
# of expected passes 40422
# of unexpected failures 2
# of expected failures 74
# of unsupported tests 104
Running target unix/-m32
FAIL: gfortran.dg/do_iterator.f90 -O changing do-iterator 3 (test for errors, line 10)
FAIL: gfortran.dg/do_iterator.f90 -O changing do-iterator 3 (test for errors, line 9)
=== gfortran Summary for unix/-m32 ===
# of expected passes 40175
# of unexpected failures 2
# of expected failures 74
# of unsupported tests 225
=== gfortran Summary ===
# of expected passes 80597
# of unexpected failures 4
# of expected failures 148
# of unsupported tests 329
/var/gcc/regression/trunk/11-gcc-gas-64/build/gcc/testsuite/gfortran/../../gfortran version 6.0.0 20150731 (experimental) [trunk revision 226440] (GCC)
=== gnat tests ===
Running target unix/-m32
=== gnat Summary for unix/-m32 ===
# of expected passes 1366
# of expected failures 21
# of unsupported tests 19
Running target unix
=== gnat Summary for unix ===
# of expected passes 1366
# of expected failures 21
# of unsupported tests 19
=== gnat Summary ===
# of expected passes 2732
# of expected failures 42
# of unsupported tests 38
/var/gcc/regression/trunk/11-gcc-gas-64/build/gcc/gnatmake version 6.0.0 20150731 (experimental) [trunk revision 226440]
=== go tests ===
Running target unix
=== go Summary for unix ===
# of expected passes 7240
# of expected failures 1
# of untested testcases 11
# of unsupported tests 3
Running target unix/-m32
FAIL: ./64bit-out.go compilation, -O0 -g -fno-var-tracking-assignments
FAIL: ./index0-out.go compilation, -O0 -g -fno-var-tracking-assignments
FAIL: ./select5-out.go compilation, -O0 -g -fno-var-tracking-assignments
FAIL: ./slice3-out.go compilation, -O0 -g -fno-var-tracking-assignments
FAIL: go.test/test/cmplxdivide.go
WARNING: program timed out.
WARNING: program timed out.
WARNING: program timed out.
WARNING: program timed out.
WARNING: program timed out.
=== go Summary for unix/-m32 ===
# of expected passes 7351
# of unexpected failures 5
# of expected failures 1
# of untested testcases 15
# of unsupported tests 3
=== go Summary ===
# of expected passes 14591
# of unexpected failures 5
# of expected failures 2
# of untested testcases 26
# of unsupported tests 6
=== obj-c++ tests ===
Running target unix/-m32
=== obj-c++ Summary for unix/-m32 ===
# of expected passes 1439
# of expected failures 2
# of unsupported tests 77
Running target unix
=== obj-c++ Summary for unix ===
# of expected passes 1431
# of expected failures 10
# of unsupported tests 77
=== obj-c++ Summary ===
# of expected passes 2870
# of expected failures 12
# of unsupported tests 154
/var/gcc/regression/trunk/11-gcc-gas-64/build/gcc/testsuite/obj-c++/../../xg++ version 6.0.0 20150731 (experimental) [trunk revision 226440] (GCC)
=== objc tests ===
Running target unix
=== objc Summary for unix ===
# of expected passes 2772
# of unsupported tests 68
Running target unix/-m32
=== objc Summary for unix/-m32 ===
# of expected passes 2772
# of unsupported tests 68
=== objc Summary ===
# of expected passes 5544
# of unsupported tests 136
/var/gcc/regression/trunk/11-gcc-gas-64/build/gcc/xgcc version 6.0.0 20150731 (experimental) [trunk revision 226440] (GCC)
=== boehm-gc tests ===
Running target unix/-m32
=== boehm-gc Summary for unix/-m32 ===
# of expected passes 12
# of unsupported tests 1
Running target unix
=== boehm-gc Summary for unix ===
# of expected passes 12
# of unsupported tests 1
=== boehm-gc Summary ===
# of expected passes 24
# of unsupported tests 2
=== libatomic tests ===
Running target unix/-m32
=== libatomic Summary for unix/-m32 ===
# of expected passes 44
# of unsupported tests 5
Running target unix
=== libatomic Summary for unix ===
# of expected passes 54
=== libatomic Summary ===
# of expected passes 98
# of unsupported tests 5
=== libffi tests ===
Running target unix/-m32
=== libffi Summary for unix/-m32 ===
# of expected passes 1914
# of unsupported tests 30
Running target unix
=== libffi Summary for unix ===
# of expected passes 1914
# of unsupported tests 30
=== libffi Summary ===
# of expected passes 3828
# of unsupported tests 60
=== libgo tests ===
Running target unix
=== libgo Summary for unix ===
# of expected passes 124
Running target unix/-m32
FAIL: reflect
FAIL: runtime
=== libgo Summary for unix/-m32 ===
# of expected passes 122
# of unexpected failures 2
=== libgo Summary ===
# of expected passes 246
# of unexpected failures 2
/var/gcc/regression/trunk/11-gcc-gas-64/build/./gcc/gccgo version 6.0.0 20150731 (experimental) [trunk revision 226440] (GCC)
=== libgomp tests ===
Running target unix/-m32
=== libgomp Summary for unix/-m32 ===
# of expected passes 5058
# of expected failures 8
# of unsupported tests 303
Running target unix
=== libgomp Summary for unix ===
# of expected passes 5058
# of expected failures 8
# of unsupported tests 303
=== libgomp Summary ===
# of expected passes 10116
# of expected failures 16
# of unsupported tests 606
=== libitm tests ===
Running target unix/-m32
=== libitm Summary for unix/-m32 ===
# of expected passes 26
# of expected failures 3
# of unsupported tests 1
Running target unix
=== libitm Summary for unix ===
# of expected passes 26
# of expected failures 3
# of unsupported tests 1
=== libitm Summary ===
# of expected passes 52
# of expected failures 6
# of unsupported tests 2
=== libjava tests ===
Running target unix/-m32
=== libjava Summary for unix/-m32 ===
# of expected passes 2582
# of expected failures 4
Running target unix
=== libjava Summary for unix ===
# of expected passes 2582
# of expected failures 4
=== libjava Summary ===
# of expected passes 5164
# of expected failures 8
=== libstdc++ tests ===
Running target unix
FAIL: libstdc++-abi/abi_check
FAIL: 24_iterators/container_access.cc (test for excess errors)
WARNING: 24_iterators/container_access.cc compilation failed to produce executable
FAIL: 30_threads/shared_mutex/cons/1.cc (test for excess errors)
WARNING: 30_threads/shared_mutex/cons/1.cc compilation failed to produce executable
FAIL: 30_threads/shared_mutex/requirements/standard_layout.cc (test for excess errors)
FAIL: 30_threads/shared_mutex/try_lock/1.cc (test for excess errors)
WARNING: 30_threads/shared_mutex/try_lock/1.cc compilation failed to produce executable
FAIL: 30_threads/shared_mutex/try_lock/2.cc (test for excess errors)
WARNING: 30_threads/shared_mutex/try_lock/2.cc compilation failed to produce executable
=== libstdc++ Summary for unix ===
# of expected passes 9663
# of unexpected failures 6
# of expected failures 67
# of unsupported tests 617
Running target unix/-m32
FAIL: libstdc++-abi/abi_check
FAIL: 24_iterators/container_access.cc (test for excess errors)
WARNING: 24_iterators/container_access.cc compilation failed to produce executable
FAIL: 30_threads/shared_mutex/cons/1.cc (test for excess errors)
WARNING: 30_threads/shared_mutex/cons/1.cc compilation failed to produce executable
FAIL: 30_threads/shared_mutex/requirements/standard_layout.cc (test for excess errors)
FAIL: 30_threads/shared_mutex/try_lock/1.cc (test for excess errors)
WARNING: 30_threads/shared_mutex/try_lock/1.cc compilation failed to produce executable
FAIL: 30_threads/shared_mutex/try_lock/2.cc (test for excess errors)
WARNING: 30_threads/shared_mutex/try_lock/2.cc compilation failed to produce executable
=== libstdc++ Summary for unix/-m32 ===
# of expected passes 9663
# of unexpected failures 6
# of expected failures 67
# of unsupported tests 617
=== libstdc++ Summary ===
# of expected passes 19326
# of unexpected failures 12
# of expected failures 134
# of unsupported tests 1234
Compiler version: 6.0.0 20150731 (experimental) [trunk revision 226440] (GCC)
Platform: sparcv9-sun-solaris2.11
configure flags: --prefix=/vol/gcc --target=sparcv9-sun-solaris2.11 --enable-objc-gc --enable-libmudflap --with-as=/vol/gcc/bin/sparcv9/gas-2.25 --with-gnu-as --with-gmp-include=/vol/gcc/include --with-gmp-lib=/vol/gcc/lib/sparcv9 --with-mpfr-include=/vol/gcc/include --with-mpfr-lib=/vol/gcc/lib/sparcv9 --with-mpc-include=/vol/gcc/include --with-mpc-lib=/vol/gcc/lib/sparcv9 --enable-languages=all,ada,obj-c++,go --with-isl-include=/vol/gcc/include --with-isl-lib=/vol/gcc/lib/sparcv9 --with-cloog-include=/vol/gcc/include --with-cloog-lib=/vol/gcc/lib/sparcv9 --enable-cloog-backend=isl --build=sparcv9-sun-solaris2.11 --host=sparcv9-sun-solaris2.11
BOOT_CFLAGS=-g -O2
More information about the Gcc-testresults
mailing list