Results for 6.0.0 20150417 (experimental) [trunk revision 222172] testsuite on hppa2.0w-hp-hpux11.11
John David Anglin
dave@hiauly3.hia.nrc.ca
Wed Apr 22 11:27:00 GMT 2015
=== acats tests ===
FAIL: c761006
FAIL: c974013
FAIL: c9a011b
=== acats Summary ===
# of expected passes 2317
# of unexpected failures 3
Native configuration is hppa2.0w-hp-hpux11.11
=== g++ tests ===
Running target unix
WARNING: program timed out.
=== g++ Summary ===
# of expected passes 75407
# of expected failures 274
# of unsupported tests 4084
/test/gnu/gcc/objdir/gcc/testsuite/g++/../../xg++ version 6.0.0 20150417 (experimental) [trunk revision 222172] (GCC)
=== gcc tests ===
Running target unix
FAIL: gcc.dg/atomic/c11-atomic-exec-5.c -O0 execution test
FAIL: gcc.dg/atomic/c11-atomic-exec-5.c -O1 execution test
FAIL: gcc.dg/atomic/c11-atomic-exec-5.c -O2 execution test
FAIL: gcc.dg/atomic/c11-atomic-exec-5.c -O3 -fomit-frame-pointer execution test
FAIL: gcc.dg/atomic/c11-atomic-exec-5.c -O3 -fomit-frame-pointer -funroll-loops execution test
FAIL: gcc.dg/atomic/c11-atomic-exec-5.c -O3 -fomit-frame-pointer -funroll-all-loops -finline-functions execution test
FAIL: gcc.dg/atomic/c11-atomic-exec-5.c -O3 -g execution test
FAIL: gcc.dg/atomic/c11-atomic-exec-5.c -Os execution test
FAIL: gcc.dg/pr64434.c scan-rtl-dump-times expand "Swap operands" 1
WARNING: program timed out.
FAIL: gcc.dg/tree-ssa/ivopts-lt-2.c scan-tree-dump-times ivopts "PHI <p_" 1
FAIL: gcc.dg/tree-ssa/ivopts-lt-2.c scan-tree-dump-times ivopts "p_[0-9]* <" 1
=== gcc Summary ===
# of expected passes 69885
# of unexpected failures 11
# of expected failures 124
# of unsupported tests 1870
/test/gnu/gcc/objdir/gcc/xgcc version 6.0.0 20150417 (experimental) [trunk revision 222172] (GCC)
=== gfortran tests ===
Running target unix
=== gnat tests ===
Running target unix
=== gnat Summary ===
# of expected passes 1301
# of expected failures 20
# of unsupported tests 21
/test/gnu/gcc/objdir/gcc/gnatmake version 6.0.0 20150417 (experimental) [trunk revision 222172]
Compiler version: 6.0.0 20150417 (experimental) [trunk revision 222172]
Platform: hppa2.0w-hp-hpux11.11
configure flags:Test Run By dave on Tue Apr 21 13:20:55 EDT 2015
More information about the Gcc-testresults
mailing list