FW: Results for 5.0.0 20150402 (experimental) (GCC) testsuite on x86_64-unknown-linux-gnu
Pinski, Andrew
Andrew.Pinski@caviumnetworks.com
Thu Apr 2 11:54:00 GMT 2015
________________________________________
From: jenkins
Sent: Thursday, April 2, 2015 4:53:48 AM (UTC-08:00) Pacific Time (US & Canada)
To: apinski@cavium.com
Subject: Results for 5.0.0 20150402 (experimental) (GCC) testsuite on x86_64-unknown-linux-gnu
Native configuration is x86_64-unknown-linux-gnu
=== gcc tests ===
Running target unix//-m32
FAIL: gcc.dg/torture/tls/run-ld.c -O1 -pie -fPIE execution test
FAIL: gcc.dg/torture/tls/run-ld.c -O1 -pie -fpie execution test
FAIL: gcc.dg/torture/tls/run-ld.c -O2 -pie -fPIE execution test
FAIL: gcc.dg/torture/tls/run-ld.c -O2 -pie -fpie execution test
FAIL: gcc.dg/torture/tls/run-ld.c -O3 -fomit-frame-pointer -pie -fPIE execution test
FAIL: gcc.dg/torture/tls/run-ld.c -O3 -fomit-frame-pointer -pie -fpie execution test
FAIL: gcc.dg/torture/tls/run-ld.c -O3 -g -pie -fPIE execution test
FAIL: gcc.dg/torture/tls/run-ld.c -O3 -g -pie -fpie execution test
FAIL: gcc.dg/torture/tls/run-ld.c -Os -pie -fPIE execution test
FAIL: gcc.dg/torture/tls/run-ld.c -Os -pie -fpie execution test
=== gcc Summary for unix//-m32 ===
# of expected passes 110521
# of unexpected failures 10
# of expected failures 258
# of unsupported tests 2818
Running target unix//-m64
FAIL: gcc.target/i386/pr56114.c (test for excess errors)
=== gcc Summary for unix//-m64 ===
# of expected passes 111558
# of unexpected failures 1
# of expected failures 259
# of unsupported tests 3036
=== gcc Summary ===
# of expected passes 222079
# of unexpected failures 11
# of expected failures 517
# of unsupported tests 5854
/home/jenkins/workspace/GCCupstream/objdir/gcc/xgcc version 5.0.0 20150402 (experimental) (GCC)
=== gfortran tests ===
Running target unix//-m32
=== gfortran Summary for unix//-m32 ===
# of expected passes 47991
# of expected failures 64
# of unsupported tests 225
Running target unix//-m64
=== gfortran Summary for unix//-m64 ===
# of expected passes 48280
# of expected failures 64
# of unsupported tests 85
=== gfortran Summary ===
# of expected passes 96271
# of expected failures 128
# of unsupported tests 310
/home/jenkins/workspace/GCCupstream/objdir/gcc/testsuite/gfortran/../../gfortran version 5.0.0 20150402 (experimental) (GCC)
=== g++ tests ===
Running target unix//-m32
FAIL: g++.dg/cpp0x/pr57101.C -std=gnu++11 (test for excess errors)
FAIL: g++.dg/cpp0x/pr57101.C -std=gnu++14 (test for excess errors)
FAIL: g++.dg/other/anon5.C -std=gnu++11 (test for excess errors)
FAIL: g++.dg/other/anon5.C -std=gnu++14 (test for excess errors)
FAIL: g++.dg/other/anon5.C -std=gnu++98 (test for excess errors)
FAIL: g++.dg/other/pr59492.C -std=gnu++11 (test for excess errors)
FAIL: g++.dg/other/pr59492.C -std=gnu++14 (test for excess errors)
FAIL: g++.dg/other/pr59492.C -std=gnu++98 (test for excess errors)
FAIL: g++.dg/torture/pr64378.C -O2 -flto (internal compiler error)
FAIL: g++.dg/torture/pr64378.C -O2 -flto (test for excess errors)
FAIL: g++.dg/torture/pr64378.C -O2 -flto -flto-partition=none (internal compiler error)
FAIL: g++.dg/torture/pr64378.C -O2 -flto -flto-partition=none (test for excess errors)
=== g++ Summary for unix//-m32 ===
# of expected passes 91590
# of unexpected failures 12
# of expected failures 341
# of unsupported tests 3419
Running target unix//-m64
FAIL: g++.dg/other/anon5.C -std=gnu++11 (test for excess errors)
FAIL: g++.dg/other/anon5.C -std=gnu++14 (test for excess errors)
FAIL: g++.dg/other/anon5.C -std=gnu++98 (test for excess errors)
FAIL: g++.dg/torture/pr64378.C -O2 -flto (internal compiler error)
FAIL: g++.dg/torture/pr64378.C -O2 -flto (test for excess errors)
FAIL: g++.dg/torture/pr64378.C -O2 -flto -flto-partition=none (internal compiler error)
FAIL: g++.dg/torture/pr64378.C -O2 -flto -flto-partition=none (test for excess errors)
=== g++ Summary for unix//-m64 ===
# of expected passes 93159
# of unexpected failures 7
# of expected failures 341
# of unsupported tests 3679
=== g++ Summary ===
# of expected passes 184749
# of unexpected failures 19
# of expected failures 682
# of unsupported tests 7098
/home/jenkins/workspace/GCCupstream/objdir/gcc/testsuite/g++/../../xg++ version 5.0.0 20150402 (experimental) (GCC)
=== objc tests ===
Running target unix//-m32
=== objc Summary for unix//-m32 ===
# of expected passes 3010
# of expected failures 6
# of unsupported tests 74
Running target unix//-m64
=== objc Summary for unix//-m64 ===
# of expected passes 3010
# of expected failures 6
# of unsupported tests 74
=== objc Summary ===
# of expected passes 6020
# of expected failures 12
# of unsupported tests 148
/home/jenkins/workspace/GCCupstream/objdir/gcc/xgcc version 5.0.0 20150402 (experimental) (GCC)
=== boehm-gc tests ===
Running target unix//-m32
=== boehm-gc Summary for unix//-m32 ===
# of expected passes 12
# of unsupported tests 1
Running target unix//-m64
=== boehm-gc Summary for unix//-m64 ===
# of expected passes 12
# of unsupported tests 1
=== boehm-gc Summary ===
# of expected passes 24
# of unsupported tests 2
=== libatomic tests ===
Running target unix//-m32
=== libatomic Summary for unix//-m32 ===
# of expected passes 44
# of unsupported tests 5
Running target unix//-m64
=== libatomic Summary for unix//-m64 ===
# of expected passes 54
=== libatomic Summary ===
# of expected passes 98
# of unsupported tests 5
=== libffi tests ===
Running target unix//-m32
=== libffi Summary for unix//-m32 ===
# of expected passes 2439
# of unsupported tests 30
Running target unix//-m64
=== libffi Summary for unix//-m64 ===
# of expected passes 1914
# of unsupported tests 30
=== libffi Summary ===
# of expected passes 4353
# of unsupported tests 60
=== libgomp tests ===
Running target unix//-m32
=== libgomp Summary for unix//-m32 ===
# of expected passes 5730
# of unsupported tests 279
Running target unix//-m64
=== libgomp Summary for unix//-m64 ===
# of expected passes 5730
# of unsupported tests 279
=== libgomp Summary ===
# of expected passes 11460
# of unsupported tests 558
=== libitm tests ===
Running target unix//-m32
=== libitm Summary for unix//-m32 ===
# of expected passes 26
# of expected failures 3
# of unsupported tests 1
Running target unix//-m64
=== libitm Summary for unix//-m64 ===
# of expected passes 26
# of expected failures 3
# of unsupported tests 1
=== libitm Summary ===
# of expected passes 52
# of expected failures 6
# of unsupported tests 2
=== libjava tests ===
Running target unix//-m32
=== libjava Summary for unix//-m32 ===
# of expected passes 2582
# of expected failures 4
Running target unix//-m64
=== libjava Summary for unix//-m64 ===
# of expected passes 2582
# of expected failures 4
=== libjava Summary ===
# of expected passes 5164
# of expected failures 8
=== libstdc++ tests ===
Running target unix//-m32
=== libstdc++ Summary for unix//-m32 ===
# of expected passes 9717
# of expected failures 65
# of unsupported tests 542
Running target unix//-m64
=== libstdc++ Summary for unix//-m64 ===
# of expected passes 9709
# of expected failures 65
# of unsupported tests 546
=== libstdc++ Summary ===
# of expected passes 19426
# of expected failures 130
# of unsupported tests 1088
Compiler version: 5.0.0 20150402 (experimental) (GCC)
Platform: x86_64-unknown-linux-gnu
configure flags: --prefix=/home/jenkins/workspace/GCCupstream/objdir/install
More information about the Gcc-testresults
mailing list