Results for 5.0.0 20150401 (experimental) [trunk revision 221811] (GCC) testsuite on i686-pc-linux-gnu
H.J. Lu ia32 -fpic
ia32@gnu-5.sc.intel.com
Wed Apr 1 23:21:00 GMT 2015
Native configuration is i686-pc-linux-gnu
=== g++ tests ===
Running target unix/-fpic
FAIL: g++.dg/abi/anon1.C -std=c++11 scan-assembler-not globl
FAIL: g++.dg/abi/anon1.C -std=c++14 scan-assembler-not globl
FAIL: g++.dg/abi/anon1.C -std=c++98 scan-assembler-not globl
FAIL: g++.dg/abi/anon4.C -std=c++11 scan-assembler-not comdat
FAIL: g++.dg/abi/anon4.C -std=c++14 scan-assembler-not comdat
FAIL: g++.dg/abi/anon4.C -std=c++98 scan-assembler-not comdat
FAIL: g++.dg/cpp0x/pr57101.C -std=gnu++11 (test for excess errors)
FAIL: g++.dg/cpp0x/pr57101.C -std=gnu++14 (test for excess errors)
FAIL: g++.dg/init/pr25811.C -std=c++98 (test for errors, line 185)
FAIL: g++.dg/init/pr25811.C -std=c++98 (test for errors, line 190)
FAIL: g++.dg/init/pr25811.C -std=c++98 (test for errors, line 195)
FAIL: g++.dg/init/pr25811.C -std=c++98 (test for errors, line 200)
FAIL: g++.dg/init/pr25811.C -std=c++98 (test for errors, line 205)
FAIL: g++.dg/init/pr25811.C -std=c++98 (test for errors, line 210)
FAIL: g++.dg/init/pr25811.C -std=c++98 (test for warnings, line 104)
FAIL: g++.dg/init/pr25811.C -std=c++98 (test for warnings, line 110)
FAIL: g++.dg/init/pr25811.C -std=c++98 (test for warnings, line 130)
FAIL: g++.dg/init/pr25811.C -std=c++98 (test for warnings, line 57)
FAIL: g++.dg/init/pr25811.C -std=c++98 (test for warnings, line 70)
FAIL: g++.dg/init/pr25811.C -std=c++98 (test for warnings, line 81)
FAIL: g++.dg/init/pr25811.C -std=c++98 (test for warnings, line 92)
FAIL: g++.dg/init/pr25811.C -std=c++98 (test for warnings, line 98)
FAIL: g++.dg/init/pr25811.C -std=c++98 (test for excess errors)
FAIL: g++.dg/ipa/devirt-40.C -std=gnu++11 scan-tree-dump-not fre2 "\\\\n OBJ_TYPE_REF"
FAIL: g++.dg/ipa/devirt-40.C -std=gnu++14 scan-tree-dump-not fre2 "\\\\n OBJ_TYPE_REF"
FAIL: g++.dg/ipa/devirt-40.C -std=gnu++98 scan-tree-dump-not fre2 "\\\\n OBJ_TYPE_REF"
FAIL: g++.dg/ipa/devirt-42.C -std=gnu++11 scan-ipa-dump-times inline "Discovered a virtual call to a known target" 2
FAIL: g++.dg/ipa/devirt-42.C -std=gnu++11 scan-tree-dump-times optimized "return 2" 3
FAIL: g++.dg/ipa/devirt-42.C -std=gnu++14 scan-ipa-dump-times inline "Discovered a virtual call to a known target" 2
FAIL: g++.dg/ipa/devirt-42.C -std=gnu++14 scan-tree-dump-times optimized "return 2" 3
FAIL: g++.dg/ipa/devirt-42.C -std=gnu++98 scan-ipa-dump-times inline "Discovered a virtual call to a known target" 2
FAIL: g++.dg/ipa/devirt-42.C -std=gnu++98 scan-tree-dump-times optimized "return 2" 3
FAIL: g++.dg/ipa/devirt-c-8.C -std=gnu++11 scan-ipa-dump cp "Discovered a virtual call to a known target.*A::foo"
FAIL: g++.dg/ipa/devirt-c-8.C -std=gnu++11 scan-tree-dump-times optimized "OBJ_TYPE_REF" 0
FAIL: g++.dg/ipa/devirt-c-8.C -std=gnu++14 scan-ipa-dump cp "Discovered a virtual call to a known target.*A::foo"
FAIL: g++.dg/ipa/devirt-c-8.C -std=gnu++14 scan-tree-dump-times optimized "OBJ_TYPE_REF" 0
FAIL: g++.dg/ipa/devirt-c-8.C -std=gnu++98 scan-ipa-dump cp "Discovered a virtual call to a known target.*A::foo"
FAIL: g++.dg/ipa/devirt-c-8.C -std=gnu++98 scan-tree-dump-times optimized "OBJ_TYPE_REF" 0
FAIL: g++.dg/ipa/ipa-icf-3.C -std=gnu++11 scan-ipa-dump icf "Equal symbols: 2"
FAIL: g++.dg/ipa/ipa-icf-3.C -std=gnu++11 scan-ipa-dump icf "Semantic equality hit:.*bar.*->.*foo.*"
FAIL: g++.dg/ipa/ipa-icf-3.C -std=gnu++14 scan-ipa-dump icf "Equal symbols: 2"
FAIL: g++.dg/ipa/ipa-icf-3.C -std=gnu++14 scan-ipa-dump icf "Semantic equality hit:.*bar.*->.*foo.*"
FAIL: g++.dg/ipa/ipa-icf-3.C -std=gnu++98 scan-ipa-dump icf "Equal symbols: 2"
FAIL: g++.dg/ipa/ipa-icf-3.C -std=gnu++98 scan-ipa-dump icf "Semantic equality hit:.*bar.*->.*foo.*"
FAIL: g++.dg/stackprotectexplicit2.C -std=gnu++11 scan-assembler-times stack_chk_fail 2
FAIL: g++.dg/stackprotectexplicit2.C -std=gnu++14 scan-assembler-times stack_chk_fail 2
FAIL: g++.dg/stackprotectexplicit2.C -std=gnu++98 scan-assembler-times stack_chk_fail 2
FAIL: g++.dg/template/pr16564.C -std=c++14 (test for errors, line 4)
FAIL: c-c++-common/goacc-gomp/nesting-fail-1.c -std=c++11 (test for errors, line 106)
FAIL: c-c++-common/goacc-gomp/nesting-fail-1.c -std=c++11 (test for errors, line 108)
FAIL: c-c++-common/goacc-gomp/nesting-fail-1.c -std=c++11 (test for errors, line 110)
FAIL: c-c++-common/goacc-gomp/nesting-fail-1.c -std=c++11 (test for errors, line 112)
FAIL: c-c++-common/goacc-gomp/nesting-fail-1.c -std=c++11 (test for errors, line 113)
FAIL: c-c++-common/goacc-gomp/nesting-fail-1.c -std=c++11 (test for errors, line 114)
FAIL: c-c++-common/goacc-gomp/nesting-fail-1.c -std=c++11 (test for errors, line 115)
FAIL: c-c++-common/goacc-gomp/nesting-fail-1.c -std=c++11 (test for errors, line 122)
FAIL: c-c++-common/goacc-gomp/nesting-fail-1.c -std=c++11 (test for errors, line 124)
FAIL: c-c++-common/goacc-gomp/nesting-fail-1.c -std=c++11 (test for errors, line 126)
FAIL: c-c++-common/goacc-gomp/nesting-fail-1.c -std=c++11 (test for errors, line 128)
FAIL: c-c++-common/goacc-gomp/nesting-fail-1.c -std=c++11 (test for errors, line 129)
FAIL: c-c++-common/goacc-gomp/nesting-fail-1.c -std=c++11 (test for errors, line 130)
FAIL: c-c++-common/goacc-gomp/nesting-fail-1.c -std=c++11 (test for errors, line 131)
FAIL: c-c++-common/goacc-gomp/nesting-fail-1.c -std=c++11 (test for errors, line 138)
FAIL: c-c++-common/goacc-gomp/nesting-fail-1.c -std=c++11 (test for errors, line 140)
FAIL: c-c++-common/goacc-gomp/nesting-fail-1.c -std=c++11 (test for errors, line 142)
FAIL: c-c++-common/goacc-gomp/nesting-fail-1.c -std=c++11 (test for errors, line 144)
FAIL: c-c++-common/goacc-gomp/nesting-fail-1.c -std=c++11 (test for errors, line 145)
FAIL: c-c++-common/goacc-gomp/nesting-fail-1.c -std=c++11 (test for errors, line 146)
FAIL: c-c++-common/goacc-gomp/nesting-fail-1.c -std=c++11 (test for errors, line 147)
FAIL: c-c++-common/goacc-gomp/nesting-fail-1.c -std=c++11 (test for errors, line 154)
FAIL: c-c++-common/goacc-gomp/nesting-fail-1.c -std=c++11 (test for errors, line 156)
FAIL: c-c++-common/goacc-gomp/nesting-fail-1.c -std=c++11 (test for errors, line 158)
FAIL: c-c++-common/goacc-gomp/nesting-fail-1.c -std=c++11 (test for errors, line 160)
FAIL: c-c++-common/goacc-gomp/nesting-fail-1.c -std=c++11 (test for errors, line 161)
FAIL: c-c++-common/goacc-gomp/nesting-fail-1.c -std=c++11 (test for errors, line 162)
FAIL: c-c++-common/goacc-gomp/nesting-fail-1.c -std=c++11 (test for errors, line 174)
FAIL: c-c++-common/goacc-gomp/nesting-fail-1.c -std=c++11 (test for errors, line 180)
FAIL: c-c++-common/goacc-gomp/nesting-fail-1.c -std=c++11 (test for errors, line 187)
FAIL: c-c++-common/goacc-gomp/nesting-fail-1.c -std=c++11 (test for errors, line 195)
FAIL: c-c++-common/goacc-gomp/nesting-fail-1.c -std=c++11 (test for errors, line 201)
FAIL: c-c++-common/goacc-gomp/nesting-fail-1.c -std=c++11 (test for errors, line 207)
FAIL: c-c++-common/goacc-gomp/nesting-fail-1.c -std=c++11 (test for errors, line 213)
FAIL: c-c++-common/goacc-gomp/nesting-fail-1.c -std=c++11 (test for errors, line 220)
FAIL: c-c++-common/goacc-gomp/nesting-fail-1.c -std=c++11 (test for errors, line 225)
FAIL: c-c++-common/goacc-gomp/nesting-fail-1.c -std=c++11 (test for errors, line 231)
FAIL: c-c++-common/goacc-gomp/nesting-fail-1.c -std=c++11 (test for errors, line 233)
FAIL: c-c++-common/goacc-gomp/nesting-fail-1.c -std=c++11 (test for errors, line 235)
FAIL: c-c++-common/goacc-gomp/nesting-fail-1.c -std=c++11 (test for errors, line 244)
FAIL: c-c++-common/goacc-gomp/nesting-fail-1.c -std=c++11 (test for errors, line 250)
FAIL: c-c++-common/goacc-gomp/nesting-fail-1.c -std=c++11 (test for errors, line 257)
FAIL: c-c++-common/goacc-gomp/nesting-fail-1.c -std=c++11 (test for errors, line 265)
FAIL: c-c++-common/goacc-gomp/nesting-fail-1.c -std=c++11 (test for errors, line 271)
FAIL: c-c++-common/goacc-gomp/nesting-fail-1.c -std=c++11 (test for errors, line 277)
FAIL: c-c++-common/goacc-gomp/nesting-fail-1.c -std=c++11 (test for errors, line 283)
FAIL: c-c++-common/goacc-gomp/nesting-fail-1.c -std=c++11 (test for errors, line 290)
FAIL: c-c++-common/goacc-gomp/nesting-fail-1.c -std=c++11 (test for errors, line 295)
FAIL: c-c++-common/goacc-gomp/nesting-fail-1.c -std=c++11 (test for errors, line 301)
FAIL: c-c++-common/goacc-gomp/nesting-fail-1.c -std=c++11 (test for errors, line 303)
FAIL: c-c++-common/goacc-gomp/nesting-fail-1.c -std=c++11 (test for errors, line 305)
FAIL: c-c++-common/goacc-gomp/nesting-fail-1.c -std=c++11 (test for errors, line 314)
FAIL: c-c++-common/goacc-gomp/nesting-fail-1.c -std=c++11 (test for errors, line 320)
FAIL: c-c++-common/goacc-gomp/nesting-fail-1.c -std=c++11 (test for errors, line 327)
FAIL: c-c++-common/goacc-gomp/nesting-fail-1.c -std=c++11 (test for errors, line 335)
FAIL: c-c++-common/goacc-gomp/nesting-fail-1.c -std=c++11 (test for errors, line 341)
FAIL: c-c++-common/goacc-gomp/nesting-fail-1.c -std=c++11 (test for errors, line 347)
FAIL: c-c++-common/goacc-gomp/nesting-fail-1.c -std=c++11 (test for errors, line 353)
FAIL: c-c++-common/goacc-gomp/nesting-fail-1.c -std=c++11 (test for errors, line 360)
FAIL: c-c++-common/goacc-gomp/nesting-fail-1.c -std=c++11 (test for errors, line 365)
FAIL: c-c++-common/goacc-gomp/nesting-fail-1.c -std=c++11 (test for errors, line 371)
FAIL: c-c++-common/goacc-gomp/nesting-fail-1.c -std=c++11 (test for errors, line 373)
FAIL: c-c++-common/goacc-gomp/nesting-fail-1.c -std=c++11 (test for errors, line 375)
FAIL: c-c++-common/goacc-gomp/nesting-fail-1.c -std=c++11 (test for errors, line 385)
FAIL: c-c++-common/goacc-gomp/nesting-fail-1.c -std=c++11 (test for errors, line 392)
FAIL: c-c++-common/goacc-gomp/nesting-fail-1.c -std=c++11 (test for errors, line 400)
FAIL: c-c++-common/goacc-gomp/nesting-fail-1.c -std=c++11 (test for errors, line 409)
FAIL: c-c++-common/goacc-gomp/nesting-fail-1.c -std=c++11 (test for errors, line 416)
FAIL: c-c++-common/goacc-gomp/nesting-fail-1.c -std=c++11 (test for errors, line 423)
FAIL: c-c++-common/goacc-gomp/nesting-fail-1.c -std=c++11 (test for errors, line 430)
FAIL: c-c++-common/goacc-gomp/nesting-fail-1.c -std=c++11 (test for errors, line 438)
FAIL: c-c++-common/goacc-gomp/nesting-fail-1.c -std=c++11 (test for errors, line 444)
FAIL: c-c++-common/goacc-gomp/nesting-fail-1.c -std=c++11 (test for errors, line 451)
FAIL: c-c++-common/goacc-gomp/nesting-fail-1.c -std=c++11 (test for errors, line 453)
FAIL: c-c++-common/goacc-gomp/nesting-fail-1.c -std=c++11 (test for errors, line 455)
FAIL: c-c++-common/goacc-gomp/nesting-fail-1.c -std=c++11 (test for errors, line 80)
FAIL: c-c++-common/goacc-gomp/nesting-fail-1.c -std=c++11 (test for errors, line 81)
FAIL: c-c++-common/goacc-gomp/nesting-fail-1.c -std=c++11 (test for errors, line 82)
FAIL: c-c++-common/goacc-gomp/nesting-fail-1.c -std=c++11 (test for errors, line 83)
FAIL: c-c++-common/goacc-gomp/nesting-fail-1.c -std=c++11 (test for errors, line 90)
FAIL: c-c++-common/goacc-gomp/nesting-fail-1.c -std=c++11 (test for errors, line 92)
FAIL: c-c++-common/goacc-gomp/nesting-fail-1.c -std=c++11 (test for errors, line 94)
FAIL: c-c++-common/goacc-gomp/nesting-fail-1.c -std=c++11 (test for errors, line 96)
FAIL: c-c++-common/goacc-gomp/nesting-fail-1.c -std=c++11 (test for errors, line 97)
FAIL: c-c++-common/goacc-gomp/nesting-fail-1.c -std=c++11 (test for errors, line 98)
FAIL: c-c++-common/goacc-gomp/nesting-fail-1.c -std=c++11 (test for errors, line 99)
FAIL: c-c++-common/goacc-gomp/nesting-fail-1.c -std=c++11 (test for excess errors)
XPASS: g++.dg/tls/thread_local-order2.C -std=c++11 execution test
XPASS: g++.dg/tls/thread_local-order2.C -std=c++14 execution test
FAIL: g++.dg/torture/pr64378.C -O2 -flto -fno-use-linker-plugin -flto-partition=none (internal compiler error)
FAIL: g++.dg/torture/pr64378.C -O2 -flto -fno-use-linker-plugin -flto-partition=none (test for excess errors)
FAIL: c-c++-common/ubsan/object-size-9.c -O2 output pattern test
FAIL: c-c++-common/ubsan/object-size-9.c -O2 -flto -fno-use-linker-plugin -flto-partition=none output pattern test
FAIL: g++.dg/ubsan/pr63956.C -Os (test for errors, line 113)
FAIL: g++.dg/ubsan/pr63956.C -Os (test for errors, line 124)
FAIL: g++.dg/ubsan/pr63956.C -Os (test for errors, line 127)
FAIL: g++.dg/ubsan/pr63956.C -Os (test for errors, line 142)
FAIL: g++.dg/ubsan/pr63956.C -Os (test for errors, line 143)
FAIL: g++.dg/ubsan/pr63956.C -Os (test for errors, line 159)
FAIL: g++.dg/ubsan/pr63956.C -Os (test for errors, line 165)
FAIL: g++.dg/ubsan/pr63956.C -Os (test for excess errors)
FAIL: g++.dg/ubsan/vla-1.C -O1 execution test
=== g++ Summary ===
# of expected passes 91444
# of unexpected failures 148
# of unexpected successes 2
# of expected failures 333
# of unsupported tests 3446
/export/gnu/import/git/gcc-test-ia32/bld/gcc/testsuite/g++/../../xg++ version 5.0.0 20150401 (experimental) [trunk revision 221811] (GCC)
=== gcc tests ===
Running target unix/-fpic
XPASS: gcc.dg/guality/example.c -O0 execution test
XPASS: gcc.dg/guality/example.c -O1 execution test
XPASS: gcc.dg/guality/example.c -O3 -fomit-frame-pointer -funroll-all-loops -finline-functions execution test
XPASS: gcc.dg/guality/example.c -O3 -fomit-frame-pointer -funroll-loops execution test
XPASS: gcc.dg/guality/guality.c -O0 execution test
XPASS: gcc.dg/guality/guality.c -O1 execution test
XPASS: gcc.dg/guality/guality.c -O2 execution test
XPASS: gcc.dg/guality/guality.c -O2 -flto -fno-use-linker-plugin -flto-partition=none execution test
XPASS: gcc.dg/guality/guality.c -O2 -flto -fuse-linker-plugin -fno-fat-lto-objects execution test
XPASS: gcc.dg/guality/guality.c -O3 -fomit-frame-pointer execution test
XPASS: gcc.dg/guality/guality.c -O3 -g execution test
XPASS: gcc.dg/guality/guality.c -Os execution test
XPASS: gcc.dg/guality/inline-params.c -O2 execution test
XPASS: gcc.dg/guality/inline-params.c -O2 -flto -fno-use-linker-plugin -flto-partition=none execution test
XPASS: gcc.dg/guality/inline-params.c -O3 -fomit-frame-pointer execution test
XPASS: gcc.dg/guality/inline-params.c -O3 -g execution test
XPASS: gcc.dg/guality/inline-params.c -Os execution test
FAIL: gcc.dg/guality/pr36728-2.c -O1 line 18 *x == (char) 25
FAIL: gcc.dg/guality/pr36728-2.c -O2 line 18 *x == (char) 25
FAIL: gcc.dg/guality/pr36728-2.c -O2 -flto -fno-use-linker-plugin -flto-partition=none line 18 *x == (char) 25
FAIL: gcc.dg/guality/pr36728-2.c -O3 -fomit-frame-pointer line 18 *x == (char) 25
FAIL: gcc.dg/guality/pr36728-2.c -O3 -g line 18 *x == (char) 25
FAIL: gcc.dg/guality/pr36728-2.c -Os line 18 *x == (char) 25
XPASS: gcc.dg/guality/pr41353-1.c -O0 line 28 j == 28 + 37
XPASS: gcc.dg/guality/pr41353-1.c -Os line 28 j == 28 + 37
FAIL: gcc.dg/guality/pr41447-1.c -O2 execution test
FAIL: gcc.dg/guality/pr41447-1.c -O2 -flto -fno-use-linker-plugin -flto-partition=none execution test
FAIL: gcc.dg/guality/pr41447-1.c -O3 -fomit-frame-pointer execution test
FAIL: gcc.dg/guality/pr41447-1.c -O3 -g execution test
FAIL: gcc.dg/guality/pr41447-1.c -Os execution test
FAIL: gcc.dg/guality/pr41616-1.c -O2 -flto -fuse-linker-plugin -fno-fat-lto-objects execution test
FAIL: gcc.dg/guality/pr43479.c -O1 line 13 h == 9
FAIL: gcc.dg/guality/pr43479.c -O1 line 18 h == 9
FAIL: gcc.dg/guality/pr43479.c -O2 line 13 h == 9
FAIL: gcc.dg/guality/pr43479.c -O2 line 18 h == 9
FAIL: gcc.dg/guality/pr43479.c -O2 -flto -fno-use-linker-plugin -flto-partition=none line 13 h == 9
FAIL: gcc.dg/guality/pr43479.c -O2 -flto -fno-use-linker-plugin -flto-partition=none line 18 h == 9
FAIL: gcc.dg/guality/pr43479.c -O2 -flto -fuse-linker-plugin -fno-fat-lto-objects line 13 h == 9
FAIL: gcc.dg/guality/pr43479.c -O2 -flto -fuse-linker-plugin -fno-fat-lto-objects line 18 h == 9
FAIL: gcc.dg/guality/pr43479.c -O3 -fomit-frame-pointer line 13 h == 9
FAIL: gcc.dg/guality/pr43479.c -O3 -fomit-frame-pointer line 18 h == 9
FAIL: gcc.dg/guality/pr43479.c -O3 -g line 13 h == 9
FAIL: gcc.dg/guality/pr43479.c -O3 -g line 18 h == 9
FAIL: gcc.dg/guality/pr43479.c -Os line 13 h == 9
FAIL: gcc.dg/guality/pr43479.c -Os line 18 h == 9
FAIL: gcc.dg/guality/pr45882.c -O2 -flto -fuse-linker-plugin -fno-fat-lto-objects line 16 d == 112
FAIL: gcc.dg/guality/pr45882.c -O2 -flto -fuse-linker-plugin -fno-fat-lto-objects line 16 e == 142
FAIL: gcc.dg/guality/pr54200.c -O2 -flto -fuse-linker-plugin -fno-fat-lto-objects line 20 z == 3
FAIL: gcc.dg/guality/pr54519-1.c -O2 -flto -fno-use-linker-plugin -flto-partition=none line 20 y == 25
FAIL: gcc.dg/guality/pr54519-1.c -O2 -flto -fno-use-linker-plugin -flto-partition=none line 20 z == 6
FAIL: gcc.dg/guality/pr54519-1.c -O2 -flto -fno-use-linker-plugin -flto-partition=none line 23 y == 117
FAIL: gcc.dg/guality/pr54519-1.c -O2 -flto -fno-use-linker-plugin -flto-partition=none line 23 z == 8
FAIL: gcc.dg/guality/pr54519-2.c -O2 -flto -fno-use-linker-plugin -flto-partition=none line 17 y == 25
FAIL: gcc.dg/guality/pr54519-2.c -O2 -flto -fuse-linker-plugin -fno-fat-lto-objects line 17 y == 25
FAIL: gcc.dg/guality/pr54519-3.c -O2 -flto -fno-use-linker-plugin -flto-partition=none line 20 y == 25
FAIL: gcc.dg/guality/pr54519-3.c -O2 -flto -fno-use-linker-plugin -flto-partition=none line 20 z == 6
FAIL: gcc.dg/guality/pr54519-3.c -O2 -flto -fno-use-linker-plugin -flto-partition=none line 23 y == 117
FAIL: gcc.dg/guality/pr54519-3.c -O2 -flto -fno-use-linker-plugin -flto-partition=none line 23 z == 8
FAIL: gcc.dg/guality/pr54519-3.c -O2 -flto -fuse-linker-plugin -fno-fat-lto-objects line 20 y == 25
FAIL: gcc.dg/guality/pr54519-3.c -O2 -flto -fuse-linker-plugin -fno-fat-lto-objects line 20 z == 6
FAIL: gcc.dg/guality/pr54519-3.c -O2 -flto -fuse-linker-plugin -fno-fat-lto-objects line 23 y == 117
FAIL: gcc.dg/guality/pr54519-3.c -O2 -flto -fuse-linker-plugin -fno-fat-lto-objects line 23 z == 8
FAIL: gcc.dg/guality/pr54519-4.c -O2 -flto -fno-use-linker-plugin -flto-partition=none line 17 y == 25
FAIL: gcc.dg/guality/pr54519-4.c -O2 -flto -fuse-linker-plugin -fno-fat-lto-objects line 17 y == 25
FAIL: gcc.dg/guality/pr54519-5.c -O2 -flto -fno-use-linker-plugin -flto-partition=none line 17 y == 25
FAIL: gcc.dg/guality/pr54519-5.c -O2 -flto -fuse-linker-plugin -fno-fat-lto-objects line 17 y == 25
FAIL: gcc.dg/guality/pr54970.c -Os line 15 a[0] == 1
FAIL: gcc.dg/guality/pr54970.c -Os line 20 a[0] == 1
FAIL: gcc.dg/guality/pr54970.c -Os line 25 a[0] == 1
FAIL: gcc.dg/guality/pr54970.c -Os line 31 a[0] == 4
FAIL: gcc.dg/guality/pr54970.c -Os line 36 a[0] == 4
FAIL: gcc.dg/guality/pr54970.c -Os line 45 a[0] == 4
FAIL: gcc.dg/guality/pr54970.c -Os line 45 p[-2] == 4
FAIL: gcc.dg/guality/pr54970.c -Os line 45 q[-1] == 4
FAIL: gcc.dg/guality/vla-1.c -O1 line 17 sizeof (a) == 6
FAIL: gcc.dg/guality/vla-1.c -O2 line 17 sizeof (a) == 6
FAIL: gcc.dg/guality/vla-1.c -O2 -flto -fno-use-linker-plugin -flto-partition=none line 17 sizeof (a) == 6
FAIL: gcc.dg/guality/vla-1.c -O2 -flto -fuse-linker-plugin -fno-fat-lto-objects line 17 sizeof (a) == 6
FAIL: gcc.dg/guality/vla-1.c -O3 -fomit-frame-pointer line 17 sizeof (a) == 6
FAIL: gcc.dg/guality/vla-1.c -O3 -g line 17 sizeof (a) == 6
FAIL: gcc.dg/guality/vla-1.c -Os line 17 sizeof (a) == 6
FAIL: gcc.dg/ipa/inline-7.c scan-tree-dump-times einline "Inlining a into m" 1
FAIL: gcc.dg/lto/pr55113 c_lto_pr55113_0.o assemble, -flto -fshort-double -O0 (internal compiler error)
UNRESOLVED: gcc.dg/lto/pr55113 c_lto_pr55113_0.o-c_lto_pr55113_0.o execute -flto -fshort-double -O0
UNRESOLVED: gcc.dg/lto/pr55113 c_lto_pr55113_0.o-c_lto_pr55113_0.o link -flto -fshort-double -O0
FAIL: gcc.dg/torture/builtin-self.c -O0 scan-assembler-not \\tcall
FAIL: gcc.dg/tree-prof/inliner-1.c scan-tree-dump optimized "cold_function ..;"
FAIL: gcc.dg/tree-ssa/inline-10.c scan-tree-dump-not optimized "do_something \\\\(70\\\\)"
FAIL: gcc.dg/tree-ssa/inline-10.c scan-tree-dump-times optimized "do_something2" 1
FAIL: gcc.dg/tree-ssa/inline-10.c scan-tree-dump-times optimized "do_something3" 1
FAIL: gcc.dg/tree-ssa/inline-8.c scan-tree-dump-times einline "Inlining" 5
FAIL: gcc.dg/tree-ssa/inline-9.c scan-tree-dump-times optimized "q \\\\(15\\\\)" 1
FAIL: gcc.dg/tree-ssa/ipa-split-6.c scan-tree-dump optimized "part"
FAIL: gcc.dg/vect/costmodel/i386/costmodel-vect-31.c scan-tree-dump-times vect "vectorized 4 loops" 1
FAIL: gcc.target/i386/avx256-unaligned-load-4.c scan-assembler (avx_loadups256|vmovups[^\\n\\r]*movv8sf_internal)
FAIL: gcc.target/i386/pad-10.c scan-assembler-not nop
FAIL: gcc.target/i386/sse-13.c (test for excess errors)
FAIL: gcc.target/i386/vect-sizes-1.c scan-assembler vmovapd[ \\\\t]+[^\\n]*%ymm
=== gcc Summary ===
# of expected passes 115607
# of unexpected failures 77
# of unexpected successes 19
# of expected failures 279
# of unresolved testcases 2
# of unsupported tests 1825
/export/gnu/import/git/gcc-test-ia32/bld/gcc/xgcc version 5.0.0 20150401 (experimental) [trunk revision 221811] (GCC)
=== gfortran tests ===
Running target unix/-fpic
FAIL: gfortran.dg/coarray_collectives_9.f90 -O (test for errors, line 57)
FAIL: gfortran.dg/coarray_collectives_9.f90 -O (test for errors, line 58)
FAIL: gfortran.dg/coarray_collectives_9.f90 -O (test for errors, line 60)
FAIL: gfortran.dg/coarray_collectives_9.f90 -O (test for errors, line 61)
FAIL: gfortran.dg/coarray_collectives_9.f90 -O (test for excess errors)
FAIL: gfortran.dg/pr48636-2.f90 -O scan-ipa-dump cp "Creating a specialized node of [^\\n\\r]*bar/[0-9]*\\\\."
FAIL: gfortran.dg/pr48636-2.f90 -O scan-ipa-dump-times cp "Aggregate replacements[^=]*=[^=]*=[^=]*=[^=]*=[^=]*=[^=]*=[^=]*=[^=]*=[^=]*=" 2
FAIL: gfortran.dg/pr48636.f90 -O scan-ipa-dump inline "bar[^\\\\n]*inline copy in MAIN"
FAIL: gfortran.dg/pr48636.f90 -O scan-ipa-dump inline "inline hints: loop_iterations"
=== gfortran Summary ===
# of expected passes 47998
# of unexpected failures 9
# of expected failures 64
# of unsupported tests 209
/export/gnu/import/git/gcc-test-ia32/bld/gcc/testsuite/gfortran/../../gfortran version 5.0.0 20150401 (experimental) [trunk revision 221811] (GCC)
=== objc tests ===
Running target unix/-fpic
=== objc Summary ===
# of expected passes 3010
# of expected failures 6
# of unsupported tests 74
/export/gnu/import/git/gcc-test-ia32/bld/gcc/xgcc version 5.0.0 20150401 (experimental) [trunk revision 221811] (GCC)
=== boehm-gc tests ===
Running target unix/-fpic
=== boehm-gc Summary ===
# of expected passes 12
# of unsupported tests 1
=== libatomic tests ===
Running target unix/-fpic
=== libatomic Summary ===
# of expected passes 44
# of unsupported tests 5
=== libffi tests ===
Running target unix/-fpic
=== libffi Summary ===
# of expected passes 2439
# of unsupported tests 30
=== libgomp tests ===
Running target unix/-fpic
=== libgomp Summary ===
# of expected passes 5780
# of unsupported tests 254
=== libitm tests ===
Running target unix/-fpic
=== libitm Summary ===
# of expected passes 26
# of expected failures 3
# of unsupported tests 1
=== libjava tests ===
Running target unix/-fpic
=== libjava Summary ===
# of expected passes 2582
# of expected failures 4
=== libstdc++ tests ===
Running target unix/-fpic
=== libstdc++ Summary ===
# of expected passes 10598
# of expected failures 65
# of unsupported tests 225
Compiler version: 5.0.0 20150401 (experimental) [trunk revision 221811] (GCC)
Platform: i686-pc-linux-gnu
configure flags: --prefix=/usr/5.0.0 --enable-clocale=gnu --with-system-zlib --enable-shared --with-demangler-in-ld i686-linux --with-fpmath=sse --enable-languages=c,c++,fortran,java,lto,objc
More information about the Gcc-testresults
mailing list