Results for 5.0.0 20140825 (experimental) [trunk revision 214421] (GCC) testsuite on hppa2.0w-hp-hpux11.11
John David Anglin
dave@hiauly3.hia.nrc.ca
Sun Sep 28 18:39:00 GMT 2014
Native configuration is hppa2.0w-hp-hpux11.11
=== g++ tests ===
Running target unix
FAIL: g++.dg/abi/anon3.C -std=c++98 scan-assembler .weak(_definition)?[ \\t]_?_ZTI4Heya
FAIL: g++.dg/abi/anon3.C -std=c++98 scan-assembler .weak(_definition)?[ \\t]_?_ZTIN4Heya1AE
FAIL: g++.dg/abi/anon3.C -std=c++11 scan-assembler .weak(_definition)?[ \\t]_?_ZTI4Heya
FAIL: g++.dg/abi/anon3.C -std=c++11 scan-assembler .weak(_definition)?[ \\t]_?_ZTIN4Heya1AE
FAIL: g++.dg/abi/anon3.C -std=c++1y scan-assembler .weak(_definition)?[ \\t]_?_ZTI4Heya
FAIL: g++.dg/abi/anon3.C -std=c++1y scan-assembler .weak(_definition)?[ \\t]_?_ZTIN4Heya1AE
FAIL: g++.dg/abi/rtti3.C -std=c++98 scan-assembler .weak[ \\t]_?_ZTSPP1A
FAIL: g++.dg/abi/rtti3.C -std=c++11 scan-assembler .weak[ \\t]_?_ZTSPP1A
FAIL: g++.dg/abi/rtti3.C -std=c++1y scan-assembler .weak[ \\t]_?_ZTSPP1A
FAIL: g++.dg/cpp0x/static_assert9.C -std=c++11 (test for excess errors)
FAIL: g++.dg/cpp0x/static_assert9.C -std=c++1y (test for excess errors)
FAIL: g++.dg/ipa/pr61800.C -std=gnu++98 (test for excess errors)
FAIL: g++.dg/ipa/pr61800.C -std=gnu++11 (test for excess errors)
FAIL: g++.dg/ipa/pr61800.C -std=gnu++1y (test for excess errors)
FAIL: g++.dg/template/error33.C -std=c++98 note (test for warnings, line 9)
FAIL: g++.dg/template/error33.C -std=c++11 note (test for warnings, line 9)
FAIL: g++.dg/template/error33.C -std=c++1y note (test for warnings, line 9)
WARNING: program timed out.
=== g++ Summary ===
# of expected passes 72874
# of unexpected failures 17
# of expected failures 270
# of unsupported tests 3598
/test/gnu/gcc/objdir/gcc/testsuite/g++/../../xg++ version 5.0.0 20140825 (experimental) [trunk revision 214421] (GCC)
=== gcc tests ===
Running target unix
FAIL: gcc.dg/atomic/c11-atomic-exec-5.c -O0 execution test
FAIL: gcc.dg/atomic/c11-atomic-exec-5.c -O1 execution test
FAIL: gcc.dg/atomic/c11-atomic-exec-5.c -O2 execution test
FAIL: gcc.dg/atomic/c11-atomic-exec-5.c -O3 -fomit-frame-pointer execution test
FAIL: gcc.dg/atomic/c11-atomic-exec-5.c -O3 -fomit-frame-pointer -funroll-loops execution test
FAIL: gcc.dg/atomic/c11-atomic-exec-5.c -O3 -fomit-frame-pointer -funroll-all-loops -finline-functions execution test
FAIL: gcc.dg/atomic/c11-atomic-exec-5.c -O3 -g execution test
FAIL: gcc.dg/atomic/c11-atomic-exec-5.c -Os execution test
FAIL: gcc.dg/pr61868.c (test for excess errors)
UNRESOLVED: gcc.dg/pr61868.c scan-assembler .gnu.lto.*.12345
WARNING: program timed out.
FAIL: gcc.dg/tree-prof/crossmodule-indircall-1a.c compilation, -fprofile-generate -D_PROFILE_GENERATE
UNRESOLVED: gcc.dg/tree-prof/crossmodule-indircall-1a.c execution, -fprofile-generate -D_PROFILE_GENERATE
UNRESOLVED: gcc.dg/tree-prof/crossmodule-indircall-1a.c compilation, -fprofile-use -D_PROFILE_USE
UNRESOLVED: gcc.dg/tree-prof/crossmodule-indircall-1a.c execution, -fprofile-use -D_PROFILE_USE
FAIL: gcc.dg/tree-ssa/ivopts-lt-2.c scan-tree-dump-times ivopts "PHI <p_" 1
FAIL: gcc.dg/tree-ssa/ivopts-lt-2.c scan-tree-dump-times ivopts "p_[0-9]* <" 1
=== gcc Summary ===
# of expected passes 70443
# of unexpected failures 12
# of expected failures 115
# of unresolved testcases 4
# of unsupported tests 1669
/test/gnu/gcc/objdir/gcc/xgcc version 5.0.0 20140825 (experimental) [trunk revision 214421] (GCC)
=== libatomic tests ===
Running target unix
=== libatomic Summary ===
# of expected passes 44
# of unsupported tests 5
=== libgomp tests ===
Running target unix
=== libgomp Summary ===
# of expected passes 671
# of unsupported tests 10
=== libstdc++ tests ===
Running target unix
=== libstdc++ Summary ===
# of expected passes 8355
# of expected failures 69
# of unsupported tests 949
Compiler version: 5.0.0 20140825 (experimental) [trunk revision 214421] (GCC)
Platform: hppa2.0w-hp-hpux11.11
configure flags:Test Run By dave on Sat Sep 27 17:47:48 2014
More information about the Gcc-testresults
mailing list