Results for 4.9.2 20140910 (prerelease) (genunix Wed Sep 17 20:54:47 GMT 2014) testsuite on sparc64-sun-solaris2.10
dev
dev@cor0.com
Sat Sep 20 04:00:00 GMT 2014
System spec and bootstrap compiler :
node000$ date -u
Sat Sep 20 03:45:39 GMT 2014
node000$ uname -a
SunOS node000 5.10 Generic_150400-16 sun4v sparc
SUNW,SPARC-Enterprise-T5220
node000$ cat /etc/release
Oracle Solaris 10 1/13 s10s_u11wos_24a SPARC
Copyright (c) 1983, 2013, Oracle and/or its affiliates. All rights
reserved.
Assembled 17 January 2013
node000$ psrinfo -pv
The physical processor has 32 virtual processors (0-31)
UltraSPARC-T2 (chipid 0, clock 1165 MHz)
node000$ which gcc
/usr/local/gcc4/bin/gcc
node000$ gcc --version
gcc (Blastwave.org Inc. Mon Oct 21 15:43:56 GMT 2013) 4.8.2
Copyright (C) 2013 Free Software Foundation, Inc.
This is free software; see the source for copying conditions. There is
NO
warranty; not even for MERCHANTABILITY or FITNESS FOR A PARTICULAR
PURPOSE.
GCC testsuite results :
node000$ ../gcc-4.9-20140910/contrib/test_summary
cat <<'EOF' |
LAST_UPDATED: Obtained from SVN: branches/gcc-4_9-branch revision 215140
Native configuration is sparc64-sun-solaris2.10
=== g++ tests ===
Running target unix
FAIL: g++.dg/ext/visibility/fvisibility-inlines-hidden-2.C -std=gnu++98
scan-not-hidden
FAIL: g++.dg/ext/visibility/fvisibility-inlines-hidden-2.C -std=gnu++11
scan-not-hidden
FAIL: g++.dg/ext/visibility/fvisibility-inlines-hidden-2.C -std=gnu++1y
scan-not-hidden
FAIL: g++.dg/ext/visibility/fvisibility-inlines-hidden-3.C -std=gnu++98
scan-not-hidden
FAIL: g++.dg/ext/visibility/fvisibility-inlines-hidden-3.C -std=gnu++98
scan-not-hidden
FAIL: g++.dg/ext/visibility/fvisibility-inlines-hidden-3.C -std=gnu++11
scan-not-hidden
FAIL: g++.dg/ext/visibility/fvisibility-inlines-hidden-3.C -std=gnu++11
scan-not-hidden
FAIL: g++.dg/ext/visibility/fvisibility-inlines-hidden-3.C -std=gnu++1y
scan-not-hidden
FAIL: g++.dg/ext/visibility/fvisibility-inlines-hidden-3.C -std=gnu++1y
scan-not-hidden
FAIL: g++.dg/ext/visibility/fvisibility-inlines-hidden-4.C -std=gnu++98
scan-not-hidden
FAIL: g++.dg/ext/visibility/fvisibility-inlines-hidden-4.C -std=gnu++98
scan-not-hidden
FAIL: g++.dg/ext/visibility/fvisibility-inlines-hidden-4.C -std=gnu++11
scan-not-hidden
FAIL: g++.dg/ext/visibility/fvisibility-inlines-hidden-4.C -std=gnu++11
scan-not-hidden
FAIL: g++.dg/ext/visibility/fvisibility-inlines-hidden-4.C -std=gnu++1y
scan-not-hidden
FAIL: g++.dg/ext/visibility/fvisibility-inlines-hidden-4.C -std=gnu++1y
scan-not-hidden
FAIL: g++.dg/ext/visibility/fvisibility-override1.C -std=gnu++98
scan-not-hidden
FAIL: g++.dg/ext/visibility/fvisibility-override1.C -std=gnu++11
scan-not-hidden
FAIL: g++.dg/ext/visibility/fvisibility-override1.C -std=gnu++1y
scan-not-hidden
FAIL: g++.dg/ext/visibility/fvisibility-override2.C -std=gnu++98
scan-not-hidden
FAIL: g++.dg/ext/visibility/fvisibility-override2.C -std=gnu++11
scan-not-hidden
FAIL: g++.dg/ext/visibility/fvisibility-override2.C -std=gnu++1y
scan-not-hidden
FAIL: g++.dg/ext/visibility/guard1.C -std=gnu++98 scan-not-hidden
FAIL: g++.dg/ext/visibility/guard1.C -std=gnu++11 scan-not-hidden
FAIL: g++.dg/ext/visibility/guard1.C -std=gnu++1y scan-not-hidden
FAIL: g++.dg/ext/visibility/ms-compat-1.C -std=gnu++98 scan-not-hidden
FAIL: g++.dg/ext/visibility/ms-compat-1.C -std=gnu++98 scan-not-hidden
FAIL: g++.dg/ext/visibility/ms-compat-1.C -std=gnu++98 scan-not-hidden
FAIL: g++.dg/ext/visibility/ms-compat-1.C -std=gnu++11 scan-not-hidden
FAIL: g++.dg/ext/visibility/ms-compat-1.C -std=gnu++11 scan-not-hidden
FAIL: g++.dg/ext/visibility/ms-compat-1.C -std=gnu++11 scan-not-hidden
FAIL: g++.dg/ext/visibility/ms-compat-1.C -std=gnu++1y scan-not-hidden
FAIL: g++.dg/ext/visibility/ms-compat-1.C -std=gnu++1y scan-not-hidden
FAIL: g++.dg/ext/visibility/ms-compat-1.C -std=gnu++1y scan-not-hidden
FAIL: g++.dg/ext/visibility/namespace1.C -std=c++98 scan-not-hidden
FAIL: g++.dg/ext/visibility/namespace1.C -std=c++11 scan-not-hidden
FAIL: g++.dg/ext/visibility/namespace1.C -std=c++1y scan-not-hidden
FAIL: g++.dg/ext/visibility/new1.C -std=gnu++98 scan-not-hidden
FAIL: g++.dg/ext/visibility/new1.C -std=gnu++11 scan-not-hidden
FAIL: g++.dg/ext/visibility/new1.C -std=gnu++1y scan-not-hidden
FAIL: g++.dg/ext/visibility/template1.C -std=gnu++98 scan-not-hidden
FAIL: g++.dg/ext/visibility/template1.C -std=gnu++98 scan-not-hidden
FAIL: g++.dg/ext/visibility/template1.C -std=gnu++11 scan-not-hidden
FAIL: g++.dg/ext/visibility/template1.C -std=gnu++11 scan-not-hidden
FAIL: g++.dg/ext/visibility/template1.C -std=gnu++1y scan-not-hidden
FAIL: g++.dg/ext/visibility/template1.C -std=gnu++1y scan-not-hidden
FAIL: g++.dg/ext/visibility/template10.C -std=gnu++98 scan-not-hidden
FAIL: g++.dg/ext/visibility/template10.C -std=gnu++11 scan-not-hidden
FAIL: g++.dg/ext/visibility/template10.C -std=gnu++1y scan-not-hidden
FAIL: g++.dg/ext/visibility/template11.C -std=gnu++98 scan-not-hidden
FAIL: g++.dg/ext/visibility/template11.C -std=gnu++11 scan-not-hidden
FAIL: g++.dg/ext/visibility/template11.C -std=gnu++1y scan-not-hidden
FAIL: g++.dg/ext/visibility/template12.C -std=gnu++98 scan-not-hidden
FAIL: g++.dg/ext/visibility/template12.C -std=gnu++11 scan-not-hidden
FAIL: g++.dg/ext/visibility/template12.C -std=gnu++1y scan-not-hidden
FAIL: g++.dg/ext/visibility/template2.C -std=c++98 scan-not-hidden
FAIL: g++.dg/ext/visibility/template2.C -std=c++98 scan-not-hidden
FAIL: g++.dg/ext/visibility/template2.C -std=c++11 scan-not-hidden
FAIL: g++.dg/ext/visibility/template2.C -std=c++11 scan-not-hidden
FAIL: g++.dg/ext/visibility/template2.C -std=c++1y scan-not-hidden
FAIL: g++.dg/ext/visibility/template2.C -std=c++1y scan-not-hidden
FAIL: g++.dg/ext/visibility/template3.C -std=c++98 scan-not-hidden
FAIL: g++.dg/ext/visibility/template3.C -std=c++98 scan-not-hidden
FAIL: g++.dg/ext/visibility/template3.C -std=c++11 scan-not-hidden
FAIL: g++.dg/ext/visibility/template3.C -std=c++11 scan-not-hidden
FAIL: g++.dg/ext/visibility/template3.C -std=c++1y scan-not-hidden
FAIL: g++.dg/ext/visibility/template3.C -std=c++1y scan-not-hidden
FAIL: g++.dg/ext/visibility/template4.C -std=c++98 scan-not-hidden
FAIL: g++.dg/ext/visibility/template4.C -std=c++98 scan-not-hidden
FAIL: g++.dg/ext/visibility/template4.C -std=c++98 scan-not-hidden
FAIL: g++.dg/ext/visibility/template4.C -std=c++98 scan-not-hidden
FAIL: g++.dg/ext/visibility/template4.C -std=c++11 scan-not-hidden
FAIL: g++.dg/ext/visibility/template4.C -std=c++11 scan-not-hidden
FAIL: g++.dg/ext/visibility/template4.C -std=c++11 scan-not-hidden
FAIL: g++.dg/ext/visibility/template4.C -std=c++11 scan-not-hidden
FAIL: g++.dg/ext/visibility/template4.C -std=c++1y scan-not-hidden
FAIL: g++.dg/ext/visibility/template4.C -std=c++1y scan-not-hidden
FAIL: g++.dg/ext/visibility/template4.C -std=c++1y scan-not-hidden
FAIL: g++.dg/ext/visibility/template4.C -std=c++1y scan-not-hidden
FAIL: g++.dg/ext/visibility/template6.C -std=c++98 scan-not-hidden
FAIL: g++.dg/ext/visibility/template6.C -std=c++11 scan-not-hidden
FAIL: g++.dg/ext/visibility/template6.C -std=c++1y scan-not-hidden
FAIL: g++.dg/ext/visibility/template9.C -std=gnu++98 scan-not-hidden
FAIL: g++.dg/ext/visibility/template9.C -std=gnu++11 scan-not-hidden
FAIL: g++.dg/ext/visibility/template9.C -std=gnu++1y scan-not-hidden
FAIL: g++.dg/ext/visibility/typeinfo1.C -std=gnu++98 scan-not-hidden
FAIL: g++.dg/ext/visibility/typeinfo1.C -std=gnu++98 scan-not-hidden
FAIL: g++.dg/ext/visibility/typeinfo1.C -std=gnu++11 scan-not-hidden
FAIL: g++.dg/ext/visibility/typeinfo1.C -std=gnu++11 scan-not-hidden
FAIL: g++.dg/ext/visibility/typeinfo1.C -std=gnu++1y scan-not-hidden
FAIL: g++.dg/ext/visibility/typeinfo1.C -std=gnu++1y scan-not-hidden
FAIL: g++.dg/ext/visibility/typeinfo2.C -std=c++98 scan-not-hidden
FAIL: g++.dg/ext/visibility/typeinfo2.C -std=c++11 scan-not-hidden
FAIL: g++.dg/ext/visibility/typeinfo2.C -std=c++1y scan-not-hidden
FAIL: g++.dg/ext/visibility/typeinfo3.C -std=c++98 scan-not-hidden
FAIL: g++.dg/ext/visibility/typeinfo3.C -std=c++98 scan-not-hidden
FAIL: g++.dg/ext/visibility/typeinfo3.C -std=c++11 scan-not-hidden
FAIL: g++.dg/ext/visibility/typeinfo3.C -std=c++11 scan-not-hidden
FAIL: g++.dg/ext/visibility/typeinfo3.C -std=c++1y scan-not-hidden
FAIL: g++.dg/ext/visibility/typeinfo3.C -std=c++1y scan-not-hidden
FAIL: g++.dg/ext/visibility/warn3.C -std=c++98 scan-not-hidden
FAIL: g++.dg/ext/visibility/warn3.C -std=c++11 scan-not-hidden
FAIL: g++.dg/ext/visibility/warn3.C -std=c++1y scan-not-hidden
WARNING: program timed out.
FAIL: g++.old-deja/g++.mike/visibility-1.C -std=gnu++98 scan-not-hidden
FAIL: g++.old-deja/g++.mike/visibility-1.C -std=gnu++11 scan-not-hidden
FAIL: g++.old-deja/g++.mike/visibility-1.C -std=gnu++1y scan-not-hidden
=== g++ Summary ===
# of expected passes 80865
# of unexpected failures 105
# of expected failures 448
# of unsupported tests 3214
/usr/local/build/gcc-4.9-20140910_SunOS5.10_sparcv9.001/gcc/testsuite/g++/../../xg++
version 4.9.2 20140910 (prerelease) (genunix Wed Sep 17 20:54:47 GMT
2014)
=== gcc tests ===
Running target unix
FAIL: gcc.c-torture/compile/limits-structnest.c -O2 (test for excess
errors)
FAIL: gcc.c-torture/compile/limits-structnest.c -O3
-fomit-frame-pointer (test for excess errors)
FAIL: gcc.c-torture/compile/limits-structnest.c -O3 -g (test for
excess errors)
FAIL: gcc.c-torture/compile/limits-structnest.c -Os (test for excess
errors)
FAIL: gcc.c-torture/compile/limits-structnest.c -O2 -flto
-flto-partition=none (test for excess errors)
FAIL: gcc.c-torture/compile/limits-structnest.c -O2 -flto (test for
excess errors)
FAIL: gcc.c-torture/unsorted/SIcmp.c, -Os (internal compiler error)
FAIL: gcc.c-torture/unsorted/a1.c, -O0
FAIL: gcc.c-torture/unsorted/a1.c, -O1
FAIL: gcc.c-torture/unsorted/a1.c, -O2
FAIL: gcc.c-torture/unsorted/a1.c, -O3 -fomit-frame-pointer
FAIL: gcc.c-torture/unsorted/a1.c, -O3 -g
FAIL: gcc.c-torture/unsorted/a1.c, -Os
ERROR: tcl error sourcing
/usr/local/build/gcc-4.9-20140910/gcc/testsuite/gcc.c-torture/unsorted/unsorted.exp.
ERROR: couldn't fork child process: not enough memory
WARNING: program timed out.
FAIL: gcc.dg/atomic/c11-atomic-exec-2.c -O2 -flto -flto-partition=none
(test for excess errors)
WARNING: program timed out.
FAIL: gcc.dg/atomic/c11-atomic-exec-2.c -O2 -flto (test for excess
errors)
WARNING: program timed out.
FAIL: gcc.dg/atomic/c11-atomic-exec-3.c -O3 -g (test for excess
errors)
UNRESOLVED: gcc.dg/atomic/c11-atomic-exec-3.c -O3 -g compilation
failed to produce executable
FAIL: gcc.dg/visibility-d.c scan-not-hidden
FAIL: gcc.dg/visibility-d.c scan-not-hidden
FAIL: gcc.dg/visibility-d.c scan-not-hidden
FAIL: gcc.dg/visibility-d.c scan-not-hidden
FAIL: gcc.dg/visibility-d.c scan-not-hidden
FAIL: gcc.dg/visibility-d.c scan-not-hidden
FAIL: gcc.dg/visibility-d.c scan-not-hidden
FAIL: gcc.dg/visibility-d.c scan-not-hidden
FAIL: gcc.dg/visibility-d.c scan-not-hidden
FAIL: gcc.dg/visibility-d.c scan-not-hidden
FAIL: gcc.dg/visibility-d.c scan-not-hidden
FAIL: gcc.dg/visibility-d.c scan-not-hidden
FAIL: gcc.dg/visibility-d.c scan-not-hidden
FAIL: gcc.dg/visibility-d.c scan-not-hidden
FAIL: gcc.dg/visibility-d.c scan-not-hidden
FAIL: gcc.dg/visibility-d.c scan-not-hidden
FAIL: gcc.dg/visibility-d.c scan-not-hidden
FAIL: gcc.dg/visibility-d.c scan-not-hidden
FAIL: gcc.dg/visibility-d.c scan-not-hidden
FAIL: gcc.dg/visibility-d.c scan-not-hidden
FAIL: gcc.dg/visibility-d.c scan-not-hidden
FAIL: gcc.dg/visibility-d.c scan-not-hidden
FAIL: gcc.dg/visibility-d.c scan-not-hidden
FAIL: gcc.dg/visibility-d.c scan-not-hidden
FAIL: gcc.dg/visibility-d.c scan-not-hidden
FAIL: gcc.dg/visibility-d.c scan-not-hidden
FAIL: gcc.dg/visibility-d.c scan-not-hidden
FAIL: gcc.dg/visibility-d.c scan-not-hidden
FAIL: gcc.dg/visibility-d.c scan-not-hidden
FAIL: gcc.dg/visibility-d.c scan-not-hidden
FAIL: c-c++-common/torture/pr53505.c -O0 execution test
FAIL: c-c++-common/torture/pr53505.c -O1 (test for excess errors)
FAIL: c-c++-common/torture/pr53505.c -O1 execution test
FAIL: c-c++-common/torture/pr53505.c -O2 (test for excess errors)
FAIL: c-c++-common/torture/pr53505.c -O2 execution test
FAIL: gcc.dg/vect/vect-singleton_1.c (internal compiler error)
FAIL: gcc.dg/vect/vect-singleton_1.c (test for excess errors)
FAIL: gcc.dg/vect/vect-singleton_1.c -flto -ffat-lto-objects (internal
compiler error)
FAIL: gcc.dg/vect/vect-singleton_1.c -flto -ffat-lto-objects (test for
excess errors)
=== gcc Summary ===
# of expected passes 84831
# of unexpected failures 55
# of expected failures 312
# of unresolved testcases 1
# of unsupported tests 1781
/usr/local/build/gcc-4.9-20140910_SunOS5.10_sparcv9.001/gcc/xgcc
version 4.9.2 20140910 (prerelease) (genunix Wed Sep 17 20:54:47 GMT
2014)
=== gfortran tests ===
Running target unix
=== gfortran Summary ===
# of expected passes 45968
# of expected failures 54
# of unsupported tests 121
/usr/local/build/gcc-4.9-20140910_SunOS5.10_sparcv9.001/gcc/testsuite/gfortran/../../gfortran
version 4.9.2 20140910 (prerelease) (genunix Wed Sep 17 20:54:47 GMT
2014)
=== go tests ===
Running target unix
FAIL: ./index0-out.go compilation, -O0 -g -fno-var-tracking-assignments
FAIL: ./slice3-out.go compilation, -O0 -g -fno-var-tracking-assignments
FAIL: go.test/test/recover.go execution, -O2 -g
WARNING: program timed out.
WARNING: program timed out.
=== go Summary ===
# of expected passes 7243
# of unexpected failures 3
# of expected failures 1
# of untested testcases 12
# of unsupported tests 3
/usr/local/build/gcc-4.9-20140910_SunOS5.10_sparcv9.001/gcc/testsuite/go/../../gccgo
version 4.9.2 20140910 (prerelease) (genunix Wed Sep 17 20:54:47 GMT
2014)
=== objc tests ===
Running target unix
=== objc Summary ===
# of expected passes 2994
# of unsupported tests 74
/usr/local/build/gcc-4.9-20140910_SunOS5.10_sparcv9.001/gcc/xgcc
version 4.9.2 20140910 (prerelease) (genunix Wed Sep 17 20:54:47 GMT
2014)
=== libatomic tests ===
Running target unix
=== libatomic Summary ===
# of expected passes 54
=== libffi tests ===
Running target unix
=== libffi Summary ===
# of expected passes 1819
# of unsupported tests 55
=== libgo tests ===
Running target unix
FAIL: net
FAIL: os
FAIL: runtime
FAIL: encoding/csv
FAIL: os/exec
FAIL: runtime/pprof
FAIL: text/template
FAIL: testing/quick
=== libgo Summary for unix ===
# of expected passes 114
# of unexpected failures 8
Running target unix/-m32
FAIL: runtime
FAIL: time
FAIL: os/exec
FAIL: text/template
FAIL: testing/quick
=== libgo Summary for unix/-m32 ===
# of expected passes 117
# of unexpected failures 5
=== libgo Summary ===
# of expected passes 231
# of unexpected failures 13
/usr/local/build/gcc-4.9-20140910_SunOS5.10_sparcv9.001/./gcc/gccgo
version 4.9.2 20140910 (prerelease) (genunix Wed Sep 17 20:54:47 GMT
2014)
=== libgomp tests ===
Running target unix
FAIL: libgomp.c/sort-1.c execution test
FAIL: libgomp.fortran/target7.f90 -O0 execution test
FAIL: libgomp.fortran/target7.f90 -O1 execution test
FAIL: libgomp.fortran/target7.f90 -O2 execution test
FAIL: libgomp.fortran/target7.f90 -O3 -fomit-frame-pointer execution
test
FAIL: libgomp.fortran/target7.f90 -O3 -fomit-frame-pointer
-funroll-loops execution test
FAIL: libgomp.fortran/target7.f90 -O3 -fomit-frame-pointer
-funroll-all-loops -finline-functions execution test
FAIL: libgomp.fortran/target7.f90 -O3 -g execution test
FAIL: libgomp.fortran/target8.f90 -O0 execution test
FAIL: libgomp.fortran/target8.f90 -O1 execution test
FAIL: libgomp.fortran/target8.f90 -O2 execution test
FAIL: libgomp.fortran/target8.f90 -O3 -fomit-frame-pointer execution
test
FAIL: libgomp.fortran/target8.f90 -O3 -fomit-frame-pointer
-funroll-loops execution test
FAIL: libgomp.fortran/target8.f90 -O3 -fomit-frame-pointer
-funroll-all-loops -finline-functions execution test
FAIL: libgomp.fortran/target8.f90 -O3 -g execution test
FAIL: libgomp.fortran/target8.f90 -Os execution test
=== libgomp Summary ===
# of expected passes 3221
# of unexpected failures 16
# of unsupported tests 38
=== libitm tests ===
Running target unix
=== libitm Summary ===
# of expected passes 26
# of expected failures 3
# of unsupported tests 1
=== libstdc++ tests ===
Running target unix
FAIL: 28_regex/algorithms/regex_match/ecma/char/58576.cc (test for
excess errors)
UNRESOLVED: 28_regex/algorithms/regex_match/ecma/char/58576.cc
compilation failed to produce executable
FAIL: 28_regex/range_access.cc (test for excess errors)
XPASS: ext/enc_filebuf/char/13598.cc execution test
FAIL: tr1/4_metaprogramming/is_const/value.cc execution test
FAIL:
tr1/4_metaprogramming/is_convertible/requirements/explicit_instantiation.cc
(test for excess errors)
FAIL: tr1/4_metaprogramming/is_convertible/requirements/typedefs.cc
(test for excess errors)
FAIL: tr1/4_metaprogramming/is_convertible/value.cc (test for excess
errors)
FAIL: tr1/4_metaprogramming/is_convertible/value.cc execution test
FAIL:
tr1/4_metaprogramming/is_empty/requirements/explicit_instantiation.cc
(test for excess errors)
FAIL: tr1/4_metaprogramming/rank/requirements/explicit_instantiation.cc
(test for excess errors)
=== libstdc++ Summary ===
# of expected passes 8977
# of unexpected failures 9
# of unexpected successes 1
# of expected failures 41
# of unresolved testcases 1
# of unsupported tests 604
Compiler version: 4.9.2 20140910 (prerelease) (genunix Wed Sep 17
20:54:47 GMT 2014)
Platform: sparc64-sun-solaris2.10
configure flags: --prefix=/usr/local/gcc4
--build=sparc64-sun-solaris2.10 --without-gnu-as --without-gnu-ld
--with-ld=/usr/ccs/bin/ld --disable-nls --enable-threads=posix
--enable-shared --libdir=/usr/local/gcc4/lib
--libexecdir=/usr/local/gcc4/lib --with-pkgversion='genunix Wed Sep 17
20:54:47 GMT 2014' --enable-languages=c,c++,fortran,go,objc
--enable-bootstrap
EOF
dev
More information about the Gcc-testresults
mailing list