FW: Results for 5.0.0 20140916 (experimental) (GCC) testsuite on x86_64-unknown-linux-gnu
Pinski, Andrew
Andrew.Pinski@caviumnetworks.com
Tue Sep 16 21:54:00 GMT 2014
________________________________________
From: jenkins@blackduck.caveonetworks.com
Sent: Tuesday, September 16, 2014 2:36:08 PM (UTC-08:00) Pacific Time (US & Canada)
To: apinski@cavium.com
Subject: Results for 5.0.0 20140916 (experimental) (GCC) testsuite on x86_64-unknown-linux-gnu
Native configuration is x86_64-unknown-linux-gnu
=== gcc tests ===
Running target unix//-m32
ERROR: gcc.dg/pg-override.c: syntax error in target selector "target i686-*-* x86_64-*-*" for " dg-options 3 "-fprofile" { target { { i686-*-* x86_64-*-* } } } "
UNRESOLVED: gcc.dg/pg-override.c: syntax error in target selector "target i686-*-* x86_64-*-*" for " dg-options 3 "-fprofile" { target { { i686-*-* x86_64-*-* } } } "
ERROR: gcc.dg/pg.c: syntax error in target selector "target i686-*-* x86_64-*-*" for " dg-options 3 "-fprofile" { target { { i686-*-* x86_64-*-* } } } "
UNRESOLVED: gcc.dg/pg.c: syntax error in target selector "target i686-*-* x86_64-*-*" for " dg-options 3 "-fprofile" { target { { i686-*-* x86_64-*-* } } } "
FAIL: gcc.dg/lto/ipareference2 c_lto_ipareference2_0.o-c_lto_ipareference2_1.o execute -O1 -flto -flto-partition=1to1 -fwhole-program
FAIL: gcc.dg/torture/tls/run-ld.c -O1 -pie -fpie execution test
FAIL: gcc.dg/torture/tls/run-ld.c -O2 -pie -fpie execution test
FAIL: gcc.dg/torture/tls/run-ld.c -O3 -fomit-frame-pointer -pie -fpie execution test
FAIL: gcc.dg/torture/tls/run-ld.c -O3 -g -pie -fpie execution test
FAIL: gcc.dg/torture/tls/run-ld.c -Os -pie -fpie execution test
FAIL: gcc.dg/torture/tls/run-ld.c -O1 -pie -fPIE execution test
FAIL: gcc.dg/torture/tls/run-ld.c -O2 -pie -fPIE execution test
FAIL: gcc.dg/torture/tls/run-ld.c -O3 -fomit-frame-pointer -pie -fPIE execution test
FAIL: gcc.dg/torture/tls/run-ld.c -O3 -g -pie -fPIE execution test
FAIL: gcc.dg/torture/tls/run-ld.c -Os -pie -fPIE execution test
FAIL: gcc.target/i386/pr49095.c scan-assembler-not test[lq]
=== gcc Summary for unix//-m32 ===
# of expected passes 103493
# of unexpected failures 12
# of expected failures 245
# of unresolved testcases 2
# of unsupported tests 1895
Running target unix//-m64
ERROR: gcc.dg/pg-override.c: syntax error in target selector "target i686-*-* x86_64-*-*" for " dg-options 3 "-fprofile" { target { { i686-*-* x86_64-*-* } } } "
UNRESOLVED: gcc.dg/pg-override.c: syntax error in target selector "target i686-*-* x86_64-*-*" for " dg-options 3 "-fprofile" { target { { i686-*-* x86_64-*-* } } } "
ERROR: gcc.dg/pg.c: syntax error in target selector "target i686-*-* x86_64-*-*" for " dg-options 3 "-fprofile" { target { { i686-*-* x86_64-*-* } } } "
UNRESOLVED: gcc.dg/pg.c: syntax error in target selector "target i686-*-* x86_64-*-*" for " dg-options 3 "-fprofile" { target { { i686-*-* x86_64-*-* } } } "
FAIL: gcc.dg/lto/ipareference2 c_lto_ipareference2_0.o-c_lto_ipareference2_1.o execute -O1 -flto -flto-partition=1to1 -fwhole-program
FAIL: gcc.target/i386/pr56114.c (test for excess errors)
=== gcc Summary for unix//-m64 ===
# of expected passes 104250
# of unexpected failures 2
# of expected failures 247
# of unresolved testcases 2
# of unsupported tests 2118
=== gcc Summary ===
# of expected passes 207743
# of unexpected failures 14
# of expected failures 492
# of unresolved testcases 4
# of unsupported tests 4013
/var/lib/jenkins/workspace/GCCupstream/objdir/gcc/xgcc version 5.0.0 20140916 (experimental) (GCC)
=== gfortran tests ===
Running target unix//-m32
=== gfortran Summary for unix//-m32 ===
# of expected passes 46289
# of expected failures 38
# of unsupported tests 221
Running target unix//-m64
=== gfortran Summary for unix//-m64 ===
# of expected passes 46578
# of expected failures 38
# of unsupported tests 81
=== gfortran Summary ===
# of expected passes 92867
# of expected failures 76
# of unsupported tests 302
/var/lib/jenkins/workspace/GCCupstream/objdir/gcc/testsuite/gfortran/../../gfortran version 5.0.0 20140916 (experimental) (GCC)
=== g++ tests ===
Running target unix//-m32
FAIL: g++.dg/cpp0x/static_assert9.C -std=c++11 (test for excess errors)
FAIL: g++.dg/cpp0x/static_assert9.C -std=c++1y (test for excess errors)
FAIL: g++.dg/other/anon5.C -std=gnu++98 (test for excess errors)
FAIL: g++.dg/other/anon5.C -std=gnu++11 (test for excess errors)
FAIL: g++.dg/other/anon5.C -std=gnu++1y (test for excess errors)
FAIL: g++.dg/other/pr59492.C -std=gnu++98 (test for excess errors)
FAIL: g++.dg/other/pr59492.C -std=gnu++11 (test for excess errors)
FAIL: g++.dg/other/pr59492.C -std=gnu++1y (test for excess errors)
FAIL: g++.dg/lto/20101014-2 cp_lto_20101014-2_0.o assemble, -O0 -flto -flto-partition=none
FAIL: g++.dg/lto/20101014-2 cp_lto_20101014-2_0.o assemble, -O2 -flto -flto-partition=none
FAIL: g++.dg/lto/20101014-2 cp_lto_20101014-2_0.o assemble, -O0 -flto -flto-partition=1to1
FAIL: g++.dg/lto/20101014-2 cp_lto_20101014-2_0.o assemble, -O2 -flto -flto-partition=1to1
FAIL: g++.dg/lto/20101014-2 cp_lto_20101014-2_0.o assemble, -O0 -flto
FAIL: g++.dg/lto/20101014-2 cp_lto_20101014-2_0.o assemble, -O2 -flto
=== g++ Summary for unix//-m32 ===
# of expected passes 87233
# of unexpected failures 14
# of expected failures 266
# of unsupported tests 2909
Running target unix//-m64
FAIL: g++.dg/cpp0x/static_assert9.C -std=c++11 (test for excess errors)
FAIL: g++.dg/cpp0x/static_assert9.C -std=c++1y (test for excess errors)
FAIL: g++.dg/other/anon5.C -std=gnu++98 (test for excess errors)
FAIL: g++.dg/other/anon5.C -std=gnu++11 (test for excess errors)
FAIL: g++.dg/other/anon5.C -std=gnu++1y (test for excess errors)
FAIL: g++.dg/lto/20101014-2 cp_lto_20101014-2_0.o assemble, -O0 -flto -flto-partition=none
FAIL: g++.dg/lto/20101014-2 cp_lto_20101014-2_0.o assemble, -O2 -flto -flto-partition=none
FAIL: g++.dg/lto/20101014-2 cp_lto_20101014-2_0.o assemble, -O0 -flto -flto-partition=1to1
FAIL: g++.dg/lto/20101014-2 cp_lto_20101014-2_0.o assemble, -O2 -flto -flto-partition=1to1
FAIL: g++.dg/lto/20101014-2 cp_lto_20101014-2_0.o assemble, -O0 -flto
FAIL: g++.dg/lto/20101014-2 cp_lto_20101014-2_0.o assemble, -O2 -flto
=== g++ Summary for unix//-m64 ===
# of expected passes 88779
# of unexpected failures 11
# of expected failures 266
# of unsupported tests 3156
=== g++ Summary ===
# of expected passes 176012
# of unexpected failures 25
# of expected failures 532
# of unsupported tests 6065
/var/lib/jenkins/workspace/GCCupstream/objdir/gcc/testsuite/g++/../../xg++ version 5.0.0 20140916 (experimental) (GCC)
=== objc tests ===
Running target unix//-m32
=== objc Summary for unix//-m32 ===
# of expected passes 3004
# of expected failures 6
# of unsupported tests 74
Running target unix//-m64
=== objc Summary for unix//-m64 ===
# of expected passes 3004
# of expected failures 6
# of unsupported tests 74
=== objc Summary ===
# of expected passes 6008
# of expected failures 12
# of unsupported tests 148
/var/lib/jenkins/workspace/GCCupstream/objdir/gcc/xgcc version 5.0.0 20140916 (experimental) (GCC)
=== boehm-gc tests ===
Running target unix//-m32
=== boehm-gc Summary for unix//-m32 ===
# of expected passes 12
# of unsupported tests 1
Running target unix//-m64
=== boehm-gc Summary for unix//-m64 ===
# of expected passes 12
# of unsupported tests 1
=== boehm-gc Summary ===
# of expected passes 24
# of unsupported tests 2
=== libatomic tests ===
Running target unix//-m32
=== libatomic Summary for unix//-m32 ===
# of expected passes 44
# of unsupported tests 5
Running target unix//-m64
=== libatomic Summary for unix//-m64 ===
# of expected passes 54
=== libatomic Summary ===
# of expected passes 98
# of unsupported tests 5
=== libffi tests ===
Running target unix//-m32
=== libffi Summary for unix//-m32 ===
# of expected passes 1819
# of unsupported tests 55
Running target unix//-m64
=== libffi Summary for unix//-m64 ===
# of expected passes 1819
# of unsupported tests 55
=== libffi Summary ===
# of expected passes 3638
# of unsupported tests 110
=== libgomp tests ===
Running target unix//-m32
=== libgomp Summary for unix//-m32 ===
# of expected passes 3196
# of unsupported tests 35
Running target unix//-m64
=== libgomp Summary for unix//-m64 ===
# of expected passes 3196
# of unsupported tests 35
=== libgomp Summary ===
# of expected passes 6392
# of unsupported tests 70
=== libitm tests ===
Running target unix//-m32
=== libitm Summary for unix//-m32 ===
# of expected passes 26
# of expected failures 3
# of unsupported tests 1
Running target unix//-m64
=== libitm Summary for unix//-m64 ===
# of expected passes 26
# of expected failures 3
# of unsupported tests 1
=== libitm Summary ===
# of expected passes 52
# of expected failures 6
# of unsupported tests 2
=== libjava tests ===
Running target unix//-m32
=== libjava Summary for unix//-m32 ===
# of expected passes 2582
# of expected failures 4
Running target unix//-m64
=== libjava Summary for unix//-m64 ===
# of expected passes 2582
# of expected failures 4
=== libjava Summary ===
# of expected passes 5164
# of expected failures 8
=== libstdc++ tests ===
Running target unix//-m32
=== libstdc++ Summary for unix//-m32 ===
# of expected passes 9429
# of expected failures 69
# of unsupported tests 537
Running target unix//-m64
=== libstdc++ Summary for unix//-m64 ===
# of expected passes 9421
# of expected failures 69
# of unsupported tests 541
=== libstdc++ Summary ===
# of expected passes 18850
# of expected failures 138
# of unsupported tests 1078
Compiler version: 5.0.0 20140916 (experimental) (GCC)
Platform: x86_64-unknown-linux-gnu
configure flags: --prefix=/var/lib/jenkins/workspace/GCCupstream/objdir/install
More information about the Gcc-testresults
mailing list