Results for 5.0.0 20141029 (experimental) [trunk revision 216816] (GCC) testsuite on hppa-unknown-linux-gnu
Dave Anglin
dave.anglin@bell.net
Fri Oct 31 00:38:00 GMT 2014
LAST_UPDATED: Wed Oct 29 02:14:21 UTC 2014 (revision 216816)
=== acats tests ===
FAIL: cxf3002
=== acats Summary ===
# of expected passes 2319
# of unexpected failures 1
Native configuration is hppa-unknown-linux-gnu
=== gcc tests ===
Running target unix
FAIL: gcc.c-torture/execute/950809-1.c -O1 (test for excess errors)
UNRESOLVED: gcc.c-torture/execute/950809-1.c -O1 compilation failed to produce executable
FAIL: gcc.dg/atomic/c11-atomic-exec-5.c -O0 execution test
FAIL: gcc.dg/atomic/c11-atomic-exec-5.c -O1 execution test
FAIL: gcc.dg/atomic/c11-atomic-exec-5.c -O2 execution test
FAIL: gcc.dg/atomic/c11-atomic-exec-5.c -O3 -fomit-frame-pointer execution test
FAIL: gcc.dg/atomic/c11-atomic-exec-5.c -O3 -fomit-frame-pointer -funroll-loops execution test
FAIL: gcc.dg/atomic/c11-atomic-exec-5.c -O3 -fomit-frame-pointer -funroll-all-loops -finline-functions execution test
FAIL: gcc.dg/atomic/c11-atomic-exec-5.c -O3 -g execution test
FAIL: gcc.dg/atomic/c11-atomic-exec-5.c -Os execution test
FAIL: gcc.dg/atomic/c11-atomic-exec-5.c -O2 -flto -fno-use-linker-plugin -flto-partition=none execution test
FAIL: gcc.dg/atomic/c11-atomic-exec-5.c -O2 -flto -fuse-linker-plugin -fno-fat-lto-objects execution test
UNRESOLVED: gcc.dg/tree-prof/peel-1.c scan-rtl-dump loop2_unroll "Considering simply peeling loop"
FAIL: gcc.dg/tree-ssa/ivopts-lt-2.c scan-tree-dump-times ivopts "PHI <p_" 1
FAIL: gcc.dg/tree-ssa/ivopts-lt-2.c scan-tree-dump-times ivopts "p_[0-9]* <" 1
XPASS: gcc.dg/tree-ssa/loop-1.c scan-assembler-times foo 5
FAIL: gcc.misc-tests/godump-1.c scan-file (?n)^// type _ld_t INVALID-float-[0-9]*\$
FAIL: gcc.misc-tests/godump-1.c scan-file (?n)^// var _ld_v1 INVALID-float-[0-9]*\$
FAIL: gcc.misc-tests/godump-1.c scan-file (?n)^// var _ld_v2 INVALID-float-[0-9]*\$
=== gcc Summary ===
# of expected passes 84606
# of unexpected failures 16
# of unexpected successes 1
# of expected failures 108
# of unresolved testcases 2
# of unsupported tests 1490
/home/dave/gnu/gcc/objdir/gcc/xgcc version 5.0.0 20141029 (experimental) [trunk revision 216816] (GCC)
=== gfortran tests ===
Running target unix
FAIL: gfortran.dg/coarray_collectives_14.f90 -O (test for errors, line 55)
FAIL: gfortran.dg/coarray_collectives_14.f90 -O (test for errors, line 57)
FAIL: gfortran.dg/coarray_collectives_14.f90 -O (test for errors, line 59)
FAIL: gfortran.dg/coarray_collectives_14.f90 -O (test for errors, line 61)
FAIL: gfortran.dg/coarray_collectives_14.f90 -O (test for errors, line 63)
FAIL: gfortran.dg/coarray_collectives_14.f90 -O (test for errors, line 65)
FAIL: gfortran.dg/coarray_collectives_14.f90 -O (test for errors, line 67)
FAIL: gfortran.dg/coarray_collectives_14.f90 -O (test for errors, line 69)
FAIL: gfortran.dg/coarray_collectives_14.f90 -O (test for errors, line 71)
FAIL: gfortran.dg/coarray_collectives_14.f90 -O (test for errors, line 73)
FAIL: gfortran.dg/coarray_collectives_14.f90 -O (test for errors, line 75)
FAIL: gfortran.dg/coarray_collectives_14.f90 -O (test for errors, line 77)
FAIL: gfortran.dg/coarray_collectives_14.f90 -O (test for errors, line 79)
FAIL: gfortran.dg/coarray_collectives_14.f90 -O (test for errors, line 81)
FAIL: gfortran.dg/coarray_collectives_14.f90 -O (test for errors, line 83)
FAIL: gfortran.dg/coarray_collectives_14.f90 -O (test for errors, line 87)
FAIL: gfortran.dg/coarray_collectives_14.f90 -O (test for errors, line 89)
FAIL: gfortran.dg/coarray_collectives_14.f90 -O (test for excess errors)
FAIL: gfortran.dg/graphite/pr42393.f90 -O (internal compiler error)
FAIL: gfortran.dg/graphite/pr42393.f90 -O (test for excess errors)
=== gfortran Summary ===
# of expected passes 45544
# of unexpected failures 20
# of expected failures 53
# of unsupported tests 413
/home/dave/gnu/gcc/objdir/gcc/testsuite/gfortran/../../gfortran version 5.0.0 20141029 (experimental) [trunk revision 216816] (GCC)
=== g++ tests ===
Running target unix
FAIL: g++.dg/ipa/devirt-40.C -std=gnu++98 scan-tree-dump fre2 "converting indirect call to function virtual UnicodeString"
FAIL: g++.dg/ipa/devirt-40.C -std=gnu++11 scan-tree-dump fre2 "converting indirect call to function virtual UnicodeString"
FAIL: g++.dg/ipa/devirt-40.C -std=gnu++1y scan-tree-dump fre2 "converting indirect call to function virtual UnicodeString"
FAIL: g++.dg/ipa/devirt-42.C -std=gnu++98 scan-tree-dump-times optimized "return 2" 2
FAIL: g++.dg/ipa/devirt-42.C -std=gnu++11 scan-tree-dump-times optimized "return 2" 2
FAIL: g++.dg/ipa/devirt-42.C -std=gnu++1y scan-tree-dump-times optimized "return 2" 2
XPASS: g++.dg/tls/thread_local-order2.C -std=c++11 execution test
XPASS: g++.dg/tls/thread_local-order2.C -std=c++1y execution test
=== g++ Summary ===
# of expected passes 79309
# of unexpected failures 6
# of unexpected successes 2
# of expected failures 243
# of unsupported tests 3322
/home/dave/gnu/gcc/objdir/gcc/testsuite/g++/../../xg++ version 5.0.0 20141029 (experimental) [trunk revision 216816] (GCC)
=== gnat tests ===
Running target unix
=== gnat Summary ===
# of expected passes 1247
# of expected failures 20
# of unsupported tests 14
/home/dave/gnu/gcc/objdir/gcc/gnatmake version 5.0.0 20141029 (experimental) [trunk revision 216816]
=== obj-c++ tests ===
Running target unix
=== obj-c++ Summary ===
# of expected passes 1447
# of expected failures 2
# of unsupported tests 86
/home/dave/gnu/gcc/objdir/gcc/testsuite/obj-c++/../../xg++ version 5.0.0 20141029 (experimental) [trunk revision 216816] (GCC)
=== objc tests ===
Running target unix
=== objc Summary ===
# of expected passes 3010
# of unsupported tests 74
/home/dave/gnu/gcc/objdir/gcc/xgcc version 5.0.0 20141029 (experimental) [trunk revision 216816] (GCC)
=== boehm-gc tests ===
Running target unix
=== boehm-gc Summary ===
# of expected passes 12
# of unsupported tests 1
=== libatomic tests ===
Running target unix
=== libatomic Summary ===
# of expected passes 44
# of unsupported tests 5
=== libffi tests ===
Running target unix
=== libffi Summary ===
# of expected passes 1819
# of unsupported tests 55
=== libgomp tests ===
Running target unix
FAIL: libgomp.c/for-1.c execution test
FAIL: libgomp.c++/simd10.C execution test
FAIL: libgomp.fortran/character2.f90 -O3 -g execution test
FAIL: libgomp.fortran/pr27395-1.f90 -O3 -fomit-frame-pointer -funroll-all-loops -finline-functions execution test
FAIL: libgomp.fortran/target4.f90 -O3 -g execution test
=== libgomp Summary ===
# of expected passes 3242
# of unexpected failures 5
# of unsupported tests 36
=== libjava tests ===
Running target unix
=== libjava Summary ===
# of expected passes 2582
# of expected failures 4
=== libstdc++ tests ===
Running target unix
FAIL: 22_locale/numpunct/members/char/3.cc execution test
FAIL: 22_locale/time_get/get_date/wchar_t/4.cc execution test
=== libstdc++ Summary ===
# of expected passes 9963
# of unexpected failures 2
# of expected failures 68
# of unsupported tests 268
Compiler version: 5.0.0 20141029 (experimental) [trunk revision 216816] (GCC)
Platform: hppa-unknown-linux-gnu
configure flags: --with-gnu-as --with-gnu-ld --enable-shared --enable-multiarch --enable-linker-build-id --build=hppa-linux-gnu --host=hppa-linux-gnu --target=hppa-linux-gnu --prefix=/home/dave/opt/gnu/gcc/gcc-5.0 --with-local-prefix=/home/dave/opt/gnu --enable-threads=posix --enable-__cxa_atexit --build=hppa-linux-gnu --enable-clocale=gnu --enable-java-gc=boehm --enable-checking=release --enable-languages=c,c++,objc,fortran,obj-c++,java,ada,lto
More information about the Gcc-testresults
mailing list