Results for 5.0.0 20141028 (experimental) (GCC) libgo (build config: standard; languages: all,go; trunk revision 216808) testsuite on x86_64-unknown-linux-gnu
Toon Moene
toon@moene.org
Tue Oct 28 19:33:00 GMT 2014
LAST_UPDATED: Tue Oct 28 18:55:52 UTC 2014 (revision 216808)
Native configuration is x86_64-unknown-linux-gnu
=== libgo tests ===
Running target unix
FAIL: math
=== libgo Summary ===
# of expected passes 122
# of unexpected failures 1
/scratch/toon/bd7264/./gcc/gccgo version 5.0.0 20141028 (experimental) (GCC)
Compiler version: 5.0.0 20141028 (experimental) (GCC) libgo
Platform: x86_64-unknown-linux-gnu
configure flags: --prefix=/home/toon/compilers/install --with-gnu-as --with-gnu-ld --enable-languages=all,go --disable-multilib --disable-nls --with-arch=core-avx2 --with-tune=core-avx2
More information about the Gcc-testresults
mailing list