Results for 5.0.0 20141024 (experimental) [trunk revision 216667] (GCC) testsuite on i386-pc-solaris2.10
Rainer Orth
ro@CeBiTec.Uni-Bielefeld.DE
Fri Oct 24 22:15:00 GMT 2014
LAST_UPDATED: Fri Oct 24 13:15:46 UTC 2014 (revision 216667)
=== acats tests ===
FAIL: cxf3002
=== acats Summary ===
# of expected passes 2319
# of unexpected failures 1
Native configuration is i386-pc-solaris2.10
=== g++ tests ===
Running target unix
FAIL: g++.dg/cilk-plus/CK/catch_exc.cc -O1 -fcilkplus execution test
FAIL: g++.dg/cilk-plus/CK/catch_exc.cc -O3 -fcilkplus execution test
FAIL: g++.dg/cilk-plus/CK/catch_exc.cc -g -O2 -fcilkplus execution test
FAIL: g++.dg/cilk-plus/CK/catch_exc.cc -g -fcilkplus execution test
FAIL: g++.dg/init/enum1.C -std=gnu++11 (test for errors, line 12)
FAIL: g++.dg/init/enum1.C -std=gnu++1y (test for errors, line 12)
FAIL: g++.dg/init/enum1.C -std=gnu++98 (test for errors, line 12)
FAIL: g++.dg/ipa/devirt-42.C -std=gnu++11 scan-tree-dump-times optimized "return 2" 2
FAIL: g++.dg/ipa/devirt-42.C -std=gnu++1y scan-tree-dump-times optimized "return 2" 2
FAIL: g++.dg/ipa/devirt-42.C -std=gnu++98 scan-tree-dump-times optimized "return 2" 2
=== g++ Summary for unix ===
# of expected passes 82285
# of unexpected failures 10
# of expected failures 260
# of unsupported tests 2999
Running target unix/-m64
FAIL: g++.dg/ipa/devirt-42.C -std=gnu++11 scan-tree-dump-times optimized "return 2" 2
FAIL: g++.dg/ipa/devirt-42.C -std=gnu++1y scan-tree-dump-times optimized "return 2" 2
FAIL: g++.dg/ipa/devirt-42.C -std=gnu++98 scan-tree-dump-times optimized "return 2" 2
=== g++ Summary for unix/-m64 ===
# of expected passes 83591
# of unexpected failures 3
# of expected failures 260
# of unsupported tests 3281
=== g++ Summary ===
# of expected passes 165876
# of unexpected failures 13
# of expected failures 520
# of unsupported tests 6280
/var/gcc/regression/trunk/10-gcc-gas/build/gcc/testsuite/g++/../../xg++ version 5.0.0 20141024 (experimental) [trunk revision 216667] (GCC)
=== gcc tests ===
Running target unix
FAIL: gcc.dg/graphite/vect-pr43423.c scan-tree-dump-times vect "vectorized 2 loops" 1
UNRESOLVED: gcc.dg/tree-prof/peel-1.c scan-rtl-dump loop2_unroll "Considering simply peeling loop"
FAIL: gcc.target/i386/addr-sel-1.c scan-assembler a\\\\+1
FAIL: gcc.target/i386/addr-sel-1.c scan-assembler b\\\\+1
XPASS: gcc.target/i386/pr23098.c scan-assembler-not .LC[0-9]
FAIL: gcc.target/i386/pr49095.c scan-assembler-not test[lq]
=== gcc Summary for unix ===
# of expected passes 101468
# of unexpected failures 4
# of unexpected successes 1
# of expected failures 249
# of unresolved testcases 1
# of unsupported tests 1352
Running target unix/-m64
FAIL: gcc.dg/graphite/vect-pr43423.c scan-tree-dump-times vect "vectorized 2 loops" 1
UNRESOLVED: gcc.dg/tree-prof/peel-1.c scan-rtl-dump loop2_unroll "Considering simply peeling loop"
=== gcc Summary for unix/-m64 ===
# of expected passes 102110
# of unexpected failures 1
# of expected failures 251
# of unresolved testcases 1
# of unsupported tests 1603
=== gcc Summary ===
# of expected passes 203578
# of unexpected failures 5
# of unexpected successes 1
# of expected failures 500
# of unresolved testcases 2
# of unsupported tests 2955
/var/gcc/regression/trunk/10-gcc-gas/build/gcc/xgcc version 5.0.0 20141024 (experimental) [trunk revision 216667] (GCC)
=== gfortran tests ===
Running target unix
FAIL: gfortran.dg/graphite/pr42393.f90 -O (test for excess errors)
WARNING: program timed out.
=== gfortran Summary for unix ===
# of expected passes 46507
# of unexpected failures 1
# of expected failures 52
# of unsupported tests 226
Running target unix/-m64
FAIL: gfortran.dg/graphite/pr42393.f90 -O (internal compiler error)
FAIL: gfortran.dg/graphite/pr42393.f90 -O (test for excess errors)
=== gfortran Summary for unix/-m64 ===
# of expected passes 46810
# of unexpected failures 2
# of expected failures 52
# of unsupported tests 80
=== gfortran Summary ===
# of expected passes 93317
# of unexpected failures 3
# of expected failures 104
# of unsupported tests 306
/var/gcc/regression/trunk/10-gcc-gas/build/gcc/testsuite/gfortran/../../gfortran version 5.0.0 20141024 (experimental) [trunk revision 216667] (GCC)
=== gnat tests ===
Running target unix
=== gnat Summary for unix ===
# of expected passes 1258
# of expected failures 18
# of unsupported tests 7
Running target unix/-m64
=== gnat Summary for unix/-m64 ===
# of expected passes 1258
# of expected failures 18
# of unsupported tests 7
=== gnat Summary ===
# of expected passes 2516
# of expected failures 36
# of unsupported tests 14
/var/gcc/regression/trunk/10-gcc-gas/build/gcc/gnatmake version 5.0.0 20141024 (experimental) [trunk revision 216667]
=== go tests ===
Running target unix
FAIL: go.test/test/recover.go execution, -O2 -g
=== go Summary for unix ===
# of expected passes 7366
# of unexpected failures 1
# of expected failures 1
# of untested testcases 9
# of unsupported tests 2
Running target unix/-m64
FAIL: go.test/test/fixedbugs/issue4348.go -O (test for excess errors)
FAIL: go.test/test/fixedbugs/issue6036.go -O (internal compiler error)
FAIL: go.test/test/fixedbugs/issue6036.go -O (test for excess errors)
FAIL: go.test/test/recover.go execution, -O2 -g
=== go Summary for unix/-m64 ===
# of expected passes 7245
# of unexpected failures 4
# of expected failures 1
# of untested testcases 9
# of unsupported tests 1
=== go Summary ===
# of expected passes 14611
# of unexpected failures 5
# of expected failures 2
# of untested testcases 18
# of unsupported tests 3
=== obj-c++ tests ===
Running target unix
=== obj-c++ Summary for unix ===
# of expected passes 1447
# of expected failures 2
# of unsupported tests 86
Running target unix/-m64
=== obj-c++ Summary for unix/-m64 ===
# of expected passes 1439
# of expected failures 10
# of unsupported tests 86
=== obj-c++ Summary ===
# of expected passes 2886
# of expected failures 12
# of unsupported tests 172
/var/gcc/regression/trunk/10-gcc-gas/build/gcc/testsuite/obj-c++/../../xg++ version 5.0.0 20141024 (experimental) [trunk revision 216667] (GCC)
=== objc tests ===
Running target unix
=== objc Summary for unix ===
# of expected passes 3004
# of expected failures 6
# of unsupported tests 74
Running target unix/-m64
=== objc Summary for unix/-m64 ===
# of expected passes 3004
# of expected failures 6
# of unsupported tests 74
=== objc Summary ===
# of expected passes 6008
# of expected failures 12
# of unsupported tests 148
/var/gcc/regression/trunk/10-gcc-gas/build/gcc/xgcc version 5.0.0 20141024 (experimental) [trunk revision 216667] (GCC)
=== boehm-gc tests ===
Running target unix
=== boehm-gc Summary for unix ===
# of expected passes 12
# of unsupported tests 1
Running target unix/-m64
=== boehm-gc Summary for unix/-m64 ===
# of expected passes 12
# of unsupported tests 1
=== boehm-gc Summary ===
# of expected passes 24
# of unsupported tests 2
=== libatomic tests ===
Running target unix
=== libatomic Summary for unix ===
# of expected passes 44
# of unsupported tests 5
Running target unix/-m64
=== libatomic Summary for unix/-m64 ===
# of expected passes 54
=== libatomic Summary ===
# of expected passes 98
# of unsupported tests 5
=== libffi tests ===
Running target unix
=== libffi Summary for unix ===
# of expected passes 1819
# of unsupported tests 55
Running target unix/-m64
=== libffi Summary for unix/-m64 ===
# of expected passes 1819
# of unsupported tests 55
=== libffi Summary ===
# of expected passes 3638
# of unsupported tests 110
=== libgo tests ===
Running target unix
FAIL: net
FAIL: runtime
FAIL: log/syslog
FAIL: net/http
=== libgo Summary for unix ===
# of expected passes 119
# of unexpected failures 4
Running target unix/-m64
=== libgo Summary for unix/-m64 ===
# of expected passes 123
=== libgo Summary ===
# of expected passes 242
# of unexpected failures 4
/var/gcc/regression/trunk/10-gcc-gas/build/./gcc/gccgo version 5.0.0 20141024 (experimental) [trunk revision 216667] (GCC)
=== libgomp tests ===
Running target unix
=== libgomp Summary for unix ===
# of expected passes 3275
# of unsupported tests 22
Running target unix/-m64
=== libgomp Summary for unix/-m64 ===
# of expected passes 3275
# of unsupported tests 22
=== libgomp Summary ===
# of expected passes 6550
# of unsupported tests 44
=== libitm tests ===
Running target unix
=== libitm Summary for unix ===
# of expected passes 26
# of expected failures 3
# of unsupported tests 1
Running target unix/-m64
=== libitm Summary for unix/-m64 ===
# of expected passes 26
# of expected failures 3
# of unsupported tests 1
=== libitm Summary ===
# of expected passes 52
# of expected failures 6
# of unsupported tests 2
=== libjava tests ===
Running target unix
=== libjava Summary for unix ===
# of expected passes 2582
# of expected failures 4
Running target unix/-m64
=== libjava Summary for unix/-m64 ===
# of expected passes 2582
# of expected failures 4
=== libjava Summary ===
# of expected passes 5164
# of expected failures 8
=== libstdc++ tests ===
Running target unix
FAIL: 27_io/basic_ostream/inserters_arithmetic/char/hexfloat.cc execution test
FAIL: ext/pb_ds/regression/tree_map_rand.cc (test for excess errors)
WARNING: ext/pb_ds/regression/tree_map_rand.cc compilation failed to produce executable
=== libstdc++ Summary for unix ===
# of expected passes 9219
# of unexpected failures 2
# of expected failures 69
# of unsupported tests 627
Running target unix/-m64
FAIL: 27_io/basic_ostream/inserters_arithmetic/char/hexfloat.cc execution test
FAIL: ext/pb_ds/regression/tree_map_rand.cc (test for excess errors)
WARNING: ext/pb_ds/regression/tree_map_rand.cc compilation failed to produce executable
=== libstdc++ Summary for unix/-m64 ===
# of expected passes 9219
# of unexpected failures 2
# of expected failures 69
# of unsupported tests 627
=== libstdc++ Summary ===
# of expected passes 18438
# of unexpected failures 4
# of expected failures 138
# of unsupported tests 1254
Compiler version: 5.0.0 20141024 (experimental) [trunk revision 216667] (GCC)
Platform: i386-pc-solaris2.10
configure flags: --prefix=/vol/gcc --target=i386-pc-solaris2.10 --enable-objc-gc --with-as=/vol/gcc/bin/gas-2.24 --with-gnu-as --with-gmp-include=/vol/gcc/include --with-gmp-lib=/vol/gcc/lib --with-mpfr-include=/vol/gcc/include --with-mpfr-lib=/vol/gcc/lib --with-mpc-include=/vol/gcc/include --with-mpc-lib=/vol/gcc/lib --enable-languages=all,ada,obj-c++,go --with-isl-include=/vol/gcc/include --with-isl-lib=/vol/gcc/lib --with-cloog-include=/vol/gcc/include --with-cloog-lib=/vol/gcc/lib --enable-cloog-backend=isl
BOOT_CFLAGS=-g -O2
More information about the Gcc-testresults
mailing list