Results for 5.0.0 20141021 (experimental) [trunk revision 216523] (GCC) testsuite on x86_64-unknown-linux-gnu
i64corei7avx512@ecsmtp.ims.intel.com
i64corei7avx512@ecsmtp.ims.intel.com
Tue Oct 21 22:47:00 GMT 2014
LAST_UPDATED: Tue Oct 21 18:55:09 UTC 2014 (revision 216523)
Native configuration is x86_64-unknown-linux-gnu
=== gcc tests ===
Running target sde-sim
FAIL: gcc.target/i386/avx512f-vec-init.c (internal compiler error)
FAIL: gcc.target/i386/avx512f-vec-init.c (test for excess errors)
UNRESOLVED: gcc.target/i386/avx512f-vec-init.c scan-assembler-times vbroadcastsd 1
UNRESOLVED: gcc.target/i386/avx512f-vec-init.c scan-assembler-times vbroadcastss 1
UNRESOLVED: gcc.target/i386/avx512f-vec-init.c scan-assembler-times vmovdqa64[ \\\\t]+%zmm 2
UNRESOLVED: gcc.target/i386/avx512f-vec-init.c scan-assembler-times vpbroadcastb 2
UNRESOLVED: gcc.target/i386/avx512f-vec-init.c scan-assembler-times vpbroadcastd 1
UNRESOLVED: gcc.target/i386/avx512f-vec-init.c scan-assembler-times vpbroadcastq 1
UNRESOLVED: gcc.target/i386/avx512f-vec-init.c scan-assembler-times vpbroadcastw 2
=== gcc Summary ===
# of expected passes 1506
# of unexpected failures 2
# of unresolved testcases 7
# of unsupported tests 348
/nightly/gcc.svn/test-intel64corei7avx512/gcc-build-trunk/bld/gcc/xgcc version 5.0.0 20141021 (experimental) [trunk revision 216523] (GCC)
=== gfortran tests ===
Running target sde-sim
=== gfortran Summary ===
/nightly/gcc.svn/test-intel64corei7avx512/gcc-build-trunk/bld/gcc/testsuite/gfortran/../../gfortran version 5.0.0 20141021 (experimental) [trunk revision 216523] (GCC)
=== g++ tests ===
Running target sde-sim
=== g++ Summary ===
/nightly/gcc.svn/test-intel64corei7avx512/gcc-build-trunk/bld/gcc/testsuite/g++/../../xg++ version 5.0.0 20141021 (experimental) [trunk revision 216523] (GCC)
=== objc tests ===
Running target sde-sim
=== objc Summary ===
/nightly/gcc.svn/test-intel64corei7avx512/gcc-build-trunk/bld/gcc/xgcc version 5.0.0 20141021 (experimental) [trunk revision 216523] (GCC)
=== boehm-gc tests ===
Running target sde-sim
=== boehm-gc Summary ===
=== libatomic tests ===
Running target sde-sim
=== libatomic Summary ===
=== libffi tests ===
Running target sde-sim
=== libffi Summary ===
=== libgomp tests ===
Running target sde-sim
=== libgomp Summary ===
=== libitm tests ===
Running target sde-sim
=== libitm Summary ===
=== libjava tests ===
Running target sde-sim
=== libjava Summary ===
=== libstdc++ tests ===
Running target sde-sim
=== libstdc++ Summary ===
Compiler version: 5.0.0 20141021 (experimental) [trunk revision 216523] (GCC)
Platform: x86_64-unknown-linux-gnu
configure flags: --prefix=/usr/local --enable-clocale=gnu --with-system-zlib --enable-shared --with-demangler-in-ld --enable-cloog-backend=isl --with-ppl-include=/opt/gnu/include --with-ppl-lib=/opt/gnu/lib64 --with-cloog-include=/opt/gnu/include --with-cloog-lib=/opt/gnu/lib64 --with-fpmath=sse --enable-languages=c,c++,fortran,java,lto,objc
More information about the Gcc-testresults
mailing list