Results for 5.0.0 20141016 (experimental) [trunk revision 216341] (GCC) testsuite on x86_64-unknown-linux-gnu
H.J. Lu Intel64 Core i7
intel64corei7@gnu-34.sc.intel.com
Thu Oct 16 20:05:00 GMT 2014
Native configuration is x86_64-unknown-linux-gnu
=== gcc tests ===
Running target unix
XPASS: gcc.dg/guality/example.c -O0 execution test
XPASS: gcc.dg/guality/example.c -O1 execution test
XPASS: gcc.dg/guality/example.c -O2 execution test
XPASS: gcc.dg/guality/example.c -O2 -flto -fno-use-linker-plugin -flto-partition=none execution test
XPASS: gcc.dg/guality/guality.c -O0 execution test
XPASS: gcc.dg/guality/guality.c -O1 execution test
XPASS: gcc.dg/guality/guality.c -O2 execution test
XPASS: gcc.dg/guality/guality.c -O2 -flto -fno-use-linker-plugin -flto-partition=none execution test
XPASS: gcc.dg/guality/guality.c -O2 -flto -fuse-linker-plugin -fno-fat-lto-objects execution test
XPASS: gcc.dg/guality/guality.c -O3 -fomit-frame-pointer execution test
XPASS: gcc.dg/guality/guality.c -O3 -g execution test
XPASS: gcc.dg/guality/guality.c -Os execution test
XPASS: gcc.dg/guality/inline-params.c -O2 execution test
XPASS: gcc.dg/guality/inline-params.c -O2 -flto -fno-use-linker-plugin -flto-partition=none execution test
XPASS: gcc.dg/guality/inline-params.c -O3 -fomit-frame-pointer execution test
XPASS: gcc.dg/guality/inline-params.c -O3 -g execution test
XPASS: gcc.dg/guality/inline-params.c -Os execution test
XPASS: gcc.dg/guality/pr41353-1.c -O0 line 28 j == 28 + 37
XPASS: gcc.dg/guality/pr41447-1.c -O0 execution test
XPASS: gcc.dg/guality/pr41447-1.c -O1 execution test
XPASS: gcc.dg/guality/pr41447-1.c -O2 execution test
XPASS: gcc.dg/guality/pr41447-1.c -O2 -flto -fno-use-linker-plugin -flto-partition=none execution test
XPASS: gcc.dg/guality/pr41447-1.c -O2 -flto -fuse-linker-plugin -fno-fat-lto-objects execution test
XPASS: gcc.dg/guality/pr41447-1.c -O3 -fomit-frame-pointer execution test
XPASS: gcc.dg/guality/pr41447-1.c -O3 -g execution test
XPASS: gcc.dg/guality/pr41447-1.c -Os execution test
XPASS: gcc.dg/guality/pr41616-1.c -O0 execution test
XPASS: gcc.dg/guality/pr41616-1.c -O1 execution test
XPASS: gcc.dg/guality/pr41616-1.c -O2 execution test
XPASS: gcc.dg/guality/pr41616-1.c -O2 -flto -fno-use-linker-plugin -flto-partition=none execution test
XPASS: gcc.dg/guality/pr41616-1.c -O3 -fomit-frame-pointer execution test
XPASS: gcc.dg/guality/pr41616-1.c -O3 -g execution test
XPASS: gcc.dg/guality/pr41616-1.c -Os execution test
FAIL: gcc.dg/guality/pr43051-1.c -O2 line 35 v == 1
FAIL: gcc.dg/guality/pr43051-1.c -O2 line 36 e == &a[1]
FAIL: gcc.dg/guality/pr43051-1.c -O2 line 39 c == &a[0]
FAIL: gcc.dg/guality/pr43051-1.c -O2 line 40 v == 1
FAIL: gcc.dg/guality/pr43051-1.c -O2 line 41 e == &a[1]
FAIL: gcc.dg/guality/pr43051-1.c -O2 -flto -fno-use-linker-plugin -flto-partition=none line 35 v == 1
FAIL: gcc.dg/guality/pr43051-1.c -O2 -flto -fno-use-linker-plugin -flto-partition=none line 36 e == &a[1]
FAIL: gcc.dg/guality/pr43051-1.c -O2 -flto -fno-use-linker-plugin -flto-partition=none line 39 c == &a[0]
FAIL: gcc.dg/guality/pr43051-1.c -O2 -flto -fno-use-linker-plugin -flto-partition=none line 40 v == 1
FAIL: gcc.dg/guality/pr43051-1.c -O2 -flto -fno-use-linker-plugin -flto-partition=none line 41 e == &a[1]
FAIL: gcc.dg/guality/pr43051-1.c -O2 -flto -fuse-linker-plugin -fno-fat-lto-objects line 35 v == 1
FAIL: gcc.dg/guality/pr43051-1.c -O2 -flto -fuse-linker-plugin -fno-fat-lto-objects line 36 e == &a[1]
FAIL: gcc.dg/guality/pr43051-1.c -O2 -flto -fuse-linker-plugin -fno-fat-lto-objects line 39 c == &a[0]
FAIL: gcc.dg/guality/pr43051-1.c -O2 -flto -fuse-linker-plugin -fno-fat-lto-objects line 40 v == 1
FAIL: gcc.dg/guality/pr43051-1.c -O2 -flto -fuse-linker-plugin -fno-fat-lto-objects line 41 e == &a[1]
FAIL: gcc.dg/guality/pr43051-1.c -O3 -fomit-frame-pointer line 35 v == 1
FAIL: gcc.dg/guality/pr43051-1.c -O3 -fomit-frame-pointer line 36 e == &a[1]
FAIL: gcc.dg/guality/pr43051-1.c -O3 -fomit-frame-pointer line 39 c == &a[0]
FAIL: gcc.dg/guality/pr43051-1.c -O3 -fomit-frame-pointer line 40 v == 1
FAIL: gcc.dg/guality/pr43051-1.c -O3 -fomit-frame-pointer line 41 e == &a[1]
FAIL: gcc.dg/guality/pr43051-1.c -O3 -fomit-frame-pointer -funroll-all-loops -finline-functions line 35 v == 1
FAIL: gcc.dg/guality/pr43051-1.c -O3 -fomit-frame-pointer -funroll-all-loops -finline-functions line 36 e == &a[1]
FAIL: gcc.dg/guality/pr43051-1.c -O3 -fomit-frame-pointer -funroll-all-loops -finline-functions line 39 c == &a[0]
FAIL: gcc.dg/guality/pr43051-1.c -O3 -fomit-frame-pointer -funroll-all-loops -finline-functions line 40 v == 1
FAIL: gcc.dg/guality/pr43051-1.c -O3 -fomit-frame-pointer -funroll-all-loops -finline-functions line 41 e == &a[1]
FAIL: gcc.dg/guality/pr43051-1.c -O3 -fomit-frame-pointer -funroll-loops line 35 v == 1
FAIL: gcc.dg/guality/pr43051-1.c -O3 -fomit-frame-pointer -funroll-loops line 36 e == &a[1]
FAIL: gcc.dg/guality/pr43051-1.c -O3 -fomit-frame-pointer -funroll-loops line 39 c == &a[0]
FAIL: gcc.dg/guality/pr43051-1.c -O3 -fomit-frame-pointer -funroll-loops line 40 v == 1
FAIL: gcc.dg/guality/pr43051-1.c -O3 -fomit-frame-pointer -funroll-loops line 41 e == &a[1]
FAIL: gcc.dg/guality/pr43051-1.c -O3 -g line 35 v == 1
FAIL: gcc.dg/guality/pr43051-1.c -O3 -g line 36 e == &a[1]
FAIL: gcc.dg/guality/pr43051-1.c -O3 -g line 39 c == &a[0]
FAIL: gcc.dg/guality/pr43051-1.c -O3 -g line 40 v == 1
FAIL: gcc.dg/guality/pr43051-1.c -O3 -g line 41 e == &a[1]
FAIL: gcc.dg/guality/pr43051-1.c -Os line 35 v == 1
FAIL: gcc.dg/guality/pr43051-1.c -Os line 36 e == &a[1]
FAIL: gcc.dg/guality/pr43051-1.c -Os line 39 c == &a[0]
FAIL: gcc.dg/guality/pr43051-1.c -Os line 40 v == 1
FAIL: gcc.dg/guality/pr43051-1.c -Os line 41 e == &a[1]
FAIL: gcc.dg/guality/pr43177.c -O2 line 15 l == 10
FAIL: gcc.dg/guality/pr43177.c -O2 line 15 x == 7
FAIL: gcc.dg/guality/pr43177.c -O2 line 24 l == 10
FAIL: gcc.dg/guality/pr43177.c -O2 line 24 x == 7
FAIL: gcc.dg/guality/pr43177.c -O2 -flto -fno-use-linker-plugin -flto-partition=none line 15 l == 10
FAIL: gcc.dg/guality/pr43177.c -O2 -flto -fno-use-linker-plugin -flto-partition=none line 15 x == 7
FAIL: gcc.dg/guality/pr43177.c -O2 -flto -fno-use-linker-plugin -flto-partition=none line 24 l == 10
FAIL: gcc.dg/guality/pr43177.c -O2 -flto -fno-use-linker-plugin -flto-partition=none line 24 x == 7
FAIL: gcc.dg/guality/pr43177.c -O2 -flto -fuse-linker-plugin -fno-fat-lto-objects line 15 l == 10
FAIL: gcc.dg/guality/pr43177.c -O2 -flto -fuse-linker-plugin -fno-fat-lto-objects line 15 x == 7
FAIL: gcc.dg/guality/pr43177.c -O2 -flto -fuse-linker-plugin -fno-fat-lto-objects line 24 l == 10
FAIL: gcc.dg/guality/pr43177.c -O2 -flto -fuse-linker-plugin -fno-fat-lto-objects line 24 x == 7
FAIL: gcc.dg/guality/pr43177.c -O3 -fomit-frame-pointer line 15 l == 10
FAIL: gcc.dg/guality/pr43177.c -O3 -fomit-frame-pointer line 15 x == 7
FAIL: gcc.dg/guality/pr43177.c -O3 -fomit-frame-pointer line 24 l == 10
FAIL: gcc.dg/guality/pr43177.c -O3 -fomit-frame-pointer line 24 x == 7
FAIL: gcc.dg/guality/pr43177.c -O3 -g line 15 l == 10
FAIL: gcc.dg/guality/pr43177.c -O3 -g line 15 x == 7
FAIL: gcc.dg/guality/pr43177.c -O3 -g line 24 l == 10
FAIL: gcc.dg/guality/pr43177.c -O3 -g line 24 x == 7
FAIL: gcc.dg/guality/pr43177.c -Os line 15 l == 10
FAIL: gcc.dg/guality/pr43177.c -Os line 15 x == 7
FAIL: gcc.dg/guality/pr43177.c -Os line 24 l == 10
FAIL: gcc.dg/guality/pr43177.c -Os line 24 x == 7
FAIL: gcc.dg/guality/pr43479.c -O1 line 13 h == 9
FAIL: gcc.dg/guality/pr43479.c -O1 line 18 h == 9
FAIL: gcc.dg/guality/pr43479.c -O2 line 13 h == 9
FAIL: gcc.dg/guality/pr43479.c -O2 line 18 h == 9
FAIL: gcc.dg/guality/pr43479.c -O2 -flto -fno-use-linker-plugin -flto-partition=none line 13 h == 9
FAIL: gcc.dg/guality/pr43479.c -O2 -flto -fno-use-linker-plugin -flto-partition=none line 18 h == 9
FAIL: gcc.dg/guality/pr43479.c -O2 -flto -fuse-linker-plugin -fno-fat-lto-objects line 13 h == 9
FAIL: gcc.dg/guality/pr43479.c -O2 -flto -fuse-linker-plugin -fno-fat-lto-objects line 18 h == 9
FAIL: gcc.dg/guality/pr43479.c -O3 -fomit-frame-pointer line 13 h == 9
FAIL: gcc.dg/guality/pr43479.c -O3 -fomit-frame-pointer line 18 h == 9
FAIL: gcc.dg/guality/pr43479.c -O3 -g line 13 h == 9
FAIL: gcc.dg/guality/pr43479.c -O3 -g line 18 h == 9
FAIL: gcc.dg/guality/pr43479.c -Os line 13 h == 9
FAIL: gcc.dg/guality/pr43479.c -Os line 18 h == 9
FAIL: gcc.dg/guality/pr45003-2.c -O2 -flto -fuse-linker-plugin -fno-fat-lto-objects line 10 a == 0x8078
FAIL: gcc.dg/guality/pr45882.c -O2 -flto -fuse-linker-plugin -fno-fat-lto-objects line 16 d == 112
FAIL: gcc.dg/guality/pr45882.c -O2 -flto -fuse-linker-plugin -fno-fat-lto-objects line 16 e == 142
FAIL: gcc.dg/guality/pr54200.c -Os line 20 z == 3
FAIL: gcc.dg/guality/pr54519-1.c -O2 -flto -fno-use-linker-plugin -flto-partition=none line 20 y == 25
FAIL: gcc.dg/guality/pr54519-1.c -O2 -flto -fno-use-linker-plugin -flto-partition=none line 20 z == 6
FAIL: gcc.dg/guality/pr54519-1.c -O2 -flto -fno-use-linker-plugin -flto-partition=none line 23 y == 117
FAIL: gcc.dg/guality/pr54519-1.c -O2 -flto -fno-use-linker-plugin -flto-partition=none line 23 z == 8
FAIL: gcc.dg/guality/pr54519-2.c -O2 -flto -fno-use-linker-plugin -flto-partition=none line 17 y == 25
FAIL: gcc.dg/guality/pr54519-2.c -O2 -flto -fuse-linker-plugin -fno-fat-lto-objects line 17 y == 25
FAIL: gcc.dg/guality/pr54519-3.c -O2 -flto -fno-use-linker-plugin -flto-partition=none line 20 y == 25
FAIL: gcc.dg/guality/pr54519-3.c -O2 -flto -fno-use-linker-plugin -flto-partition=none line 20 z == 6
FAIL: gcc.dg/guality/pr54519-3.c -O2 -flto -fno-use-linker-plugin -flto-partition=none line 23 y == 117
FAIL: gcc.dg/guality/pr54519-3.c -O2 -flto -fno-use-linker-plugin -flto-partition=none line 23 z == 8
FAIL: gcc.dg/guality/pr54519-3.c -O2 -flto -fuse-linker-plugin -fno-fat-lto-objects line 20 x == 36
FAIL: gcc.dg/guality/pr54519-3.c -O2 -flto -fuse-linker-plugin -fno-fat-lto-objects line 20 y == 25
FAIL: gcc.dg/guality/pr54519-3.c -O2 -flto -fuse-linker-plugin -fno-fat-lto-objects line 20 z == 6
FAIL: gcc.dg/guality/pr54519-3.c -O2 -flto -fuse-linker-plugin -fno-fat-lto-objects line 23 x == 98
FAIL: gcc.dg/guality/pr54519-3.c -O2 -flto -fuse-linker-plugin -fno-fat-lto-objects line 23 y == 117
FAIL: gcc.dg/guality/pr54519-3.c -O2 -flto -fuse-linker-plugin -fno-fat-lto-objects line 23 z == 8
FAIL: gcc.dg/guality/pr54519-4.c -O2 -flto -fno-use-linker-plugin -flto-partition=none line 17 y == 25
FAIL: gcc.dg/guality/pr54519-4.c -O2 -flto -fuse-linker-plugin -fno-fat-lto-objects line 17 x == 6
FAIL: gcc.dg/guality/pr54519-4.c -O2 -flto -fuse-linker-plugin -fno-fat-lto-objects line 17 y == 25
FAIL: gcc.dg/guality/pr54519-5.c -O2 -flto -fno-use-linker-plugin -flto-partition=none line 17 y == 25
FAIL: gcc.dg/guality/pr54519-5.c -O2 -flto -fuse-linker-plugin -fno-fat-lto-objects line 17 y == 25
FAIL: gcc.dg/guality/pr54693-2.c -O3 -fomit-frame-pointer -funroll-all-loops -finline-functions line 21 i == v + 1
FAIL: gcc.dg/guality/pr54693-2.c -O3 -fomit-frame-pointer -funroll-loops line 21 i == v + 1
FAIL: gcc.dg/guality/pr54693-2.c -Os line 21 x == 10 - i
FAIL: gcc.dg/guality/pr54693-2.c -Os line 21 y == 20 - 2 * i
FAIL: gcc.dg/guality/sra-1.c -O2 line 43 a.i == 4
FAIL: gcc.dg/guality/sra-1.c -O2 line 43 a.j == 14
FAIL: gcc.dg/guality/sra-1.c -O2 -flto -fno-use-linker-plugin -flto-partition=none line 21 a.i == 4
FAIL: gcc.dg/guality/sra-1.c -O2 -flto -fno-use-linker-plugin -flto-partition=none line 21 a.j == 14
FAIL: gcc.dg/guality/sra-1.c -O2 -flto -fno-use-linker-plugin -flto-partition=none line 43 a.i == 4
FAIL: gcc.dg/guality/sra-1.c -O2 -flto -fno-use-linker-plugin -flto-partition=none line 43 a.j == 14
FAIL: gcc.dg/guality/sra-1.c -O2 -flto -fuse-linker-plugin -fno-fat-lto-objects line 21 a.i == 4
FAIL: gcc.dg/guality/sra-1.c -O2 -flto -fuse-linker-plugin -fno-fat-lto-objects line 43 a.i == 4
FAIL: gcc.dg/guality/sra-1.c -O3 -fomit-frame-pointer line 43 a.i == 4
FAIL: gcc.dg/guality/sra-1.c -O3 -fomit-frame-pointer line 43 a.j == 14
FAIL: gcc.dg/guality/sra-1.c -O3 -g line 43 a.i == 4
FAIL: gcc.dg/guality/sra-1.c -O3 -g line 43 a.j == 14
FAIL: gcc.dg/guality/sra-1.c -Os line 43 a.i == 4
FAIL: gcc.dg/guality/sra-1.c -Os line 43 a.j == 14
FAIL: gcc.dg/guality/vla-2.c -O2 line 25 sizeof (a) == 6 * sizeof (int)
FAIL: gcc.dg/guality/vla-2.c -O2 -flto -fno-use-linker-plugin -flto-partition=none line 25 sizeof (a) == 6 * sizeof (int)
FAIL: gcc.dg/guality/vla-2.c -O2 -flto -fuse-linker-plugin -fno-fat-lto-objects line 25 sizeof (a) == 6 * sizeof (int)
FAIL: gcc.dg/guality/vla-2.c -O3 -fomit-frame-pointer line 25 sizeof (a) == 6 * sizeof (int)
FAIL: gcc.dg/guality/vla-2.c -O3 -g line 25 sizeof (a) == 6 * sizeof (int)
FAIL: gcc.dg/guality/vla-2.c -Os line 25 sizeof (a) == 6 * sizeof (int)
UNRESOLVED: gcc.dg/tree-prof/peel-1.c scan-rtl-dump loop2_unroll "Considering simply peeling loop"
=== gcc Summary for unix ===
Running target unix/-m32
FAIL: gcc.c-torture/execute/builtin-bitops-1.c -O2 -flto -fno-use-linker-plugin -flto-partition=none execution test
FAIL: gcc.c-torture/execute/builtin-bitops-1.c -O2 -flto -fuse-linker-plugin -fno-fat-lto-objects execution test
FAIL: gcc.c-torture/execute/pr44468.c -O2 -flto -fuse-linker-plugin -fno-fat-lto-objects execution test
FAIL: gcc.c-torture/execute/pr60062.c -O2 -flto -fno-use-linker-plugin -flto-partition=none execution test
FAIL: gcc.c-torture/execute/pr60062.c -O2 -flto -fuse-linker-plugin -fno-fat-lto-objects execution test
FAIL: gcc.c-torture/execute/pr60062.c -Os execution test
FAIL: gcc.c-torture/execute/pr60960.c -O2 -flto -fuse-linker-plugin -fno-fat-lto-objects execution test
FAIL: gcc.dg/combine_ashiftrt_1.c scan-rtl-dump combine "\\\\(neg:DI \\\\(ge:DI"
FAIL: gcc.dg/sibcall-3.c execution test
XPASS: gcc.dg/guality/example.c -O0 execution test
XPASS: gcc.dg/guality/example.c -O1 execution test
XPASS: gcc.dg/guality/guality.c -O0 execution test
XPASS: gcc.dg/guality/guality.c -O1 execution test
XPASS: gcc.dg/guality/guality.c -O2 execution test
XPASS: gcc.dg/guality/guality.c -O2 -flto -fno-use-linker-plugin -flto-partition=none execution test
XPASS: gcc.dg/guality/guality.c -O2 -flto -fuse-linker-plugin -fno-fat-lto-objects execution test
XPASS: gcc.dg/guality/guality.c -O3 -fomit-frame-pointer execution test
XPASS: gcc.dg/guality/guality.c -O3 -g execution test
XPASS: gcc.dg/guality/guality.c -Os execution test
XPASS: gcc.dg/guality/inline-params.c -O2 execution test
XPASS: gcc.dg/guality/inline-params.c -O2 -flto -fno-use-linker-plugin -flto-partition=none execution test
XPASS: gcc.dg/guality/inline-params.c -O3 -fomit-frame-pointer execution test
XPASS: gcc.dg/guality/inline-params.c -O3 -g execution test
XPASS: gcc.dg/guality/inline-params.c -Os execution test
XPASS: gcc.dg/guality/pr41353-1.c -O0 line 28 j == 28 + 37
XPASS: gcc.dg/guality/pr41353-1.c -Os line 28 j == 28 + 37
XPASS: gcc.dg/guality/pr41447-1.c -O0 execution test
XPASS: gcc.dg/guality/pr41447-1.c -O1 execution test
XPASS: gcc.dg/guality/pr41447-1.c -O2 -flto -fuse-linker-plugin -fno-fat-lto-objects execution test
XPASS: gcc.dg/guality/pr41447-1.c -Os execution test
XPASS: gcc.dg/guality/pr41616-1.c -O0 execution test
XPASS: gcc.dg/guality/pr41616-1.c -O1 execution test
XPASS: gcc.dg/guality/pr41616-1.c -O2 execution test
XPASS: gcc.dg/guality/pr41616-1.c -O2 -flto -fno-use-linker-plugin -flto-partition=none execution test
XPASS: gcc.dg/guality/pr41616-1.c -O3 -fomit-frame-pointer execution test
XPASS: gcc.dg/guality/pr41616-1.c -O3 -g execution test
XPASS: gcc.dg/guality/pr41616-1.c -Os execution test
FAIL: gcc.dg/guality/pr43177.c -O2 -flto -fuse-linker-plugin -fno-fat-lto-objects line 15 l == 10
FAIL: gcc.dg/guality/pr43177.c -O2 -flto -fuse-linker-plugin -fno-fat-lto-objects line 15 x == 7
FAIL: gcc.dg/guality/pr43479.c -O1 line 13 h == 9
FAIL: gcc.dg/guality/pr43479.c -O1 line 18 h == 9
FAIL: gcc.dg/guality/pr43479.c -O2 line 13 h == 9
FAIL: gcc.dg/guality/pr43479.c -O2 line 18 h == 9
FAIL: gcc.dg/guality/pr43479.c -O2 -flto -fno-use-linker-plugin -flto-partition=none line 13 h == 9
FAIL: gcc.dg/guality/pr43479.c -O2 -flto -fno-use-linker-plugin -flto-partition=none line 18 h == 9
FAIL: gcc.dg/guality/pr43479.c -O2 -flto -fuse-linker-plugin -fno-fat-lto-objects line 13 h == 9
FAIL: gcc.dg/guality/pr43479.c -O2 -flto -fuse-linker-plugin -fno-fat-lto-objects line 18 h == 9
FAIL: gcc.dg/guality/pr43479.c -O3 -fomit-frame-pointer line 13 h == 9
FAIL: gcc.dg/guality/pr43479.c -O3 -fomit-frame-pointer line 18 h == 9
FAIL: gcc.dg/guality/pr43479.c -O3 -g line 13 h == 9
FAIL: gcc.dg/guality/pr43479.c -O3 -g line 18 h == 9
FAIL: gcc.dg/guality/pr43479.c -Os line 13 h == 9
FAIL: gcc.dg/guality/pr43479.c -Os line 18 h == 9
FAIL: gcc.dg/guality/pr45882.c -O2 -flto -fuse-linker-plugin -fno-fat-lto-objects line 16 d == 112
FAIL: gcc.dg/guality/pr45882.c -O2 -flto -fuse-linker-plugin -fno-fat-lto-objects line 16 e == 142
FAIL: gcc.dg/guality/pr54200.c -O2 -flto -fuse-linker-plugin -fno-fat-lto-objects line 20 z == 3
FAIL: gcc.dg/guality/pr54519-1.c -O2 line 20 y == 25
FAIL: gcc.dg/guality/pr54519-1.c -O2 line 20 z == 6
FAIL: gcc.dg/guality/pr54519-1.c -O2 line 23 y == 117
FAIL: gcc.dg/guality/pr54519-1.c -O2 line 23 z == 8
FAIL: gcc.dg/guality/pr54519-1.c -O2 -flto -fno-use-linker-plugin -flto-partition=none line 20 y == 25
FAIL: gcc.dg/guality/pr54519-1.c -O2 -flto -fno-use-linker-plugin -flto-partition=none line 20 z == 6
FAIL: gcc.dg/guality/pr54519-1.c -O2 -flto -fno-use-linker-plugin -flto-partition=none line 23 y == 117
FAIL: gcc.dg/guality/pr54519-1.c -O2 -flto -fno-use-linker-plugin -flto-partition=none line 23 z == 8
FAIL: gcc.dg/guality/pr54519-1.c -O3 -fomit-frame-pointer line 20 x == 36
FAIL: gcc.dg/guality/pr54519-1.c -O3 -fomit-frame-pointer line 20 y == 25
FAIL: gcc.dg/guality/pr54519-1.c -O3 -fomit-frame-pointer line 20 z == 6
FAIL: gcc.dg/guality/pr54519-1.c -O3 -g line 20 x == 36
FAIL: gcc.dg/guality/pr54519-1.c -O3 -g line 20 y == 25
FAIL: gcc.dg/guality/pr54519-1.c -O3 -g line 20 z == 6
FAIL: gcc.dg/guality/pr54519-2.c -O2 -flto -fno-use-linker-plugin -flto-partition=none line 17 y == 25
FAIL: gcc.dg/guality/pr54519-2.c -O2 -flto -fuse-linker-plugin -fno-fat-lto-objects line 17 y == 25
FAIL: gcc.dg/guality/pr54519-3.c -O2 line 20 x == 36
FAIL: gcc.dg/guality/pr54519-3.c -O2 line 20 y == 25
FAIL: gcc.dg/guality/pr54519-3.c -O2 line 20 z == 6
FAIL: gcc.dg/guality/pr54519-3.c -O2 line 23 x == 98
FAIL: gcc.dg/guality/pr54519-3.c -O2 line 23 y == 117
FAIL: gcc.dg/guality/pr54519-3.c -O2 line 23 z == 8
FAIL: gcc.dg/guality/pr54519-3.c -O2 -flto -fno-use-linker-plugin -flto-partition=none line 20 x == 36
FAIL: gcc.dg/guality/pr54519-3.c -O2 -flto -fno-use-linker-plugin -flto-partition=none line 20 y == 25
FAIL: gcc.dg/guality/pr54519-3.c -O2 -flto -fno-use-linker-plugin -flto-partition=none line 20 z == 6
FAIL: gcc.dg/guality/pr54519-3.c -O2 -flto -fno-use-linker-plugin -flto-partition=none line 23 x == 98
FAIL: gcc.dg/guality/pr54519-3.c -O2 -flto -fno-use-linker-plugin -flto-partition=none line 23 y == 117
FAIL: gcc.dg/guality/pr54519-3.c -O2 -flto -fno-use-linker-plugin -flto-partition=none line 23 z == 8
FAIL: gcc.dg/guality/pr54519-3.c -O2 -flto -fuse-linker-plugin -fno-fat-lto-objects line 20 y == 25
FAIL: gcc.dg/guality/pr54519-3.c -O2 -flto -fuse-linker-plugin -fno-fat-lto-objects line 20 z == 6
FAIL: gcc.dg/guality/pr54519-3.c -O2 -flto -fuse-linker-plugin -fno-fat-lto-objects line 23 y == 117
FAIL: gcc.dg/guality/pr54519-3.c -O2 -flto -fuse-linker-plugin -fno-fat-lto-objects line 23 z == 8
FAIL: gcc.dg/guality/pr54519-3.c -O3 -fomit-frame-pointer line 20 x == 36
FAIL: gcc.dg/guality/pr54519-3.c -O3 -fomit-frame-pointer line 20 y == 25
FAIL: gcc.dg/guality/pr54519-3.c -O3 -fomit-frame-pointer line 20 z == 6
FAIL: gcc.dg/guality/pr54519-3.c -O3 -fomit-frame-pointer line 23 x == 98
FAIL: gcc.dg/guality/pr54519-3.c -O3 -fomit-frame-pointer line 23 y == 117
FAIL: gcc.dg/guality/pr54519-3.c -O3 -fomit-frame-pointer line 23 z == 8
FAIL: gcc.dg/guality/pr54519-3.c -O3 -g line 20 x == 36
FAIL: gcc.dg/guality/pr54519-3.c -O3 -g line 20 y == 25
FAIL: gcc.dg/guality/pr54519-3.c -O3 -g line 20 z == 6
FAIL: gcc.dg/guality/pr54519-3.c -O3 -g line 23 x == 98
FAIL: gcc.dg/guality/pr54519-3.c -O3 -g line 23 y == 117
FAIL: gcc.dg/guality/pr54519-3.c -O3 -g line 23 z == 8
FAIL: gcc.dg/guality/pr54519-4.c -O2 -flto -fno-use-linker-plugin -flto-partition=none line 17 y == 25
FAIL: gcc.dg/guality/pr54519-4.c -O2 -flto -fuse-linker-plugin -fno-fat-lto-objects line 17 y == 25
FAIL: gcc.dg/guality/pr54519-5.c -O2 -flto -fno-use-linker-plugin -flto-partition=none line 17 y == 25
FAIL: gcc.dg/guality/pr54519-5.c -O2 -flto -fuse-linker-plugin -fno-fat-lto-objects line 17 y == 25
FAIL: gcc.dg/guality/pr54693-2.c -O3 -fomit-frame-pointer -funroll-all-loops -finline-functions line 21 i == v + 1
FAIL: gcc.dg/guality/pr54693-2.c -O3 -fomit-frame-pointer -funroll-loops line 21 i == v + 1
FAIL: gcc.dg/guality/pr54970.c -Os line 15 a[0] == 1
FAIL: gcc.dg/guality/pr54970.c -Os line 20 a[0] == 1
FAIL: gcc.dg/guality/pr54970.c -Os line 25 a[0] == 1
FAIL: gcc.dg/guality/pr54970.c -Os line 31 *p == 6
FAIL: gcc.dg/guality/pr54970.c -Os line 31 *q == 5
FAIL: gcc.dg/guality/pr54970.c -Os line 36 *p == 26
FAIL: gcc.dg/guality/pr54970.c -Os line 36 *q == 5
FAIL: gcc.dg/guality/pr54970.c -Os line 45 *p == 26
FAIL: gcc.dg/guality/pr54970.c -Os line 45 *q == 25
FAIL: gcc.dg/guality/pr54970.c -Os line 45 p[-1] == 25
FAIL: gcc.dg/guality/pr54970.c -Os line 45 p[-2] == 4
FAIL: gcc.dg/guality/pr54970.c -Os line 45 q[-1] == 4
FAIL: gcc.dg/guality/pr54970.c -Os line 45 q[1] == 26
FAIL: gcc.dg/guality/sra-1.c -O2 line 32 a[0] == 4
FAIL: gcc.dg/guality/sra-1.c -O2 line 43 a.i == 4
FAIL: gcc.dg/guality/sra-1.c -O2 -flto -fno-use-linker-plugin -flto-partition=none line 21 a.i == 4
FAIL: gcc.dg/guality/sra-1.c -O2 -flto -fno-use-linker-plugin -flto-partition=none line 43 a.i == 4
FAIL: gcc.dg/guality/sra-1.c -O2 -flto -fuse-linker-plugin -fno-fat-lto-objects line 21 a.i == 4
FAIL: gcc.dg/guality/sra-1.c -O3 -fomit-frame-pointer line 32 a[0] == 4
FAIL: gcc.dg/guality/sra-1.c -O3 -fomit-frame-pointer line 43 a.i == 4
FAIL: gcc.dg/guality/sra-1.c -O3 -g line 32 a[0] == 4
FAIL: gcc.dg/guality/sra-1.c -O3 -g line 43 a.i == 4
FAIL: gcc.dg/guality/sra-1.c -Os line 32 a[0] == 4
FAIL: gcc.dg/guality/sra-1.c -Os line 43 a.i == 4
FAIL: gcc.dg/guality/vla-2.c -O2 line 25 sizeof (a) == 6 * sizeof (int)
FAIL: gcc.dg/guality/vla-2.c -O2 -flto -fno-use-linker-plugin -flto-partition=none line 25 sizeof (a) == 6 * sizeof (int)
FAIL: gcc.dg/guality/vla-2.c -O2 -flto -fuse-linker-plugin -fno-fat-lto-objects line 25 sizeof (a) == 6 * sizeof (int)
FAIL: gcc.dg/guality/vla-2.c -O3 -fomit-frame-pointer line 25 sizeof (a) == 6 * sizeof (int)
FAIL: gcc.dg/guality/vla-2.c -O3 -g line 25 sizeof (a) == 6 * sizeof (int)
FAIL: gcc.dg/guality/vla-2.c -Os line 25 sizeof (a) == 6 * sizeof (int)
UNRESOLVED: gcc.dg/tree-prof/peel-1.c scan-rtl-dump loop2_unroll "Considering simply peeling loop"
FAIL: gcc.target/i386/pr49095.c scan-assembler-not test[lq]
=== gcc Summary for unix/-m32 ===
=== gcc Summary ===
/export/gnu/import/git/gcc-test-intel64corei7/bld/gcc/xgcc version 5.0.0 20141016 (experimental) [trunk revision 216341] (GCC)
=== gfortran tests ===
Running target unix
=== gfortran Summary for unix ===
# of expected passes 4050
Running target unix/-m32
=== gfortran Summary for unix/-m32 ===
# of expected passes 4050
=== gfortran Summary ===
# of expected passes 8100
/export/gnu/import/git/gcc-test-intel64corei7/bld/gcc/testsuite/gfortran/../../gfortran version 5.0.0 20141016 (experimental) [trunk revision 216341] (GCC)
=== g++ tests ===
Running target unix
UNRESOLVED: g++.dg/ipa/devirt-42.C -std=gnu++11 scan-ipa-dump-not optimized "OBJ_TYPE_REF"
UNRESOLVED: g++.dg/ipa/devirt-42.C -std=gnu++11 scan-ipa-dump-times optimized "return 2" 2
UNRESOLVED: g++.dg/ipa/devirt-42.C -std=gnu++1y scan-ipa-dump-not optimized "OBJ_TYPE_REF"
UNRESOLVED: g++.dg/ipa/devirt-42.C -std=gnu++1y scan-ipa-dump-times optimized "return 2" 2
UNRESOLVED: g++.dg/ipa/devirt-42.C -std=gnu++98 scan-ipa-dump-not optimized "OBJ_TYPE_REF"
UNRESOLVED: g++.dg/ipa/devirt-42.C -std=gnu++98 scan-ipa-dump-times optimized "return 2" 2
UNRESOLVED: g++.dg/ipa/devirt-46.C -std=gnu++11 scan-ipa-dump-not optimized "OBJ_TYPE_REF"
UNRESOLVED: g++.dg/ipa/devirt-46.C -std=gnu++11 scan-ipa-dump-not optimized "abort"
UNRESOLVED: g++.dg/ipa/devirt-46.C -std=gnu++1y scan-ipa-dump-not optimized "OBJ_TYPE_REF"
UNRESOLVED: g++.dg/ipa/devirt-46.C -std=gnu++1y scan-ipa-dump-not optimized "abort"
UNRESOLVED: g++.dg/ipa/devirt-46.C -std=gnu++98 scan-ipa-dump-not optimized "OBJ_TYPE_REF"
UNRESOLVED: g++.dg/ipa/devirt-46.C -std=gnu++98 scan-ipa-dump-not optimized "abort"
UNRESOLVED: g++.dg/ipa/devirt-47.C -std=gnu++11 scan-ipa-dump optimized "C::_ZThn"
UNRESOLVED: g++.dg/ipa/devirt-47.C -std=gnu++11 scan-ipa-dump-not optimized "OBJ_TYPE_REF"
UNRESOLVED: g++.dg/ipa/devirt-47.C -std=gnu++1y scan-ipa-dump optimized "C::_ZThn"
UNRESOLVED: g++.dg/ipa/devirt-47.C -std=gnu++1y scan-ipa-dump-not optimized "OBJ_TYPE_REF"
UNRESOLVED: g++.dg/ipa/devirt-47.C -std=gnu++98 scan-ipa-dump optimized "C::_ZThn"
UNRESOLVED: g++.dg/ipa/devirt-47.C -std=gnu++98 scan-ipa-dump-not optimized "OBJ_TYPE_REF"
FAIL: g++.dg/guality/pr55665.C -O2 line 23 p == 40
FAIL: g++.dg/guality/pr55665.C -O3 -fomit-frame-pointer line 23 p == 40
FAIL: g++.dg/guality/pr55665.C -O3 -g line 23 p == 40
XPASS: g++.dg/tls/thread_local-order2.C -std=c++11 execution test
XPASS: g++.dg/tls/thread_local-order2.C -std=c++1y execution test
UNRESOLVED: g++.dg/tree-prof/pr35545.C scan-ipa-dump-not optimized "OBJ_TYPE_REF"
=== g++ Summary for unix ===
# of expected passes 20206
# of expected failures 61
# of unsupported tests 74
Running target unix/-m32
FAIL: g++.dg/asan/asan_test.C -O2 AddressSanitizer_AttributeNoSanitizeAddressTest execution test
FAIL: g++.dg/asan/asan_test.C -O2 AddressSanitizer_BufferOverflowAfterManyFrees execution test
FAIL: g++.dg/asan/asan_test.C -O2 AddressSanitizer_FileNameInGlobalReportTest Ident(p[15]) output pattern test
FAIL: g++.dg/asan/asan_test.C -O2 AddressSanitizer_GlobalStringConstTest Ident(p[15]) output pattern test
FAIL: g++.dg/asan/asan_test.C -O2 AddressSanitizer_GlobalTest Ident(Ident(ConstGlob)[8]) output pattern test
FAIL: g++.dg/asan/asan_test.C -O2 AddressSanitizer_GlobalTest Ident(Ident(StaticConstGlob)[5]) output pattern test
FAIL: g++.dg/asan/asan_test.C -O2 AddressSanitizer_LargeOOBInMemset execution test
FAIL: g++.dg/asan/asan_test.C -O2 AddressSanitizer_LargeStructCopyTest execution test
FAIL: g++.dg/asan/asan_test.C -O2 AddressSanitizer_LongDoubleNegativeTest execution test
FAIL: g++.dg/asan/asan_test.C -O2 AddressSanitizer_MemCmpOOBTest Ident(memcmp)(s1 + 1, s2 + 1, size) output pattern test
FAIL: g++.dg/asan/asan_test.C -O2 AddressSanitizer_MemCmpOOBTest Ident(memcmp)(s1 + size - 1, s2, 2) output pattern test
FAIL: g++.dg/asan/asan_test.C -O2 AddressSanitizer_MemCmpOOBTest Ident(memcmp)(s1 + size, s2, 1) output pattern test
FAIL: g++.dg/asan/asan_test.C -O2 AddressSanitizer_MemCmpOOBTest Ident(memcmp)(s1 - 1, s2, 1) output pattern test
FAIL: g++.dg/asan/asan_test.C -O2 AddressSanitizer_MemCmpOOBTest Ident(memcmp)(s1, s2 + size, 1) output pattern test
FAIL: g++.dg/asan/asan_test.C -O2 AddressSanitizer_MemCmpOOBTest Ident(memcmp)(s1, s2 - 1, 1) output pattern test
FAIL: g++.dg/asan/asan_test.C -O2 AddressSanitizer_MemCmpOOBTest Ident(memcmp)(s1, s2, size + 1) output pattern test
FAIL: g++.dg/asan/asan_test.C -O2 AddressSanitizer_MemCmpOOBTest Ident(memcmp)(s1, s2, size + 1) output pattern test
FAIL: g++.dg/asan/asan_test.C -O2 AddressSanitizer_MemCpyOOBTest execution test
FAIL: g++.dg/asan/asan_test.C -O2 AddressSanitizer_MemMoveOOBTest execution test
FAIL: g++.dg/asan/asan_test.C -O2 AddressSanitizer_MemSetOOBTest execution test
FAIL: g++.dg/asan/asan_test.C -O2 AddressSanitizer_StrArgsOverlapTest execution test
FAIL: g++.dg/asan/asan_test.C -O2 AddressSanitizer_StrCaseCmpOOBTest Ident(StrCmp)(s1 + size - 1, s2) output pattern test
FAIL: g++.dg/asan/asan_test.C -O2 AddressSanitizer_StrCaseCmpOOBTest Ident(StrCmp)(s1 + size, s2) output pattern test
FAIL: g++.dg/asan/asan_test.C -O2 AddressSanitizer_StrCaseCmpOOBTest Ident(StrCmp)(s1 - 1, s2) output pattern test
FAIL: g++.dg/asan/asan_test.C -O2 AddressSanitizer_StrCaseCmpOOBTest Ident(StrCmp)(s1, s1) output pattern test
FAIL: g++.dg/asan/asan_test.C -O2 AddressSanitizer_StrCaseCmpOOBTest Ident(StrCmp)(s1, s2 + size) output pattern test
FAIL: g++.dg/asan/asan_test.C -O2 AddressSanitizer_StrCaseCmpOOBTest Ident(StrCmp)(s1, s2 - 1) output pattern test
FAIL: g++.dg/asan/asan_test.C -O2 AddressSanitizer_StrCmpOOBTest Ident(StrCmp)(s1 + size - 1, s2) output pattern test
FAIL: g++.dg/asan/asan_test.C -O2 AddressSanitizer_StrCmpOOBTest Ident(StrCmp)(s1 + size, s2) output pattern test
FAIL: g++.dg/asan/asan_test.C -O2 AddressSanitizer_StrCmpOOBTest Ident(StrCmp)(s1 - 1, s2) output pattern test
FAIL: g++.dg/asan/asan_test.C -O2 AddressSanitizer_StrCmpOOBTest Ident(StrCmp)(s1, s1) output pattern test
FAIL: g++.dg/asan/asan_test.C -O2 AddressSanitizer_StrCmpOOBTest Ident(StrCmp)(s1, s2 + size) output pattern test
FAIL: g++.dg/asan/asan_test.C -O2 AddressSanitizer_StrCmpOOBTest Ident(StrCmp)(s1, s2 - 1) output pattern test
FAIL: g++.dg/asan/asan_test.C -O2 AddressSanitizer_StrDupTest execution test
FAIL: g++.dg/asan/asan_test.C -O2 AddressSanitizer_UAF_Packed5 execution test
FAIL: g++.dg/asan/asan_test.C -O2 AddressSanitizer_UAF_long_double execution test
FAIL: g++.dg/asan/asan_test.C -O2 AddressSanitizer_WcsLenTest execution test
FAIL: g++.dg/asan/asan_test.C -O2 AddressSanitizer_pthread_getschedparam pthread_getschedparam(pthread_self(), Ident(&policy) - 1, ¶m) output pattern test
FAIL: g++.dg/init/enum1.C -std=gnu++11 (test for errors, line 12)
FAIL: g++.dg/init/enum1.C -std=gnu++1y (test for errors, line 12)
FAIL: g++.dg/init/enum1.C -std=gnu++98 (test for errors, line 12)
UNRESOLVED: g++.dg/ipa/devirt-42.C -std=gnu++11 scan-ipa-dump-not optimized "OBJ_TYPE_REF"
UNRESOLVED: g++.dg/ipa/devirt-42.C -std=gnu++11 scan-ipa-dump-times optimized "return 2" 2
UNRESOLVED: g++.dg/ipa/devirt-42.C -std=gnu++1y scan-ipa-dump-not optimized "OBJ_TYPE_REF"
UNRESOLVED: g++.dg/ipa/devirt-42.C -std=gnu++1y scan-ipa-dump-times optimized "return 2" 2
UNRESOLVED: g++.dg/ipa/devirt-42.C -std=gnu++98 scan-ipa-dump-not optimized "OBJ_TYPE_REF"
UNRESOLVED: g++.dg/ipa/devirt-42.C -std=gnu++98 scan-ipa-dump-times optimized "return 2" 2
UNRESOLVED: g++.dg/ipa/devirt-46.C -std=gnu++11 scan-ipa-dump-not optimized "OBJ_TYPE_REF"
UNRESOLVED: g++.dg/ipa/devirt-46.C -std=gnu++11 scan-ipa-dump-not optimized "abort"
UNRESOLVED: g++.dg/ipa/devirt-46.C -std=gnu++1y scan-ipa-dump-not optimized "OBJ_TYPE_REF"
UNRESOLVED: g++.dg/ipa/devirt-46.C -std=gnu++1y scan-ipa-dump-not optimized "abort"
UNRESOLVED: g++.dg/ipa/devirt-46.C -std=gnu++98 scan-ipa-dump-not optimized "OBJ_TYPE_REF"
UNRESOLVED: g++.dg/ipa/devirt-46.C -std=gnu++98 scan-ipa-dump-not optimized "abort"
UNRESOLVED: g++.dg/ipa/devirt-47.C -std=gnu++11 scan-ipa-dump optimized "C::_ZThn"
UNRESOLVED: g++.dg/ipa/devirt-47.C -std=gnu++11 scan-ipa-dump-not optimized "OBJ_TYPE_REF"
UNRESOLVED: g++.dg/ipa/devirt-47.C -std=gnu++1y scan-ipa-dump optimized "C::_ZThn"
UNRESOLVED: g++.dg/ipa/devirt-47.C -std=gnu++1y scan-ipa-dump-not optimized "OBJ_TYPE_REF"
UNRESOLVED: g++.dg/ipa/devirt-47.C -std=gnu++98 scan-ipa-dump optimized "C::_ZThn"
UNRESOLVED: g++.dg/ipa/devirt-47.C -std=gnu++98 scan-ipa-dump-not optimized "OBJ_TYPE_REF"
FAIL: g++.dg/guality/pr55665.C -O2 line 23 p == 40
FAIL: g++.dg/guality/pr55665.C -O3 -fomit-frame-pointer line 23 p == 40
FAIL: g++.dg/guality/pr55665.C -O3 -g line 23 p == 40
XPASS: g++.dg/tls/thread_local-order2.C -std=c++11 execution test
XPASS: g++.dg/tls/thread_local-order2.C -std=c++1y execution test
UNRESOLVED: g++.dg/tree-prof/pr35545.C scan-ipa-dump-not optimized "OBJ_TYPE_REF"
=== g++ Summary for unix/-m32 ===
# of expected passes 20347
# of expected failures 61
# of unsupported tests 44
=== g++ Summary ===
# of expected passes 40553
# of expected failures 122
# of unsupported tests 118
/export/gnu/import/git/gcc-test-intel64corei7/bld/gcc/testsuite/g++/../../xg++ version 5.0.0 20141016 (experimental) [trunk revision 216341] (GCC)
=== objc tests ===
Running target unix
=== objc Summary for unix ===
# of expected passes 64
Running target unix/-m32
=== objc Summary for unix/-m32 ===
# of expected passes 64
=== objc Summary ===
# of expected passes 128
/export/gnu/import/git/gcc-test-intel64corei7/bld/gcc/xgcc version 5.0.0 20141016 (experimental) [trunk revision 216341] (GCC)
=== boehm-gc tests ===
Running target unix/-m32
=== boehm-gc Summary for unix/-m32 ===
# of expected passes 4
Running target unix
=== boehm-gc Summary for unix ===
# of expected passes 4
=== boehm-gc Summary ===
# of expected passes 24
# of unsupported tests 2
=== libatomic tests ===
Running target unix/-m32
=== libatomic Summary for unix/-m32 ===
# of expected passes 44
# of unsupported tests 5
Running target unix
=== libatomic Summary for unix ===
# of expected passes 54
=== libatomic Summary ===
# of expected passes 98
# of unsupported tests 5
=== libffi tests ===
Running target unix/-m32
=== libffi Summary for unix/-m32 ===
# of expected passes 24
Running target unix
=== libffi Summary for unix ===
# of expected passes 24
=== libffi Summary ===
# of expected passes 3638
# of unsupported tests 110
=== libgomp tests ===
Running target unix/-m32
=== libgomp Summary for unix/-m32 ===
Running target unix
=== libgomp Summary for unix ===
=== libgomp Summary ===
# of expected passes 6464
# of unsupported tests 38
=== libitm tests ===
Running target unix/-m32
=== libitm Summary for unix/-m32 ===
# of expected passes 4
# of expected failures 1
# of unsupported tests 1
Running target unix
=== libitm Summary for unix ===
# of expected passes 4
# of expected failures 1
# of unsupported tests 1
=== libitm Summary ===
# of expected passes 52
# of expected failures 6
# of unsupported tests 2
=== libjava tests ===
Running target unix/-m32
FAIL: pr18278 output
FAIL: pr25676 output - source compiled test
FAIL: pr25676 -findirect-dispatch output - source compiled test
FAIL: pr25676 -O3 output - source compiled test
FAIL: pr25676 -O3 -findirect-dispatch output - source compiled test
=== libjava Summary for unix/-m32 ===
Running target unix
=== libjava Summary for unix ===
=== libjava Summary ===
# of expected passes 5157
# of unexpected failures 5
# of expected failures 8
=== libstdc++ tests ===
Running target unix
XPASS: 26_numerics/headers/cmath/c_math.cc execution test
=== libstdc++ Summary for unix ===
# of unsupported tests 1
Running target unix/-m32
FAIL: 23_containers/deque/allocator/copy.cc execution test
FAIL: 23_containers/deque/modifiers/push_front/49836.cc execution test
FAIL: 23_containers/map/modifiers/erase/dr130-linkage-check.cc execution test
FAIL: 23_containers/multimap/modifiers/erase/dr130-linkage-check.cc execution test
FAIL: 23_containers/multiset/modifiers/erase/dr130-linkage-check.cc execution test
FAIL: 23_containers/set/modifiers/erase/dr130-linkage-check.cc execution test
FAIL: 23_containers/unordered_set/hash_policy/rehash.cc execution test
FAIL: 23_containers/unordered_set/insert/hash_policy.cc execution test
FAIL: 23_containers/unordered_set/max_load_factor/robustness.cc execution test
FAIL: 23_containers/unordered_set/modifiers/swap.cc execution test
FAIL: 23_containers/vector/ext_pointer/modifiers/erase.cc execution test
FAIL: 23_containers/vector/ext_pointer/types/1.cc execution test
FAIL: 23_containers/vector/ext_pointer/types/2.cc execution test
FAIL: 28_regex/algorithms/regex_match/awk/cstring_01.cc execution test
FAIL: 28_regex/algorithms/regex_match/basic/empty_range.cc execution test
FAIL: 28_regex/algorithms/regex_match/ecma/char/58576.cc execution test
FAIL: 28_regex/algorithms/regex_match/ecma/char/backref.cc execution test
FAIL: 28_regex/algorithms/regex_match/ecma/char/empty_range.cc execution test
FAIL: 28_regex/algorithms/regex_match/ecma/char/quoted_char.cc execution test
FAIL: 28_regex/algorithms/regex_match/extended/cstring_bracket_01.cc execution test
FAIL: 28_regex/algorithms/regex_replace/char/basic_replace.cc execution test
FAIL: 28_regex/algorithms/regex_search/61720.cc execution test
FAIL: 28_regex/match_results/format.cc execution test
FAIL: experimental/any/cons/3.cc execution test
FAIL: experimental/optional/relops/3.cc execution test
FAIL: ext/pb_ds/regression/priority_queue_rand.cc execution test
FAIL: ext/pb_ds/regression/trie_map_rand.cc execution test
FAIL: ext/pb_ds/regression/trie_set_rand.cc execution test
FAIL: ext/vstring/modifiers/pop_back/char/1.cc execution test
FAIL: ext/vstring/modifiers/pop_back/wchar_t/1.cc execution test
WARNING: program timed out.
WARNING: program timed out.
WARNING: program timed out.
WARNING: program timed out.
WARNING: program timed out.
FAIL: libstdc++-prettyprinters/tr1.cc execution test
=== libstdc++ Summary for unix/-m32 ===
# of unsupported tests 1
=== libstdc++ Summary ===
# of unsupported tests 2
Compiler version: 5.0.0 20141016 (experimental) [trunk revision 216341] (GCC)
Platform: x86_64-unknown-linux-gnu
configure flags: --with-arch=corei7 --with-cpu=corei7 --prefix=/usr/5.0.0 --enable-clocale=gnu --with-system-zlib --enable-shared --with-demangler-in-ld --with-fpmath=sse --enable-languages=c,c++,fortran,java,lto,objc
More information about the Gcc-testresults
mailing list