Results for 5.0.0 20141010 (experimental) [trunk revision 216070] (GCC) testsuite on i386-pc-solaris2.10
Rainer Orth
ro@CeBiTec.Uni-Bielefeld.DE
Sat Oct 11 14:21:00 GMT 2014
LAST_UPDATED: Fri Oct 10 12:01:26 UTC 2014 (revision 216070)
=== acats tests ===
=== acats Summary ===
# of expected passes 2320
# of unexpected failures 0
Native configuration is i386-pc-solaris2.10
=== g++ tests ===
Running target unix
FAIL: g++.dg/cilk-plus/CK/catch_exc.cc -O1 -fcilkplus execution test
FAIL: g++.dg/cilk-plus/CK/catch_exc.cc -O3 -fcilkplus execution test
FAIL: g++.dg/cilk-plus/CK/catch_exc.cc -g -O2 -fcilkplus execution test
FAIL: g++.dg/cilk-plus/CK/catch_exc.cc -g -fcilkplus execution test
FAIL: g++.dg/init/cleanup3.C -std=c++11 scan-assembler-not _tcf
FAIL: g++.dg/init/cleanup3.C -std=c++1y scan-assembler-not _tcf
FAIL: g++.dg/init/cleanup3.C -std=c++98 scan-assembler-not _tcf
UNRESOLVED: g++.dg/ipa/devirt-42.C -std=gnu++11 scan-ipa-dump-not optimized "OBJ_TYPE_REF"
UNRESOLVED: g++.dg/ipa/devirt-42.C -std=gnu++11 scan-ipa-dump-times optimized "return 2" 2
UNRESOLVED: g++.dg/ipa/devirt-42.C -std=gnu++1y scan-ipa-dump-not optimized "OBJ_TYPE_REF"
UNRESOLVED: g++.dg/ipa/devirt-42.C -std=gnu++1y scan-ipa-dump-times optimized "return 2" 2
UNRESOLVED: g++.dg/ipa/devirt-42.C -std=gnu++98 scan-ipa-dump-not optimized "OBJ_TYPE_REF"
UNRESOLVED: g++.dg/ipa/devirt-42.C -std=gnu++98 scan-ipa-dump-times optimized "return 2" 2
UNRESOLVED: g++.dg/ipa/devirt-46.C -std=gnu++11 scan-ipa-dump-not optimized "OBJ_TYPE_REF"
UNRESOLVED: g++.dg/ipa/devirt-46.C -std=gnu++11 scan-ipa-dump-not optimized "abort"
UNRESOLVED: g++.dg/ipa/devirt-46.C -std=gnu++1y scan-ipa-dump-not optimized "OBJ_TYPE_REF"
UNRESOLVED: g++.dg/ipa/devirt-46.C -std=gnu++1y scan-ipa-dump-not optimized "abort"
UNRESOLVED: g++.dg/ipa/devirt-46.C -std=gnu++98 scan-ipa-dump-not optimized "OBJ_TYPE_REF"
UNRESOLVED: g++.dg/ipa/devirt-46.C -std=gnu++98 scan-ipa-dump-not optimized "abort"
UNRESOLVED: g++.dg/ipa/devirt-47.C -std=gnu++11 scan-ipa-dump optimized "C::_ZThn"
UNRESOLVED: g++.dg/ipa/devirt-47.C -std=gnu++11 scan-ipa-dump-not optimized "OBJ_TYPE_REF"
UNRESOLVED: g++.dg/ipa/devirt-47.C -std=gnu++1y scan-ipa-dump optimized "C::_ZThn"
UNRESOLVED: g++.dg/ipa/devirt-47.C -std=gnu++1y scan-ipa-dump-not optimized "OBJ_TYPE_REF"
UNRESOLVED: g++.dg/ipa/devirt-47.C -std=gnu++98 scan-ipa-dump optimized "C::_ZThn"
UNRESOLVED: g++.dg/ipa/devirt-47.C -std=gnu++98 scan-ipa-dump-not optimized "OBJ_TYPE_REF"
FAIL: g++.dg/tls/thread_local-order1.C -std=c++11 execution test
FAIL: g++.dg/tls/thread_local-order1.C -std=c++1y execution test
FAIL: g++.dg/tls/thread_local3g.C -std=gnu++11 execution test
FAIL: g++.dg/tls/thread_local3g.C -std=gnu++1y execution test
FAIL: g++.dg/tls/thread_local4g.C -std=gnu++11 execution test
FAIL: g++.dg/tls/thread_local4g.C -std=gnu++1y execution test
FAIL: g++.dg/tls/thread_local5g.C -std=gnu++11 execution test
FAIL: g++.dg/tls/thread_local5g.C -std=gnu++1y execution test
FAIL: g++.dg/tls/thread_local6g.C -std=c++11 execution test
FAIL: g++.dg/tls/thread_local6g.C -std=c++1y execution test
FAIL: g++.dg/torture/pr46367.C -O1 (internal compiler error)
FAIL: g++.dg/torture/pr46367.C -O1 (test for excess errors)
FAIL: g++.dg/torture/pr46367.C -Os (internal compiler error)
FAIL: g++.dg/torture/pr46367.C -Os (test for excess errors)
UNRESOLVED: g++.dg/tree-prof/pr35545.C scan-ipa-dump-not optimized "OBJ_TYPE_REF"
FAIL: g++.old-deja/g++.other/init5.C -std=c++11 execution test
FAIL: g++.old-deja/g++.other/init5.C -std=c++1y execution test
FAIL: g++.old-deja/g++.other/init5.C -std=c++98 execution test
=== g++ Summary for unix ===
# of expected passes 82203
# of unexpected failures 24
# of expected failures 257
# of unresolved testcases 19
# of unsupported tests 2962
Running target unix/-m64
FAIL: g++.dg/init/cleanup3.C -std=c++11 scan-assembler-not _tcf
FAIL: g++.dg/init/cleanup3.C -std=c++1y scan-assembler-not _tcf
FAIL: g++.dg/init/cleanup3.C -std=c++98 scan-assembler-not _tcf
UNRESOLVED: g++.dg/ipa/devirt-42.C -std=gnu++11 scan-ipa-dump-not optimized "OBJ_TYPE_REF"
UNRESOLVED: g++.dg/ipa/devirt-42.C -std=gnu++11 scan-ipa-dump-times optimized "return 2" 2
UNRESOLVED: g++.dg/ipa/devirt-42.C -std=gnu++1y scan-ipa-dump-not optimized "OBJ_TYPE_REF"
UNRESOLVED: g++.dg/ipa/devirt-42.C -std=gnu++1y scan-ipa-dump-times optimized "return 2" 2
UNRESOLVED: g++.dg/ipa/devirt-42.C -std=gnu++98 scan-ipa-dump-not optimized "OBJ_TYPE_REF"
UNRESOLVED: g++.dg/ipa/devirt-42.C -std=gnu++98 scan-ipa-dump-times optimized "return 2" 2
UNRESOLVED: g++.dg/ipa/devirt-46.C -std=gnu++11 scan-ipa-dump-not optimized "OBJ_TYPE_REF"
UNRESOLVED: g++.dg/ipa/devirt-46.C -std=gnu++11 scan-ipa-dump-not optimized "abort"
UNRESOLVED: g++.dg/ipa/devirt-46.C -std=gnu++1y scan-ipa-dump-not optimized "OBJ_TYPE_REF"
UNRESOLVED: g++.dg/ipa/devirt-46.C -std=gnu++1y scan-ipa-dump-not optimized "abort"
UNRESOLVED: g++.dg/ipa/devirt-46.C -std=gnu++98 scan-ipa-dump-not optimized "OBJ_TYPE_REF"
UNRESOLVED: g++.dg/ipa/devirt-46.C -std=gnu++98 scan-ipa-dump-not optimized "abort"
UNRESOLVED: g++.dg/ipa/devirt-47.C -std=gnu++11 scan-ipa-dump optimized "C::_ZThn"
UNRESOLVED: g++.dg/ipa/devirt-47.C -std=gnu++11 scan-ipa-dump-not optimized "OBJ_TYPE_REF"
UNRESOLVED: g++.dg/ipa/devirt-47.C -std=gnu++1y scan-ipa-dump optimized "C::_ZThn"
UNRESOLVED: g++.dg/ipa/devirt-47.C -std=gnu++1y scan-ipa-dump-not optimized "OBJ_TYPE_REF"
UNRESOLVED: g++.dg/ipa/devirt-47.C -std=gnu++98 scan-ipa-dump optimized "C::_ZThn"
UNRESOLVED: g++.dg/ipa/devirt-47.C -std=gnu++98 scan-ipa-dump-not optimized "OBJ_TYPE_REF"
FAIL: g++.dg/tls/thread_local-order1.C -std=c++11 execution test
FAIL: g++.dg/tls/thread_local-order1.C -std=c++1y execution test
FAIL: g++.dg/tls/thread_local3g.C -std=gnu++11 execution test
FAIL: g++.dg/tls/thread_local3g.C -std=gnu++1y execution test
FAIL: g++.dg/tls/thread_local4g.C -std=gnu++11 execution test
FAIL: g++.dg/tls/thread_local4g.C -std=gnu++1y execution test
FAIL: g++.dg/tls/thread_local5g.C -std=gnu++11 execution test
FAIL: g++.dg/tls/thread_local5g.C -std=gnu++1y execution test
FAIL: g++.dg/tls/thread_local6g.C -std=c++11 execution test
FAIL: g++.dg/tls/thread_local6g.C -std=c++1y execution test
FAIL: g++.dg/torture/pr46367.C -O1 (internal compiler error)
FAIL: g++.dg/torture/pr46367.C -O1 (test for excess errors)
FAIL: g++.dg/torture/pr46367.C -Os (internal compiler error)
FAIL: g++.dg/torture/pr46367.C -Os (test for excess errors)
UNRESOLVED: g++.dg/tree-prof/pr35545.C scan-ipa-dump-not optimized "OBJ_TYPE_REF"
FAIL: g++.old-deja/g++.other/init5.C -std=c++11 execution test
FAIL: g++.old-deja/g++.other/init5.C -std=c++1y execution test
FAIL: g++.old-deja/g++.other/init5.C -std=c++98 execution test
=== g++ Summary for unix/-m64 ===
# of expected passes 83512
# of unexpected failures 20
# of expected failures 257
# of unresolved testcases 19
# of unsupported tests 3241
=== g++ Summary ===
# of expected passes 165715
# of unexpected failures 44
# of expected failures 514
# of unresolved testcases 38
# of unsupported tests 6203
/var/gcc/regression/trunk/10-gcc-gas-gld/build/gcc/testsuite/g++/../../xg++ version 5.0.0 20141010 (experimental) [trunk revision 216070] (GCC)
=== gcc tests ===
Running target unix
FAIL: gcc.dg/graphite/vect-pr43423.c scan-tree-dump-times vect "vectorized 2 loops" 1
FAIL: gcc.target/i386/pr49095.c scan-assembler-not test[lq]
=== gcc Summary for unix ===
# of expected passes 101148
# of unexpected failures 2
# of expected failures 249
# of unsupported tests 1369
Running target unix/-m64
FAIL: gcc.dg/combine_ashiftrt_2.c scan-rtl-dump combine "\\\\(neg:SI \\\\(ge:SI"
FAIL: gcc.dg/graphite/vect-pr43423.c scan-tree-dump-times vect "vectorized 2 loops" 1
FAIL: gcc.misc-tests/linkage.c link
=== gcc Summary for unix/-m64 ===
# of expected passes 101795
# of unexpected failures 3
# of expected failures 251
# of unsupported tests 1608
=== gcc Summary ===
# of expected passes 202943
# of unexpected failures 5
# of expected failures 500
# of unsupported tests 2977
/var/gcc/regression/trunk/10-gcc-gas-gld/build/gcc/xgcc version 5.0.0 20141010 (experimental) [trunk revision 216070] (GCC)
=== gfortran tests ===
Running target unix
FAIL: gfortran.dg/graphite/pr42393.f90 -O (internal compiler error)
FAIL: gfortran.dg/graphite/pr42393.f90 -O (test for excess errors)
=== gfortran Summary for unix ===
# of expected passes 46459
# of unexpected failures 2
# of expected failures 52
# of unsupported tests 226
Running target unix/-m64
FAIL: gfortran.dg/typebound_operator_3.f03 -O1 execution test
FAIL: gfortran.dg/graphite/pr42393.f90 -O (internal compiler error)
FAIL: gfortran.dg/graphite/pr42393.f90 -O (test for excess errors)
=== gfortran Summary for unix/-m64 ===
# of expected passes 46761
# of unexpected failures 3
# of expected failures 52
# of unsupported tests 80
=== gfortran Summary ===
# of expected passes 93220
# of unexpected failures 5
# of expected failures 104
# of unsupported tests 306
/var/gcc/regression/trunk/10-gcc-gas-gld/build/gcc/testsuite/gfortran/../../gfortran version 5.0.0 20141010 (experimental) [trunk revision 216070] (GCC)
=== gnat tests ===
Running target unix
FAIL: gnat.dg/weak2.adb (test for excess errors)
=== gnat Summary for unix ===
# of expected passes 1254
# of unexpected failures 1
# of expected failures 18
# of unsupported tests 7
Running target unix/-m64
FAIL: gnat.dg/weak2.adb (test for excess errors)
=== gnat Summary for unix/-m64 ===
# of expected passes 1254
# of unexpected failures 1
# of expected failures 18
# of unsupported tests 7
=== gnat Summary ===
# of expected passes 2508
# of unexpected failures 2
# of expected failures 36
# of unsupported tests 14
/var/gcc/regression/trunk/10-gcc-gas-gld/build/gcc/gnatmake version 5.0.0 20141010 (experimental) [trunk revision 216070]
=== go tests ===
Running target unix
FAIL: go.test/test/recover.go execution, -O2 -g
=== go Summary for unix ===
# of expected passes 7367
# of unexpected failures 1
# of expected failures 1
# of untested testcases 9
# of unsupported tests 2
Running target unix/-m64
FAIL: go.test/test/fixedbugs/issue4348.go -O (test for excess errors)
FAIL: go.test/test/fixedbugs/issue6036.go -O (internal compiler error)
FAIL: go.test/test/fixedbugs/issue6036.go -O (test for excess errors)
FAIL: go.test/test/recover.go execution, -O2 -g
=== go Summary for unix/-m64 ===
# of expected passes 7246
# of unexpected failures 4
# of expected failures 1
# of untested testcases 9
# of unsupported tests 1
=== go Summary ===
# of expected passes 14613
# of unexpected failures 5
# of expected failures 2
# of untested testcases 18
# of unsupported tests 3
/var/gcc/regression/trunk/10-gcc-gas-gld/build/gcc/testsuite/go/../../gccgo version 5.0.0 20141010 (experimental) [trunk revision 216070] (GCC)
=== obj-c++ tests ===
Running target unix
=== obj-c++ Summary for unix ===
# of expected passes 1447
# of expected failures 2
# of unsupported tests 86
Running target unix/-m64
=== obj-c++ Summary for unix/-m64 ===
# of expected passes 1439
# of expected failures 10
# of unsupported tests 86
=== obj-c++ Summary ===
# of expected passes 2886
# of expected failures 12
# of unsupported tests 172
/var/gcc/regression/trunk/10-gcc-gas-gld/build/gcc/testsuite/obj-c++/../../xg++ version 5.0.0 20141010 (experimental) [trunk revision 216070] (GCC)
=== objc tests ===
Running target unix
=== objc Summary for unix ===
# of expected passes 3004
# of expected failures 6
# of unsupported tests 74
Running target unix/-m64
=== objc Summary for unix/-m64 ===
# of expected passes 3004
# of expected failures 6
# of unsupported tests 74
=== objc Summary ===
# of expected passes 6008
# of expected failures 12
# of unsupported tests 148
/var/gcc/regression/trunk/10-gcc-gas-gld/build/gcc/xgcc version 5.0.0 20141010 (experimental) [trunk revision 216070] (GCC)
=== boehm-gc tests ===
Running target unix
=== boehm-gc Summary for unix ===
# of expected passes 12
# of unsupported tests 1
Running target unix/-m64
=== boehm-gc Summary for unix/-m64 ===
# of expected passes 12
# of unsupported tests 1
=== boehm-gc Summary ===
# of expected passes 24
# of unsupported tests 2
=== libatomic tests ===
Running target unix
=== libatomic Summary for unix ===
# of expected passes 44
# of unsupported tests 5
Running target unix/-m64
=== libatomic Summary for unix/-m64 ===
# of expected passes 54
=== libatomic Summary ===
# of expected passes 98
# of unsupported tests 5
=== libffi tests ===
Running target unix
=== libffi Summary for unix ===
# of expected passes 1819
# of unsupported tests 55
Running target unix/-m64
=== libffi Summary for unix/-m64 ===
# of expected passes 1819
# of unsupported tests 55
=== libffi Summary ===
# of expected passes 3638
# of unsupported tests 110
=== libgo tests ===
Running target unix
FAIL: net
FAIL: runtime
FAIL: log/syslog
FAIL: net/http
=== libgo Summary for unix ===
# of expected passes 119
# of unexpected failures 4
Running target unix/-m64
=== libgo Summary for unix/-m64 ===
# of expected passes 123
=== libgo Summary ===
# of expected passes 242
# of unexpected failures 4
/var/gcc/regression/trunk/10-gcc-gas-gld/build/./gcc/gccgo version 5.0.0 20141010 (experimental) [trunk revision 216070] (GCC)
=== libgomp tests ===
Running target unix
=== libgomp Summary for unix ===
# of expected passes 3275
# of unsupported tests 22
Running target unix/-m64
=== libgomp Summary for unix/-m64 ===
# of expected passes 3275
# of unsupported tests 22
=== libgomp Summary ===
# of expected passes 6550
# of unsupported tests 44
=== libitm tests ===
Running target unix
=== libitm Summary for unix ===
# of expected passes 26
# of expected failures 3
# of unsupported tests 1
Running target unix/-m64
=== libitm Summary for unix/-m64 ===
# of expected passes 26
# of expected failures 3
# of unsupported tests 1
=== libitm Summary ===
# of expected passes 52
# of expected failures 6
# of unsupported tests 2
=== libjava tests ===
Running target unix
=== libjava Summary for unix ===
# of expected passes 2582
# of expected failures 4
Running target unix/-m64
=== libjava Summary for unix/-m64 ===
# of expected passes 2582
# of expected failures 4
=== libjava Summary ===
# of expected passes 5164
# of expected failures 8
=== libstdc++ tests ===
Running target unix
FAIL: 27_io/basic_ostream/inserters_arithmetic/char/hexfloat.cc execution test
=== libstdc++ Summary for unix ===
# of expected passes 9202
# of unexpected failures 1
# of expected failures 70
# of unsupported tests 621
Running target unix/-m64
FAIL: 27_io/basic_ostream/inserters_arithmetic/char/hexfloat.cc execution test
=== libstdc++ Summary for unix/-m64 ===
# of expected passes 9202
# of unexpected failures 1
# of expected failures 70
# of unsupported tests 621
=== libstdc++ Summary ===
# of expected passes 18404
# of unexpected failures 2
# of expected failures 140
# of unsupported tests 1242
Compiler version: 5.0.0 20141010 (experimental) [trunk revision 216070] (GCC)
Platform: i386-pc-solaris2.10
configure flags: --prefix=/vol/gcc --target=i386-pc-solaris2.10 --enable-objc-gc --with-as=/vol/gcc/bin/gas-2.24 --with-gnu-as --with-ld=/vol/gcc/bin/gld-2.24 --with-gnu-ld --with-gmp-include=/vol/gcc/include --with-gmp-lib=/vol/gcc/lib --with-mpfr-include=/vol/gcc/include --with-mpfr-lib=/vol/gcc/lib --with-mpc-include=/vol/gcc/include --with-mpc-lib=/vol/gcc/lib --enable-languages=all,ada,obj-c++,go --with-isl-include=/vol/gcc/include --with-isl-lib=/vol/gcc/lib --with-cloog-include=/vol/gcc/include --with-cloog-lib=/vol/gcc/lib --enable-cloog-backend=isl
BOOT_CFLAGS=-g -O2
More information about the Gcc-testresults
mailing list