Results for 4.9.2 20141005 (prerelease) [gcc-4_9-branch revision 215901] (GCC) testsuite on hppa64-hp-hpux11.11
John David Anglin
dave@hiauly3.hia.nrc.ca
Tue Oct 7 19:12:00 GMT 2014
Native configuration is hppa64-hp-hpux11.11
=== g++ tests ===
Running target unix
WARNING: program timed out.
=== g++ Summary ===
# of expected passes 77375
# of expected failures 442
# of unsupported tests 3419
/mnt/gnu/gcc/objdir-test/gcc/testsuite/g++/../../xg++ version 4.9.2 20141005 (prerelease) [gcc-4_9-branch revision 215901] (GCC)
=== gcc tests ===
Running target unix
FAIL: gcc.dg/atomic/c11-atomic-exec-5.c -O0 execution test
FAIL: gcc.dg/atomic/c11-atomic-exec-5.c -O1 execution test
FAIL: gcc.dg/atomic/c11-atomic-exec-5.c -O2 execution test
FAIL: gcc.dg/atomic/c11-atomic-exec-5.c -O3 -fomit-frame-pointer execution test
FAIL: gcc.dg/atomic/c11-atomic-exec-5.c -O3 -fomit-frame-pointer -funroll-loops execution test
FAIL: gcc.dg/atomic/c11-atomic-exec-5.c -O3 -fomit-frame-pointer -funroll-all-loops -finline-functions execution test
WARNING: program timed out.
FAIL: gcc.dg/atomic/c11-atomic-exec-5.c -O3 -g execution test
FAIL: gcc.dg/atomic/c11-atomic-exec-5.c -Os execution test
FAIL: gcc.dg/atomic/c11-atomic-exec-5.c -O2 -flto -flto-partition=none execution test
FAIL: gcc.dg/atomic/c11-atomic-exec-5.c -O2 -flto execution test
WARNING: program timed out.
=== gcc Summary ===
# of expected passes 82879
# of unexpected failures 10
# of expected failures 126
# of unsupported tests 1686
/mnt/gnu/gcc/objdir-test/gcc/xgcc version 4.9.2 20141005 (prerelease) [gcc-4_9-branch revision 215901] (GCC)
=== gfortran tests ===
Running target unix
=== gfortran Summary ===
# of expected passes 44528
# of expected failures 46
# of unsupported tests 416
/mnt/gnu/gcc/objdir-test/gcc/testsuite/gfortran/../../gfortran version 4.9.2 20141005 (prerelease) [gcc-4_9-branch revision 215901] (GCC)
=== obj-c++ tests ===
Running target unix
=== obj-c++ Summary ===
# of expected passes 1441
# of expected failures 10
# of unsupported tests 86
/mnt/gnu/gcc/objdir-test/gcc/testsuite/obj-c++/../../xg++ version 4.9.2 20141005 (prerelease) [gcc-4_9-branch revision 215901] (GCC)
=== objc tests ===
Running target unix
=== objc Summary ===
# of expected passes 2992
# of unsupported tests 75
/mnt/gnu/gcc/objdir-test/gcc/xgcc version 4.9.2 20141005 (prerelease) [gcc-4_9-branch revision 215901] (GCC)
=== libatomic tests ===
Running target unix
=== libatomic Summary ===
# of expected passes 44
# of unsupported tests 5
=== libgomp tests ===
Running target unix
=== libgomp Summary ===
# of expected passes 3178
# of unsupported tests 45
=== libstdc++ tests ===
Running target unix
=== libstdc++ Summary ===
# of expected passes 8261
# of expected failures 41
# of unsupported tests 937
Compiler version: 4.9.2 20141005 (prerelease) [gcc-4_9-branch revision 215901] (GCC)
Platform: hppa64-hp-hpux11.11
configure flags:Test Run By dave on Mon Oct 6 13:56:30 2014
More information about the Gcc-testresults
mailing list