Results for 5.0.0 20141003 (experimental) [trunk revision 215840] (GCC) testsuite on x86_64-pc-solaris2.11
Rainer Orth
ro@CeBiTec.Uni-Bielefeld.DE
Sat Oct 4 13:33:00 GMT 2014
LAST_UPDATED: Fri Oct 3 09:57:56 UTC 2014 (revision 215840)
Native configuration is x86_64-pc-solaris2.11
=== boehm-gc tests ===
Running target unix/-m32
=== boehm-gc Summary for unix/-m32 ===
# of expected passes 12
# of unsupported tests 1
Running target unix
=== boehm-gc Summary for unix ===
# of expected passes 12
# of unsupported tests 1
=== boehm-gc Summary ===
# of expected passes 24
# of unsupported tests 2
=== libatomic tests ===
Running target unix/-m32
=== libatomic Summary for unix/-m32 ===
# of expected passes 44
# of unsupported tests 5
Running target unix
=== libatomic Summary for unix ===
# of expected passes 54
=== libatomic Summary ===
# of expected passes 98
# of unsupported tests 5
=== libffi tests ===
Running target unix/-m32
=== libffi Summary for unix/-m32 ===
# of expected passes 1819
# of unsupported tests 55
Running target unix
=== libffi Summary for unix ===
# of expected passes 1819
# of unsupported tests 55
=== libffi Summary ===
# of expected passes 3638
# of unsupported tests 110
=== libgo tests ===
Running target unix
=== libgo Summary for unix ===
# of expected passes 123
Running target unix/-m32
FAIL: net
FAIL: runtime
FAIL: log/syslog
FAIL: net/http
FAIL: sync/atomic
=== libgo Summary for unix/-m32 ===
# of expected passes 118
# of unexpected failures 5
=== libgo Summary ===
# of expected passes 241
# of unexpected failures 5
/var/gcc/regression/trunk/11-gcc-64/build/./gcc/gccgo version 5.0.0 20141003 (experimental) [trunk revision 215840] (GCC)
=== libgomp tests ===
Running target unix/-m32
=== libgomp Summary for unix/-m32 ===
# of expected passes 3275
# of unsupported tests 22
Running target unix
=== libgomp Summary for unix ===
# of expected passes 3275
# of unsupported tests 22
=== libgomp Summary ===
# of expected passes 6550
# of unsupported tests 44
=== libitm tests ===
Running target unix/-m32
=== libitm Summary for unix/-m32 ===
# of expected passes 26
# of expected failures 3
# of unsupported tests 1
Running target unix
=== libitm Summary for unix ===
# of expected passes 26
# of expected failures 3
# of unsupported tests 1
=== libitm Summary ===
# of expected passes 52
# of expected failures 6
# of unsupported tests 2
=== libjava tests ===
Running target unix/-m32
=== libjava Summary for unix/-m32 ===
# of expected passes 2582
# of expected failures 4
Running target unix
=== libjava Summary for unix ===
# of expected passes 2582
# of expected failures 4
=== libjava Summary ===
# of expected passes 5164
# of expected failures 8
=== libstdc++ tests ===
Running target unix
=== libstdc++ Summary for unix ===
# of expected passes 9154
# of expected failures 69
# of unsupported tests 624
Running target unix/-m32
=== libstdc++ Summary for unix/-m32 ===
# of expected passes 9154
# of expected failures 69
# of unsupported tests 624
=== libstdc++ Summary ===
# of expected passes 18308
# of expected failures 138
# of unsupported tests 1248
=== acats tests ===
=== acats Summary ===
# of expected passes 2320
# of unexpected failures 0
=== g++ tests ===
Running target unix
UNRESOLVED: g++.dg/lto/pr63270 cp_lto_pr63270_0.o-cp_lto_pr63270_1.o execute -flto -O2 -Wno-odr
FAIL: g++.dg/lto/pr63270 cp_lto_pr63270_0.o-cp_lto_pr63270_1.o link, -flto -O2 -Wno-odr
FAIL: g++.dg/torture/pr46367.C -O1 (internal compiler error)
FAIL: g++.dg/torture/pr46367.C -O1 (test for excess errors)
FAIL: g++.dg/torture/pr46367.C -Os (internal compiler error)
FAIL: g++.dg/torture/pr46367.C -Os (test for excess errors)
UNRESOLVED: g++.dg/tree-prof/pr35545.C scan-ipa-dump-not optimized "OBJ_TYPE_REF"
=== g++ Summary for unix ===
# of expected passes 83314
# of unexpected failures 5
# of expected failures 266
# of unresolved testcases 2
# of unsupported tests 3237
Running target unix/-m32
FAIL: g++.dg/cilk-plus/CK/catch_exc.cc -O1 -fcilkplus execution test
FAIL: g++.dg/cilk-plus/CK/catch_exc.cc -O3 -fcilkplus execution test
FAIL: g++.dg/cilk-plus/CK/catch_exc.cc -g -O2 -fcilkplus execution test
FAIL: g++.dg/cilk-plus/CK/catch_exc.cc -g -fcilkplus execution test
FAIL: g++.dg/opt/pr59470.C -std=gnu++11 (test for excess errors)
WARNING: g++.dg/opt/pr59470.C -std=gnu++11 compilation failed to produce executable
FAIL: g++.dg/opt/pr59470.C -std=gnu++1y (test for excess errors)
WARNING: g++.dg/opt/pr59470.C -std=gnu++1y compilation failed to produce executable
FAIL: g++.dg/opt/pr59470.C -std=gnu++98 (test for excess errors)
WARNING: g++.dg/opt/pr59470.C -std=gnu++98 compilation failed to produce executable
UNRESOLVED: g++.dg/lto/pr63270 cp_lto_pr63270_0.o-cp_lto_pr63270_1.o execute -flto -O2 -Wno-odr
FAIL: g++.dg/lto/pr63270 cp_lto_pr63270_0.o-cp_lto_pr63270_1.o link, -flto -O2 -Wno-odr
FAIL: g++.dg/torture/pr46367.C -O1 (internal compiler error)
FAIL: g++.dg/torture/pr46367.C -O1 (test for excess errors)
FAIL: g++.dg/torture/pr46367.C -Os (internal compiler error)
FAIL: g++.dg/torture/pr46367.C -Os (test for excess errors)
UNRESOLVED: g++.dg/tree-prof/pr35545.C scan-ipa-dump-not optimized "OBJ_TYPE_REF"
=== g++ Summary for unix/-m32 ===
# of expected passes 81978
# of unexpected failures 12
# of expected failures 266
# of unresolved testcases 2
# of unsupported tests 2974
=== g++ Summary ===
# of expected passes 165292
# of unexpected failures 17
# of expected failures 532
# of unresolved testcases 4
# of unsupported tests 6211
/var/gcc/regression/trunk/11-gcc-64/build/gcc/testsuite/g++/../../xg++ version 5.0.0 20141003 (experimental) [trunk revision 215840] (GCC)
=== gcc tests ===
Running target unix
FAIL: gcc.dg/unroll_1.c (test for warnings, line 14)
FAIL: gcc.dg/unroll_1.c (test for warnings, line 24)
FAIL: gcc.dg/graphite/vect-pr43423.c scan-tree-dump-times vect "vectorized 2 loops" 1
FAIL: gcc.target/i386/pr58218.c (test for excess errors)
FAIL: gcc.target/i386/pr61599-1.c (test for excess errors)
WARNING: gcc.target/i386/pr61599-1.c compilation failed to produce executable
=== gcc Summary for unix ===
# of expected passes 100840
# of unexpected failures 5
# of expected failures 252
# of unsupported tests 1888
Running target unix/-m32
FAIL: gcc.dg/combine_ashiftrt_1.c scan-rtl-dump combine "\\\\(neg:DI \\\\(ge:DI"
FAIL: gcc.dg/unroll_1.c (test for warnings, line 14)
FAIL: gcc.dg/unroll_1.c (test for warnings, line 24)
FAIL: gcc.dg/graphite/vect-pr43423.c scan-tree-dump-times vect "vectorized 2 loops" 1
FAIL: gcc.target/i386/pr49095.c scan-assembler-not test[lq]
=== gcc Summary for unix/-m32 ===
# of expected passes 100247
# of unexpected failures 5
# of expected failures 250
# of unsupported tests 1656
=== gcc Summary ===
# of expected passes 201087
# of unexpected failures 10
# of expected failures 502
# of unsupported tests 3544
/var/gcc/regression/trunk/11-gcc-64/build/gcc/xgcc version 5.0.0 20141003 (experimental) [trunk revision 215840] (GCC)
=== gfortran tests ===
Running target unix
FAIL: gfortran.dg/typebound_operator_3.f03 -O1 execution test
FAIL: gfortran.dg/graphite/pr42393.f90 -O (test for excess errors)
WARNING: program timed out.
=== gfortran Summary for unix ===
# of expected passes 46751
# of unexpected failures 2
# of expected failures 52
# of unsupported tests 75
Running target unix/-m32
FAIL: gfortran.dg/graphite/pr42393.f90 -O (test for excess errors)
WARNING: program timed out.
=== gfortran Summary for unix/-m32 ===
# of expected passes 46465
# of unexpected failures 1
# of expected failures 52
# of unsupported tests 213
=== gfortran Summary ===
# of expected passes 93216
# of unexpected failures 3
# of expected failures 104
# of unsupported tests 288
/var/gcc/regression/trunk/11-gcc-64/build/gcc/testsuite/gfortran/../../gfortran version 5.0.0 20141003 (experimental) [trunk revision 215840] (GCC)
=== gnat tests ===
Running target unix/-m32
FAIL: gnat.dg/weak2.adb (test for excess errors)
=== gnat Summary for unix/-m32 ===
# of expected passes 1249
# of unexpected failures 1
# of expected failures 18
# of unsupported tests 7
Running target unix
FAIL: gnat.dg/weak2.adb (test for excess errors)
=== gnat Summary for unix ===
# of expected passes 1249
# of unexpected failures 1
# of expected failures 18
# of unsupported tests 7
=== gnat Summary ===
# of expected passes 2498
# of unexpected failures 2
# of expected failures 36
# of unsupported tests 14
/var/gcc/regression/trunk/11-gcc-64/build/gcc/gnatmake version 5.0.0 20141003 (experimental) [trunk revision 215840]
=== go tests ===
Running target unix
=== go Summary for unix ===
# of expected passes 7249
# of expected failures 1
# of untested testcases 9
# of unsupported tests 1
Running target unix/-m32
=== go Summary for unix/-m32 ===
# of expected passes 7368
# of expected failures 1
# of untested testcases 9
# of unsupported tests 2
=== go Summary ===
# of expected passes 14617
# of expected failures 2
# of untested testcases 18
# of unsupported tests 3
=== obj-c++ tests ===
Running target unix/-m32
=== obj-c++ Summary for unix/-m32 ===
# of expected passes 1447
# of expected failures 2
# of unsupported tests 86
Running target unix
=== obj-c++ Summary for unix ===
# of expected passes 1439
# of expected failures 10
# of unsupported tests 86
=== obj-c++ Summary ===
# of expected passes 2886
# of expected failures 12
# of unsupported tests 172
/var/gcc/regression/trunk/11-gcc-64/build/gcc/testsuite/obj-c++/../../xg++ version 5.0.0 20141003 (experimental) [trunk revision 215840] (GCC)
=== objc tests ===
Running target unix
=== objc Summary for unix ===
# of expected passes 3004
# of expected failures 6
# of unsupported tests 74
Running target unix/-m32
=== objc Summary for unix/-m32 ===
# of expected passes 3004
# of expected failures 6
# of unsupported tests 74
=== objc Summary ===
# of expected passes 6008
# of expected failures 12
# of unsupported tests 148
/var/gcc/regression/trunk/11-gcc-64/build/gcc/xgcc version 5.0.0 20141003 (experimental) [trunk revision 215840] (GCC)
Compiler version: 5.0.0 20141003 (experimental) [trunk revision 215840] (GCC)
Platform: x86_64-pc-solaris2.11
configure flags: --prefix=/vol/gcc --target=amd64-pc-solaris2.11 --enable-objc-gc --enable-libmudflap --with-gmp-include=/vol/gcc/include --with-gmp-lib=/vol/gcc/lib/amd64 --with-mpfr-include=/vol/gcc/include --with-mpfr-lib=/vol/gcc/lib/amd64 --with-mpc-include=/vol/gcc/include --with-mpc-lib=/vol/gcc/lib/amd64 --enable-languages=all,ada,obj-c++,go --with-isl-include=/vol/gcc/include --with-isl-lib=/vol/gcc/lib/amd64 --with-cloog-include=/vol/gcc/include --with-cloog-lib=/vol/gcc/lib/amd64 --enable-cloog-backend=isl --build=amd64-pc-solaris2.11 --host=amd64-pc-solaris2.11
BOOT_CFLAGS=-g -O2
More information about the Gcc-testresults
mailing list