FW: Results for 5.0.0 20141002 (experimental) (GCC) testsuite on x86_64-unknown-linux-gnu
Pinski, Andrew
Andrew.Pinski@caviumnetworks.com
Thu Oct 2 18:00:00 GMT 2014
________________________________________
From: jenkins@blackduck.caveonetworks.com
Sent: Thursday, October 02, 2014 11:00:03 AM (UTC-08:00) Pacific Time (US & Canada)
To: apinski@cavium.com
Subject: Results for 5.0.0 20141002 (experimental) (GCC) testsuite on x86_64-unknown-linux-gnu
Native configuration is x86_64-unknown-linux-gnu
=== gcc tests ===
Running target unix//-m32
FAIL: gcc.dg/combine_ashiftrt_1.c scan-rtl-dump combine "\\\\(neg:DI \\\\(ge:DI"
FAIL: gcc.dg/torture/tls/run-ld.c -O1 -pie -fpie execution test
FAIL: gcc.dg/torture/tls/run-ld.c -O2 -pie -fpie execution test
FAIL: gcc.dg/torture/tls/run-ld.c -O3 -fomit-frame-pointer -pie -fpie execution test
FAIL: gcc.dg/torture/tls/run-ld.c -O3 -g -pie -fpie execution test
FAIL: gcc.dg/torture/tls/run-ld.c -Os -pie -fpie execution test
FAIL: gcc.dg/torture/tls/run-ld.c -O1 -pie -fPIE execution test
FAIL: gcc.dg/torture/tls/run-ld.c -O2 -pie -fPIE execution test
FAIL: gcc.dg/torture/tls/run-ld.c -O3 -fomit-frame-pointer -pie -fPIE execution test
FAIL: gcc.dg/torture/tls/run-ld.c -O3 -g -pie -fPIE execution test
FAIL: gcc.dg/torture/tls/run-ld.c -Os -pie -fPIE execution test
FAIL: gcc.target/i386/pr49095.c scan-assembler-not test[lq]
=== gcc Summary for unix//-m32 ===
# of expected passes 103678
# of unexpected failures 12
# of expected failures 245
# of unsupported tests 1901
Running target unix//-m64
FAIL: gcc.target/i386/pr56114.c (test for excess errors)
FAIL: gcc.target/i386/pr57003.c execution test
=== gcc Summary for unix//-m64 ===
# of expected passes 104441
# of unexpected failures 2
# of expected failures 247
# of unsupported tests 2120
=== gcc Summary ===
# of expected passes 208119
# of unexpected failures 14
# of expected failures 492
# of unsupported tests 4021
/var/lib/jenkins/workspace/GCCupstream/objdir/gcc/xgcc version 5.0.0 20141002 (experimental) (GCC)
=== gfortran tests ===
Running target unix//-m32
=== gfortran Summary for unix//-m32 ===
# of expected passes 46354
# of expected failures 38
# of unsupported tests 221
Running target unix//-m64
FAIL: gfortran.dg/typebound_operator_3.f03 -O1 execution test
=== gfortran Summary for unix//-m64 ===
# of expected passes 46642
# of unexpected failures 1
# of expected failures 38
# of unsupported tests 81
=== gfortran Summary ===
# of expected passes 92996
# of unexpected failures 1
# of expected failures 76
# of unsupported tests 302
/var/lib/jenkins/workspace/GCCupstream/objdir/gcc/testsuite/gfortran/../../gfortran version 5.0.0 20141002 (experimental) (GCC)
=== g++ tests ===
Running target unix//-m32
FAIL: g++.dg/cpp1y/feat-cxx98-neg.C -std=gnu++98 (test for errors, line 5)
FAIL: g++.dg/other/anon5.C -std=gnu++11 (test for excess errors)
FAIL: g++.dg/other/anon5.C -std=gnu++1y (test for excess errors)
FAIL: g++.dg/other/anon5.C -std=gnu++98 (test for excess errors)
FAIL: g++.dg/other/pr59492.C -std=gnu++11 (test for excess errors)
FAIL: g++.dg/other/pr59492.C -std=gnu++1y (test for excess errors)
FAIL: g++.dg/other/pr59492.C -std=gnu++98 (test for excess errors)
UNRESOLVED: g++.dg/lto/pr63270 cp_lto_pr63270_0.o-cp_lto_pr63270_1.o execute -flto -O2 -Wno-odr
FAIL: g++.dg/lto/pr63270 cp_lto_pr63270_0.o-cp_lto_pr63270_1.o link, -flto -O2 -Wno-odr
UNRESOLVED: g++.dg/tree-prof/pr35545.C scan-ipa-dump-not optimized "OBJ_TYPE_REF"
=== g++ Summary for unix//-m32 ===
# of expected passes 87440
# of unexpected failures 8
# of expected failures 260
# of unresolved testcases 2
# of unsupported tests 2939
Running target unix//-m64
FAIL: g++.dg/cpp1y/feat-cxx98-neg.C -std=gnu++98 (test for errors, line 5)
FAIL: g++.dg/other/anon5.C -std=gnu++11 (test for excess errors)
FAIL: g++.dg/other/anon5.C -std=gnu++1y (test for excess errors)
FAIL: g++.dg/other/anon5.C -std=gnu++98 (test for excess errors)
UNRESOLVED: g++.dg/lto/pr63270 cp_lto_pr63270_0.o-cp_lto_pr63270_1.o execute -flto -O2 -Wno-odr
FAIL: g++.dg/lto/pr63270 cp_lto_pr63270_0.o-cp_lto_pr63270_1.o link, -flto -O2 -Wno-odr
UNRESOLVED: g++.dg/tree-prof/pr35545.C scan-ipa-dump-not optimized "OBJ_TYPE_REF"
=== g++ Summary for unix//-m64 ===
# of expected passes 88986
# of unexpected failures 5
# of expected failures 260
# of unresolved testcases 2
# of unsupported tests 3186
=== g++ Summary ===
# of expected passes 176426
# of unexpected failures 13
# of expected failures 520
# of unresolved testcases 4
# of unsupported tests 6125
/var/lib/jenkins/workspace/GCCupstream/objdir/gcc/testsuite/g++/../../xg++ version 5.0.0 20141002 (experimental) (GCC)
=== objc tests ===
Running target unix//-m32
=== objc Summary for unix//-m32 ===
# of expected passes 3004
# of expected failures 6
# of unsupported tests 74
Running target unix//-m64
=== objc Summary for unix//-m64 ===
# of expected passes 3004
# of expected failures 6
# of unsupported tests 74
=== objc Summary ===
# of expected passes 6008
# of expected failures 12
# of unsupported tests 148
/var/lib/jenkins/workspace/GCCupstream/objdir/gcc/xgcc version 5.0.0 20141002 (experimental) (GCC)
=== boehm-gc tests ===
Running target unix//-m32
=== boehm-gc Summary for unix//-m32 ===
# of expected passes 12
# of unsupported tests 1
Running target unix//-m64
=== boehm-gc Summary for unix//-m64 ===
# of expected passes 12
# of unsupported tests 1
=== boehm-gc Summary ===
# of expected passes 24
# of unsupported tests 2
=== libatomic tests ===
Running target unix//-m32
=== libatomic Summary for unix//-m32 ===
# of expected passes 44
# of unsupported tests 5
Running target unix//-m64
=== libatomic Summary for unix//-m64 ===
# of expected passes 54
=== libatomic Summary ===
# of expected passes 98
# of unsupported tests 5
=== libffi tests ===
Running target unix//-m32
=== libffi Summary for unix//-m32 ===
# of expected passes 1819
# of unsupported tests 55
Running target unix//-m64
=== libffi Summary for unix//-m64 ===
# of expected passes 1819
# of unsupported tests 55
=== libffi Summary ===
# of expected passes 3638
# of unsupported tests 110
=== libgomp tests ===
Running target unix//-m32
=== libgomp Summary for unix//-m32 ===
# of expected passes 3198
# of unsupported tests 35
Running target unix//-m64
=== libgomp Summary for unix//-m64 ===
# of expected passes 3198
# of unsupported tests 35
=== libgomp Summary ===
# of expected passes 6396
# of unsupported tests 70
=== libitm tests ===
Running target unix//-m32
=== libitm Summary for unix//-m32 ===
# of expected passes 26
# of expected failures 3
# of unsupported tests 1
Running target unix//-m64
=== libitm Summary for unix//-m64 ===
# of expected passes 26
# of expected failures 3
# of unsupported tests 1
=== libitm Summary ===
# of expected passes 52
# of expected failures 6
# of unsupported tests 2
=== libjava tests ===
Running target unix//-m32
=== libjava Summary for unix//-m32 ===
# of expected passes 2582
# of expected failures 4
Running target unix//-m64
=== libjava Summary for unix//-m64 ===
# of expected passes 2582
# of expected failures 4
=== libjava Summary ===
# of expected passes 5164
# of expected failures 8
=== libstdc++ tests ===
Running target unix//-m32
FAIL: 20_util/declval/requirements/1_neg.cc (test for errors, line 2088)
FAIL: 20_util/declval/requirements/1_neg.cc (test for excess errors)
FAIL: 20_util/duration/literals/range.cc (test for errors, line 799)
FAIL: 20_util/duration/literals/range.cc (test for excess errors)
FAIL: 20_util/duration/requirements/typedefs_neg1.cc (test for errors, line 249)
FAIL: 20_util/duration/requirements/typedefs_neg1.cc (test for excess errors)
FAIL: 20_util/duration/requirements/typedefs_neg2.cc (test for errors, line 250)
FAIL: 20_util/duration/requirements/typedefs_neg2.cc (test for excess errors)
FAIL: 20_util/duration/requirements/typedefs_neg3.cc (test for errors, line 252)
FAIL: 20_util/duration/requirements/typedefs_neg3.cc (test for excess errors)
FAIL: 20_util/make_signed/requirements/typedefs_neg.cc (test for errors, line 1717)
FAIL: 20_util/make_signed/requirements/typedefs_neg.cc (test for errors, line 1753)
FAIL: 20_util/make_signed/requirements/typedefs_neg.cc (test for excess errors)
FAIL: 20_util/make_unsigned/requirements/typedefs_neg.cc (test for errors, line 1620)
FAIL: 20_util/make_unsigned/requirements/typedefs_neg.cc (test for errors, line 1656)
FAIL: 20_util/make_unsigned/requirements/typedefs_neg.cc (test for excess errors)
FAIL: 23_containers/array/tuple_interface/get_neg.cc (test for errors, line 277)
FAIL: 23_containers/array/tuple_interface/get_neg.cc (test for errors, line 286)
FAIL: 23_containers/array/tuple_interface/get_neg.cc (test for errors, line 294)
FAIL: 23_containers/array/tuple_interface/get_neg.cc (test for excess errors)
FAIL: 23_containers/array/tuple_interface/tuple_element_neg.cc (test for errors, line 325)
FAIL: 23_containers/array/tuple_interface/tuple_element_neg.cc (test for excess errors)
=== libstdc++ Summary for unix//-m32 ===
# of expected passes 9461
# of unexpected failures 22
# of expected failures 69
# of unsupported tests 536
Running target unix//-m64
FAIL: 20_util/declval/requirements/1_neg.cc (test for errors, line 2088)
FAIL: 20_util/declval/requirements/1_neg.cc (test for excess errors)
FAIL: 20_util/duration/literals/range.cc (test for errors, line 799)
FAIL: 20_util/duration/literals/range.cc (test for excess errors)
FAIL: 20_util/duration/requirements/typedefs_neg1.cc (test for errors, line 249)
FAIL: 20_util/duration/requirements/typedefs_neg1.cc (test for excess errors)
FAIL: 20_util/duration/requirements/typedefs_neg2.cc (test for errors, line 250)
FAIL: 20_util/duration/requirements/typedefs_neg2.cc (test for excess errors)
FAIL: 20_util/duration/requirements/typedefs_neg3.cc (test for errors, line 252)
FAIL: 20_util/duration/requirements/typedefs_neg3.cc (test for excess errors)
FAIL: 20_util/make_signed/requirements/typedefs_neg.cc (test for errors, line 1717)
FAIL: 20_util/make_signed/requirements/typedefs_neg.cc (test for errors, line 1753)
FAIL: 20_util/make_signed/requirements/typedefs_neg.cc (test for excess errors)
FAIL: 20_util/make_unsigned/requirements/typedefs_neg.cc (test for errors, line 1620)
FAIL: 20_util/make_unsigned/requirements/typedefs_neg.cc (test for errors, line 1656)
FAIL: 20_util/make_unsigned/requirements/typedefs_neg.cc (test for excess errors)
FAIL: 23_containers/array/tuple_interface/get_neg.cc (test for errors, line 277)
FAIL: 23_containers/array/tuple_interface/get_neg.cc (test for errors, line 286)
FAIL: 23_containers/array/tuple_interface/get_neg.cc (test for errors, line 294)
FAIL: 23_containers/array/tuple_interface/get_neg.cc (test for excess errors)
FAIL: 23_containers/array/tuple_interface/tuple_element_neg.cc (test for errors, line 325)
FAIL: 23_containers/array/tuple_interface/tuple_element_neg.cc (test for excess errors)
=== libstdc++ Summary for unix//-m64 ===
# of expected passes 9453
# of unexpected failures 22
# of expected failures 69
# of unsupported tests 540
=== libstdc++ Summary ===
# of expected passes 18914
# of unexpected failures 44
# of expected failures 138
# of unsupported tests 1076
Compiler version: 5.0.0 20141002 (experimental) (GCC)
Platform: x86_64-unknown-linux-gnu
configure flags: --prefix=/var/lib/jenkins/workspace/GCCupstream/objdir/install
More information about the Gcc-testresults
mailing list