FW: Results for 5.0.0 20141127 (experimental) (GCC) testsuite on x86_64-unknown-linux-gnu
Pinski, Andrew
Andrew.Pinski@caviumnetworks.com
Fri Nov 28 08:43:00 GMT 2014
________________________________________
From: jenkins@blackduck.caveonetworks.com
Sent: Friday, November 28, 2014 12:26:29 AM (UTC-08:00) Pacific Time (US & Canada)
To: apinski@cavium.com
Subject: Results for 5.0.0 20141127 (experimental) (GCC) testsuite on x86_64-unknown-linux-gnu
Native configuration is x86_64-unknown-linux-gnu
=== gcc tests ===
Running target unix//-m32
FAIL: gcc.dg/undefined-loop-2.c (test for warnings, line 18)
FAIL: gcc.dg/torture/fp-int-convert-float128-timode.c -O0 execution test
FAIL: gcc.dg/torture/fp-int-convert-float128-timode.c -O1 execution test
FAIL: gcc.dg/torture/fp-int-convert-float128-timode.c -O2 execution test
FAIL: gcc.dg/torture/fp-int-convert-float128-timode.c -O2 -flto execution test
FAIL: gcc.dg/torture/fp-int-convert-float128-timode.c -O2 -flto -flto-partition=none execution test
FAIL: gcc.dg/torture/fp-int-convert-float128-timode.c -O3 -fomit-frame-pointer execution test
FAIL: gcc.dg/torture/fp-int-convert-float128-timode.c -O3 -g execution test
FAIL: gcc.dg/torture/fp-int-convert-float128-timode.c -Os execution test
FAIL: gcc.dg/torture/fp-int-convert-float128.c -O0 execution test
FAIL: gcc.dg/torture/fp-int-convert-float128.c -O1 execution test
FAIL: gcc.dg/torture/fp-int-convert-float128.c -O2 execution test
FAIL: gcc.dg/torture/fp-int-convert-float128.c -O2 -flto execution test
FAIL: gcc.dg/torture/fp-int-convert-float128.c -O2 -flto -flto-partition=none execution test
FAIL: gcc.dg/torture/fp-int-convert-float128.c -O3 -fomit-frame-pointer execution test
FAIL: gcc.dg/torture/fp-int-convert-float128.c -O3 -g execution test
FAIL: gcc.dg/torture/fp-int-convert-float128.c -Os execution test
FAIL: gcc.dg/torture/tls/run-ld.c -O1 -pie -fPIE execution test
FAIL: gcc.dg/torture/tls/run-ld.c -O1 -pie -fpie execution test
FAIL: gcc.dg/torture/tls/run-ld.c -O2 -pie -fPIE execution test
FAIL: gcc.dg/torture/tls/run-ld.c -O2 -pie -fpie execution test
FAIL: gcc.dg/torture/tls/run-ld.c -O3 -fomit-frame-pointer -pie -fPIE execution test
FAIL: gcc.dg/torture/tls/run-ld.c -O3 -fomit-frame-pointer -pie -fpie execution test
FAIL: gcc.dg/torture/tls/run-ld.c -O3 -g -pie -fPIE execution test
FAIL: gcc.dg/torture/tls/run-ld.c -O3 -g -pie -fpie execution test
FAIL: gcc.dg/torture/tls/run-ld.c -Os -pie -fPIE execution test
FAIL: gcc.dg/torture/tls/run-ld.c -Os -pie -fpie execution test
UNRESOLVED: gcc.dg/tree-prof/peel-1.c scan-rtl-dump loop2_unroll "Considering simply peeling loop"
FAIL: gcc.target/i386/pr49095.c scan-assembler-not test[lq]
=== gcc Summary for unix//-m32 ===
# of expected passes 108444
# of unexpected failures 28
# of expected failures 252
# of unresolved testcases 1
# of unsupported tests 2685
Running target unix//-m64
FAIL: gcc.dg/undefined-loop-2.c (test for warnings, line 18)
UNRESOLVED: gcc.dg/tree-prof/peel-1.c scan-rtl-dump loop2_unroll "Considering simply peeling loop"
FAIL: gcc.target/i386/pr56114.c (test for excess errors)
=== gcc Summary for unix//-m64 ===
# of expected passes 109458
# of unexpected failures 2
# of expected failures 254
# of unresolved testcases 1
# of unsupported tests 2905
=== gcc Summary ===
# of expected passes 217902
# of unexpected failures 30
# of expected failures 506
# of unresolved testcases 2
# of unsupported tests 5590
/var/lib/jenkins/workspace/GCCupstream/objdir/gcc/xgcc version 5.0.0 20141127 (experimental) (GCC)
=== gfortran tests ===
Running target unix//-m32
FAIL: gfortran.dg/erf_3.F90 -O0 execution test
FAIL: gfortran.dg/erf_3.F90 -O1 execution test
FAIL: gfortran.dg/erf_3.F90 -O2 execution test
FAIL: gfortran.dg/erf_3.F90 -O3 -fomit-frame-pointer execution test
FAIL: gfortran.dg/erf_3.F90 -O3 -fomit-frame-pointer -funroll-all-loops -finline-functions execution test
FAIL: gfortran.dg/erf_3.F90 -O3 -fomit-frame-pointer -funroll-loops execution test
FAIL: gfortran.dg/erf_3.F90 -O3 -g execution test
FAIL: gfortran.dg/erf_3.F90 -Os execution test
=== gfortran Summary for unix//-m32 ===
# of expected passes 46454
# of unexpected failures 8
# of expected failures 47
# of unsupported tests 221
Running target unix//-m64
=== gfortran Summary for unix//-m64 ===
# of expected passes 46751
# of expected failures 47
# of unsupported tests 81
=== gfortran Summary ===
# of expected passes 93205
# of unexpected failures 8
# of expected failures 94
# of unsupported tests 302
/var/lib/jenkins/workspace/GCCupstream/objdir/gcc/testsuite/gfortran/../../gfortran version 5.0.0 20141127 (experimental) (GCC)
=== g++ tests ===
Running target unix//-m32
FAIL: g++.dg/other/anon5.C -std=gnu++11 (test for excess errors)
FAIL: g++.dg/other/anon5.C -std=gnu++14 (test for excess errors)
FAIL: g++.dg/other/anon5.C -std=gnu++98 (test for excess errors)
FAIL: g++.dg/other/pr59492.C -std=gnu++11 (test for excess errors)
FAIL: g++.dg/other/pr59492.C -std=gnu++14 (test for excess errors)
FAIL: g++.dg/other/pr59492.C -std=gnu++98 (test for excess errors)
=== g++ Summary for unix//-m32 ===
# of expected passes 88980
# of unexpected failures 6
# of expected failures 246
# of unsupported tests 3190
Running target unix//-m64
FAIL: g++.dg/other/anon5.C -std=gnu++11 (test for excess errors)
FAIL: g++.dg/other/anon5.C -std=gnu++14 (test for excess errors)
FAIL: g++.dg/other/anon5.C -std=gnu++98 (test for excess errors)
=== g++ Summary for unix//-m64 ===
# of expected passes 90503
# of unexpected failures 3
# of expected failures 246
# of unsupported tests 3450
=== g++ Summary ===
# of expected passes 179483
# of unexpected failures 9
# of expected failures 492
# of unsupported tests 6640
/var/lib/jenkins/workspace/GCCupstream/objdir/gcc/testsuite/g++/../../xg++ version 5.0.0 20141127 (experimental) (GCC)
=== objc tests ===
Running target unix//-m32
=== objc Summary for unix//-m32 ===
# of expected passes 3004
# of expected failures 6
# of unsupported tests 74
Running target unix//-m64
=== objc Summary for unix//-m64 ===
# of expected passes 3004
# of expected failures 6
# of unsupported tests 74
=== objc Summary ===
# of expected passes 6008
# of expected failures 12
# of unsupported tests 148
/var/lib/jenkins/workspace/GCCupstream/objdir/gcc/xgcc version 5.0.0 20141127 (experimental) (GCC)
=== boehm-gc tests ===
Running target unix//-m32
=== boehm-gc Summary for unix//-m32 ===
# of expected passes 12
# of unsupported tests 1
Running target unix//-m64
=== boehm-gc Summary for unix//-m64 ===
# of expected passes 12
# of unsupported tests 1
=== boehm-gc Summary ===
# of expected passes 24
# of unsupported tests 2
=== libatomic tests ===
Running target unix//-m32
=== libatomic Summary for unix//-m32 ===
# of expected passes 44
# of unsupported tests 5
Running target unix//-m64
=== libatomic Summary for unix//-m64 ===
# of expected passes 54
=== libatomic Summary ===
# of expected passes 98
# of unsupported tests 5
=== libffi tests ===
Running target unix//-m32
=== libffi Summary for unix//-m32 ===
# of expected passes 1819
# of unsupported tests 55
Running target unix//-m64
=== libffi Summary for unix//-m64 ===
# of expected passes 1819
# of unsupported tests 55
=== libffi Summary ===
# of expected passes 3638
# of unsupported tests 110
=== libgomp tests ===
Running target unix//-m32
=== libgomp Summary for unix//-m32 ===
# of expected passes 3644
# of unsupported tests 108
Running target unix//-m64
=== libgomp Summary for unix//-m64 ===
# of expected passes 3644
# of unsupported tests 108
=== libgomp Summary ===
# of expected passes 7288
# of unsupported tests 216
=== libitm tests ===
Running target unix//-m32
=== libitm Summary for unix//-m32 ===
# of expected passes 26
# of expected failures 3
# of unsupported tests 1
Running target unix//-m64
=== libitm Summary for unix//-m64 ===
# of expected passes 26
# of expected failures 3
# of unsupported tests 1
=== libitm Summary ===
# of expected passes 52
# of expected failures 6
# of unsupported tests 2
=== libjava tests ===
Running target unix//-m32
=== libjava Summary for unix//-m32 ===
# of expected passes 2582
# of expected failures 4
Running target unix//-m64
=== libjava Summary for unix//-m64 ===
# of expected passes 2582
# of expected failures 4
=== libjava Summary ===
# of expected passes 5164
# of expected failures 8
=== libstdc++ tests ===
Running target unix//-m32
=== libstdc++ Summary for unix//-m32 ===
# of expected passes 9594
# of expected failures 68
# of unsupported tests 537
Running target unix//-m64
=== libstdc++ Summary for unix//-m64 ===
# of expected passes 9586
# of expected failures 68
# of unsupported tests 541
=== libstdc++ Summary ===
# of expected passes 19180
# of expected failures 136
# of unsupported tests 1078
Compiler version: 5.0.0 20141127 (experimental) (GCC)
Platform: x86_64-unknown-linux-gnu
configure flags: --prefix=/var/lib/jenkins/workspace/GCCupstream/objdir/install
More information about the Gcc-testresults
mailing list