Results for 4.9.3 20141124 (prerelease) [gcc-4_9-branch revision 218021] (GCC) testsuite on hppa2.0w-hp-hpux11.11
John David Anglin
dave@hiauly3.hia.nrc.ca
Wed Nov 26 20:38:00 GMT 2014
=== acats tests ===
=== acats Summary ===
# of expected passes 2320
# of unexpected failures 0
Native configuration is hppa2.0w-hp-hpux11.11
=== g++ tests ===
Running target unix
WARNING: program timed out.
=== g++ Summary ===
# of expected passes 73688
# of expected failures 446
# of unsupported tests 3524
/mnt/gnu/gcc/objdir-test/gcc/testsuite/g++/../../xg++ version 4.9.3 20141124 (prerelease) [gcc-4_9-branch revision 218021] (GCC)
=== gcc tests ===
Running target unix
FAIL: gcc.dg/atomic/c11-atomic-exec-5.c -O0 execution test
FAIL: gcc.dg/atomic/c11-atomic-exec-5.c -O1 execution test
FAIL: gcc.dg/atomic/c11-atomic-exec-5.c -O2 execution test
FAIL: gcc.dg/atomic/c11-atomic-exec-5.c -O3 -fomit-frame-pointer execution test
FAIL: gcc.dg/atomic/c11-atomic-exec-5.c -O3 -fomit-frame-pointer -funroll-loops execution test
FAIL: gcc.dg/atomic/c11-atomic-exec-5.c -O3 -fomit-frame-pointer -funroll-all-loops -finline-functions execution test
FAIL: gcc.dg/atomic/c11-atomic-exec-5.c -O3 -g execution test
FAIL: gcc.dg/atomic/c11-atomic-exec-5.c -Os execution test
FAIL: gcc.dg/large-size-array-6.c (test for excess errors)
FAIL: gcc.dg/pr61158.c scan-tree-dump original "return 0;"
WARNING: program timed out.
FAIL: gcc.dg/tree-prof/crossmodule-indircall-1a.c compilation, -fprofile-generate -D_PROFILE_GENERATE
UNRESOLVED: gcc.dg/tree-prof/crossmodule-indircall-1a.c execution, -fprofile-generate -D_PROFILE_GENERATE
UNRESOLVED: gcc.dg/tree-prof/crossmodule-indircall-1a.c compilation, -fprofile-use -D_PROFILE_USE
UNRESOLVED: gcc.dg/tree-prof/crossmodule-indircall-1a.c execution, -fprofile-use -D_PROFILE_USE
FAIL: gcc.dg/tree-ssa/pr61144.c (test for excess errors)
UNRESOLVED: gcc.dg/tree-ssa/pr61144.c scan-tree-dump-not optimized "return 0"
=== gcc Summary ===
# of expected passes 69470
# of unexpected failures 12
# of expected failures 121
# of unresolved testcases 4
# of unsupported tests 1656
/mnt/gnu/gcc/objdir-test/gcc/xgcc version 4.9.3 20141124 (prerelease) [gcc-4_9-branch revision 218021] (GCC)
=== gfortran tests ===
Running target unix
=== gfortran Summary ===
# of expected passes 44280
# of expected failures 47
# of unsupported tests 437
/mnt/gnu/gcc/objdir-test/gcc/testsuite/gfortran/../../gfortran version 4.9.3 20141124 (prerelease) [gcc-4_9-branch revision 218021] (GCC)
=== gnat tests ===
Running target unix
=== gnat Summary ===
# of expected passes 1217
# of expected failures 18
# of unsupported tests 14
/mnt/gnu/gcc/objdir-test/gcc/gnatmake version 4.9.3 20141124 (prerelease) [gcc-4_9-branch revision 218021]
=== obj-c++ tests ===
Running target unix
=== obj-c++ Summary ===
# of expected passes 1407
# of expected failures 2
# of unsupported tests 69
/mnt/gnu/gcc/objdir-test/gcc/testsuite/obj-c++/../../xg++ version 4.9.3 20141124 (prerelease) [gcc-4_9-branch revision 218021] (GCC)
=== objc tests ===
Running target unix
=== objc Summary ===
# of expected passes 2912
# of unsupported tests 67
/mnt/gnu/gcc/objdir-test/gcc/xgcc version 4.9.3 20141124 (prerelease) [gcc-4_9-branch revision 218021] (GCC)
=== boehm-gc tests ===
Running target unix
FAIL: boehm-gc.c/gctest.c -O2 (test for excess errors)
FAIL: boehm-gc.c/leak_test.c -O2 (test for excess errors)
FAIL: boehm-gc.c/middle.c -O2 (test for excess errors)
FAIL: boehm-gc.c/thread_leak_test.c -O2 (test for excess errors)
FAIL: boehm-gc.lib/staticrootstest.c -O2 (test for excess errors)
=== boehm-gc Summary ===
# of expected passes 7
# of unexpected failures 5
# of unsupported tests 1
=== libatomic tests ===
Running target unix
=== libatomic Summary ===
# of expected passes 44
# of unsupported tests 5
=== libffi tests ===
Running target unix
=== libffi Summary ===
# of expected passes 1819
# of unsupported tests 55
=== libgomp tests ===
Running target unix
=== libgomp Summary ===
# of expected passes 3178
# of unsupported tests 45
=== libjava tests ===
Running target unix
FAIL: PR15133 output
FAIL: LargeFile execution - source compiled test
FAIL: LargeFile -findirect-dispatch execution - source compiled test
FAIL: LargeFile -O3 execution - source compiled test
FAIL: LargeFile -O3 -findirect-dispatch execution - source compiled test
FAIL: TestProxy -O3 output - source compiled test
=== libjava Summary ===
# of expected passes 2570
# of unexpected failures 6
# of expected failures 4
# of untested testcases 4
=== libstdc++ tests ===
Running target unix
=== libstdc++ Summary ===
# of expected passes 8275
# of expected failures 41
# of unsupported tests 943
Compiler version: 4.9.3 20141124 (prerelease) [gcc-4_9-branch revision 218021] (GCC)
Platform: hppa2.0w-hp-hpux11.11
configure flags:Test Run By dave on Mon Nov 24 18:42:26 EST 2014
More information about the Gcc-testresults
mailing list