Results for 5.0.0 20141121 (experimental) [trunk revision 217915] (GCC) testsuite on sparcv9-sun-solaris2.11
Rainer Orth
ro@CeBiTec.Uni-Bielefeld.DE
Mon Nov 24 20:38:00 GMT 2014
LAST_UPDATED: Fri Nov 21 12:25:06 UTC 2014 (revision 217915)
=== acats tests ===
=== acats Summary ===
# of expected passes 2320
# of unexpected failures 0
Native configuration is sparcv9-sun-solaris2.11
=== g++ tests ===
Running target unix
FAIL: c-c++-common/torture/builtin-arith-overflow-1.c -O0 (internal compiler error)
FAIL: c-c++-common/torture/builtin-arith-overflow-1.c -O0 (test for excess errors)
WARNING: c-c++-common/torture/builtin-arith-overflow-1.c -O0 compilation failed to produce executable
FAIL: c-c++-common/torture/builtin-arith-overflow-1.c -O2 (internal compiler error)
FAIL: c-c++-common/torture/builtin-arith-overflow-1.c -O2 (test for excess errors)
WARNING: c-c++-common/torture/builtin-arith-overflow-1.c -O2 compilation failed to produce executable
FAIL: c-c++-common/torture/builtin-arith-overflow-1.c -O2 -flto (internal compiler error)
FAIL: c-c++-common/torture/builtin-arith-overflow-1.c -O2 -flto (test for excess errors)
WARNING: c-c++-common/torture/builtin-arith-overflow-1.c -O2 -flto compilation failed to produce executable
FAIL: c-c++-common/torture/builtin-arith-overflow-1.c -O2 -flto -flto-partition=none (internal compiler error)
FAIL: c-c++-common/torture/builtin-arith-overflow-1.c -O2 -flto -flto-partition=none (test for excess errors)
WARNING: c-c++-common/torture/builtin-arith-overflow-1.c -O2 -flto -flto-partition=none compilation failed to produce executable
FAIL: c-c++-common/torture/builtin-arith-overflow-13.c -O0 (internal compiler error)
FAIL: c-c++-common/torture/builtin-arith-overflow-13.c -O0 (test for excess errors)
WARNING: c-c++-common/torture/builtin-arith-overflow-13.c -O0 compilation failed to produce executable
FAIL: c-c++-common/torture/builtin-arith-overflow-13.c -O2 (internal compiler error)
FAIL: c-c++-common/torture/builtin-arith-overflow-13.c -O2 (test for excess errors)
WARNING: c-c++-common/torture/builtin-arith-overflow-13.c -O2 compilation failed to produce executable
FAIL: c-c++-common/torture/builtin-arith-overflow-13.c -O2 -flto (internal compiler error)
FAIL: c-c++-common/torture/builtin-arith-overflow-13.c -O2 -flto (test for excess errors)
WARNING: c-c++-common/torture/builtin-arith-overflow-13.c -O2 -flto compilation failed to produce executable
FAIL: c-c++-common/torture/builtin-arith-overflow-13.c -O2 -flto -flto-partition=none (internal compiler error)
FAIL: c-c++-common/torture/builtin-arith-overflow-13.c -O2 -flto -flto-partition=none (test for excess errors)
WARNING: c-c++-common/torture/builtin-arith-overflow-13.c -O2 -flto -flto-partition=none compilation failed to produce executable
FAIL: c-c++-common/torture/builtin-arith-overflow-14.c -O0 (internal compiler error)
FAIL: c-c++-common/torture/builtin-arith-overflow-14.c -O0 (test for excess errors)
WARNING: c-c++-common/torture/builtin-arith-overflow-14.c -O0 compilation failed to produce executable
FAIL: c-c++-common/torture/builtin-arith-overflow-14.c -O2 (internal compiler error)
FAIL: c-c++-common/torture/builtin-arith-overflow-14.c -O2 (test for excess errors)
WARNING: c-c++-common/torture/builtin-arith-overflow-14.c -O2 compilation failed to produce executable
FAIL: c-c++-common/torture/builtin-arith-overflow-14.c -O2 -flto (internal compiler error)
FAIL: c-c++-common/torture/builtin-arith-overflow-14.c -O2 -flto (test for excess errors)
WARNING: c-c++-common/torture/builtin-arith-overflow-14.c -O2 -flto compilation failed to produce executable
FAIL: c-c++-common/torture/builtin-arith-overflow-14.c -O2 -flto -flto-partition=none (internal compiler error)
FAIL: c-c++-common/torture/builtin-arith-overflow-14.c -O2 -flto -flto-partition=none (test for excess errors)
WARNING: c-c++-common/torture/builtin-arith-overflow-14.c -O2 -flto -flto-partition=none compilation failed to produce executable
FAIL: c-c++-common/torture/builtin-arith-overflow-17.c -O0 execution test
FAIL: c-c++-common/torture/builtin-arith-overflow-17.c -O2 execution test
FAIL: c-c++-common/torture/builtin-arith-overflow-17.c -O2 -flto execution test
FAIL: c-c++-common/torture/builtin-arith-overflow-17.c -O2 -flto -flto-partition=none execution test
FAIL: c-c++-common/torture/builtin-arith-overflow-18.c -O0 execution test
FAIL: c-c++-common/torture/builtin-arith-overflow-18.c -O2 execution test
FAIL: c-c++-common/torture/builtin-arith-overflow-18.c -O2 -flto execution test
FAIL: c-c++-common/torture/builtin-arith-overflow-18.c -O2 -flto -flto-partition=none execution test
FAIL: c-c++-common/torture/builtin-arith-overflow-2.c -O0 (internal compiler error)
FAIL: c-c++-common/torture/builtin-arith-overflow-2.c -O0 (test for excess errors)
WARNING: c-c++-common/torture/builtin-arith-overflow-2.c -O0 compilation failed to produce executable
FAIL: c-c++-common/torture/builtin-arith-overflow-2.c -O2 (internal compiler error)
FAIL: c-c++-common/torture/builtin-arith-overflow-2.c -O2 (test for excess errors)
WARNING: c-c++-common/torture/builtin-arith-overflow-2.c -O2 compilation failed to produce executable
FAIL: c-c++-common/torture/builtin-arith-overflow-2.c -O2 -flto (internal compiler error)
FAIL: c-c++-common/torture/builtin-arith-overflow-2.c -O2 -flto (test for excess errors)
WARNING: c-c++-common/torture/builtin-arith-overflow-2.c -O2 -flto compilation failed to produce executable
FAIL: c-c++-common/torture/builtin-arith-overflow-2.c -O2 -flto -flto-partition=none (internal compiler error)
FAIL: c-c++-common/torture/builtin-arith-overflow-2.c -O2 -flto -flto-partition=none (test for excess errors)
WARNING: c-c++-common/torture/builtin-arith-overflow-2.c -O2 -flto -flto-partition=none compilation failed to produce executable
FAIL: c-c++-common/torture/builtin-arith-overflow-3.c -O0 (internal compiler error)
FAIL: c-c++-common/torture/builtin-arith-overflow-3.c -O0 (test for excess errors)
WARNING: c-c++-common/torture/builtin-arith-overflow-3.c -O0 compilation failed to produce executable
FAIL: c-c++-common/torture/builtin-arith-overflow-3.c -O2 (internal compiler error)
FAIL: c-c++-common/torture/builtin-arith-overflow-3.c -O2 (test for excess errors)
WARNING: c-c++-common/torture/builtin-arith-overflow-3.c -O2 compilation failed to produce executable
FAIL: c-c++-common/torture/builtin-arith-overflow-3.c -O2 -flto (internal compiler error)
FAIL: c-c++-common/torture/builtin-arith-overflow-3.c -O2 -flto (test for excess errors)
WARNING: c-c++-common/torture/builtin-arith-overflow-3.c -O2 -flto compilation failed to produce executable
FAIL: c-c++-common/torture/builtin-arith-overflow-3.c -O2 -flto -flto-partition=none (internal compiler error)
FAIL: c-c++-common/torture/builtin-arith-overflow-3.c -O2 -flto -flto-partition=none (test for excess errors)
WARNING: c-c++-common/torture/builtin-arith-overflow-3.c -O2 -flto -flto-partition=none compilation failed to produce executable
FAIL: c-c++-common/torture/builtin-arith-overflow-4.c -O0 (internal compiler error)
FAIL: c-c++-common/torture/builtin-arith-overflow-4.c -O0 (test for excess errors)
WARNING: c-c++-common/torture/builtin-arith-overflow-4.c -O0 compilation failed to produce executable
FAIL: c-c++-common/torture/builtin-arith-overflow-4.c -O2 (internal compiler error)
FAIL: c-c++-common/torture/builtin-arith-overflow-4.c -O2 (test for excess errors)
WARNING: c-c++-common/torture/builtin-arith-overflow-4.c -O2 compilation failed to produce executable
FAIL: c-c++-common/torture/builtin-arith-overflow-4.c -O2 -flto (internal compiler error)
FAIL: c-c++-common/torture/builtin-arith-overflow-4.c -O2 -flto (test for excess errors)
WARNING: c-c++-common/torture/builtin-arith-overflow-4.c -O2 -flto compilation failed to produce executable
FAIL: c-c++-common/torture/builtin-arith-overflow-4.c -O2 -flto -flto-partition=none (internal compiler error)
FAIL: c-c++-common/torture/builtin-arith-overflow-4.c -O2 -flto -flto-partition=none (test for excess errors)
WARNING: c-c++-common/torture/builtin-arith-overflow-4.c -O2 -flto -flto-partition=none compilation failed to produce executable
FAIL: c-c++-common/torture/builtin-arith-overflow-5.c -O0 (internal compiler error)
FAIL: c-c++-common/torture/builtin-arith-overflow-5.c -O0 (test for excess errors)
WARNING: c-c++-common/torture/builtin-arith-overflow-5.c -O0 compilation failed to produce executable
FAIL: c-c++-common/torture/builtin-arith-overflow-5.c -O2 (internal compiler error)
FAIL: c-c++-common/torture/builtin-arith-overflow-5.c -O2 (test for excess errors)
WARNING: c-c++-common/torture/builtin-arith-overflow-5.c -O2 compilation failed to produce executable
FAIL: c-c++-common/torture/builtin-arith-overflow-5.c -O2 -flto (internal compiler error)
FAIL: c-c++-common/torture/builtin-arith-overflow-5.c -O2 -flto (test for excess errors)
WARNING: c-c++-common/torture/builtin-arith-overflow-5.c -O2 -flto compilation failed to produce executable
FAIL: c-c++-common/torture/builtin-arith-overflow-5.c -O2 -flto -flto-partition=none (internal compiler error)
FAIL: c-c++-common/torture/builtin-arith-overflow-5.c -O2 -flto -flto-partition=none (test for excess errors)
WARNING: c-c++-common/torture/builtin-arith-overflow-5.c -O2 -flto -flto-partition=none compilation failed to produce executable
FAIL: c-c++-common/torture/builtin-arith-overflow-6.c -O0 execution test
FAIL: c-c++-common/torture/builtin-arith-overflow-6.c -O2 execution test
FAIL: c-c++-common/torture/builtin-arith-overflow-6.c -O2 -flto execution test
FAIL: c-c++-common/torture/builtin-arith-overflow-6.c -O2 -flto -flto-partition=none execution test
FAIL: g++.dg/torture/pr46367.C -O1 (internal compiler error)
FAIL: g++.dg/torture/pr46367.C -O1 (test for excess errors)
FAIL: g++.dg/torture/pr46367.C -Os (internal compiler error)
FAIL: g++.dg/torture/pr46367.C -Os (test for excess errors)
=== g++ Summary for unix ===
# of expected passes 81369
# of unexpected failures 72
# of expected failures 252
# of unsupported tests 3525
Running target unix/-m32
WARNING: program timed out.
UNRESOLVED: tmpdir-g++.dg-struct-layout-1/t002 cp_compat_x_tst.o-cp_compat_y_tst.o execute
UNRESOLVED: tmpdir-g++.dg-struct-layout-1/t002 cp_compat_x_tst.o-cp_compat_y_tst.o link
FAIL: tmpdir-g++.dg-struct-layout-1/t002 cp_compat_y_tst.o compile
FAIL: g++.dg/ipa/pr63587-2.C -std=gnu++11 (internal compiler error)
FAIL: g++.dg/ipa/pr63587-2.C -std=gnu++11 (test for excess errors)
FAIL: g++.dg/ipa/pr63587-2.C -std=gnu++14 (internal compiler error)
FAIL: g++.dg/ipa/pr63587-2.C -std=gnu++14 (test for excess errors)
FAIL: c-c++-common/torture/builtin-arith-overflow-14.c -O0 execution test
FAIL: c-c++-common/torture/builtin-arith-overflow-14.c -O2 execution test
FAIL: c-c++-common/torture/builtin-arith-overflow-14.c -O2 -flto execution test
FAIL: c-c++-common/torture/builtin-arith-overflow-14.c -O2 -flto -flto-partition=none execution test
FAIL: c-c++-common/torture/builtin-arith-overflow-18.c -O0 execution test
FAIL: c-c++-common/torture/builtin-arith-overflow-18.c -O2 execution test
FAIL: c-c++-common/torture/builtin-arith-overflow-18.c -O2 -flto execution test
FAIL: c-c++-common/torture/builtin-arith-overflow-18.c -O2 -flto -flto-partition=none execution test
FAIL: c-c++-common/torture/builtin-arith-overflow-3.c -O0 execution test
FAIL: c-c++-common/torture/builtin-arith-overflow-3.c -O2 execution test
FAIL: c-c++-common/torture/builtin-arith-overflow-3.c -O2 -flto execution test
FAIL: c-c++-common/torture/builtin-arith-overflow-3.c -O2 -flto -flto-partition=none execution test
FAIL: g++.dg/torture/pr46367.C -O1 (internal compiler error)
FAIL: g++.dg/torture/pr46367.C -O1 (test for excess errors)
FAIL: g++.dg/torture/pr46367.C -Os (internal compiler error)
FAIL: g++.dg/torture/pr46367.C -Os (test for excess errors)
=== g++ Summary for unix/-m32 ===
# of expected passes 79548
# of unexpected failures 21
# of expected failures 252
# of unresolved testcases 2
# of unsupported tests 3548
=== g++ Summary ===
# of expected passes 160917
# of unexpected failures 93
# of expected failures 504
# of unresolved testcases 2
# of unsupported tests 7073
/var/gcc/regression/trunk/11-gcc-64/build/gcc/testsuite/g++/../../xg++ version 5.0.0 20141121 (experimental) [trunk revision 217915] (GCC)
=== gcc tests ===
Running target unix
FAIL: gcc.dg/atomic/c11-atomic-exec-2.c -O3 -fomit-frame-pointer -funroll-all-loops -finline-functions (test for excess errors)
WARNING: gcc.dg/atomic/c11-atomic-exec-2.c -O3 -fomit-frame-pointer -funroll-all-loops -finline-functions compilation failed to produce executable
WARNING: program timed out.
FAIL: gcc.dg/c11-atomic-2.c (test for excess errors)
FAIL: gcc.dg/undefined-loop-2.c (test for warnings, line 18)
FAIL: gcc.dg/unroll_1.c (test for warnings, line 24)
WARNING: program timed out.
UNRESOLVED: gcc.dg/graphite/isl-codegen-loop-dumping.c scan-tree-dump-times graphite "ISL AST generated by ISL: \\nfor \\\\(int c1 = 0; c1 < n - 1; c1 \\\\+= 1\\\\)\\n for \\\\(int c3 = 0; c3 < n; c3 \\\\+= 1\\\\)\\n S_4\\\\(c1, c3\\\\);" 1
FAIL: gcc.dg/graphite/vect-pr43423.c scan-tree-dump-times vect "vectorized 2 loops" 1
FAIL: c-c++-common/torture/builtin-arith-overflow-1.c -O0 (internal compiler error)
FAIL: c-c++-common/torture/builtin-arith-overflow-1.c -O0 (test for excess errors)
WARNING: c-c++-common/torture/builtin-arith-overflow-1.c -O0 compilation failed to produce executable
FAIL: c-c++-common/torture/builtin-arith-overflow-1.c -O2 (internal compiler error)
FAIL: c-c++-common/torture/builtin-arith-overflow-1.c -O2 (test for excess errors)
WARNING: c-c++-common/torture/builtin-arith-overflow-1.c -O2 compilation failed to produce executable
FAIL: c-c++-common/torture/builtin-arith-overflow-1.c -O2 -flto (internal compiler error)
FAIL: c-c++-common/torture/builtin-arith-overflow-1.c -O2 -flto (test for excess errors)
WARNING: c-c++-common/torture/builtin-arith-overflow-1.c -O2 -flto compilation failed to produce executable
FAIL: c-c++-common/torture/builtin-arith-overflow-1.c -O2 -flto -flto-partition=none (internal compiler error)
FAIL: c-c++-common/torture/builtin-arith-overflow-1.c -O2 -flto -flto-partition=none (test for excess errors)
WARNING: c-c++-common/torture/builtin-arith-overflow-1.c -O2 -flto -flto-partition=none compilation failed to produce executable
FAIL: c-c++-common/torture/builtin-arith-overflow-13.c -O0 (internal compiler error)
FAIL: c-c++-common/torture/builtin-arith-overflow-13.c -O0 (test for excess errors)
WARNING: c-c++-common/torture/builtin-arith-overflow-13.c -O0 compilation failed to produce executable
FAIL: c-c++-common/torture/builtin-arith-overflow-13.c -O2 (internal compiler error)
FAIL: c-c++-common/torture/builtin-arith-overflow-13.c -O2 (test for excess errors)
WARNING: c-c++-common/torture/builtin-arith-overflow-13.c -O2 compilation failed to produce executable
FAIL: c-c++-common/torture/builtin-arith-overflow-13.c -O2 -flto (internal compiler error)
FAIL: c-c++-common/torture/builtin-arith-overflow-13.c -O2 -flto (test for excess errors)
WARNING: c-c++-common/torture/builtin-arith-overflow-13.c -O2 -flto compilation failed to produce executable
FAIL: c-c++-common/torture/builtin-arith-overflow-13.c -O2 -flto -flto-partition=none (internal compiler error)
FAIL: c-c++-common/torture/builtin-arith-overflow-13.c -O2 -flto -flto-partition=none (test for excess errors)
WARNING: c-c++-common/torture/builtin-arith-overflow-13.c -O2 -flto -flto-partition=none compilation failed to produce executable
FAIL: c-c++-common/torture/builtin-arith-overflow-14.c -O0 (internal compiler error)
FAIL: c-c++-common/torture/builtin-arith-overflow-14.c -O0 (test for excess errors)
WARNING: c-c++-common/torture/builtin-arith-overflow-14.c -O0 compilation failed to produce executable
FAIL: c-c++-common/torture/builtin-arith-overflow-14.c -O2 (internal compiler error)
FAIL: c-c++-common/torture/builtin-arith-overflow-14.c -O2 (test for excess errors)
WARNING: c-c++-common/torture/builtin-arith-overflow-14.c -O2 compilation failed to produce executable
FAIL: c-c++-common/torture/builtin-arith-overflow-14.c -O2 -flto (internal compiler error)
FAIL: c-c++-common/torture/builtin-arith-overflow-14.c -O2 -flto (test for excess errors)
WARNING: c-c++-common/torture/builtin-arith-overflow-14.c -O2 -flto compilation failed to produce executable
FAIL: c-c++-common/torture/builtin-arith-overflow-14.c -O2 -flto -flto-partition=none (internal compiler error)
FAIL: c-c++-common/torture/builtin-arith-overflow-14.c -O2 -flto -flto-partition=none (test for excess errors)
WARNING: c-c++-common/torture/builtin-arith-overflow-14.c -O2 -flto -flto-partition=none compilation failed to produce executable
FAIL: c-c++-common/torture/builtin-arith-overflow-17.c -O0 execution test
FAIL: c-c++-common/torture/builtin-arith-overflow-17.c -O2 execution test
FAIL: c-c++-common/torture/builtin-arith-overflow-17.c -O2 -flto execution test
FAIL: c-c++-common/torture/builtin-arith-overflow-17.c -O2 -flto -flto-partition=none execution test
FAIL: c-c++-common/torture/builtin-arith-overflow-18.c -O0 execution test
FAIL: c-c++-common/torture/builtin-arith-overflow-18.c -O2 execution test
FAIL: c-c++-common/torture/builtin-arith-overflow-18.c -O2 -flto execution test
FAIL: c-c++-common/torture/builtin-arith-overflow-18.c -O2 -flto -flto-partition=none execution test
FAIL: c-c++-common/torture/builtin-arith-overflow-2.c -O0 (internal compiler error)
FAIL: c-c++-common/torture/builtin-arith-overflow-2.c -O0 (test for excess errors)
WARNING: c-c++-common/torture/builtin-arith-overflow-2.c -O0 compilation failed to produce executable
FAIL: c-c++-common/torture/builtin-arith-overflow-2.c -O2 (internal compiler error)
FAIL: c-c++-common/torture/builtin-arith-overflow-2.c -O2 (test for excess errors)
WARNING: c-c++-common/torture/builtin-arith-overflow-2.c -O2 compilation failed to produce executable
FAIL: c-c++-common/torture/builtin-arith-overflow-2.c -O2 -flto (internal compiler error)
FAIL: c-c++-common/torture/builtin-arith-overflow-2.c -O2 -flto (test for excess errors)
WARNING: c-c++-common/torture/builtin-arith-overflow-2.c -O2 -flto compilation failed to produce executable
FAIL: c-c++-common/torture/builtin-arith-overflow-2.c -O2 -flto -flto-partition=none (internal compiler error)
FAIL: c-c++-common/torture/builtin-arith-overflow-2.c -O2 -flto -flto-partition=none (test for excess errors)
WARNING: c-c++-common/torture/builtin-arith-overflow-2.c -O2 -flto -flto-partition=none compilation failed to produce executable
FAIL: c-c++-common/torture/builtin-arith-overflow-3.c -O0 (internal compiler error)
FAIL: c-c++-common/torture/builtin-arith-overflow-3.c -O0 (test for excess errors)
WARNING: c-c++-common/torture/builtin-arith-overflow-3.c -O0 compilation failed to produce executable
FAIL: c-c++-common/torture/builtin-arith-overflow-3.c -O2 (internal compiler error)
FAIL: c-c++-common/torture/builtin-arith-overflow-3.c -O2 (test for excess errors)
WARNING: c-c++-common/torture/builtin-arith-overflow-3.c -O2 compilation failed to produce executable
FAIL: c-c++-common/torture/builtin-arith-overflow-3.c -O2 -flto (internal compiler error)
FAIL: c-c++-common/torture/builtin-arith-overflow-3.c -O2 -flto (test for excess errors)
WARNING: c-c++-common/torture/builtin-arith-overflow-3.c -O2 -flto compilation failed to produce executable
FAIL: c-c++-common/torture/builtin-arith-overflow-3.c -O2 -flto -flto-partition=none (internal compiler error)
FAIL: c-c++-common/torture/builtin-arith-overflow-3.c -O2 -flto -flto-partition=none (test for excess errors)
WARNING: c-c++-common/torture/builtin-arith-overflow-3.c -O2 -flto -flto-partition=none compilation failed to produce executable
FAIL: c-c++-common/torture/builtin-arith-overflow-4.c -O0 (internal compiler error)
FAIL: c-c++-common/torture/builtin-arith-overflow-4.c -O0 (test for excess errors)
WARNING: c-c++-common/torture/builtin-arith-overflow-4.c -O0 compilation failed to produce executable
FAIL: c-c++-common/torture/builtin-arith-overflow-4.c -O2 (internal compiler error)
FAIL: c-c++-common/torture/builtin-arith-overflow-4.c -O2 (test for excess errors)
WARNING: c-c++-common/torture/builtin-arith-overflow-4.c -O2 compilation failed to produce executable
FAIL: c-c++-common/torture/builtin-arith-overflow-4.c -O2 -flto (internal compiler error)
FAIL: c-c++-common/torture/builtin-arith-overflow-4.c -O2 -flto (test for excess errors)
WARNING: c-c++-common/torture/builtin-arith-overflow-4.c -O2 -flto compilation failed to produce executable
FAIL: c-c++-common/torture/builtin-arith-overflow-4.c -O2 -flto -flto-partition=none (internal compiler error)
FAIL: c-c++-common/torture/builtin-arith-overflow-4.c -O2 -flto -flto-partition=none (test for excess errors)
WARNING: c-c++-common/torture/builtin-arith-overflow-4.c -O2 -flto -flto-partition=none compilation failed to produce executable
FAIL: c-c++-common/torture/builtin-arith-overflow-5.c -O0 (internal compiler error)
FAIL: c-c++-common/torture/builtin-arith-overflow-5.c -O0 (test for excess errors)
WARNING: c-c++-common/torture/builtin-arith-overflow-5.c -O0 compilation failed to produce executable
FAIL: c-c++-common/torture/builtin-arith-overflow-5.c -O2 (internal compiler error)
FAIL: c-c++-common/torture/builtin-arith-overflow-5.c -O2 (test for excess errors)
WARNING: c-c++-common/torture/builtin-arith-overflow-5.c -O2 compilation failed to produce executable
FAIL: c-c++-common/torture/builtin-arith-overflow-5.c -O2 -flto (internal compiler error)
FAIL: c-c++-common/torture/builtin-arith-overflow-5.c -O2 -flto (test for excess errors)
WARNING: c-c++-common/torture/builtin-arith-overflow-5.c -O2 -flto compilation failed to produce executable
FAIL: c-c++-common/torture/builtin-arith-overflow-5.c -O2 -flto -flto-partition=none (internal compiler error)
FAIL: c-c++-common/torture/builtin-arith-overflow-5.c -O2 -flto -flto-partition=none (test for excess errors)
WARNING: c-c++-common/torture/builtin-arith-overflow-5.c -O2 -flto -flto-partition=none compilation failed to produce executable
FAIL: c-c++-common/torture/builtin-arith-overflow-6.c -O0 execution test
FAIL: c-c++-common/torture/builtin-arith-overflow-6.c -O2 execution test
FAIL: c-c++-common/torture/builtin-arith-overflow-6.c -O2 -flto execution test
FAIL: c-c++-common/torture/builtin-arith-overflow-6.c -O2 -flto -flto-partition=none execution test
UNRESOLVED: gcc.dg/tree-prof/peel-1.c scan-rtl-dump loop2_unroll "Considering simply peeling loop"
FAIL: gcc.dg/tree-ssa/ivopts-lt-2.c scan-tree-dump-times ivopts "PHI" 1
FAIL: gcc.dg/tree-ssa/ivopts-lt-2.c scan-tree-dump-times ivopts "p_[0-9]* <" 1
FAIL: gcc.dg/tree-ssa/ssa-dom-cse-2.c scan-tree-dump optimized "return 28;"
FAIL: gcc.dg/vect/vect-33.c -flto -ffat-lto-objects scan-tree-dump-times vect "Alignment of access forced using versioning" 1
FAIL: gcc.dg/vect/vect-33.c scan-tree-dump-times vect "Alignment of access forced using versioning" 1
=== gcc Summary for unix ===
# of expected passes 88307
# of unexpected failures 78
# of expected failures 311
# of unresolved testcases 2
# of unsupported tests 1971
Running target unix/-m32
FAIL: gcc.dg/atomic/c11-atomic-exec-3.c -O3 -fomit-frame-pointer -funroll-all-loops -finline-functions (test for excess errors)
WARNING: gcc.dg/atomic/c11-atomic-exec-3.c -O3 -fomit-frame-pointer -funroll-all-loops -finline-functions compilation failed to produce executable
FAIL: gcc.dg/atomic/c11-atomic-exec-3.c -O3 -fomit-frame-pointer -funroll-loops (test for excess errors)
WARNING: gcc.dg/atomic/c11-atomic-exec-3.c -O3 -fomit-frame-pointer -funroll-loops compilation failed to produce executable
FAIL: gcc.dg/atomic/c11-atomic-exec-3.c -O3 -g (test for excess errors)
WARNING: gcc.dg/atomic/c11-atomic-exec-3.c -O3 -g compilation failed to produce executable
WARNING: program timed out.
WARNING: program timed out.
WARNING: program timed out.
FAIL: gcc.dg/c11-atomic-2.c (test for excess errors)
FAIL: gcc.dg/undefined-loop-2.c (test for warnings, line 18)
FAIL: gcc.dg/unroll_1.c (test for warnings, line 24)
WARNING: program timed out.
UNRESOLVED: gcc.dg/graphite/isl-codegen-loop-dumping.c scan-tree-dump-times graphite "ISL AST generated by ISL: \\nfor \\\\(int c1 = 0; c1 < n - 1; c1 \\\\+= 1\\\\)\\n for \\\\(int c3 = 0; c3 < n; c3 \\\\+= 1\\\\)\\n S_4\\\\(c1, c3\\\\);" 1
FAIL: gcc.dg/graphite/vect-pr43423.c scan-tree-dump-times vect "vectorized 2 loops" 1
FAIL: gcc.dg/simulate-thread/atomic-other-int.c -O2 -g thread simulation test
FAIL: gcc.dg/simulate-thread/atomic-other-int.c -O3 -g thread simulation test
FAIL: gcc.dg/simulate-thread/speculative-store-4.c -O0 -g thread simulation test
FAIL: gcc.dg/simulate-thread/speculative-store-4.c -O2 -g thread simulation test
FAIL: gcc.dg/simulate-thread/speculative-store-4.c -O3 -g thread simulation test
FAIL: gcc.dg/simulate-thread/speculative-store.c -O0 -g thread simulation test
FAIL: c-c++-common/torture/builtin-arith-overflow-14.c -O0 execution test
FAIL: c-c++-common/torture/builtin-arith-overflow-14.c -O2 execution test
FAIL: c-c++-common/torture/builtin-arith-overflow-14.c -O2 -flto execution test
FAIL: c-c++-common/torture/builtin-arith-overflow-14.c -O2 -flto -flto-partition=none execution test
FAIL: c-c++-common/torture/builtin-arith-overflow-18.c -O0 execution test
FAIL: c-c++-common/torture/builtin-arith-overflow-18.c -O2 execution test
FAIL: c-c++-common/torture/builtin-arith-overflow-18.c -O2 -flto execution test
FAIL: c-c++-common/torture/builtin-arith-overflow-18.c -O2 -flto -flto-partition=none execution test
FAIL: c-c++-common/torture/builtin-arith-overflow-3.c -O0 execution test
FAIL: c-c++-common/torture/builtin-arith-overflow-3.c -O2 execution test
FAIL: c-c++-common/torture/builtin-arith-overflow-3.c -O2 -flto execution test
FAIL: c-c++-common/torture/builtin-arith-overflow-3.c -O2 -flto -flto-partition=none execution test
UNRESOLVED: gcc.dg/tree-prof/peel-1.c scan-rtl-dump loop2_unroll "Considering simply peeling loop"
FAIL: gcc.dg/tree-ssa/ssa-dom-cse-2.c scan-tree-dump optimized "return 28;"
FAIL: gcc.dg/vect/vect-33.c -flto -ffat-lto-objects scan-tree-dump-times vect "Alignment of access forced using versioning" 1
FAIL: gcc.dg/vect/vect-33.c scan-tree-dump-times vect "Alignment of access forced using versioning" 1
=== gcc Summary for unix/-m32 ===
# of expected passes 87558
# of unexpected failures 28
# of expected failures 322
# of unresolved testcases 2
# of unsupported tests 2044
=== gcc Summary ===
# of expected passes 175865
# of unexpected failures 106
# of expected failures 633
# of unresolved testcases 4
# of unsupported tests 4015
/var/gcc/regression/trunk/11-gcc-64/build/gcc/xgcc version 5.0.0 20141121 (experimental) [trunk revision 217915] (GCC)
=== gfortran tests ===
Running target unix
FAIL: gfortran.dg/minlocval_3.f90 -O3 -fomit-frame-pointer -funroll-all-loops -finline-functions (test for excess errors)
WARNING: gfortran.dg/minlocval_3.f90 -O3 -fomit-frame-pointer -funroll-all-loops -finline-functions compilation failed to produce executable
WARNING: program timed out.
FAIL: gfortran.dg/graphite/pr42393.f90 -O (internal compiler error)
FAIL: gfortran.dg/graphite/pr42393.f90 -O (test for excess errors)
=== gfortran Summary for unix ===
# of expected passes 46784
# of unexpected failures 3
# of expected failures 58
# of unsupported tests 110
Running target unix/-m32
FAIL: gfortran.dg/graphite/pr42393.f90 -O (internal compiler error)
FAIL: gfortran.dg/graphite/pr42393.f90 -O (test for excess errors)
=== gfortran Summary for unix/-m32 ===
# of expected passes 46459
# of unexpected failures 2
# of expected failures 58
# of unsupported tests 271
=== gfortran Summary ===
# of expected passes 93243
# of unexpected failures 5
# of expected failures 116
# of unsupported tests 381
/var/gcc/regression/trunk/11-gcc-64/build/gcc/testsuite/gfortran/../../gfortran version 5.0.0 20141121 (experimental) [trunk revision 217915] (GCC)
=== gnat tests ===
Running target unix/-m32
=== gnat Summary for unix/-m32 ===
# of expected passes 1277
# of expected failures 20
# of unsupported tests 18
Running target unix
=== gnat Summary for unix ===
# of expected passes 1277
# of expected failures 20
# of unsupported tests 18
=== gnat Summary ===
# of expected passes 2554
# of expected failures 40
# of unsupported tests 36
/var/gcc/regression/trunk/11-gcc-64/build/gcc/gnatmake version 5.0.0 20141121 (experimental) [trunk revision 217915]
=== go tests ===
Running target unix
FAIL: ./bug449-out.go compilation, -O0 -g -fno-var-tracking-assignments
FAIL: ./index0-out.go compilation, -O0 -g -fno-var-tracking-assignments
FAIL: ./select5-out.go compilation, -O0 -g -fno-var-tracking-assignments
FAIL: ./slice3-out.go compilation, -O0 -g -fno-var-tracking-assignments
WARNING: program timed out.
WARNING: program timed out.
WARNING: program timed out.
WARNING: program timed out.
=== go Summary for unix ===
# of expected passes 7234
# of unexpected failures 4
# of expected failures 1
# of untested testcases 14
# of unsupported tests 3
Running target unix/-m32
FAIL: ./64bit-out.go compilation, -O0 -g -fno-var-tracking-assignments
FAIL: ./bug449-out.go compilation, -O0 -g -fno-var-tracking-assignments
FAIL: ./index0-out.go compilation, -O0 -g -fno-var-tracking-assignments
FAIL: ./slice3-out.go compilation, -O0 -g -fno-var-tracking-assignments
WARNING: program timed out.
WARNING: program timed out.
WARNING: program timed out.
WARNING: program timed out.
=== go Summary for unix/-m32 ===
# of expected passes 7354
# of unexpected failures 4
# of expected failures 1
# of untested testcases 14
# of unsupported tests 3
=== go Summary ===
# of expected passes 14588
# of unexpected failures 8
# of expected failures 2
# of untested testcases 28
# of unsupported tests 6
=== obj-c++ tests ===
Running target unix/-m32
=== obj-c++ Summary for unix/-m32 ===
# of expected passes 1447
# of expected failures 2
# of unsupported tests 86
Running target unix
=== obj-c++ Summary for unix ===
# of expected passes 1439
# of expected failures 10
# of unsupported tests 86
=== obj-c++ Summary ===
# of expected passes 2886
# of expected failures 12
# of unsupported tests 172
/var/gcc/regression/trunk/11-gcc-64/build/gcc/testsuite/obj-c++/../../xg++ version 5.0.0 20141121 (experimental) [trunk revision 217915] (GCC)
=== objc tests ===
Running target unix
=== objc Summary for unix ===
# of expected passes 3010
# of unsupported tests 74
Running target unix/-m32
=== objc Summary for unix/-m32 ===
# of expected passes 3010
# of unsupported tests 74
=== objc Summary ===
# of expected passes 6020
# of unsupported tests 148
/var/gcc/regression/trunk/11-gcc-64/build/gcc/xgcc version 5.0.0 20141121 (experimental) [trunk revision 217915] (GCC)
=== boehm-gc tests ===
Running target unix/-m32
=== boehm-gc Summary for unix/-m32 ===
# of expected passes 12
# of unsupported tests 1
Running target unix
=== boehm-gc Summary for unix ===
# of expected passes 12
# of unsupported tests 1
=== boehm-gc Summary ===
# of expected passes 24
# of unsupported tests 2
=== libatomic tests ===
Running target unix/-m32
=== libatomic Summary for unix/-m32 ===
# of expected passes 44
# of unsupported tests 5
Running target unix
=== libatomic Summary for unix ===
# of expected passes 54
=== libatomic Summary ===
# of expected passes 98
# of unsupported tests 5
=== libffi tests ===
Running target unix/-m32
=== libffi Summary for unix/-m32 ===
# of expected passes 1819
# of unsupported tests 55
Running target unix
=== libffi Summary for unix ===
# of expected passes 1819
# of unsupported tests 55
=== libffi Summary ===
# of expected passes 3638
# of unsupported tests 110
=== libgo tests ===
Running target unix
FAIL: regexp
FAIL: sync
FAIL: net/http/httputil
FAIL: net/smtp
=== libgo Summary for unix ===
# of expected passes 119
# of unexpected failures 4
Running target unix/-m32
FAIL: reflect
FAIL: runtime
FAIL: sync
FAIL: encoding/gob
FAIL: text/template
FAIL: testing/quick
=== libgo Summary for unix/-m32 ===
# of expected passes 117
# of unexpected failures 6
=== libgo Summary ===
# of expected passes 236
# of unexpected failures 10
/var/gcc/regression/trunk/11-gcc-64/build/./gcc/gccgo version 5.0.0 20141121 (experimental) [trunk revision 217915] (GCC)
=== libgomp tests ===
Running target unix/-m32
=== libgomp Summary for unix/-m32 ===
# of expected passes 3655
# of unsupported tests 111
Running target unix
=== libgomp Summary for unix ===
# of expected passes 3655
# of unsupported tests 111
=== libgomp Summary ===
# of expected passes 7310
# of unsupported tests 222
=== libitm tests ===
Running target unix/-m32
=== libitm Summary for unix/-m32 ===
# of expected passes 26
# of expected failures 3
# of unsupported tests 1
Running target unix
=== libitm Summary for unix ===
# of expected passes 26
# of expected failures 3
# of unsupported tests 1
=== libitm Summary ===
# of expected passes 52
# of expected failures 6
# of unsupported tests 2
=== libjava tests ===
Running target unix/-m32
=== libjava Summary for unix/-m32 ===
# of expected passes 2582
# of expected failures 4
Running target unix
=== libjava Summary for unix ===
# of expected passes 2582
# of expected failures 4
=== libjava Summary ===
# of expected passes 5164
# of expected failures 8
=== libstdc++ tests ===
Running target unix
FAIL: 27_io/basic_ostream/inserters_arithmetic/char/hexfloat.cc execution test
FAIL: ext/pb_ds/regression/tree_map_rand.cc (test for excess errors)
WARNING: ext/pb_ds/regression/tree_map_rand.cc compilation failed to produce executable
WARNING: program timed out.
=== libstdc++ Summary for unix ===
# of expected passes 9242
# of unexpected failures 2
# of expected failures 68
# of unsupported tests 639
Running target unix/-m32
FAIL: 21_strings/basic_string/modifiers/replace/wchar_t/4.cc (test for excess errors)
WARNING: 21_strings/basic_string/modifiers/replace/wchar_t/4.cc compilation failed to produce executable
FAIL: 27_io/basic_ostream/inserters_arithmetic/char/hexfloat.cc execution test
=== libstdc++ Summary for unix/-m32 ===
# of expected passes 9242
# of unexpected failures 2
# of expected failures 68
# of unsupported tests 639
=== libstdc++ Summary ===
# of expected passes 18484
# of unexpected failures 4
# of expected failures 136
# of unsupported tests 1278
Compiler version: 5.0.0 20141121 (experimental) [trunk revision 217915] (GCC)
Platform: sparcv9-sun-solaris2.11
configure flags: --prefix=/vol/gcc --target=sparcv9-sun-solaris2.11 --enable-objc-gc --enable-libmudflap --with-gmp-include=/vol/gcc/include --with-gmp-lib=/vol/gcc/lib/sparcv9 --with-mpfr-include=/vol/gcc/include --with-mpfr-lib=/vol/gcc/lib/sparcv9 --with-mpc-include=/vol/gcc/include --with-mpc-lib=/vol/gcc/lib/sparcv9 --enable-languages=all,ada,obj-c++,go --with-isl-include=/vol/gcc/include --with-isl-lib=/vol/gcc/lib/sparcv9 --with-cloog-include=/vol/gcc/include --with-cloog-lib=/vol/gcc/lib/sparcv9 --enable-cloog-backend=isl --build=sparcv9-sun-solaris2.11 --host=sparcv9-sun-solaris2.11
BOOT_CFLAGS=-g -O2
More information about the Gcc-testresults
mailing list